[INFO] fetching crate vietnam_locations 0.1.1...
[INFO] testing vietnam_locations-0.1.1 against 1.83.0 for beta-1.84.0-4-retry
[INFO] extracting crate vietnam_locations 0.1.1 into /workspace/builds/worker-4-tc1/source
[INFO] validating manifest of crates.io crate vietnam_locations 0.1.1 on toolchain 1.83.0
[INFO] running `Command { std: CARGO_HOME="/workspace/cargo-home" RUSTUP_HOME="/workspace/rustup-home" "/workspace/cargo-home/bin/cargo" "+1.83.0" "metadata" "--manifest-path" "Cargo.toml" "--no-deps", kill_on_drop: false }`
[INFO] started tweaking crates.io crate vietnam_locations 0.1.1
[INFO] finished tweaking crates.io crate vietnam_locations 0.1.1
[INFO] tweaked toml for crates.io crate vietnam_locations 0.1.1 written to /workspace/builds/worker-4-tc1/source/Cargo.toml
[INFO] crate crates.io crate vietnam_locations 0.1.1 already has a lockfile, it will not be regenerated
[INFO] running `Command { std: CARGO_HOME="/workspace/cargo-home" RUSTUP_HOME="/workspace/rustup-home" "/workspace/cargo-home/bin/cargo" "+1.83.0" "fetch" "--manifest-path" "Cargo.toml", kill_on_drop: false }`
[INFO] [stderr]     Blocking waiting for file lock on package cache
[INFO] running `Command { std: "docker" "create" "-v" "/var/lib/crater-agent-workspace/builds/worker-4-tc1/target:/opt/rustwide/target:rw,Z" "-v" "/var/lib/crater-agent-workspace/builds/worker-4-tc1/source:/opt/rustwide/workdir:ro,Z" "-v" "/var/lib/crater-agent-workspace/cargo-home:/opt/rustwide/cargo-home:ro,Z" "-v" "/var/lib/crater-agent-workspace/rustup-home:/opt/rustwide/rustup-home:ro,Z" "-e" "SOURCE_DIR=/opt/rustwide/workdir" "-e" "CARGO_TARGET_DIR=/opt/rustwide/target" "-e" "CARGO_HOME=/opt/rustwide/cargo-home" "-e" "RUSTUP_HOME=/opt/rustwide/rustup-home" "-w" "/opt/rustwide/workdir" "-m" "1610612736" "--user" "0:0" "--network" "none" "ghcr.io/rust-lang/crates-build-env/linux@sha256:f3a9d4ad9d972b27faf3965f35b62e55ba32bbce8f20bc8fe909558a86702fde" "/opt/rustwide/cargo-home/bin/cargo" "+1.83.0" "metadata" "--no-deps" "--format-version=1", kill_on_drop: false }`
[INFO] [stdout] a724d1b88ff8aabadb69557c7a3d45e30844fd8ac172b07e184ebffd0e6d3b61
[INFO] running `Command { std: "docker" "start" "-a" "a724d1b88ff8aabadb69557c7a3d45e30844fd8ac172b07e184ebffd0e6d3b61", kill_on_drop: false }`
[INFO] running `Command { std: "docker" "inspect" "a724d1b88ff8aabadb69557c7a3d45e30844fd8ac172b07e184ebffd0e6d3b61", kill_on_drop: false }`
[INFO] running `Command { std: "docker" "rm" "-f" "a724d1b88ff8aabadb69557c7a3d45e30844fd8ac172b07e184ebffd0e6d3b61", kill_on_drop: false }`
[INFO] [stdout] a724d1b88ff8aabadb69557c7a3d45e30844fd8ac172b07e184ebffd0e6d3b61
[INFO] running `Command { std: "docker" "create" "-v" "/var/lib/crater-agent-workspace/builds/worker-4-tc1/target:/opt/rustwide/target:rw,Z" "-v" "/var/lib/crater-agent-workspace/builds/worker-4-tc1/source:/opt/rustwide/workdir:ro,Z" "-v" "/var/lib/crater-agent-workspace/cargo-home:/opt/rustwide/cargo-home:ro,Z" "-v" "/var/lib/crater-agent-workspace/rustup-home:/opt/rustwide/rustup-home:ro,Z" "-e" "SOURCE_DIR=/opt/rustwide/workdir" "-e" "CARGO_TARGET_DIR=/opt/rustwide/target" "-e" "CARGO_INCREMENTAL=0" "-e" "RUST_BACKTRACE=full" "-e" "RUSTFLAGS=--cap-lints=warn" "-e" "RUSTDOCFLAGS=--cap-lints=warn" "-e" "CARGO_HOME=/opt/rustwide/cargo-home" "-e" "RUSTUP_HOME=/opt/rustwide/rustup-home" "-w" "/opt/rustwide/workdir" "-m" "1610612736" "--user" "0:0" "--network" "none" "ghcr.io/rust-lang/crates-build-env/linux@sha256:f3a9d4ad9d972b27faf3965f35b62e55ba32bbce8f20bc8fe909558a86702fde" "/opt/rustwide/cargo-home/bin/cargo" "+1.83.0" "build" "--frozen" "--message-format=json", kill_on_drop: false }`
[INFO] [stdout] 4f69d2b14e45ac3d0032f616088feede326d6c155e53538b93946e66cedb993d
[INFO] running `Command { std: "docker" "start" "-a" "4f69d2b14e45ac3d0032f616088feede326d6c155e53538b93946e66cedb993d", kill_on_drop: false }`
[INFO] [stderr]    Compiling proc-macro2 v1.0.86
[INFO] [stderr]    Compiling unicode-ident v1.0.12
[INFO] [stderr]    Compiling serde v1.0.203
[INFO] [stderr]    Compiling serde_json v1.0.120
[INFO] [stderr]    Compiling itoa v1.0.11
[INFO] [stderr]    Compiling ryu v1.0.18
[INFO] [stderr]    Compiling rustc-serialize v0.3.25
[INFO] [stderr]    Compiling quote v1.0.36
[INFO] [stderr]    Compiling syn v2.0.68
[INFO] [stderr]    Compiling serde_derive v1.0.203
[INFO] [stderr]    Compiling vietnam_locations v0.1.1 (/opt/rustwide/workdir)
[INFO] [stderr]     Finished `dev` profile [optimized + debuginfo] target(s) in 15.69s
[INFO] running `Command { std: "docker" "inspect" "4f69d2b14e45ac3d0032f616088feede326d6c155e53538b93946e66cedb993d", kill_on_drop: false }`
[INFO] running `Command { std: "docker" "rm" "-f" "4f69d2b14e45ac3d0032f616088feede326d6c155e53538b93946e66cedb993d", kill_on_drop: false }`
[INFO] [stdout] 4f69d2b14e45ac3d0032f616088feede326d6c155e53538b93946e66cedb993d
[INFO] running `Command { std: "docker" "create" "-v" "/var/lib/crater-agent-workspace/builds/worker-4-tc1/target:/opt/rustwide/target:rw,Z" "-v" "/var/lib/crater-agent-workspace/builds/worker-4-tc1/source:/opt/rustwide/workdir:ro,Z" "-v" "/var/lib/crater-agent-workspace/cargo-home:/opt/rustwide/cargo-home:ro,Z" "-v" "/var/lib/crater-agent-workspace/rustup-home:/opt/rustwide/rustup-home:ro,Z" "-e" "SOURCE_DIR=/opt/rustwide/workdir" "-e" "CARGO_TARGET_DIR=/opt/rustwide/target" "-e" "CARGO_INCREMENTAL=0" "-e" "RUST_BACKTRACE=full" "-e" "RUSTFLAGS=--cap-lints=warn" "-e" "RUSTDOCFLAGS=--cap-lints=warn" "-e" "CARGO_HOME=/opt/rustwide/cargo-home" "-e" "RUSTUP_HOME=/opt/rustwide/rustup-home" "-w" "/opt/rustwide/workdir" "-m" "1610612736" "--user" "0:0" "--network" "none" "ghcr.io/rust-lang/crates-build-env/linux@sha256:f3a9d4ad9d972b27faf3965f35b62e55ba32bbce8f20bc8fe909558a86702fde" "/opt/rustwide/cargo-home/bin/cargo" "+1.83.0" "test" "--frozen" "--no-run" "--message-format=json", kill_on_drop: false }`
[INFO] [stdout] d55fc12e0dd6b2fa412edd0fda2ccfa971be158a25ef3fd741a6d45a45bd83bb
[INFO] running `Command { std: "docker" "start" "-a" "d55fc12e0dd6b2fa412edd0fda2ccfa971be158a25ef3fd741a6d45a45bd83bb", kill_on_drop: false }`
[INFO] [stderr]    Compiling vietnam_locations v0.1.1 (/opt/rustwide/workdir)
[INFO] [stderr]     Finished `test` profile [optimized + debuginfo] target(s) in 0.48s
[INFO] running `Command { std: "docker" "inspect" "d55fc12e0dd6b2fa412edd0fda2ccfa971be158a25ef3fd741a6d45a45bd83bb", kill_on_drop: false }`
[INFO] running `Command { std: "docker" "rm" "-f" "d55fc12e0dd6b2fa412edd0fda2ccfa971be158a25ef3fd741a6d45a45bd83bb", kill_on_drop: false }`
[INFO] [stdout] d55fc12e0dd6b2fa412edd0fda2ccfa971be158a25ef3fd741a6d45a45bd83bb
[INFO] running `Command { std: "docker" "create" "-v" "/var/lib/crater-agent-workspace/builds/worker-4-tc1/target:/opt/rustwide/target:rw,Z" "-v" "/var/lib/crater-agent-workspace/builds/worker-4-tc1/source:/opt/rustwide/workdir:ro,Z" "-v" "/var/lib/crater-agent-workspace/cargo-home:/opt/rustwide/cargo-home:ro,Z" "-v" "/var/lib/crater-agent-workspace/rustup-home:/opt/rustwide/rustup-home:ro,Z" "-e" "SOURCE_DIR=/opt/rustwide/workdir" "-e" "CARGO_TARGET_DIR=/opt/rustwide/target" "-e" "CARGO_INCREMENTAL=0" "-e" "RUST_BACKTRACE=full" "-e" "RUSTFLAGS=--cap-lints=warn" "-e" "RUSTDOCFLAGS=--cap-lints=warn" "-e" "CARGO_HOME=/opt/rustwide/cargo-home" "-e" "RUSTUP_HOME=/opt/rustwide/rustup-home" "-w" "/opt/rustwide/workdir" "-m" "1610612736" "--user" "0:0" "--network" "none" "ghcr.io/rust-lang/crates-build-env/linux@sha256:f3a9d4ad9d972b27faf3965f35b62e55ba32bbce8f20bc8fe909558a86702fde" "/opt/rustwide/cargo-home/bin/cargo" "+1.83.0" "test" "--frozen", kill_on_drop: false }`
[INFO] [stdout] 1ee743aaff0a8ac43b396f276f7c0a4dce8f707499cf161e2d703fc00003917d
[INFO] running `Command { std: "docker" "start" "-a" "1ee743aaff0a8ac43b396f276f7c0a4dce8f707499cf161e2d703fc00003917d", kill_on_drop: false }`
[INFO] [stderr]     Finished `test` profile [optimized + debuginfo] target(s) in 0.03s
[INFO] [stderr]      Running unittests src/lib.rs (/opt/rustwide/target/debug/deps/vietnam_locations-c55a6a9f05c42790)
[INFO] [stdout] 
[INFO] [stdout] running 0 tests
[INFO] [stdout] 
[INFO] [stdout] test result: ok. 0 passed; 0 failed; 0 ignored; 0 measured; 0 filtered out; finished in 0.00s
[INFO] [stdout] 
[INFO] [stderr]      Running unittests src/main.rs (/opt/rustwide/target/debug/deps/vietnam_locations-8928336504d68327)
[INFO] [stdout] 
[INFO] [stdout] running 0 tests
[INFO] [stdout] 
[INFO] [stdout] test result: ok. 0 passed; 0 failed; 0 ignored; 0 measured; 0 filtered out; finished in 0.00s
[INFO] [stdout] 
[INFO] [stderr]    Doc-tests vietnam_locations
[INFO] [stdout] 
[INFO] [stdout] running 1 test
[INFO] [stdout] test src/lib.rs - get_provice_name (line 10) ... FAILED
[INFO] [stdout] 
[INFO] [stdout] failures:
[INFO] [stdout] 
[INFO] [stdout] ---- src/lib.rs - get_provice_name (line 10) stdout ----
[INFO] [stdout] error: expected `;`, found keyword `let`
[INFO] [stdout]  --> src/lib.rs:11:15
[INFO] [stdout]   |
[INFO] [stdout] 3 | let arg = "HN"
[INFO] [stdout]   |               ^ help: add `;` here
[INFO] [stdout] 4 | let answer = vietnam_location::get_provice_name(arg)
[INFO] [stdout]   | --- unexpected token
[INFO] [stdout] 
[INFO] [stdout] error: expected `;`, found `assert_eq`
[INFO] [stdout]  --> src/lib.rs:12:53
[INFO] [stdout]   |
[INFO] [stdout] 4 | let answer = vietnam_location::get_provice_name(arg)
[INFO] [stdout]   |                                                     ^ help: add `;` here
[INFO] [stdout] 5 |  
[INFO] [stdout] 6 | assert_eq!("Hanoi", answer)
[INFO] [stdout]   | --------- unexpected token
[INFO] [stdout] 
[INFO] [stdout] error[E0433]: failed to resolve: use of undeclared crate or module `vietnam_location`
[INFO] [stdout]  --> src/lib.rs:12:14
[INFO] [stdout]   |
[INFO] [stdout] 4 | let answer = vietnam_location::get_provice_name(arg)
[INFO] [stdout]   |              ^^^^^^^^^^^^^^^^ use of undeclared crate or module `vietnam_location`
[INFO] [stdout]   |
[INFO] [stdout] help: there is a crate or module with a similar name
[INFO] [stdout]   |
[INFO] [stdout] 4 | let answer = vietnam_locations::get_provice_name(arg)
[INFO] [stdout]   |              ~~~~~~~~~~~~~~~~~
[INFO] [stdout] 
[INFO] [stdout] error: aborting due to 3 previous errors
[INFO] [stdout] 
[INFO] [stdout] For more information about this error, try `rustc --explain E0433`.
[INFO] [stdout] Couldn't compile the test.
[INFO] [stdout] 
[INFO] [stdout] failures:
[INFO] [stdout]     src/lib.rs - get_provice_name (line 10)
[INFO] [stdout] 
[INFO] [stdout] test result: FAILED. 0 passed; 1 failed; 0 ignored; 0 measured; 0 filtered out; finished in 0.10s
[INFO] [stdout] 
[INFO] [stderr] error: doctest failed, to rerun pass `--doc`
[INFO] running `Command { std: "docker" "inspect" "1ee743aaff0a8ac43b396f276f7c0a4dce8f707499cf161e2d703fc00003917d", kill_on_drop: false }`
[INFO] running `Command { std: "docker" "rm" "-f" "1ee743aaff0a8ac43b396f276f7c0a4dce8f707499cf161e2d703fc00003917d", kill_on_drop: false }`
[INFO] [stdout] 1ee743aaff0a8ac43b396f276f7c0a4dce8f707499cf161e2d703fc00003917d
