[INFO] fetching crate video_hash_filesystem_cache 0.1.0...
[INFO] testing video_hash_filesystem_cache-0.1.0 against beta-2024-12-08 for beta-1.84.0-4-retry
[INFO] extracting crate video_hash_filesystem_cache 0.1.0 into /workspace/builds/worker-4-tc2/source
[INFO] validating manifest of crates.io crate video_hash_filesystem_cache 0.1.0 on toolchain beta-2024-12-08
[INFO] running `Command { std: CARGO_HOME="/workspace/cargo-home" RUSTUP_HOME="/workspace/rustup-home" "/workspace/cargo-home/bin/cargo" "+beta-2024-12-08" "metadata" "--manifest-path" "Cargo.toml" "--no-deps", kill_on_drop: false }`
[INFO] started tweaking crates.io crate video_hash_filesystem_cache 0.1.0
[INFO] finished tweaking crates.io crate video_hash_filesystem_cache 0.1.0
[INFO] tweaked toml for crates.io crate video_hash_filesystem_cache 0.1.0 written to /workspace/builds/worker-4-tc2/source/Cargo.toml
[INFO] running `Command { std: CARGO_HOME="/workspace/cargo-home" RUSTUP_HOME="/workspace/rustup-home" "/workspace/cargo-home/bin/cargo" "+beta-2024-12-08" "generate-lockfile" "--manifest-path" "Cargo.toml", kill_on_drop: false }`
[INFO] [stderr]     Updating crates.io index
[INFO] [stderr]      Locking 166 packages to latest compatible versions
[INFO] [stderr]       Adding image v0.23.14 (available: v0.25.5)
[INFO] [stderr]       Adding itertools v0.10.5 (available: v0.13.0)
[INFO] [stderr]       Adding thiserror v1.0.69 (available: v2.0.7)
[INFO] running `Command { std: CARGO_HOME="/workspace/cargo-home" RUSTUP_HOME="/workspace/rustup-home" "/workspace/cargo-home/bin/cargo" "+beta-2024-12-08" "fetch" "--manifest-path" "Cargo.toml", kill_on_drop: false }`
[INFO] running `Command { std: "docker" "create" "-v" "/var/lib/crater-agent-workspace/builds/worker-4-tc2/target:/opt/rustwide/target:rw,Z" "-v" "/var/lib/crater-agent-workspace/builds/worker-4-tc2/source:/opt/rustwide/workdir:ro,Z" "-v" "/var/lib/crater-agent-workspace/cargo-home:/opt/rustwide/cargo-home:ro,Z" "-v" "/var/lib/crater-agent-workspace/rustup-home:/opt/rustwide/rustup-home:ro,Z" "-e" "SOURCE_DIR=/opt/rustwide/workdir" "-e" "CARGO_TARGET_DIR=/opt/rustwide/target" "-e" "CARGO_HOME=/opt/rustwide/cargo-home" "-e" "RUSTUP_HOME=/opt/rustwide/rustup-home" "-w" "/opt/rustwide/workdir" "-m" "1610612736" "--user" "0:0" "--network" "none" "ghcr.io/rust-lang/crates-build-env/linux@sha256:f3a9d4ad9d972b27faf3965f35b62e55ba32bbce8f20bc8fe909558a86702fde" "/opt/rustwide/cargo-home/bin/cargo" "+beta-2024-12-08" "metadata" "--no-deps" "--format-version=1", kill_on_drop: false }`
[INFO] [stdout] bc455b9d94a14cae96cf368e85d478a88446488a2fe4e7aab81c626b69846160
[INFO] running `Command { std: "docker" "start" "-a" "bc455b9d94a14cae96cf368e85d478a88446488a2fe4e7aab81c626b69846160", kill_on_drop: false }`
[INFO] running `Command { std: "docker" "inspect" "bc455b9d94a14cae96cf368e85d478a88446488a2fe4e7aab81c626b69846160", kill_on_drop: false }`
[INFO] running `Command { std: "docker" "rm" "-f" "bc455b9d94a14cae96cf368e85d478a88446488a2fe4e7aab81c626b69846160", kill_on_drop: false }`
[INFO] [stdout] bc455b9d94a14cae96cf368e85d478a88446488a2fe4e7aab81c626b69846160
[INFO] running `Command { std: "docker" "create" "-v" "/var/lib/crater-agent-workspace/builds/worker-4-tc2/target:/opt/rustwide/target:rw,Z" "-v" "/var/lib/crater-agent-workspace/builds/worker-4-tc2/source:/opt/rustwide/workdir:ro,Z" "-v" "/var/lib/crater-agent-workspace/cargo-home:/opt/rustwide/cargo-home:ro,Z" "-v" "/var/lib/crater-agent-workspace/rustup-home:/opt/rustwide/rustup-home:ro,Z" "-e" "SOURCE_DIR=/opt/rustwide/workdir" "-e" "CARGO_TARGET_DIR=/opt/rustwide/target" "-e" "CARGO_INCREMENTAL=0" "-e" "RUST_BACKTRACE=full" "-e" "RUSTFLAGS=--cap-lints=warn" "-e" "RUSTDOCFLAGS=--cap-lints=warn" "-e" "CARGO_HOME=/opt/rustwide/cargo-home" "-e" "RUSTUP_HOME=/opt/rustwide/rustup-home" "-w" "/opt/rustwide/workdir" "-m" "1610612736" "--user" "0:0" "--network" "none" "ghcr.io/rust-lang/crates-build-env/linux@sha256:f3a9d4ad9d972b27faf3965f35b62e55ba32bbce8f20bc8fe909558a86702fde" "/opt/rustwide/cargo-home/bin/cargo" "+beta-2024-12-08" "build" "--frozen" "--message-format=json", kill_on_drop: false }`
[INFO] [stdout] 217e7473be3693077f7e83f9522bd8fedc2c6f7319ef72217bbb6706f4e701b5
[INFO] running `Command { std: "docker" "start" "-a" "217e7473be3693077f7e83f9522bd8fedc2c6f7319ef72217bbb6706f4e701b5", kill_on_drop: false }`
[INFO] [stderr]    Compiling proc-macro2 v1.0.92
[INFO] [stderr]    Compiling unicode-ident v1.0.14
[INFO] [stderr]    Compiling autocfg v1.4.0
[INFO] [stderr]    Compiling cfg-if v1.0.0
[INFO] [stderr]    Compiling crossbeam-utils v0.8.20
[INFO] [stderr]    Compiling rayon-core v1.12.1
[INFO] [stderr]    Compiling either v1.13.0
[INFO] [stderr]    Compiling wasm-bindgen-shared v0.2.99
[INFO] [stderr]    Compiling libc v0.2.168
[INFO] [stderr]    Compiling log v0.4.22
[INFO] [stderr]    Compiling simd-adler32 v0.3.7
[INFO] [stderr]    Compiling bumpalo v3.16.0
[INFO] [stderr]    Compiling weezl v0.1.8
[INFO] [stderr]    Compiling memchr v2.7.4
[INFO] [stderr]    Compiling thiserror v1.0.69
[INFO] [stderr]    Compiling anyhow v1.0.94
[INFO] [stderr]    Compiling crc32fast v1.4.2
[INFO] [stderr]    Compiling byteorder v1.5.0
[INFO] [stderr]    Compiling adler2 v2.0.0
[INFO] [stderr]    Compiling aligned-vec v0.5.0
[INFO] [stderr]    Compiling serde v1.0.216
[INFO] [stderr]    Compiling arrayvec v0.7.6
[INFO] [stderr]    Compiling paste v1.0.15
[INFO] [stderr]    Compiling miniz_oxide v0.8.0
[INFO] [stderr]    Compiling minimal-lexical v0.2.1
[INFO] [stderr]    Compiling built v0.7.5
[INFO] [stderr]    Compiling wasm-bindgen v0.2.99
[INFO] [stderr]    Compiling crossbeam-epoch v0.9.18
[INFO] [stderr]    Compiling num-traits v0.2.19
[INFO] [stderr]    Compiling color_quant v1.1.0
[INFO] [stderr]    Compiling bitflags v1.3.2
[INFO] [stderr]    Compiling once_cell v1.20.2
[INFO] [stderr]    Compiling nom v7.1.3
[INFO] [stderr]    Compiling itertools v0.12.1
[INFO] [stderr]    Compiling bitstream-io v2.6.0
[INFO] [stderr]    Compiling new_debug_unreachable v1.0.6
[INFO] [stderr]    Compiling noop_proc_macro v0.3.0
[INFO] [stderr]    Compiling imgref v1.11.0
[INFO] [stderr]    Compiling quick-error v2.0.1
[INFO] [stderr]    Compiling bytemuck v1.20.0
[INFO] [stderr]    Compiling rav1e v0.7.1
[INFO] [stderr]    Compiling version_check v0.9.5
[INFO] [stderr]    Compiling crossbeam-deque v0.8.5
[INFO] [stderr]    Compiling loop9 v0.1.5
[INFO] [stderr]    Compiling miniz_oxide v0.4.4
[INFO] [stderr]    Compiling avif-serialize v0.8.2
[INFO] [stderr]    Compiling fdeflate v0.3.7
[INFO] [stderr]    Compiling zune-inflate v0.2.54
[INFO] [stderr]    Compiling half v2.4.1
[INFO] [stderr]    Compiling flate2 v1.0.35
[INFO] [stderr]    Compiling rustfft v6.2.0
[INFO] [stderr]    Compiling byteorder-lite v0.1.0
[INFO] [stderr]    Compiling jpeg-decoder v0.3.1
[INFO] [stderr]    Compiling bit_field v0.10.2
[INFO] [stderr]    Compiling quote v1.0.37
[INFO] [stderr]    Compiling zune-core v0.4.12
[INFO] [stderr]    Compiling getrandom v0.2.15
[INFO] [stderr]    Compiling strength_reduce v0.2.4
[INFO] [stderr]    Compiling thiserror v2.0.7
[INFO] [stderr]    Compiling syn v2.0.90
[INFO] [stderr]    Compiling adler32 v1.2.0
[INFO] [stderr]    Compiling smallvec v1.13.2
[INFO] [stderr]    Compiling serde_json v1.0.133
[INFO] [stderr]    Compiling lebe v0.5.2
[INFO] [stderr]    Compiling simd_helpers v0.1.0
[INFO] [stderr]    Compiling rgb v0.8.50
[INFO] [stderr]    Compiling zune-jpeg v0.4.14
[INFO] [stderr]    Compiling rand_core v0.6.4
[INFO] [stderr]    Compiling rayon v1.10.0
[INFO] [stderr]    Compiling exr v1.73.0
[INFO] [stderr]    Compiling png v0.17.15
[INFO] [stderr]    Compiling image-webp v0.2.0
[INFO] [stderr]    Compiling qoi v0.4.1
[INFO] [stderr]    Compiling gif v0.13.1
[INFO] [stderr]    Compiling num-rational v0.3.2
[INFO] [stderr]    Compiling adler v1.0.2
[INFO] [stderr]    Compiling itoa v1.0.14
[INFO] [stderr]    Compiling num-integer v0.1.46
[INFO] [stderr]    Compiling v_frame v0.3.8
[INFO] [stderr]    Compiling num-complex v0.4.6
[INFO] [stderr]    Compiling ryu v1.0.18
[INFO] [stderr]    Compiling tiff v0.9.1
[INFO] [stderr]    Compiling miniz_oxide v0.3.7
[INFO] [stderr]    Compiling deflate v0.8.6
[INFO] [stderr]    Compiling gif v0.11.4
[INFO] [stderr]    Compiling num-bigint v0.4.6
[INFO] [stderr]    Compiling transpose v0.2.3
[INFO] [stderr]    Compiling primal-check v0.3.4
[INFO] [stderr]    Compiling num-iter v0.1.45
[INFO] [stderr]    Compiling same-file v1.0.6
[INFO] [stderr]    Compiling scoped_threadpool v0.1.9
[INFO] [stderr]    Compiling png v0.16.8
[INFO] [stderr]    Compiling walkdir v2.5.0
[INFO] [stderr]    Compiling itertools v0.10.5
[INFO] [stderr]    Compiling num-rational v0.4.2
[INFO] [stderr]    Compiling av1-grain v0.2.3
[INFO] [stderr]    Compiling maybe-rayon v0.1.1
[INFO] [stderr]    Compiling jpeg-decoder v0.1.22
[INFO] [stderr]    Compiling tiff v0.6.1
[INFO] [stderr]    Compiling image v0.23.14
[INFO] [stderr]    Compiling wasm-bindgen-backend v0.2.99
[INFO] [stderr]    Compiling thiserror-impl v1.0.69
[INFO] [stderr]    Compiling profiling-procmacros v1.0.16
[INFO] [stderr]    Compiling serde_derive v1.0.216
[INFO] [stderr]    Compiling zerocopy-derive v0.7.35
[INFO] [stderr]    Compiling arg_enum_proc_macro v0.3.4
[INFO] [stderr]    Compiling num-derive v0.4.2
[INFO] [stderr]    Compiling thiserror-impl v2.0.7
[INFO] [stderr]    Compiling profiling v1.0.16
[INFO] [stderr]    Compiling rustdct v0.7.1
[INFO] [stderr]    Compiling wasm-bindgen-macro-support v0.2.99
[INFO] [stderr]    Compiling zerocopy v0.7.35
[INFO] [stderr]    Compiling wasm-bindgen-macro v0.2.99
[INFO] [stderr]    Compiling ppv-lite86 v0.2.20
[INFO] [stderr]    Compiling rand_chacha v0.3.1
[INFO] [stderr]    Compiling rand v0.8.5
[INFO] [stderr]    Compiling bincode v1.3.3
[INFO] [stderr]    Compiling generic_filesystem_cache v0.1.0
[INFO] [stderr]    Compiling ravif v0.11.11
[INFO] [stderr]    Compiling image v0.25.5
[INFO] [stderr]    Compiling ffmpeg_cmdline_utils v0.1.4
[INFO] [stderr]    Compiling vid_dup_finder_lib v0.1.2
[INFO] [stderr]    Compiling video_hash_filesystem_cache v0.1.0 (/opt/rustwide/workdir)
[INFO] [stderr]     Finished `dev` profile [unoptimized + debuginfo] target(s) in 1m 17s
[INFO] running `Command { std: "docker" "inspect" "217e7473be3693077f7e83f9522bd8fedc2c6f7319ef72217bbb6706f4e701b5", kill_on_drop: false }`
[INFO] running `Command { std: "docker" "rm" "-f" "217e7473be3693077f7e83f9522bd8fedc2c6f7319ef72217bbb6706f4e701b5", kill_on_drop: false }`
[INFO] [stdout] 217e7473be3693077f7e83f9522bd8fedc2c6f7319ef72217bbb6706f4e701b5
[INFO] running `Command { std: "docker" "create" "-v" "/var/lib/crater-agent-workspace/builds/worker-4-tc2/target:/opt/rustwide/target:rw,Z" "-v" "/var/lib/crater-agent-workspace/builds/worker-4-tc2/source:/opt/rustwide/workdir:ro,Z" "-v" "/var/lib/crater-agent-workspace/cargo-home:/opt/rustwide/cargo-home:ro,Z" "-v" "/var/lib/crater-agent-workspace/rustup-home:/opt/rustwide/rustup-home:ro,Z" "-e" "SOURCE_DIR=/opt/rustwide/workdir" "-e" "CARGO_TARGET_DIR=/opt/rustwide/target" "-e" "CARGO_INCREMENTAL=0" "-e" "RUST_BACKTRACE=full" "-e" "RUSTFLAGS=--cap-lints=warn" "-e" "RUSTDOCFLAGS=--cap-lints=warn" "-e" "CARGO_HOME=/opt/rustwide/cargo-home" "-e" "RUSTUP_HOME=/opt/rustwide/rustup-home" "-w" "/opt/rustwide/workdir" "-m" "1610612736" "--user" "0:0" "--network" "none" "ghcr.io/rust-lang/crates-build-env/linux@sha256:f3a9d4ad9d972b27faf3965f35b62e55ba32bbce8f20bc8fe909558a86702fde" "/opt/rustwide/cargo-home/bin/cargo" "+beta-2024-12-08" "test" "--frozen" "--no-run" "--message-format=json", kill_on_drop: false }`
[INFO] [stdout] 193b0bba85de0e0bb50e26e361c194de06742ebae583ca289064a898da6b41e6
[INFO] running `Command { std: "docker" "start" "-a" "193b0bba85de0e0bb50e26e361c194de06742ebae583ca289064a898da6b41e6", kill_on_drop: false }`
[INFO] [stderr]    Compiling iana-time-zone v0.1.61
[INFO] [stderr]    Compiling chrono v0.4.39
[INFO] [stderr]    Compiling video_hash_filesystem_cache v0.1.0 (/opt/rustwide/workdir)
[INFO] [stderr]     Finished `test` profile [unoptimized + debuginfo] target(s) in 3.08s
[INFO] running `Command { std: "docker" "inspect" "193b0bba85de0e0bb50e26e361c194de06742ebae583ca289064a898da6b41e6", kill_on_drop: false }`
[INFO] running `Command { std: "docker" "rm" "-f" "193b0bba85de0e0bb50e26e361c194de06742ebae583ca289064a898da6b41e6", kill_on_drop: false }`
[INFO] [stdout] 193b0bba85de0e0bb50e26e361c194de06742ebae583ca289064a898da6b41e6
[INFO] running `Command { std: "docker" "create" "-v" "/var/lib/crater-agent-workspace/builds/worker-4-tc2/target:/opt/rustwide/target:rw,Z" "-v" "/var/lib/crater-agent-workspace/builds/worker-4-tc2/source:/opt/rustwide/workdir:ro,Z" "-v" "/var/lib/crater-agent-workspace/cargo-home:/opt/rustwide/cargo-home:ro,Z" "-v" "/var/lib/crater-agent-workspace/rustup-home:/opt/rustwide/rustup-home:ro,Z" "-e" "SOURCE_DIR=/opt/rustwide/workdir" "-e" "CARGO_TARGET_DIR=/opt/rustwide/target" "-e" "CARGO_INCREMENTAL=0" "-e" "RUST_BACKTRACE=full" "-e" "RUSTFLAGS=--cap-lints=warn" "-e" "RUSTDOCFLAGS=--cap-lints=warn" "-e" "CARGO_HOME=/opt/rustwide/cargo-home" "-e" "RUSTUP_HOME=/opt/rustwide/rustup-home" "-w" "/opt/rustwide/workdir" "-m" "1610612736" "--user" "0:0" "--network" "none" "ghcr.io/rust-lang/crates-build-env/linux@sha256:f3a9d4ad9d972b27faf3965f35b62e55ba32bbce8f20bc8fe909558a86702fde" "/opt/rustwide/cargo-home/bin/cargo" "+beta-2024-12-08" "test" "--frozen", kill_on_drop: false }`
[INFO] [stdout] 115470ffd88a803e49df4698f8163f76671603e369144891ae541b9aac56d17f
[INFO] running `Command { std: "docker" "start" "-a" "115470ffd88a803e49df4698f8163f76671603e369144891ae541b9aac56d17f", kill_on_drop: false }`
[INFO] [stderr]     Finished `test` profile [unoptimized + debuginfo] target(s) in 0.16s
[INFO] [stderr]      Running unittests src/lib.rs (/opt/rustwide/target/debug/deps/video_hash_filesystem_cache-89cdb9b66715b1a0)
[INFO] [stderr]    Doc-tests video_hash_filesystem_cache
[INFO] [stdout] 
[INFO] [stdout] running 0 tests
[INFO] [stdout] 
[INFO] [stdout] test result: ok. 0 passed; 0 failed; 0 ignored; 0 measured; 0 filtered out; finished in 0.00s
[INFO] [stdout] 
[INFO] [stdout] 
[INFO] [stdout] running 2 tests
[INFO] [stdout] test src/lib.rs - (line 8) ... FAILED
[INFO] [stdout] test src/lib.rs - (line 40) ... FAILED
[INFO] [stdout] 
[INFO] [stdout] failures:
[INFO] [stdout] 
[INFO] [stdout] ---- src/lib.rs - (line 8) stdout ----
[INFO] [stdout] Test executable failed (exit status: 101).
[INFO] [stdout] 
[INFO] [stdout] stderr:
[INFO] [stdout] thread 'main' panicked at src/lib.rs:18:27:
[INFO] [stdout] explicit panic
[INFO] [stdout] stack backtrace:
[INFO] [stdout]    0:     0x646cbed65a5a - std::backtrace_rs::backtrace::libunwind::trace::h8810477743020387
[INFO] [stdout]                                at /rustc/202008a1b8de96d2e5b6bc02d379db03a877d34d/library/std/src/../../backtrace/src/backtrace/libunwind.rs:116:5
[INFO] [stdout]    1:     0x646cbed65a5a - std::backtrace_rs::backtrace::trace_unsynchronized::h3aa55355dd6c54a6
[INFO] [stdout]                                at /rustc/202008a1b8de96d2e5b6bc02d379db03a877d34d/library/std/src/../../backtrace/src/backtrace/mod.rs:66:5
[INFO] [stdout]    2:     0x646cbed65a5a - std::sys::backtrace::_print_fmt::h8588b0f62410823f
[INFO] [stdout]                                at /rustc/202008a1b8de96d2e5b6bc02d379db03a877d34d/library/std/src/sys/backtrace.rs:66:9
[INFO] [stdout]    3:     0x646cbed65a5a - <std::sys::backtrace::BacktraceLock::print::DisplayBacktrace as core::fmt::Display>::fmt::h98c26ac25ffe89bb
[INFO] [stdout]                                at /rustc/202008a1b8de96d2e5b6bc02d379db03a877d34d/library/std/src/sys/backtrace.rs:39:26
[INFO] [stdout]    4:     0x646cbed8d0c3 - core::fmt::rt::Argument::fmt::hf95377f4aebd453b
[INFO] [stdout]                                at /rustc/202008a1b8de96d2e5b6bc02d379db03a877d34d/library/core/src/fmt/rt.rs:177:76
[INFO] [stdout]    5:     0x646cbed8d0c3 - core::fmt::write::h0dd5f6e2238c7982
[INFO] [stdout]                                at /rustc/202008a1b8de96d2e5b6bc02d379db03a877d34d/library/core/src/fmt/mod.rs:1189:21
[INFO] [stdout]    6:     0x646cbed62c53 - std::io::Write::write_fmt::hc00bff0a88e08857
[INFO] [stdout]                                at /rustc/202008a1b8de96d2e5b6bc02d379db03a877d34d/library/std/src/io/mod.rs:1884:15
[INFO] [stdout]    7:     0x646cbed658a2 - std::sys::backtrace::BacktraceLock::print::h5c19c1c038ee186d
[INFO] [stdout]                                at /rustc/202008a1b8de96d2e5b6bc02d379db03a877d34d/library/std/src/sys/backtrace.rs:42:9
[INFO] [stdout]    8:     0x646cbed669ac - std::panicking::default_hook::{{closure}}::h77172f079a1fcb13
[INFO] [stdout]                                at /rustc/202008a1b8de96d2e5b6bc02d379db03a877d34d/library/std/src/panicking.rs:268:22
[INFO] [stdout]    9:     0x646cbed667f2 - std::panicking::default_hook::he5f8e3b203ccddba
[INFO] [stdout]                                at /rustc/202008a1b8de96d2e5b6bc02d379db03a877d34d/library/std/src/panicking.rs:295:9
[INFO] [stdout]   10:     0x646cbed66f87 - std::panicking::rust_panic_with_hook::h53863d4e9018df39
[INFO] [stdout]                                at /rustc/202008a1b8de96d2e5b6bc02d379db03a877d34d/library/std/src/panicking.rs:801:13
[INFO] [stdout]   11:     0x646cbdd85fba - std::panicking::begin_panic::{{closure}}::hec7047b703b564d6
[INFO] [stdout]                                at /rustc/202008a1b8de96d2e5b6bc02d379db03a877d34d/library/std/src/panicking.rs:738:9
[INFO] [stdout]   12:     0x646cbdd85f2a - std::sys::backtrace::__rust_end_short_backtrace::h272546d3834261d3
[INFO] [stdout]                                at /rustc/202008a1b8de96d2e5b6bc02d379db03a877d34d/library/std/src/sys/backtrace.rs:170:18
[INFO] [stdout]   13:     0x646cbdd85f63 - std::panicking::begin_panic::h31933a2cbb35466f
[INFO] [stdout]                                at /rustc/202008a1b8de96d2e5b6bc02d379db03a877d34d/library/std/src/panicking.rs:737:5
[INFO] [stdout]   14:     0x646cbdd576ed - rust_out::main::_doctest_main_src_lib_rs_8_0::ha3b1c27d69d67c71
[INFO] [stdout]   15:     0x646cbdd57376 - rust_out::main::h57eefffa92e38ed0
[INFO] [stdout]   16:     0x646cbdd56d23 - core::ops::function::FnOnce::call_once::hcb3872443a25b5b7
[INFO] [stdout]   17:     0x646cbdd56c16 - std::sys::backtrace::__rust_begin_short_backtrace::hb8f53f53663d2e9e
[INFO] [stdout]   18:     0x646cbdd56bf9 - std::rt::lang_start::{{closure}}::h0d6bdb8cb611c7e9
[INFO] [stdout]   19:     0x646cbed5ce97 - core::ops::function::impls::<impl core::ops::function::FnOnce<A> for &F>::call_once::hba2470d01d3f5e41
[INFO] [stdout]                                at /rustc/202008a1b8de96d2e5b6bc02d379db03a877d34d/library/core/src/ops/function.rs:284:13
[INFO] [stdout]   20:     0x646cbed5ce97 - std::panicking::try::do_call::hc063fb73159aab72
[INFO] [stdout]                                at /rustc/202008a1b8de96d2e5b6bc02d379db03a877d34d/library/std/src/panicking.rs:557:40
[INFO] [stdout]   21:     0x646cbed5ce97 - std::panicking::try::h2767c6d245d3a3bb
[INFO] [stdout]                                at /rustc/202008a1b8de96d2e5b6bc02d379db03a877d34d/library/std/src/panicking.rs:520:19
[INFO] [stdout]   22:     0x646cbed5ce97 - std::panic::catch_unwind::h061c6ef75790da63
[INFO] [stdout]                                at /rustc/202008a1b8de96d2e5b6bc02d379db03a877d34d/library/std/src/panic.rs:358:14
[INFO] [stdout]   23:     0x646cbed5ce97 - std::rt::lang_start_internal::{{closure}}::h5c5e35b11a4b8c4e
[INFO] [stdout]                                at /rustc/202008a1b8de96d2e5b6bc02d379db03a877d34d/library/std/src/rt.rs:174:48
[INFO] [stdout]   24:     0x646cbed5ce97 - std::panicking::try::do_call::h705e99690a8109cc
[INFO] [stdout]                                at /rustc/202008a1b8de96d2e5b6bc02d379db03a877d34d/library/std/src/panicking.rs:557:40
[INFO] [stdout]   25:     0x646cbed5ce97 - std::panicking::try::he5f4452754ed9a34
[INFO] [stdout]                                at /rustc/202008a1b8de96d2e5b6bc02d379db03a877d34d/library/std/src/panicking.rs:520:19
[INFO] [stdout]   26:     0x646cbed5ce97 - std::panic::catch_unwind::h5db61b3bcbe883e5
[INFO] [stdout]                                at /rustc/202008a1b8de96d2e5b6bc02d379db03a877d34d/library/std/src/panic.rs:358:14
[INFO] [stdout]   27:     0x646cbed5ce97 - std::rt::lang_start_internal::h81da9b59bab665c6
[INFO] [stdout]                                at /rustc/202008a1b8de96d2e5b6bc02d379db03a877d34d/library/std/src/rt.rs:174:20
[INFO] [stdout]   28:     0x646cbdd56bd7 - std::rt::lang_start::h2798034e47ddebf9
[INFO] [stdout]   29:     0x646cbdd57a55 - main
[INFO] [stdout]   30:     0x701e616a3d90 - <unknown>
[INFO] [stdout]   31:     0x701e616a3e40 - __libc_start_main
[INFO] [stdout]   32:     0x646cbdd565c5 - _start
[INFO] [stdout]   33:                0x0 - <unknown>
[INFO] [stdout] 
[INFO] [stdout] 
[INFO] [stdout] ---- src/lib.rs - (line 40) stdout ----
[INFO] [stdout] Test executable failed (exit status: 101).
[INFO] [stdout] 
[INFO] [stdout] stderr:
[INFO] [stdout] thread 'main' panicked at src/lib.rs:21:50:
[INFO] [stdout] called `Result::unwrap()` on an `Err` value: PathNotFound("/opt/rustwide/workdir/../vid_dup_finder_lib/examples/vids")
[INFO] [stdout] stack backtrace:
[INFO] [stdout]    0:     0x583cf6292baa - std::backtrace_rs::backtrace::libunwind::trace::h8810477743020387
[INFO] [stdout]                                at /rustc/202008a1b8de96d2e5b6bc02d379db03a877d34d/library/std/src/../../backtrace/src/backtrace/libunwind.rs:116:5
[INFO] [stdout]    1:     0x583cf6292baa - std::backtrace_rs::backtrace::trace_unsynchronized::h3aa55355dd6c54a6
[INFO] [stdout]                                at /rustc/202008a1b8de96d2e5b6bc02d379db03a877d34d/library/std/src/../../backtrace/src/backtrace/mod.rs:66:5
[INFO] [stdout]    2:     0x583cf6292baa - std::sys::backtrace::_print_fmt::h8588b0f62410823f
[INFO] [stdout]                                at /rustc/202008a1b8de96d2e5b6bc02d379db03a877d34d/library/std/src/sys/backtrace.rs:66:9
[INFO] [stdout]    3:     0x583cf6292baa - <std::sys::backtrace::BacktraceLock::print::DisplayBacktrace as core::fmt::Display>::fmt::h98c26ac25ffe89bb
[INFO] [stdout]                                at /rustc/202008a1b8de96d2e5b6bc02d379db03a877d34d/library/std/src/sys/backtrace.rs:39:26
[INFO] [stdout]    4:     0x583cf62baa23 - core::fmt::rt::Argument::fmt::hf95377f4aebd453b
[INFO] [stdout]                                at /rustc/202008a1b8de96d2e5b6bc02d379db03a877d34d/library/core/src/fmt/rt.rs:177:76
[INFO] [stdout]    5:     0x583cf62baa23 - core::fmt::write::h0dd5f6e2238c7982
[INFO] [stdout]                                at /rustc/202008a1b8de96d2e5b6bc02d379db03a877d34d/library/core/src/fmt/mod.rs:1189:21
[INFO] [stdout]    6:     0x583cf628fce3 - std::io::Write::write_fmt::hc00bff0a88e08857
[INFO] [stdout]                                at /rustc/202008a1b8de96d2e5b6bc02d379db03a877d34d/library/std/src/io/mod.rs:1884:15
[INFO] [stdout]    7:     0x583cf62929f2 - std::sys::backtrace::BacktraceLock::print::h5c19c1c038ee186d
[INFO] [stdout]                                at /rustc/202008a1b8de96d2e5b6bc02d379db03a877d34d/library/std/src/sys/backtrace.rs:42:9
[INFO] [stdout]    8:     0x583cf6293afc - std::panicking::default_hook::{{closure}}::h77172f079a1fcb13
[INFO] [stdout]                                at /rustc/202008a1b8de96d2e5b6bc02d379db03a877d34d/library/std/src/panicking.rs:268:22
[INFO] [stdout]    9:     0x583cf6293942 - std::panicking::default_hook::he5f8e3b203ccddba
[INFO] [stdout]                                at /rustc/202008a1b8de96d2e5b6bc02d379db03a877d34d/library/std/src/panicking.rs:295:9
[INFO] [stdout]   10:     0x583cf62940d7 - std::panicking::rust_panic_with_hook::h53863d4e9018df39
[INFO] [stdout]                                at /rustc/202008a1b8de96d2e5b6bc02d379db03a877d34d/library/std/src/panicking.rs:801:13
[INFO] [stdout]   11:     0x583cf6293f6a - std::panicking::begin_panic_handler::{{closure}}::h67280e6fa0757873
[INFO] [stdout]                                at /rustc/202008a1b8de96d2e5b6bc02d379db03a877d34d/library/std/src/panicking.rs:674:13
[INFO] [stdout]   12:     0x583cf6293089 - std::sys::backtrace::__rust_end_short_backtrace::h1dac3f54d6fbbeb2
[INFO] [stdout]                                at /rustc/202008a1b8de96d2e5b6bc02d379db03a877d34d/library/std/src/sys/backtrace.rs:170:18
[INFO] [stdout]   13:     0x583cf6293bfc - rust_begin_unwind
[INFO] [stdout]                                at /rustc/202008a1b8de96d2e5b6bc02d379db03a877d34d/library/std/src/panicking.rs:665:5
[INFO] [stdout]   14:     0x583cf5255d10 - core::panicking::panic_fmt::h6792bd1b2bf01041
[INFO] [stdout]                                at /rustc/202008a1b8de96d2e5b6bc02d379db03a877d34d/library/core/src/panicking.rs:76:14
[INFO] [stdout]   15:     0x583cf52561f6 - core::result::unwrap_failed::h05e0602ed34287c5
[INFO] [stdout]                                at /rustc/202008a1b8de96d2e5b6bc02d379db03a877d34d/library/core/src/result.rs:1699:5
[INFO] [stdout]   16:     0x583cf525a569 - rust_out::main::_doctest_main_src_lib_rs_40_0::hfec11c21e726bbe6
[INFO] [stdout]   17:     0x583cf5259f36 - rust_out::main::h57eefffa92e38ed0
[INFO] [stdout]   18:     0x583cf5257b93 - core::ops::function::FnOnce::call_once::hcb3872443a25b5b7
[INFO] [stdout]   19:     0x583cf5257a66 - std::sys::backtrace::__rust_begin_short_backtrace::hb8f53f53663d2e9e
[INFO] [stdout]   20:     0x583cf5257a09 - std::rt::lang_start::{{closure}}::h0d6bdb8cb611c7e9
[INFO] [stdout]   21:     0x583cf6289cd7 - core::ops::function::impls::<impl core::ops::function::FnOnce<A> for &F>::call_once::hba2470d01d3f5e41
[INFO] [stdout]                                at /rustc/202008a1b8de96d2e5b6bc02d379db03a877d34d/library/core/src/ops/function.rs:284:13
[INFO] [stdout]   22:     0x583cf6289cd7 - std::panicking::try::do_call::hc063fb73159aab72
[INFO] [stdout]                                at /rustc/202008a1b8de96d2e5b6bc02d379db03a877d34d/library/std/src/panicking.rs:557:40
[INFO] [stdout]   23:     0x583cf6289cd7 - std::panicking::try::h2767c6d245d3a3bb
[INFO] [stdout]                                at /rustc/202008a1b8de96d2e5b6bc02d379db03a877d34d/library/std/src/panicking.rs:520:19
[INFO] [stdout]   24:     0x583cf6289cd7 - std::panic::catch_unwind::h061c6ef75790da63
[INFO] [stdout]                                at /rustc/202008a1b8de96d2e5b6bc02d379db03a877d34d/library/std/src/panic.rs:358:14
[INFO] [stdout]   25:     0x583cf6289cd7 - std::rt::lang_start_internal::{{closure}}::h5c5e35b11a4b8c4e
[INFO] [stdout]                                at /rustc/202008a1b8de96d2e5b6bc02d379db03a877d34d/library/std/src/rt.rs:174:48
[INFO] [stdout]   26:     0x583cf6289cd7 - std::panicking::try::do_call::h705e99690a8109cc
[INFO] [stdout]                                at /rustc/202008a1b8de96d2e5b6bc02d379db03a877d34d/library/std/src/panicking.rs:557:40
[INFO] [stdout]   27:     0x583cf6289cd7 - std::panicking::try::he5f4452754ed9a34
[INFO] [stdout]                                at /rustc/202008a1b8de96d2e5b6bc02d379db03a877d34d/library/std/src/panicking.rs:520:19
[INFO] [stdout]   28:     0x583cf6289cd7 - std::panic::catch_unwind::h5db61b3bcbe883e5
[INFO] [stdout]                                at /rustc/202008a1b8de96d2e5b6bc02d379db03a877d34d/library/std/src/panic.rs:358:14
[INFO] [stdout]   29:     0x583cf6289cd7 - std::rt::lang_start_internal::h81da9b59bab665c6
[INFO] [stdout]                                at /rustc/202008a1b8de96d2e5b6bc02d379db03a877d34d/library/std/src/rt.rs:174:20
[INFO] [stdout]   30:     0x583cf52579e7 - std::rt::lang_start::h2798034e47ddebf9
[INFO] [stdout]   31:     0x583cf525acb5 - main
[INFO] [stdout]   32:     0x7622b20a3d90 - <unknown>
[INFO] [stdout]   33:     0x7622b20a3e40 - __libc_start_main
[INFO] [stdout]   34:     0x583cf5256655 - _start
[INFO] [stdout]   35:                0x0 - <unknown>
[INFO] [stdout] 
[INFO] [stdout] 
[INFO] [stdout] 
[INFO] [stdout] failures:
[INFO] [stdout]     src/lib.rs - (line 40)
[INFO] [stdout]     src/lib.rs - (line 8)
[INFO] [stdout] 
[INFO] [stdout] test result: FAILED. 0 passed; 2 failed; 0 ignored; 0 measured; 0 filtered out; finished in 6.48s
[INFO] [stdout] 
[INFO] [stderr] error: doctest failed, to rerun pass `--doc`
[INFO] running `Command { std: "docker" "inspect" "115470ffd88a803e49df4698f8163f76671603e369144891ae541b9aac56d17f", kill_on_drop: false }`
[INFO] running `Command { std: "docker" "rm" "-f" "115470ffd88a803e49df4698f8163f76671603e369144891ae541b9aac56d17f", kill_on_drop: false }`
[INFO] [stdout] 115470ffd88a803e49df4698f8163f76671603e369144891ae541b9aac56d17f
