[INFO] fetching crate victor_tree 0.0.8-rc.1...
[INFO] testing victor_tree-0.0.8-rc.1 against beta-2024-12-08 for beta-1.84.0-4-retry
[INFO] extracting crate victor_tree 0.0.8-rc.1 into /workspace/builds/worker-3-tc2/source
[INFO] validating manifest of crates.io crate victor_tree 0.0.8-rc.1 on toolchain beta-2024-12-08
[INFO] running `Command { std: CARGO_HOME="/workspace/cargo-home" RUSTUP_HOME="/workspace/rustup-home" "/workspace/cargo-home/bin/cargo" "+beta-2024-12-08" "metadata" "--manifest-path" "Cargo.toml" "--no-deps", kill_on_drop: false }`
[INFO] started tweaking crates.io crate victor_tree 0.0.8-rc.1
[INFO] finished tweaking crates.io crate victor_tree 0.0.8-rc.1
[INFO] tweaked toml for crates.io crate victor_tree 0.0.8-rc.1 written to /workspace/builds/worker-3-tc2/source/Cargo.toml
[INFO] crate crates.io crate victor_tree 0.0.8-rc.1 already has a lockfile, it will not be regenerated
[INFO] running `Command { std: CARGO_HOME="/workspace/cargo-home" RUSTUP_HOME="/workspace/rustup-home" "/workspace/cargo-home/bin/cargo" "+beta-2024-12-08" "fetch" "--manifest-path" "Cargo.toml", kill_on_drop: false }`
[INFO] running `Command { std: "docker" "create" "-v" "/var/lib/crater-agent-workspace/builds/worker-3-tc2/target:/opt/rustwide/target:rw,Z" "-v" "/var/lib/crater-agent-workspace/builds/worker-3-tc2/source:/opt/rustwide/workdir:ro,Z" "-v" "/var/lib/crater-agent-workspace/cargo-home:/opt/rustwide/cargo-home:ro,Z" "-v" "/var/lib/crater-agent-workspace/rustup-home:/opt/rustwide/rustup-home:ro,Z" "-e" "SOURCE_DIR=/opt/rustwide/workdir" "-e" "CARGO_TARGET_DIR=/opt/rustwide/target" "-e" "CARGO_HOME=/opt/rustwide/cargo-home" "-e" "RUSTUP_HOME=/opt/rustwide/rustup-home" "-w" "/opt/rustwide/workdir" "-m" "1610612736" "--user" "0:0" "--network" "none" "ghcr.io/rust-lang/crates-build-env/linux@sha256:f3a9d4ad9d972b27faf3965f35b62e55ba32bbce8f20bc8fe909558a86702fde" "/opt/rustwide/cargo-home/bin/cargo" "+beta-2024-12-08" "metadata" "--no-deps" "--format-version=1", kill_on_drop: false }`
[INFO] [stdout] 0eb55d41f52d4d03080ec7bcea6eb2d4638af1868a08bd931b83c2f4644b3e81
[INFO] running `Command { std: "docker" "start" "-a" "0eb55d41f52d4d03080ec7bcea6eb2d4638af1868a08bd931b83c2f4644b3e81", kill_on_drop: false }`
[INFO] running `Command { std: "docker" "inspect" "0eb55d41f52d4d03080ec7bcea6eb2d4638af1868a08bd931b83c2f4644b3e81", kill_on_drop: false }`
[INFO] running `Command { std: "docker" "rm" "-f" "0eb55d41f52d4d03080ec7bcea6eb2d4638af1868a08bd931b83c2f4644b3e81", kill_on_drop: false }`
[INFO] [stdout] 0eb55d41f52d4d03080ec7bcea6eb2d4638af1868a08bd931b83c2f4644b3e81
[INFO] running `Command { std: "docker" "create" "-v" "/var/lib/crater-agent-workspace/builds/worker-3-tc2/target:/opt/rustwide/target:rw,Z" "-v" "/var/lib/crater-agent-workspace/builds/worker-3-tc2/source:/opt/rustwide/workdir:ro,Z" "-v" "/var/lib/crater-agent-workspace/cargo-home:/opt/rustwide/cargo-home:ro,Z" "-v" "/var/lib/crater-agent-workspace/rustup-home:/opt/rustwide/rustup-home:ro,Z" "-e" "SOURCE_DIR=/opt/rustwide/workdir" "-e" "CARGO_TARGET_DIR=/opt/rustwide/target" "-e" "CARGO_INCREMENTAL=0" "-e" "RUST_BACKTRACE=full" "-e" "RUSTFLAGS=--cap-lints=warn" "-e" "RUSTDOCFLAGS=--cap-lints=warn" "-e" "CARGO_HOME=/opt/rustwide/cargo-home" "-e" "RUSTUP_HOME=/opt/rustwide/rustup-home" "-w" "/opt/rustwide/workdir" "-m" "1610612736" "--user" "0:0" "--network" "none" "ghcr.io/rust-lang/crates-build-env/linux@sha256:f3a9d4ad9d972b27faf3965f35b62e55ba32bbce8f20bc8fe909558a86702fde" "/opt/rustwide/cargo-home/bin/cargo" "+beta-2024-12-08" "build" "--frozen" "--message-format=json", kill_on_drop: false }`
[INFO] [stdout] c0fcbd038d8b8b0dff0ea35e717da89a3276257e5952693b1dc15f4d6ff08756
[INFO] running `Command { std: "docker" "start" "-a" "c0fcbd038d8b8b0dff0ea35e717da89a3276257e5952693b1dc15f4d6ff08756", kill_on_drop: false }`
[INFO] [stderr]    Compiling cfg-if v1.0.0
[INFO] [stderr]    Compiling libc v0.2.148
[INFO] [stderr]    Compiling autocfg v1.1.0
[INFO] [stderr]    Compiling proc-macro2 v1.0.68
[INFO] [stderr]    Compiling ppv-lite86 v0.2.17
[INFO] [stderr]    Compiling siphasher v0.3.11
[INFO] [stderr]    Compiling unicode-ident v1.0.12
[INFO] [stderr]    Compiling syn v1.0.109
[INFO] [stderr]    Compiling getrandom v0.1.16
[INFO] [stderr]    Compiling scopeguard v1.2.0
[INFO] [stderr]    Compiling proc-macro-hack v0.5.20+deprecated
[INFO] [stderr]    Compiling smallvec v1.11.1
[INFO] [stderr]    Compiling phf_shared v0.10.0
[INFO] [stderr]    Compiling phf_shared v0.8.0
[INFO] [stderr]    Compiling lock_api v0.4.10
[INFO] [stderr]    Compiling memoffset v0.9.0
[INFO] [stderr]    Compiling crossbeam-utils v0.8.16
[INFO] [stderr]    Compiling proc-macro2 v0.4.30
[INFO] [stderr]    Compiling parking_lot_core v0.9.8
[INFO] [stderr]    Compiling crossbeam-epoch v0.9.15
[INFO] [stderr]    Compiling unicode-xid v0.1.0
[INFO] [stderr]    Compiling semver-parser v0.7.0
[INFO] [stderr]    Compiling stable_deref_trait v1.2.0
[INFO] [stderr]    Compiling serde v1.0.188
[INFO] [stderr]    Compiling new_debug_unreachable v1.0.4
[INFO] [stderr]    Compiling semver v0.9.0
[INFO] [stderr]    Compiling quote v1.0.33
[INFO] [stderr]    Compiling precomputed-hash v0.1.1
[INFO] [stderr]    Compiling getrandom v0.2.10
[INFO] [stderr]    Compiling mac v0.1.1
[INFO] [stderr]    Compiling rand_core v0.6.4
[INFO] [stderr]    Compiling rand_core v0.5.1
[INFO] [stderr]    Compiling once_cell v1.18.0
[INFO] [stderr]    Compiling syn v0.15.44
[INFO] [stderr]    Compiling maybe-uninit v2.0.0
[INFO] [stderr]    Compiling rand_chacha v0.3.1
[INFO] [stderr]    Compiling rand_chacha v0.2.2
[INFO] [stderr]    Compiling rand_pcg v0.2.1
[INFO] [stderr]    Compiling parking_lot v0.12.1
[INFO] [stderr]    Compiling quote v0.6.13
[INFO] [stderr]    Compiling futf v0.1.5
[INFO] [stderr]    Compiling syn v2.0.38
[INFO] [stderr]    Compiling rand v0.8.5
[INFO] [stderr]    Compiling rand v0.7.3
[INFO] [stderr]    Compiling rustc_version v0.2.3
[INFO] [stderr]    Compiling utf-8 v0.7.6
[INFO] [stderr]    Compiling version_check v0.9.4
[INFO] [stderr]    Compiling log v0.4.20
[INFO] [stderr]    Compiling rand_core v0.4.2
[INFO] [stderr]    Compiling rayon-core v1.12.0
[INFO] [stderr]    Compiling dtoa v1.0.9
[INFO] [stderr]    Compiling ahash v0.8.3
[INFO] [stderr]    Compiling rand_core v0.3.1
[INFO] [stderr]    Compiling dtoa-short v0.3.4
[INFO] [stderr]    Compiling parking_lot_core v0.3.1
[INFO] [stderr]    Compiling phf_generator v0.8.0
[INFO] [stderr]    Compiling phf_generator v0.10.0
[INFO] [stderr]    Compiling tendril v0.4.3
[INFO] [stderr]    Compiling phf_codegen v0.8.0
[INFO] [stderr]    Compiling phf_codegen v0.10.0
[INFO] [stderr]    Compiling string_cache_codegen v0.5.2
[INFO] [stderr]    Compiling selectors v0.24.0
[INFO] [stderr]    Compiling crossbeam-deque v0.8.3
[INFO] [stderr]    Compiling num-traits v0.2.16
[INFO] [stderr]    Compiling itoa v1.0.9
[INFO] [stderr]    Compiling nodrop v0.1.14
[INFO] [stderr]    Compiling byteorder v1.4.3
[INFO] [stderr]    Compiling matches v0.1.10
[INFO] [stderr]    Compiling convert_case v0.4.0
[INFO] [stderr]    Compiling markup5ever v0.11.0
[INFO] [stderr]    Compiling fxhash v0.2.1
[INFO] [stderr]    Compiling servo_arc v0.2.0
[INFO] [stderr]    Compiling smallvec v0.6.14
[INFO] [stderr]    Compiling rand v0.5.6
[INFO] [stderr]    Compiling owning_ref v0.4.1
[INFO] [stderr]    Compiling phf v0.8.0
[INFO] [stderr]    Compiling bitflags v1.3.2
[INFO] [stderr]    Compiling scopeguard v0.3.3
[INFO] [stderr]    Compiling unicode-width v0.1.11
[INFO] [stderr]    Compiling either v1.9.0
[INFO] [stderr]    Compiling getopts v0.2.21
[INFO] [stderr]    Compiling rayon v1.8.0
[INFO] [stderr]    Compiling lock_api v0.1.5
[INFO] [stderr]    Compiling ego-tree v0.6.2
[INFO] [stderr]    Compiling moite_moite v0.2.0
[INFO] [stderr]    Compiling parking_lot v0.6.4
[INFO] [stderr]    Compiling string_cache v0.8.7
[INFO] [stderr]    Compiling itoa v0.4.8
[INFO] [stderr]    Compiling lazy_static v1.4.0
[INFO] [stderr]    Compiling xml-rs v0.8.19
[INFO] [stderr]    Compiling dtoa v0.4.8
[INFO] [stderr]    Compiling xi-unicode v0.1.0
[INFO] [stderr]    Compiling smallbitvec v2.5.1
[INFO] [stderr]    Compiling atomic_refcell v0.1.12
[INFO] [stderr]    Compiling euclid_macros v0.1.0
[INFO] [stderr]    Compiling victor-tree-internal-proc-macros v0.0.1
[INFO] [stderr]    Compiling euclid v0.19.9
[INFO] [stderr]    Compiling rayon_croissant v0.1.1
[INFO] [stderr]    Compiling cssparser-macros v0.6.1
[INFO] [stderr]    Compiling phf_macros v0.10.0
[INFO] [stderr]    Compiling cssparser v0.29.6
[INFO] [stderr]    Compiling html5ever v0.26.0
[INFO] [stderr]    Compiling derive_more v0.99.17
[INFO] [stderr]    Compiling phf v0.10.1
[INFO] [stderr]    Compiling scraper_forky v0.17.2-rc
[INFO] [stderr]    Compiling victor_tree v0.0.8-rc.1 (/opt/rustwide/workdir)
[INFO] [stdout] warning: unnecessary trailing semicolon
[INFO] [stdout]    --> src/fonts/mod.rs:216:6
[INFO] [stdout]     |
[INFO] [stdout] 216 |     };
[INFO] [stdout]     |      ^ help: remove this semicolon
[INFO] [stdout]     |
[INFO] [stdout]     = note: `#[warn(redundant_semicolons)]` on by default
[INFO] [stdout] 
[INFO] [stdout] 
[INFO] [stdout] warning: unused label
[INFO] [stdout]   --> src/text_plain.rs:78:9
[INFO] [stdout]    |
[INFO] [stdout] 78 |         'lines: loop {
[INFO] [stdout]    |         ^^^^^^
[INFO] [stdout]    |
[INFO] [stdout]    = note: `#[warn(unused_labels)]` on by default
[INFO] [stdout] 
[INFO] [stdout] 
[INFO] [stdout] warning: elided lifetime has a name
[INFO] [stdout]   --> src/layout/positioned.rs:39:10
[INFO] [stdout]    |
[INFO] [stdout] 35 |     pub fn layout<'a>(
[INFO] [stdout]    |                   -- lifetime `'a` declared here
[INFO] [stdout] ...
[INFO] [stdout] 39 |     ) -> AbsolutelyPositionedFragment {
[INFO] [stdout]    |          ^^^^^^^^^^^^^^^^^^^^^^^^^^^^ this elided lifetime gets resolved as `'a`
[INFO] [stdout]    |
[INFO] [stdout]    = note: `#[warn(elided_named_lifetimes)]` on by default
[INFO] [stdout] 
[INFO] [stdout] 
[INFO] [stdout] warning: unused imports: `LocalName` and `Prefix`
[INFO] [stdout]  --> src/style/selectors.rs:4:17
[INFO] [stdout]   |
[INFO] [stdout] 4 | use html5ever::{LocalName, Namespace, Prefix};
[INFO] [stdout]   |                 ^^^^^^^^^             ^^^^^^
[INFO] [stdout]   |
[INFO] [stdout]   = note: `#[warn(unused_imports)]` on by default
[INFO] [stdout] 
[INFO] [stdout] 
[INFO] [stdout] warning: use of deprecated method `std::error::Error::description`: use the Display impl or to_string()
[INFO] [stdout]   --> src/dom/xml.rs:83:16
[INFO] [stdout]    |
[INFO] [stdout] 83 |         self.0.description()
[INFO] [stdout]    |                ^^^^^^^^^^^
[INFO] [stdout]    |
[INFO] [stdout]    = note: `#[warn(deprecated)]` on by default
[INFO] [stdout] 
[INFO] [stdout] 
[INFO] [stdout] warning: field `0` is never read
[INFO] [stdout]   --> src/fonts/types.rs:12:40
[INFO] [stdout]    |
[INFO] [stdout] 12 | pub(in crate::fonts) struct FixedPoint(pub u32);
[INFO] [stdout]    |                             ---------- ^^^^^^^
[INFO] [stdout]    |                             |
[INFO] [stdout]    |                             field in this struct
[INFO] [stdout]    |
[INFO] [stdout]    = help: consider removing this field
[INFO] [stdout]    = note: `FixedPoint` has derived impls for the traits `Clone` and `Debug`, but these are intentionally ignored during dead code analysis
[INFO] [stdout]    = note: `#[warn(dead_code)]` on by default
[INFO] [stdout] 
[INFO] [stdout] 
[INFO] [stdout] warning: trait objects without an explicit `dyn` are deprecated
[INFO] [stdout]  --> src/main.rs:1:29
[INFO] [stdout]   |
[INFO] [stdout] 1 | fn main() -> Result<(), Box<std::error::Error>> {
[INFO] [stdout]   |                             ^^^^^^^^^^^^^^^^^
[INFO] [stdout]   |
[INFO] [stdout]   = warning: this is accepted in the current edition (Rust 2018) but is a hard error in Rust 2021!
[INFO] [stdout]   = note: for more information, see <https://doc.rust-lang.org/nightly/edition-guide/rust-2021/warnings-promoted-to-error.html>
[INFO] [stdout]   = note: `#[warn(bare_trait_objects)]` on by default
[INFO] [stdout] help: if this is a dyn-compatible trait, use `dyn`
[INFO] [stdout]   |
[INFO] [stdout] 1 | fn main() -> Result<(), Box<dyn std::error::Error>> {
[INFO] [stdout]   |                             +++
[INFO] [stdout] 
[INFO] [stdout] 
[INFO] [stderr]     Finished `dev` profile [unoptimized + debuginfo] target(s) in 1m 11s
[INFO] running `Command { std: "docker" "inspect" "c0fcbd038d8b8b0dff0ea35e717da89a3276257e5952693b1dc15f4d6ff08756", kill_on_drop: false }`
[INFO] running `Command { std: "docker" "rm" "-f" "c0fcbd038d8b8b0dff0ea35e717da89a3276257e5952693b1dc15f4d6ff08756", kill_on_drop: false }`
[INFO] [stdout] c0fcbd038d8b8b0dff0ea35e717da89a3276257e5952693b1dc15f4d6ff08756
[INFO] running `Command { std: "docker" "create" "-v" "/var/lib/crater-agent-workspace/builds/worker-3-tc2/target:/opt/rustwide/target:rw,Z" "-v" "/var/lib/crater-agent-workspace/builds/worker-3-tc2/source:/opt/rustwide/workdir:ro,Z" "-v" "/var/lib/crater-agent-workspace/cargo-home:/opt/rustwide/cargo-home:ro,Z" "-v" "/var/lib/crater-agent-workspace/rustup-home:/opt/rustwide/rustup-home:ro,Z" "-e" "SOURCE_DIR=/opt/rustwide/workdir" "-e" "CARGO_TARGET_DIR=/opt/rustwide/target" "-e" "CARGO_INCREMENTAL=0" "-e" "RUST_BACKTRACE=full" "-e" "RUSTFLAGS=--cap-lints=warn" "-e" "RUSTDOCFLAGS=--cap-lints=warn" "-e" "CARGO_HOME=/opt/rustwide/cargo-home" "-e" "RUSTUP_HOME=/opt/rustwide/rustup-home" "-w" "/opt/rustwide/workdir" "-m" "1610612736" "--user" "0:0" "--network" "none" "ghcr.io/rust-lang/crates-build-env/linux@sha256:f3a9d4ad9d972b27faf3965f35b62e55ba32bbce8f20bc8fe909558a86702fde" "/opt/rustwide/cargo-home/bin/cargo" "+beta-2024-12-08" "test" "--frozen" "--no-run" "--message-format=json", kill_on_drop: false }`
[INFO] [stdout] d20536c8cbc6363e413a8b7ce5df681a1ac467b62d1e0e69de3d939a504e110c
[INFO] running `Command { std: "docker" "start" "-a" "d20536c8cbc6363e413a8b7ce5df681a1ac467b62d1e0e69de3d939a504e110c", kill_on_drop: false }`
[INFO] [stderr]    Compiling victor_tree v0.0.8-rc.1 (/opt/rustwide/workdir)
[INFO] [stdout] warning: unnecessary trailing semicolon
[INFO] [stdout]    --> src/fonts/mod.rs:216:6
[INFO] [stdout]     |
[INFO] [stdout] 216 |     };
[INFO] [stdout]     |      ^ help: remove this semicolon
[INFO] [stdout]     |
[INFO] [stdout]     = note: `#[warn(redundant_semicolons)]` on by default
[INFO] [stdout] 
[INFO] [stdout] 
[INFO] [stdout] warning: unused label
[INFO] [stdout]   --> src/text_plain.rs:78:9
[INFO] [stdout]    |
[INFO] [stdout] 78 |         'lines: loop {
[INFO] [stdout]    |         ^^^^^^
[INFO] [stdout]    |
[INFO] [stdout]    = note: `#[warn(unused_labels)]` on by default
[INFO] [stdout] 
[INFO] [stdout] 
[INFO] [stdout] warning: elided lifetime has a name
[INFO] [stdout]   --> src/layout/positioned.rs:39:10
[INFO] [stdout]    |
[INFO] [stdout] 35 |     pub fn layout<'a>(
[INFO] [stdout]    |                   -- lifetime `'a` declared here
[INFO] [stdout] ...
[INFO] [stdout] 39 |     ) -> AbsolutelyPositionedFragment {
[INFO] [stdout]    |          ^^^^^^^^^^^^^^^^^^^^^^^^^^^^ this elided lifetime gets resolved as `'a`
[INFO] [stdout]    |
[INFO] [stdout]    = note: `#[warn(elided_named_lifetimes)]` on by default
[INFO] [stdout] 
[INFO] [stdout] 
[INFO] [stdout] warning: unused imports: `LocalName` and `Prefix`
[INFO] [stdout]  --> src/style/selectors.rs:4:17
[INFO] [stdout]   |
[INFO] [stdout] 4 | use html5ever::{LocalName, Namespace, Prefix};
[INFO] [stdout]   |                 ^^^^^^^^^             ^^^^^^
[INFO] [stdout]   |
[INFO] [stdout]   = note: `#[warn(unused_imports)]` on by default
[INFO] [stdout] 
[INFO] [stdout] 
[INFO] [stdout] warning: use of deprecated method `std::error::Error::description`: use the Display impl or to_string()
[INFO] [stdout]   --> src/dom/xml.rs:83:16
[INFO] [stdout]    |
[INFO] [stdout] 83 |         self.0.description()
[INFO] [stdout]    |                ^^^^^^^^^^^
[INFO] [stdout]    |
[INFO] [stdout]    = note: `#[warn(deprecated)]` on by default
[INFO] [stdout] 
[INFO] [stdout] 
[INFO] [stdout] warning: field `0` is never read
[INFO] [stdout]   --> src/fonts/types.rs:12:40
[INFO] [stdout]    |
[INFO] [stdout] 12 | pub(in crate::fonts) struct FixedPoint(pub u32);
[INFO] [stdout]    |                             ---------- ^^^^^^^
[INFO] [stdout]    |                             |
[INFO] [stdout]    |                             field in this struct
[INFO] [stdout]    |
[INFO] [stdout]    = help: consider removing this field
[INFO] [stdout]    = note: `FixedPoint` has derived impls for the traits `Clone` and `Debug`, but these are intentionally ignored during dead code analysis
[INFO] [stdout]    = note: `#[warn(dead_code)]` on by default
[INFO] [stdout] 
[INFO] [stdout] 
[INFO] [stdout] warning: trait objects without an explicit `dyn` are deprecated
[INFO] [stdout]  --> src/main.rs:1:29
[INFO] [stdout]   |
[INFO] [stdout] 1 | fn main() -> Result<(), Box<std::error::Error>> {
[INFO] [stdout]   |                             ^^^^^^^^^^^^^^^^^
[INFO] [stdout]   |
[INFO] [stdout]   = warning: this is accepted in the current edition (Rust 2018) but is a hard error in Rust 2021!
[INFO] [stdout]   = note: for more information, see <https://doc.rust-lang.org/nightly/edition-guide/rust-2021/warnings-promoted-to-error.html>
[INFO] [stdout]   = note: `#[warn(bare_trait_objects)]` on by default
[INFO] [stdout] help: if this is a dyn-compatible trait, use `dyn`
[INFO] [stdout]   |
[INFO] [stdout] 1 | fn main() -> Result<(), Box<dyn std::error::Error>> {
[INFO] [stdout]   |                             +++
[INFO] [stdout] 
[INFO] [stdout] 
[INFO] [stdout] warning: unnecessary trailing semicolon
[INFO] [stdout]    --> src/fonts/mod.rs:216:6
[INFO] [stdout]     |
[INFO] [stdout] 216 |     };
[INFO] [stdout]     |      ^ help: remove this semicolon
[INFO] [stdout]     |
[INFO] [stdout]     = note: `#[warn(redundant_semicolons)]` on by default
[INFO] [stdout] 
[INFO] [stdout] 
[INFO] [stdout] warning: unused label
[INFO] [stdout]   --> src/text_plain.rs:78:9
[INFO] [stdout]    |
[INFO] [stdout] 78 |         'lines: loop {
[INFO] [stdout]    |         ^^^^^^
[INFO] [stdout]    |
[INFO] [stdout]    = note: `#[warn(unused_labels)]` on by default
[INFO] [stdout] 
[INFO] [stdout] 
[INFO] [stdout] warning: elided lifetime has a name
[INFO] [stdout]   --> src/layout/positioned.rs:39:10
[INFO] [stdout]    |
[INFO] [stdout] 35 |     pub fn layout<'a>(
[INFO] [stdout]    |                   -- lifetime `'a` declared here
[INFO] [stdout] ...
[INFO] [stdout] 39 |     ) -> AbsolutelyPositionedFragment {
[INFO] [stdout]    |          ^^^^^^^^^^^^^^^^^^^^^^^^^^^^ this elided lifetime gets resolved as `'a`
[INFO] [stdout]    |
[INFO] [stdout]    = note: `#[warn(elided_named_lifetimes)]` on by default
[INFO] [stdout] 
[INFO] [stdout] 
[INFO] [stdout] warning: unused imports: `LocalName` and `Prefix`
[INFO] [stdout]  --> src/style/selectors.rs:4:17
[INFO] [stdout]   |
[INFO] [stdout] 4 | use html5ever::{LocalName, Namespace, Prefix};
[INFO] [stdout]   |                 ^^^^^^^^^             ^^^^^^
[INFO] [stdout]   |
[INFO] [stdout]   = note: `#[warn(unused_imports)]` on by default
[INFO] [stdout] 
[INFO] [stdout] 
[INFO] [stdout] warning: use of deprecated method `std::error::Error::description`: use the Display impl or to_string()
[INFO] [stdout]   --> src/dom/xml.rs:83:16
[INFO] [stdout]    |
[INFO] [stdout] 83 |         self.0.description()
[INFO] [stdout]    |                ^^^^^^^^^^^
[INFO] [stdout]    |
[INFO] [stdout]    = note: `#[warn(deprecated)]` on by default
[INFO] [stdout] 
[INFO] [stdout] 
[INFO] [stdout] warning: field `0` is never read
[INFO] [stdout]   --> src/fonts/types.rs:12:40
[INFO] [stdout]    |
[INFO] [stdout] 12 | pub(in crate::fonts) struct FixedPoint(pub u32);
[INFO] [stdout]    |                             ---------- ^^^^^^^
[INFO] [stdout]    |                             |
[INFO] [stdout]    |                             field in this struct
[INFO] [stdout]    |
[INFO] [stdout]    = help: consider removing this field
[INFO] [stdout]    = note: `FixedPoint` has derived impls for the traits `Clone` and `Debug`, but these are intentionally ignored during dead code analysis
[INFO] [stdout]    = note: `#[warn(dead_code)]` on by default
[INFO] [stdout] 
[INFO] [stdout] 
[INFO] [stderr]     Finished `test` profile [unoptimized + debuginfo] target(s) in 2.43s
[INFO] running `Command { std: "docker" "inspect" "d20536c8cbc6363e413a8b7ce5df681a1ac467b62d1e0e69de3d939a504e110c", kill_on_drop: false }`
[INFO] running `Command { std: "docker" "rm" "-f" "d20536c8cbc6363e413a8b7ce5df681a1ac467b62d1e0e69de3d939a504e110c", kill_on_drop: false }`
[INFO] [stdout] d20536c8cbc6363e413a8b7ce5df681a1ac467b62d1e0e69de3d939a504e110c
[INFO] running `Command { std: "docker" "create" "-v" "/var/lib/crater-agent-workspace/builds/worker-3-tc2/target:/opt/rustwide/target:rw,Z" "-v" "/var/lib/crater-agent-workspace/builds/worker-3-tc2/source:/opt/rustwide/workdir:ro,Z" "-v" "/var/lib/crater-agent-workspace/cargo-home:/opt/rustwide/cargo-home:ro,Z" "-v" "/var/lib/crater-agent-workspace/rustup-home:/opt/rustwide/rustup-home:ro,Z" "-e" "SOURCE_DIR=/opt/rustwide/workdir" "-e" "CARGO_TARGET_DIR=/opt/rustwide/target" "-e" "CARGO_INCREMENTAL=0" "-e" "RUST_BACKTRACE=full" "-e" "RUSTFLAGS=--cap-lints=warn" "-e" "RUSTDOCFLAGS=--cap-lints=warn" "-e" "CARGO_HOME=/opt/rustwide/cargo-home" "-e" "RUSTUP_HOME=/opt/rustwide/rustup-home" "-w" "/opt/rustwide/workdir" "-m" "1610612736" "--user" "0:0" "--network" "none" "ghcr.io/rust-lang/crates-build-env/linux@sha256:f3a9d4ad9d972b27faf3965f35b62e55ba32bbce8f20bc8fe909558a86702fde" "/opt/rustwide/cargo-home/bin/cargo" "+beta-2024-12-08" "test" "--frozen", kill_on_drop: false }`
[INFO] [stdout] 0a6e93fb4cb52b4503d7192e5201f3d0c52440c1a17926f55c84c62a6862b2a3
[INFO] running `Command { std: "docker" "start" "-a" "0a6e93fb4cb52b4503d7192e5201f3d0c52440c1a17926f55c84c62a6862b2a3", kill_on_drop: false }`
[INFO] [stderr] warning: unnecessary trailing semicolon
[INFO] [stderr]    --> src/fonts/mod.rs:216:6
[INFO] [stderr]     |
[INFO] [stderr] 216 |     };
[INFO] [stderr]     |      ^ help: remove this semicolon
[INFO] [stderr]     |
[INFO] [stderr]     = note: `#[warn(redundant_semicolons)]` on by default
[INFO] [stderr] 
[INFO] [stderr] warning: unused label
[INFO] [stderr]   --> src/text_plain.rs:78:9
[INFO] [stderr]    |
[INFO] [stderr] 78 |         'lines: loop {
[INFO] [stderr]    |         ^^^^^^
[INFO] [stderr]    |
[INFO] [stderr]    = note: `#[warn(unused_labels)]` on by default
[INFO] [stderr] 
[INFO] [stderr] warning: elided lifetime has a name
[INFO] [stderr]   --> src/layout/positioned.rs:39:10
[INFO] [stderr]    |
[INFO] [stderr] 35 |     pub fn layout<'a>(
[INFO] [stderr]    |                   -- lifetime `'a` declared here
[INFO] [stderr] ...
[INFO] [stderr] 39 |     ) -> AbsolutelyPositionedFragment {
[INFO] [stderr]    |          ^^^^^^^^^^^^^^^^^^^^^^^^^^^^ this elided lifetime gets resolved as `'a`
[INFO] [stderr]    |
[INFO] [stderr]    = note: `#[warn(elided_named_lifetimes)]` on by default
[INFO] [stderr] 
[INFO] [stderr] warning: unused imports: `LocalName` and `Prefix`
[INFO] [stderr]  --> src/style/selectors.rs:4:17
[INFO] [stderr]   |
[INFO] [stderr] 4 | use html5ever::{LocalName, Namespace, Prefix};
[INFO] [stderr]   |                 ^^^^^^^^^             ^^^^^^
[INFO] [stderr]   |
[INFO] [stderr]   = note: `#[warn(unused_imports)]` on by default
[INFO] [stderr] 
[INFO] [stderr] warning: use of deprecated method `std::error::Error::description`: use the Display impl or to_string()
[INFO] [stderr]   --> src/dom/xml.rs:83:16
[INFO] [stderr]    |
[INFO] [stderr] 83 |         self.0.description()
[INFO] [stderr]    |                ^^^^^^^^^^^
[INFO] [stderr]    |
[INFO] [stderr]    = note: `#[warn(deprecated)]` on by default
[INFO] [stderr] 
[INFO] [stderr] warning: field `0` is never read
[INFO] [stderr]   --> src/fonts/types.rs:12:40
[INFO] [stderr]    |
[INFO] [stderr] 12 | pub(in crate::fonts) struct FixedPoint(pub u32);
[INFO] [stderr]    |                             ---------- ^^^^^^^
[INFO] [stderr]    |                             |
[INFO] [stderr]    |                             field in this struct
[INFO] [stderr]    |
[INFO] [stderr]    = help: consider removing this field
[INFO] [stderr]    = note: `FixedPoint` has derived impls for the traits `Clone` and `Debug`, but these are intentionally ignored during dead code analysis
[INFO] [stderr]    = note: `#[warn(dead_code)]` on by default
[INFO] [stderr] 
[INFO] [stderr] warning: `victor_tree` (lib) generated 6 warnings (run `cargo fix --lib -p victor_tree` to apply 1 suggestion)
[INFO] [stderr] warning: `victor_tree` (lib test) generated 6 warnings (6 duplicates)
[INFO] [stderr] warning: trait objects without an explicit `dyn` are deprecated
[INFO] [stderr]  --> src/main.rs:1:29
[INFO] [stderr]   |
[INFO] [stderr] 1 | fn main() -> Result<(), Box<std::error::Error>> {
[INFO] [stderr]   |                             ^^^^^^^^^^^^^^^^^
[INFO] [stderr]   |
[INFO] [stderr]   = warning: this is accepted in the current edition (Rust 2018) but is a hard error in Rust 2021!
[INFO] [stderr]   = note: for more information, see <https://doc.rust-lang.org/nightly/edition-guide/rust-2021/warnings-promoted-to-error.html>
[INFO] [stderr]   = note: `#[warn(bare_trait_objects)]` on by default
[INFO] [stderr] help: if this is a dyn-compatible trait, use `dyn`
[INFO] [stderr]   |
[INFO] [stderr] 1 | fn main() -> Result<(), Box<dyn std::error::Error>> {
[INFO] [stderr]   |                             +++
[INFO] [stderr] 
[INFO] [stderr] warning: `victor_tree` (bin "victor_tree" test) generated 1 warning (run `cargo fix --bin "victor_tree" --tests` to apply 1 suggestion)
[INFO] [stderr]     Finished `test` profile [unoptimized + debuginfo] target(s) in 0.12s
[INFO] [stderr]      Running unittests src/lib.rs (/opt/rustwide/target/debug/deps/victor_tree-b1a67458dc5bf9c9)
[INFO] [stdout] 
[INFO] [stdout] running 1 test
[INFO] [stdout] test dom::size_of ... FAILED
[INFO] [stdout] 
[INFO] [stdout] failures:
[INFO] [stdout] 
[INFO] [stdout] ---- dom::size_of stdout ----
[INFO] [stdout] thread 'dom::size_of' panicked at src/dom/mod.rs:273:5:
[INFO] [stdout] assertion `left == right` failed
[INFO] [stdout]   left: 144
[INFO] [stdout]  right: 120
[INFO] [stdout] stack backtrace:
[INFO] [stdout]    0:     0x5adf6f43dd0a - std::backtrace_rs::backtrace::libunwind::trace::h8810477743020387
[INFO] [stdout]                                at /rustc/202008a1b8de96d2e5b6bc02d379db03a877d34d/library/std/src/../../backtrace/src/backtrace/libunwind.rs:116:5
[INFO] [stdout]    1:     0x5adf6f43dd0a - std::backtrace_rs::backtrace::trace_unsynchronized::h3aa55355dd6c54a6
[INFO] [stdout]                                at /rustc/202008a1b8de96d2e5b6bc02d379db03a877d34d/library/std/src/../../backtrace/src/backtrace/mod.rs:66:5
[INFO] [stdout]    2:     0x5adf6f43dd0a - std::sys::backtrace::_print_fmt::h8588b0f62410823f
[INFO] [stdout]                                at /rustc/202008a1b8de96d2e5b6bc02d379db03a877d34d/library/std/src/sys/backtrace.rs:66:9
[INFO] [stdout]    3:     0x5adf6f43dd0a - <std::sys::backtrace::BacktraceLock::print::DisplayBacktrace as core::fmt::Display>::fmt::h98c26ac25ffe89bb
[INFO] [stdout]                                at /rustc/202008a1b8de96d2e5b6bc02d379db03a877d34d/library/std/src/sys/backtrace.rs:39:26
[INFO] [stdout]    4:     0x5adf6f463743 - core::fmt::rt::Argument::fmt::hf95377f4aebd453b
[INFO] [stdout]                                at /rustc/202008a1b8de96d2e5b6bc02d379db03a877d34d/library/core/src/fmt/rt.rs:177:76
[INFO] [stdout]    5:     0x5adf6f463743 - core::fmt::write::h0dd5f6e2238c7982
[INFO] [stdout]                                at /rustc/202008a1b8de96d2e5b6bc02d379db03a877d34d/library/core/src/fmt/mod.rs:1189:21
[INFO] [stdout]    6:     0x5adf6f43aea3 - std::io::Write::write_fmt::h03bb0ca26e6faf8c
[INFO] [stdout]                                at /rustc/202008a1b8de96d2e5b6bc02d379db03a877d34d/library/std/src/io/mod.rs:1884:15
[INFO] [stdout]    7:     0x5adf6f43db52 - std::sys::backtrace::BacktraceLock::print::h5c19c1c038ee186d
[INFO] [stdout]                                at /rustc/202008a1b8de96d2e5b6bc02d379db03a877d34d/library/std/src/sys/backtrace.rs:42:9
[INFO] [stdout]    8:     0x5adf6f43f18d - std::panicking::default_hook::{{closure}}::h77172f079a1fcb13
[INFO] [stdout]                                at /rustc/202008a1b8de96d2e5b6bc02d379db03a877d34d/library/std/src/panicking.rs:268:22
[INFO] [stdout]    9:     0x5adf6f43ef97 - std::panicking::default_hook::he5f8e3b203ccddba
[INFO] [stdout]                                at /rustc/202008a1b8de96d2e5b6bc02d379db03a877d34d/library/std/src/panicking.rs:292:9
[INFO] [stdout]   10:     0x5adf6f407e97 - <alloc::boxed::Box<F,A> as core::ops::function::Fn<Args>>::call::h7a3c7b4a1ae77f2f
[INFO] [stdout]                                at /rustc/202008a1b8de96d2e5b6bc02d379db03a877d34d/library/alloc/src/boxed.rs:1986:9
[INFO] [stdout]   11:     0x5adf6f407e97 - test::test_main::{{closure}}::hf0d3b69ae9b353d1
[INFO] [stdout]                                at /rustc/202008a1b8de96d2e5b6bc02d379db03a877d34d/library/test/src/lib.rs:134:21
[INFO] [stdout]   12:     0x5adf6f43f838 - <alloc::boxed::Box<F,A> as core::ops::function::Fn<Args>>::call::h6332e82e7b189abd
[INFO] [stdout]                                at /rustc/202008a1b8de96d2e5b6bc02d379db03a877d34d/library/alloc/src/boxed.rs:1986:9
[INFO] [stdout]   13:     0x5adf6f43f838 - std::panicking::rust_panic_with_hook::h53863d4e9018df39
[INFO] [stdout]                                at /rustc/202008a1b8de96d2e5b6bc02d379db03a877d34d/library/std/src/panicking.rs:809:13
[INFO] [stdout]   14:     0x5adf6f43f5fa - std::panicking::begin_panic_handler::{{closure}}::h67280e6fa0757873
[INFO] [stdout]                                at /rustc/202008a1b8de96d2e5b6bc02d379db03a877d34d/library/std/src/panicking.rs:674:13
[INFO] [stdout]   15:     0x5adf6f43e1e9 - std::sys::backtrace::__rust_end_short_backtrace::h1dac3f54d6fbbeb2
[INFO] [stdout]                                at /rustc/202008a1b8de96d2e5b6bc02d379db03a877d34d/library/std/src/sys/backtrace.rs:170:18
[INFO] [stdout]   16:     0x5adf6f43f28c - rust_begin_unwind
[INFO] [stdout]                                at /rustc/202008a1b8de96d2e5b6bc02d379db03a877d34d/library/std/src/panicking.rs:665:5
[INFO] [stdout]   17:     0x5adf6f3cda90 - core::panicking::panic_fmt::h6792bd1b2bf01041
[INFO] [stdout]                                at /rustc/202008a1b8de96d2e5b6bc02d379db03a877d34d/library/core/src/panicking.rs:76:14
[INFO] [stdout]   18:     0x5adf6f3cddbb - core::panicking::assert_failed_inner::hf2c17e6d30928787
[INFO] [stdout]   19:     0x5adf6f4125f2 - core::panicking::assert_failed::h304ac2ef7e9cac6b
[INFO] [stdout]                                at /rustc/202008a1b8de96d2e5b6bc02d379db03a877d34d/library/core/src/panicking.rs:373:5
[INFO] [stdout]   20:     0x5adf6f3ce51b - victor_tree::dom::size_of::h5b4d83d70a0943c5
[INFO] [stdout]                                at /opt/rustwide/workdir/src/dom/mod.rs:273:5
[INFO] [stdout]   21:     0x5adf6f3ce497 - victor_tree::dom::size_of::{{closure}}::h314b9342c3e49003
[INFO] [stdout]                                at /opt/rustwide/workdir/src/dom/mod.rs:271:13
[INFO] [stdout]   22:     0x5adf6f3ce2c6 - core::ops::function::FnOnce::call_once::h90118fcf5e5aef3b
[INFO] [stdout]                                at /rustc/202008a1b8de96d2e5b6bc02d379db03a877d34d/library/core/src/ops/function.rs:250:5
[INFO] [stdout]   23:     0x5adf6f40c9bb - core::ops::function::FnOnce::call_once::h871bf86719ec9aa4
[INFO] [stdout]                                at /rustc/202008a1b8de96d2e5b6bc02d379db03a877d34d/library/core/src/ops/function.rs:250:5
[INFO] [stdout]   24:     0x5adf6f40c9bb - test::__rust_begin_short_backtrace::h2167df1e2b7d76fd
[INFO] [stdout]                                at /rustc/202008a1b8de96d2e5b6bc02d379db03a877d34d/library/test/src/lib.rs:632:18
[INFO] [stdout]   25:     0x5adf6f40c3a8 - test::run_test_in_process::{{closure}}::h15d92f75a3adfb79
[INFO] [stdout]                                at /rustc/202008a1b8de96d2e5b6bc02d379db03a877d34d/library/test/src/lib.rs:655:60
[INFO] [stdout]   26:     0x5adf6f40c3a8 - <core::panic::unwind_safe::AssertUnwindSafe<F> as core::ops::function::FnOnce<()>>::call_once::hb6c8955835a8dbbb
[INFO] [stdout]                                at /rustc/202008a1b8de96d2e5b6bc02d379db03a877d34d/library/core/src/panic/unwind_safe.rs:272:9
[INFO] [stdout]   27:     0x5adf6f40c3a8 - std::panicking::try::do_call::hc79d0fc888a0bd30
[INFO] [stdout]                                at /rustc/202008a1b8de96d2e5b6bc02d379db03a877d34d/library/std/src/panicking.rs:557:40
[INFO] [stdout]   28:     0x5adf6f40c3a8 - std::panicking::try::hb8a7878e3a8589d6
[INFO] [stdout]                                at /rustc/202008a1b8de96d2e5b6bc02d379db03a877d34d/library/std/src/panicking.rs:520:19
[INFO] [stdout]   29:     0x5adf6f40c3a8 - std::panic::catch_unwind::hb8e4600ff0ff5cfa
[INFO] [stdout]                                at /rustc/202008a1b8de96d2e5b6bc02d379db03a877d34d/library/std/src/panic.rs:358:14
[INFO] [stdout]   30:     0x5adf6f40c3a8 - test::run_test_in_process::hc2900b0b18688dd6
[INFO] [stdout]                                at /rustc/202008a1b8de96d2e5b6bc02d379db03a877d34d/library/test/src/lib.rs:655:27
[INFO] [stdout]   31:     0x5adf6f40c3a8 - test::run_test::{{closure}}::hac2a9cb07be3d48d
[INFO] [stdout]                                at /rustc/202008a1b8de96d2e5b6bc02d379db03a877d34d/library/test/src/lib.rs:576:43
[INFO] [stdout]   32:     0x5adf6f3cfe4a - test::run_test::{{closure}}::h4a5b729e66a38cd8
[INFO] [stdout]                                at /rustc/202008a1b8de96d2e5b6bc02d379db03a877d34d/library/test/src/lib.rs:606:41
[INFO] [stdout]   33:     0x5adf6f3cfe4a - std::sys::backtrace::__rust_begin_short_backtrace::h0496fb742492f573
[INFO] [stdout]                                at /rustc/202008a1b8de96d2e5b6bc02d379db03a877d34d/library/std/src/sys/backtrace.rs:154:18
[INFO] [stdout]   34:     0x5adf6f3d37c4 - std::thread::Builder::spawn_unchecked_::{{closure}}::{{closure}}::hbb6d257c550a54bd
[INFO] [stdout]                                at /rustc/202008a1b8de96d2e5b6bc02d379db03a877d34d/library/std/src/thread/mod.rs:561:17
[INFO] [stdout]   35:     0x5adf6f3d37c4 - <core::panic::unwind_safe::AssertUnwindSafe<F> as core::ops::function::FnOnce<()>>::call_once::h46696fe4a6832328
[INFO] [stdout]                                at /rustc/202008a1b8de96d2e5b6bc02d379db03a877d34d/library/core/src/panic/unwind_safe.rs:272:9
[INFO] [stdout]   36:     0x5adf6f3d37c4 - std::panicking::try::do_call::h2625a51b667bfb64
[INFO] [stdout]                                at /rustc/202008a1b8de96d2e5b6bc02d379db03a877d34d/library/std/src/panicking.rs:557:40
[INFO] [stdout]   37:     0x5adf6f3d37c4 - std::panicking::try::hb956a59a1973aa4c
[INFO] [stdout]                                at /rustc/202008a1b8de96d2e5b6bc02d379db03a877d34d/library/std/src/panicking.rs:520:19
[INFO] [stdout]   38:     0x5adf6f3d37c4 - std::panic::catch_unwind::h64f3b9d1067ef6a0
[INFO] [stdout]                                at /rustc/202008a1b8de96d2e5b6bc02d379db03a877d34d/library/std/src/panic.rs:358:14
[INFO] [stdout]   39:     0x5adf6f3d37c4 - std::thread::Builder::spawn_unchecked_::{{closure}}::h42b2841295b6c0b2
[INFO] [stdout]                                at /rustc/202008a1b8de96d2e5b6bc02d379db03a877d34d/library/std/src/thread/mod.rs:559:30
[INFO] [stdout]   40:     0x5adf6f3d37c4 - core::ops::function::FnOnce::call_once{{vtable.shim}}::h6127de71b8124639
[INFO] [stdout]                                at /rustc/202008a1b8de96d2e5b6bc02d379db03a877d34d/library/core/src/ops/function.rs:250:5
[INFO] [stdout]   41:     0x5adf6f44377b - <alloc::boxed::Box<F,A> as core::ops::function::FnOnce<Args>>::call_once::h42f0ba71002a1b2c
[INFO] [stdout]                                at /rustc/202008a1b8de96d2e5b6bc02d379db03a877d34d/library/alloc/src/boxed.rs:1972:9
[INFO] [stdout]   42:     0x5adf6f44377b - <alloc::boxed::Box<F,A> as core::ops::function::FnOnce<Args>>::call_once::had9e47d7a3dcecb8
[INFO] [stdout]                                at /rustc/202008a1b8de96d2e5b6bc02d379db03a877d34d/library/alloc/src/boxed.rs:1972:9
[INFO] [stdout]   43:     0x5adf6f44377b - std::sys::pal::unix::thread::Thread::new::thread_start::h48cf765408f6f5f2
[INFO] [stdout]                                at /rustc/202008a1b8de96d2e5b6bc02d379db03a877d34d/library/std/src/sys/pal/unix/thread.rs:105:17
[INFO] [stdout]   44:     0x714aa364aac3 - <unknown>
[INFO] [stdout]   45:     0x714aa36dba04 - clone
[INFO] [stdout]   46:                0x0 - <unknown>
[INFO] [stdout] 
[INFO] [stdout] 
[INFO] [stdout] failures:
[INFO] [stdout]     dom::size_of
[INFO] [stdout] 
[INFO] [stdout] test result: FAILED. 0 passed; 1 failed; 0 ignored; 0 measured; 0 filtered out; finished in 0.05s
[INFO] [stdout] 
[INFO] [stderr] error: test failed, to rerun pass `--lib`
[INFO] running `Command { std: "docker" "inspect" "0a6e93fb4cb52b4503d7192e5201f3d0c52440c1a17926f55c84c62a6862b2a3", kill_on_drop: false }`
[INFO] running `Command { std: "docker" "rm" "-f" "0a6e93fb4cb52b4503d7192e5201f3d0c52440c1a17926f55c84c62a6862b2a3", kill_on_drop: false }`
[INFO] [stdout] 0a6e93fb4cb52b4503d7192e5201f3d0c52440c1a17926f55c84c62a6862b2a3
