[INFO] fetching crate vexilla_client 1.0.0...
[INFO] testing vexilla_client-1.0.0 against 1.83.0 for beta-1.84.0-4-retry
[INFO] extracting crate vexilla_client 1.0.0 into /workspace/builds/worker-5-tc1/source
[INFO] validating manifest of crates.io crate vexilla_client 1.0.0 on toolchain 1.83.0
[INFO] running `Command { std: CARGO_HOME="/workspace/cargo-home" RUSTUP_HOME="/workspace/rustup-home" "/workspace/cargo-home/bin/cargo" "+1.83.0" "metadata" "--manifest-path" "Cargo.toml" "--no-deps", kill_on_drop: false }`
[INFO] started tweaking crates.io crate vexilla_client 1.0.0
[INFO] finished tweaking crates.io crate vexilla_client 1.0.0
[INFO] tweaked toml for crates.io crate vexilla_client 1.0.0 written to /workspace/builds/worker-5-tc1/source/Cargo.toml
[INFO] running `Command { std: CARGO_HOME="/workspace/cargo-home" RUSTUP_HOME="/workspace/rustup-home" "/workspace/cargo-home/bin/cargo" "+1.83.0" "generate-lockfile" "--manifest-path" "Cargo.toml", kill_on_drop: false }`
[INFO] [stderr]     Updating crates.io index
[INFO] [stderr]     Blocking waiting for file lock on package cache
[INFO] [stderr]      Locking 183 packages to latest compatible versions
[INFO] [stderr]       Adding chrono-tz v0.8.6 (available: v0.10.0)
[INFO] [stderr]       Adding convert_case v0.3.2 (available: v0.6.0)
[INFO] [stderr]       Adding reqwest v0.10.10 (available: v0.12.9)
[INFO] [stderr]       Adding strum v0.25.0 (available: v0.26.3)
[INFO] [stderr]       Adding strum_macros v0.25.3 (available: v0.26.4)
[INFO] [stderr]       Adding thiserror v1.0.69 (available: v2.0.7)
[INFO] [stderr]       Adding tokio v0.2.25 (available: v1.42.0)
[INFO] running `Command { std: CARGO_HOME="/workspace/cargo-home" RUSTUP_HOME="/workspace/rustup-home" "/workspace/cargo-home/bin/cargo" "+1.83.0" "fetch" "--manifest-path" "Cargo.toml", kill_on_drop: false }`
[INFO] [stderr]     Blocking waiting for file lock on package cache
[INFO] [stderr]  Downloading crates ...
[INFO] [stderr]   Downloaded convert_case v0.3.2
[INFO] running `Command { std: "docker" "create" "-v" "/var/lib/crater-agent-workspace/builds/worker-5-tc1/target:/opt/rustwide/target:rw,Z" "-v" "/var/lib/crater-agent-workspace/builds/worker-5-tc1/source:/opt/rustwide/workdir:ro,Z" "-v" "/var/lib/crater-agent-workspace/cargo-home:/opt/rustwide/cargo-home:ro,Z" "-v" "/var/lib/crater-agent-workspace/rustup-home:/opt/rustwide/rustup-home:ro,Z" "-e" "SOURCE_DIR=/opt/rustwide/workdir" "-e" "CARGO_TARGET_DIR=/opt/rustwide/target" "-e" "CARGO_HOME=/opt/rustwide/cargo-home" "-e" "RUSTUP_HOME=/opt/rustwide/rustup-home" "-w" "/opt/rustwide/workdir" "-m" "1610612736" "--user" "0:0" "--network" "none" "ghcr.io/rust-lang/crates-build-env/linux@sha256:f3a9d4ad9d972b27faf3965f35b62e55ba32bbce8f20bc8fe909558a86702fde" "/opt/rustwide/cargo-home/bin/cargo" "+1.83.0" "metadata" "--no-deps" "--format-version=1", kill_on_drop: false }`
[INFO] [stdout] 6bd8a072d300039c06f6b321a112e29424c6d6b2d118ec7d3925825227917792
[INFO] running `Command { std: "docker" "start" "-a" "6bd8a072d300039c06f6b321a112e29424c6d6b2d118ec7d3925825227917792", kill_on_drop: false }`
[INFO] running `Command { std: "docker" "inspect" "6bd8a072d300039c06f6b321a112e29424c6d6b2d118ec7d3925825227917792", kill_on_drop: false }`
[INFO] running `Command { std: "docker" "rm" "-f" "6bd8a072d300039c06f6b321a112e29424c6d6b2d118ec7d3925825227917792", kill_on_drop: false }`
[INFO] [stdout] 6bd8a072d300039c06f6b321a112e29424c6d6b2d118ec7d3925825227917792
[INFO] running `Command { std: "docker" "create" "-v" "/var/lib/crater-agent-workspace/builds/worker-5-tc1/target:/opt/rustwide/target:rw,Z" "-v" "/var/lib/crater-agent-workspace/builds/worker-5-tc1/source:/opt/rustwide/workdir:ro,Z" "-v" "/var/lib/crater-agent-workspace/cargo-home:/opt/rustwide/cargo-home:ro,Z" "-v" "/var/lib/crater-agent-workspace/rustup-home:/opt/rustwide/rustup-home:ro,Z" "-e" "SOURCE_DIR=/opt/rustwide/workdir" "-e" "CARGO_TARGET_DIR=/opt/rustwide/target" "-e" "CARGO_INCREMENTAL=0" "-e" "RUST_BACKTRACE=full" "-e" "RUSTFLAGS=--cap-lints=warn" "-e" "RUSTDOCFLAGS=--cap-lints=warn" "-e" "CARGO_HOME=/opt/rustwide/cargo-home" "-e" "RUSTUP_HOME=/opt/rustwide/rustup-home" "-w" "/opt/rustwide/workdir" "-m" "1610612736" "--user" "0:0" "--network" "none" "ghcr.io/rust-lang/crates-build-env/linux@sha256:f3a9d4ad9d972b27faf3965f35b62e55ba32bbce8f20bc8fe909558a86702fde" "/opt/rustwide/cargo-home/bin/cargo" "+1.83.0" "build" "--frozen" "--message-format=json", kill_on_drop: false }`
[INFO] [stdout] 18da64b1ce48371df591499bbc869d8895e83d4a4bbd8afa5e9b1b7f6f0e764f
[INFO] running `Command { std: "docker" "start" "-a" "18da64b1ce48371df591499bbc869d8895e83d4a4bbd8afa5e9b1b7f6f0e764f", kill_on_drop: false }`
[INFO] [stderr]    Compiling proc-macro2 v1.0.92
[INFO] [stderr]    Compiling unicode-ident v1.0.14
[INFO] [stderr]    Compiling autocfg v1.4.0
[INFO] [stderr]    Compiling libc v0.2.168
[INFO] [stderr]    Compiling stable_deref_trait v1.2.0
[INFO] [stderr]    Compiling log v0.4.22
[INFO] [stderr]    Compiling shlex v1.3.0
[INFO] [stderr]    Compiling pkg-config v0.3.31
[INFO] [stderr]    Compiling cfg-if v0.1.10
[INFO] [stderr]    Compiling syn v1.0.109
[INFO] [stderr]    Compiling once_cell v1.20.2
[INFO] [stderr]    Compiling vcpkg v0.2.15
[INFO] [stderr]    Compiling cc v1.2.4
[INFO] [stderr]    Compiling slab v0.4.9
[INFO] [stderr]    Compiling writeable v0.5.5
[INFO] [stderr]    Compiling memchr v2.7.4
[INFO] [stderr]    Compiling fnv v1.0.7
[INFO] [stderr]    Compiling futures-core v0.3.31
[INFO] [stderr]    Compiling litemap v0.7.4
[INFO] [stderr]    Compiling cfg-if v1.0.0
[INFO] [stderr]    Compiling siphasher v0.3.11
[INFO] [stderr]    Compiling itoa v1.0.14
[INFO] [stderr]    Compiling bytes v0.5.6
[INFO] [stderr]    Compiling regex-syntax v0.8.5
[INFO] [stderr]    Compiling phf_shared v0.11.2
[INFO] [stderr]    Compiling quote v1.0.37
[INFO] [stderr]    Compiling syn v2.0.90
[INFO] [stderr]    Compiling lazy_static v1.5.0
[INFO] [stderr]    Compiling pin-project-lite v0.1.12
[INFO] [stderr]    Compiling iovec v0.1.4
[INFO] [stderr]    Compiling net2 v0.2.39
[INFO] [stderr]    Compiling num_cpus v1.16.0
[INFO] [stderr]    Compiling signal-hook-registry v1.4.2
[INFO] [stderr]    Compiling icu_locid_transform_data v1.5.0
[INFO] [stderr]    Compiling rand_core v0.6.4
[INFO] [stderr]    Compiling openssl-sys v0.9.104
[INFO] [stderr]    Compiling pin-project-lite v0.2.15
[INFO] [stderr]    Compiling mio v0.6.23
[INFO] [stderr]    Compiling regex-automata v0.4.9
[INFO] [stderr]    Compiling rand v0.8.5
[INFO] [stderr]    Compiling mio-uds v0.6.8
[INFO] [stderr]    Compiling indexmap v1.9.3
[INFO] [stderr]    Compiling tracing-core v0.1.33
[INFO] [stderr]    Compiling bytes v1.9.0
[INFO] [stderr]    Compiling foreign-types-shared v0.1.1
[INFO] [stderr]    Compiling icu_properties_data v1.5.0
[INFO] [stderr]    Compiling openssl v0.10.68
[INFO] [stderr]    Compiling tracing v0.1.41
[INFO] [stderr]    Compiling http v0.2.12
[INFO] [stderr]    Compiling foreign-types v0.3.2
[INFO] [stderr]    Compiling phf_generator v0.11.2
[INFO] [stderr]    Compiling utf8_iter v1.0.4
[INFO] [stderr]    Compiling icu_normalizer_data v1.5.0
[INFO] [stderr]    Compiling serde v1.0.216
[INFO] [stderr]    Compiling write16 v1.0.0
[INFO] [stderr]    Compiling bitflags v2.6.0
[INFO] [stderr]    Compiling regex v1.11.1
[INFO] [stderr]    Compiling native-tls v0.2.12
[INFO] [stderr]    Compiling utf16_iter v1.0.5
[INFO] [stderr]    Compiling futures-sink v0.3.31
[INFO] [stderr]    Compiling futures-io v0.3.31
[INFO] [stderr]    Compiling synstructure v0.13.1
[INFO] [stderr]    Compiling httparse v1.9.5
[INFO] [stderr]    Compiling hashbrown v0.12.3
[INFO] [stderr]    Compiling smallvec v1.13.2
[INFO] [stderr]    Compiling pin-utils v0.1.0
[INFO] [stderr]    Compiling futures-task v0.3.31
[INFO] [stderr]    Compiling futures-util v0.3.31
[INFO] [stderr]    Compiling parse-zoneinfo v0.3.1
[INFO] [stderr]    Compiling phf_codegen v0.11.2
[INFO] [stderr]    Compiling phf v0.11.2
[INFO] [stderr]    Compiling num-traits v0.2.19
[INFO] [stderr]    Compiling try-lock v0.2.5
[INFO] [stderr]    Compiling unicase v2.8.0
[INFO] [stderr]    Compiling percent-encoding v2.3.1
[INFO] [stderr]    Compiling openssl-probe v0.1.5
[INFO] [stderr]    Compiling mime_guess v2.0.5
[INFO] [stderr]    Compiling tokio-macros v0.2.6
[INFO] [stderr]    Compiling form_urlencoded v1.2.1
[INFO] [stderr]    Compiling chrono-tz-build v0.2.1
[INFO] [stderr]    Compiling want v0.3.1
[INFO] [stderr]    Compiling http-body v0.3.1
[INFO] [stderr]    Compiling socket2 v0.3.19
[INFO] [stderr]    Compiling futures-channel v0.3.31
[INFO] [stderr]    Compiling rustversion v1.0.18
[INFO] [stderr]    Compiling tower-service v0.3.3
[INFO] [stderr]    Compiling ryu v1.0.18
[INFO] [stderr]    Compiling itoa v0.4.8
[INFO] [stderr]    Compiling httpdate v0.3.2
[INFO] [stderr]    Compiling chrono-tz v0.8.6
[INFO] [stderr]    Compiling mime v0.3.17
[INFO] [stderr]    Compiling iana-time-zone v0.1.61
[INFO] [stderr]    Compiling tokio v0.2.25
[INFO] [stderr]    Compiling serde_json v1.0.133
[INFO] [stderr]    Compiling thiserror v1.0.69
[INFO] [stderr]    Compiling zerofrom-derive v0.1.5
[INFO] [stderr]    Compiling yoke-derive v0.7.5
[INFO] [stderr]    Compiling zerovec-derive v0.10.3
[INFO] [stderr]    Compiling displaydoc v0.2.5
[INFO] [stderr]    Compiling icu_provider_macros v1.5.0
[INFO] [stderr]    Compiling pin-project-internal v1.1.7
[INFO] [stderr]    Compiling openssl-macros v0.1.1
[INFO] [stderr]    Compiling serde_derive v1.0.216
[INFO] [stderr]    Compiling chrono v0.4.39
[INFO] [stderr]    Compiling zerofrom v0.1.5
[INFO] [stderr]    Compiling yoke v0.7.5
[INFO] [stderr]    Compiling pin-project v1.1.7
[INFO] [stderr]    Compiling thiserror-impl v1.0.69
[INFO] [stderr]    Compiling zerovec v0.10.4
[INFO] [stderr]    Compiling tracing-futures v0.2.5
[INFO] [stderr]    Compiling encoding_rs v0.8.35
[INFO] [stderr]    Compiling tokio-util v0.3.1
[INFO] [stderr]    Compiling h2 v0.2.7
[INFO] [stderr]    Compiling heck v0.4.1
[INFO] [stderr]    Compiling tinystr v0.7.6
[INFO] [stderr]    Compiling icu_locid v1.5.0
[INFO] [stderr]    Compiling icu_collections v1.5.0
[INFO] [stderr]    Compiling base64 v0.13.1
[INFO] [stderr]    Compiling ipnet v2.10.1
[INFO] [stderr]    Compiling icu_provider v1.5.0
[INFO] [stderr]    Compiling tokio-tls v0.3.1
[INFO] [stderr]    Compiling strum_macros v0.25.3
[INFO] [stderr]    Compiling convert_case v0.3.2
[INFO] [stderr]    Compiling icu_locid_transform v1.5.0
[INFO] [stderr]    Compiling strum v0.25.0
[INFO] [stderr]    Compiling icu_properties v1.5.1
[INFO] [stderr]    Compiling hyper v0.13.10
[INFO] [stderr]    Compiling serde_urlencoded v0.7.1
[INFO] [stderr]    Compiling icu_normalizer v1.5.0
[INFO] [stderr]    Compiling idna_adapter v1.2.0
[INFO] [stderr]    Compiling idna v1.0.3
[INFO] [stderr]    Compiling url v2.5.4
[INFO] [stderr]    Compiling hyper-tls v0.4.3
[INFO] [stderr]    Compiling reqwest v0.10.10
[INFO] [stderr]    Compiling vexilla_client v1.0.0 (/opt/rustwide/workdir)
[INFO] [stdout] warning: unreachable pattern
[INFO] [stdout]    --> src/lib.rs:172:17
[INFO] [stdout]     |
[INFO] [stdout] 172 |                 _ => Err(VexillaError::InvalidShouldFeatureType(feature.value_type())),
[INFO] [stdout]     |                 ^ no value can reach this
[INFO] [stdout]     |
[INFO] [stdout] note: multiple earlier patterns match some of the same values
[INFO] [stdout]    --> src/lib.rs:172:17
[INFO] [stdout]     |
[INFO] [stdout] 153 |                 SelectiveFeature::String { value, .. } => {
[INFO] [stdout]     |                 -------------------------------------- matches some of the same values
[INFO] [stdout] ...
[INFO] [stdout] 156 |                 SelectiveFeature::Number(feature) => match feature {
[INFO] [stdout]     |                 --------------------------------- matches some of the same values
[INFO] [stdout] ...
[INFO] [stdout] 172 |                 _ => Err(VexillaError::InvalidShouldFeatureType(feature.value_type())),
[INFO] [stdout]     |                 ^ collectively making this unreachable
[INFO] [stdout]     = note: `#[warn(unreachable_patterns)]` on by default
[INFO] [stdout] 
[INFO] [stdout] 
[INFO] [stdout] warning: field `show_logs` is never read
[INFO] [stdout]   --> src/lib.rs:29:5
[INFO] [stdout]    |
[INFO] [stdout] 24 | pub struct VexillaClient {
[INFO] [stdout]    |            ------------- field in this struct
[INFO] [stdout] ...
[INFO] [stdout] 29 |     show_logs: bool,
[INFO] [stdout]    |     ^^^^^^^^^
[INFO] [stdout]    |
[INFO] [stdout]    = note: `VexillaClient` has derived impls for the traits `Debug` and `Clone`, but these are intentionally ignored during dead code analysis
[INFO] [stdout]    = note: `#[warn(dead_code)]` on by default
[INFO] [stdout] 
[INFO] [stdout] 
[INFO] [stdout] warning: fields `toggle`, `gradual`, `selective`, and `value` are never read
[INFO] [stdout]    --> src/types.rs:331:9
[INFO] [stdout]     |
[INFO] [stdout] 330 | pub struct DefaultFeatureValues {
[INFO] [stdout]     |            -------------------- fields in this struct
[INFO] [stdout] 331 |     pub toggle: ToggleFeature,
[INFO] [stdout]     |         ^^^^^^
[INFO] [stdout] 332 |     pub gradual: GradualFeature,
[INFO] [stdout]     |         ^^^^^^^
[INFO] [stdout] 333 |     pub selective: SelectiveFeature,
[INFO] [stdout]     |         ^^^^^^^^^
[INFO] [stdout] 334 |     pub value: ValueFeature,
[INFO] [stdout]     |         ^^^^^
[INFO] [stdout]     |
[INFO] [stdout]     = note: `DefaultFeatureValues` has derived impls for the traits `Debug` and `Clone`, but these are intentionally ignored during dead code analysis
[INFO] [stdout] 
[INFO] [stdout] 
[INFO] [stderr]     Finished `dev` profile [unoptimized + debuginfo] target(s) in 1m 34s
[INFO] running `Command { std: "docker" "inspect" "18da64b1ce48371df591499bbc869d8895e83d4a4bbd8afa5e9b1b7f6f0e764f", kill_on_drop: false }`
[INFO] running `Command { std: "docker" "rm" "-f" "18da64b1ce48371df591499bbc869d8895e83d4a4bbd8afa5e9b1b7f6f0e764f", kill_on_drop: false }`
[INFO] [stdout] 18da64b1ce48371df591499bbc869d8895e83d4a4bbd8afa5e9b1b7f6f0e764f
[INFO] running `Command { std: "docker" "create" "-v" "/var/lib/crater-agent-workspace/builds/worker-5-tc1/target:/opt/rustwide/target:rw,Z" "-v" "/var/lib/crater-agent-workspace/builds/worker-5-tc1/source:/opt/rustwide/workdir:ro,Z" "-v" "/var/lib/crater-agent-workspace/cargo-home:/opt/rustwide/cargo-home:ro,Z" "-v" "/var/lib/crater-agent-workspace/rustup-home:/opt/rustwide/rustup-home:ro,Z" "-e" "SOURCE_DIR=/opt/rustwide/workdir" "-e" "CARGO_TARGET_DIR=/opt/rustwide/target" "-e" "CARGO_INCREMENTAL=0" "-e" "RUST_BACKTRACE=full" "-e" "RUSTFLAGS=--cap-lints=warn" "-e" "RUSTDOCFLAGS=--cap-lints=warn" "-e" "CARGO_HOME=/opt/rustwide/cargo-home" "-e" "RUSTUP_HOME=/opt/rustwide/rustup-home" "-w" "/opt/rustwide/workdir" "-m" "1610612736" "--user" "0:0" "--network" "none" "ghcr.io/rust-lang/crates-build-env/linux@sha256:f3a9d4ad9d972b27faf3965f35b62e55ba32bbce8f20bc8fe909558a86702fde" "/opt/rustwide/cargo-home/bin/cargo" "+1.83.0" "test" "--frozen" "--no-run" "--message-format=json", kill_on_drop: false }`
[INFO] [stdout] ad0158da711313d39eda7d3e640ea8acc54194458147928e07ee4db5f690871a
[INFO] running `Command { std: "docker" "start" "-a" "ad0158da711313d39eda7d3e640ea8acc54194458147928e07ee4db5f690871a", kill_on_drop: false }`
[INFO] [stdout] warning: unreachable pattern
[INFO] [stdout]    --> src/lib.rs:172:17
[INFO] [stdout]     |
[INFO] [stdout] 172 |                 _ => Err(VexillaError::InvalidShouldFeatureType(feature.value_type())),
[INFO] [stdout]     |                 ^ no value can reach this
[INFO] [stdout]     |
[INFO] [stdout] note: multiple earlier patterns match some of the same values
[INFO] [stdout]    --> src/lib.rs:172:17
[INFO] [stdout]     |
[INFO] [stdout] 153 |                 SelectiveFeature::String { value, .. } => {
[INFO] [stdout]     |                 -------------------------------------- matches some of the same values
[INFO] [stdout] ...
[INFO] [stdout] 156 |                 SelectiveFeature::Number(feature) => match feature {
[INFO] [stdout]     |                 --------------------------------- matches some of the same values
[INFO] [stdout] ...
[INFO] [stdout] 172 |                 _ => Err(VexillaError::InvalidShouldFeatureType(feature.value_type())),
[INFO] [stdout]     |                 ^ collectively making this unreachable
[INFO] [stdout]     = note: `#[warn(unreachable_patterns)]` on by default
[INFO] [stdout] 
[INFO] [stdout] 
[INFO] [stdout] warning: field `show_logs` is never read
[INFO] [stdout]   --> src/lib.rs:29:5
[INFO] [stdout]    |
[INFO] [stdout] 24 | pub struct VexillaClient {
[INFO] [stdout]    |            ------------- field in this struct
[INFO] [stdout] ...
[INFO] [stdout] 29 |     show_logs: bool,
[INFO] [stdout]    |     ^^^^^^^^^
[INFO] [stdout]    |
[INFO] [stdout]    = note: `VexillaClient` has derived impls for the traits `Debug` and `Clone`, but these are intentionally ignored during dead code analysis
[INFO] [stdout]    = note: `#[warn(dead_code)]` on by default
[INFO] [stdout] 
[INFO] [stdout] 
[INFO] [stdout] warning: fields `toggle`, `gradual`, `selective`, and `value` are never read
[INFO] [stdout]    --> src/types.rs:331:9
[INFO] [stdout]     |
[INFO] [stdout] 330 | pub struct DefaultFeatureValues {
[INFO] [stdout]     |            -------------------- fields in this struct
[INFO] [stdout] 331 |     pub toggle: ToggleFeature,
[INFO] [stdout]     |         ^^^^^^
[INFO] [stdout] 332 |     pub gradual: GradualFeature,
[INFO] [stdout]     |         ^^^^^^^
[INFO] [stdout] 333 |     pub selective: SelectiveFeature,
[INFO] [stdout]     |         ^^^^^^^^^
[INFO] [stdout] 334 |     pub value: ValueFeature,
[INFO] [stdout]     |         ^^^^^
[INFO] [stdout]     |
[INFO] [stdout]     = note: `DefaultFeatureValues` has derived impls for the traits `Debug` and `Clone`, but these are intentionally ignored during dead code analysis
[INFO] [stdout] 
[INFO] [stdout] 
[INFO] [stderr]    Compiling vexilla_client v1.0.0 (/opt/rustwide/workdir)
[INFO] [stdout] warning: unreachable pattern
[INFO] [stdout]    --> src/lib.rs:172:17
[INFO] [stdout]     |
[INFO] [stdout] 172 |                 _ => Err(VexillaError::InvalidShouldFeatureType(feature.value_type())),
[INFO] [stdout]     |                 ^ no value can reach this
[INFO] [stdout]     |
[INFO] [stdout] note: multiple earlier patterns match some of the same values
[INFO] [stdout]    --> src/lib.rs:172:17
[INFO] [stdout]     |
[INFO] [stdout] 153 |                 SelectiveFeature::String { value, .. } => {
[INFO] [stdout]     |                 -------------------------------------- matches some of the same values
[INFO] [stdout] ...
[INFO] [stdout] 156 |                 SelectiveFeature::Number(feature) => match feature {
[INFO] [stdout]     |                 --------------------------------- matches some of the same values
[INFO] [stdout] ...
[INFO] [stdout] 172 |                 _ => Err(VexillaError::InvalidShouldFeatureType(feature.value_type())),
[INFO] [stdout]     |                 ^ collectively making this unreachable
[INFO] [stdout]     = note: `#[warn(unreachable_patterns)]` on by default
[INFO] [stdout] 
[INFO] [stdout] 
[INFO] [stdout] warning: field `show_logs` is never read
[INFO] [stdout]   --> src/lib.rs:29:5
[INFO] [stdout]    |
[INFO] [stdout] 24 | pub struct VexillaClient {
[INFO] [stdout]    |            ------------- field in this struct
[INFO] [stdout] ...
[INFO] [stdout] 29 |     show_logs: bool,
[INFO] [stdout]    |     ^^^^^^^^^
[INFO] [stdout]    |
[INFO] [stdout]    = note: `VexillaClient` has derived impls for the traits `Debug` and `Clone`, but these are intentionally ignored during dead code analysis
[INFO] [stdout]    = note: `#[warn(dead_code)]` on by default
[INFO] [stdout] 
[INFO] [stdout] 
[INFO] [stdout] warning: fields `toggle`, `gradual`, `selective`, and `value` are never read
[INFO] [stdout]    --> src/types.rs:331:9
[INFO] [stdout]     |
[INFO] [stdout] 330 | pub struct DefaultFeatureValues {
[INFO] [stdout]     |            -------------------- fields in this struct
[INFO] [stdout] 331 |     pub toggle: ToggleFeature,
[INFO] [stdout]     |         ^^^^^^
[INFO] [stdout] 332 |     pub gradual: GradualFeature,
[INFO] [stdout]     |         ^^^^^^^
[INFO] [stdout] 333 |     pub selective: SelectiveFeature,
[INFO] [stdout]     |         ^^^^^^^^^
[INFO] [stdout] 334 |     pub value: ValueFeature,
[INFO] [stdout]     |         ^^^^^
[INFO] [stdout]     |
[INFO] [stdout]     = note: `DefaultFeatureValues` has derived impls for the traits `Debug` and `Clone`, but these are intentionally ignored during dead code analysis
[INFO] [stdout] 
[INFO] [stdout] 
[INFO] [stderr]     Finished `test` profile [unoptimized + debuginfo] target(s) in 6.25s
[INFO] running `Command { std: "docker" "inspect" "ad0158da711313d39eda7d3e640ea8acc54194458147928e07ee4db5f690871a", kill_on_drop: false }`
[INFO] running `Command { std: "docker" "rm" "-f" "ad0158da711313d39eda7d3e640ea8acc54194458147928e07ee4db5f690871a", kill_on_drop: false }`
[INFO] [stdout] ad0158da711313d39eda7d3e640ea8acc54194458147928e07ee4db5f690871a
[INFO] running `Command { std: "docker" "create" "-v" "/var/lib/crater-agent-workspace/builds/worker-5-tc1/target:/opt/rustwide/target:rw,Z" "-v" "/var/lib/crater-agent-workspace/builds/worker-5-tc1/source:/opt/rustwide/workdir:ro,Z" "-v" "/var/lib/crater-agent-workspace/cargo-home:/opt/rustwide/cargo-home:ro,Z" "-v" "/var/lib/crater-agent-workspace/rustup-home:/opt/rustwide/rustup-home:ro,Z" "-e" "SOURCE_DIR=/opt/rustwide/workdir" "-e" "CARGO_TARGET_DIR=/opt/rustwide/target" "-e" "CARGO_INCREMENTAL=0" "-e" "RUST_BACKTRACE=full" "-e" "RUSTFLAGS=--cap-lints=warn" "-e" "RUSTDOCFLAGS=--cap-lints=warn" "-e" "CARGO_HOME=/opt/rustwide/cargo-home" "-e" "RUSTUP_HOME=/opt/rustwide/rustup-home" "-w" "/opt/rustwide/workdir" "-m" "1610612736" "--user" "0:0" "--network" "none" "ghcr.io/rust-lang/crates-build-env/linux@sha256:f3a9d4ad9d972b27faf3965f35b62e55ba32bbce8f20bc8fe909558a86702fde" "/opt/rustwide/cargo-home/bin/cargo" "+1.83.0" "test" "--frozen", kill_on_drop: false }`
[INFO] [stdout] 72d9b3d42991bccdba7d30f6ec3315e8f100234fd516e940572cb51f1e16d648
[INFO] running `Command { std: "docker" "start" "-a" "72d9b3d42991bccdba7d30f6ec3315e8f100234fd516e940572cb51f1e16d648", kill_on_drop: false }`
[INFO] [stderr] warning: unreachable pattern
[INFO] [stderr]    --> src/lib.rs:172:17
[INFO] [stderr]     |
[INFO] [stderr] 172 |                 _ => Err(VexillaError::InvalidShouldFeatureType(feature.value_type())),
[INFO] [stderr]     |                 ^ no value can reach this
[INFO] [stderr]     |
[INFO] [stderr] note: multiple earlier patterns match some of the same values
[INFO] [stderr]    --> src/lib.rs:172:17
[INFO] [stderr]     |
[INFO] [stderr] 153 |                 SelectiveFeature::String { value, .. } => {
[INFO] [stderr]     |                 -------------------------------------- matches some of the same values
[INFO] [stderr] ...
[INFO] [stderr] 156 |                 SelectiveFeature::Number(feature) => match feature {
[INFO] [stderr]     |                 --------------------------------- matches some of the same values
[INFO] [stderr] ...
[INFO] [stderr] 172 |                 _ => Err(VexillaError::InvalidShouldFeatureType(feature.value_type())),
[INFO] [stderr]     |                 ^ collectively making this unreachable
[INFO] [stderr]     = note: `#[warn(unreachable_patterns)]` on by default
[INFO] [stderr] 
[INFO] [stderr] warning: field `show_logs` is never read
[INFO] [stderr]   --> src/lib.rs:29:5
[INFO] [stderr]    |
[INFO] [stderr] 24 | pub struct VexillaClient {
[INFO] [stderr]    |            ------------- field in this struct
[INFO] [stderr] ...
[INFO] [stderr] 29 |     show_logs: bool,
[INFO] [stderr]    |     ^^^^^^^^^
[INFO] [stderr]    |
[INFO] [stderr]    = note: `VexillaClient` has derived impls for the traits `Debug` and `Clone`, but these are intentionally ignored during dead code analysis
[INFO] [stderr]    = note: `#[warn(dead_code)]` on by default
[INFO] [stderr] 
[INFO] [stderr] warning: fields `toggle`, `gradual`, `selective`, and `value` are never read
[INFO] [stderr]    --> src/types.rs:331:9
[INFO] [stderr]     |
[INFO] [stderr] 330 | pub struct DefaultFeatureValues {
[INFO] [stderr]     |            -------------------- fields in this struct
[INFO] [stderr] 331 |     pub toggle: ToggleFeature,
[INFO] [stderr]     |         ^^^^^^
[INFO] [stderr] 332 |     pub gradual: GradualFeature,
[INFO] [stderr]     |         ^^^^^^^
[INFO] [stderr] 333 |     pub selective: SelectiveFeature,
[INFO] [stderr]     |         ^^^^^^^^^
[INFO] [stderr] 334 |     pub value: ValueFeature,
[INFO] [stderr]     |         ^^^^^
[INFO] [stderr]     |
[INFO] [stderr]     = note: `DefaultFeatureValues` has derived impls for the traits `Debug` and `Clone`, but these are intentionally ignored during dead code analysis
[INFO] [stderr] 
[INFO] [stderr] warning: `vexilla_client` (lib) generated 3 warnings
[INFO] [stderr] warning: `vexilla_client` (lib test) generated 3 warnings (3 duplicates)
[INFO] [stderr]     Finished `test` profile [unoptimized + debuginfo] target(s) in 0.17s
[INFO] [stderr]      Running unittests src/lib.rs (/opt/rustwide/target/debug/deps/vexilla_client-66a028cf0ab59297)
[INFO] [stdout] 
[INFO] [stdout] running 7 tests
[INFO] [stdout] test hashing::tests::hashing_works ... ok
[INFO] [stdout] test scheduling::scheduling_tests::safe_is_schedule_active_none ... ok
[INFO] [stdout] test scheduling::scheduling_tests::safe_is_schedule_active_start_end_single_day ... ok
[INFO] [stdout] test scheduling::scheduling_tests::safe_is_schedule_active_daily_single_day ... ok
[INFO] [stdout] test scheduling::scheduling_tests::safe_is_schedule_active_start_end_multi_day ... ok
[INFO] [stdout] test scheduling::scheduling_tests::safe_is_schedule_active_daily_multi_day ... ok
[INFO] [stdout] test tests::end_to_end ... FAILED
[INFO] [stdout] 
[INFO] [stdout] failures:
[INFO] [stdout] 
[INFO] [stdout] ---- tests::end_to_end stdout ----
[INFO] [stdout] thread 'tests::end_to_end' panicked at src/lib.rs:473:64:
[INFO] [stdout] called `Result::unwrap()` on an `Err` value: reqwest::Error { kind: Request, url: Url { scheme: "http", cannot_be_a_base: false, username: "", password: None, host: Some(Domain("localhost")), port: Some(3000), path: "/manifest.json", query: None, fragment: None }, source: hyper::Error(Connect, ConnectError("tcp connect error", Os { code: 111, kind: ConnectionRefused, message: "Connection refused" })) }
[INFO] [stdout] stack backtrace:
[INFO] [stdout]    0:     0x60fc3acb2a1a - std::backtrace_rs::backtrace::libunwind::trace::h5a5b8284f2d0c266
[INFO] [stdout]                                at /rustc/90b35a6239c3d8bdabc530a6a0816f7ff89a0aaf/library/std/src/../../backtrace/src/backtrace/libunwind.rs:116:5
[INFO] [stdout]    1:     0x60fc3acb2a1a - std::backtrace_rs::backtrace::trace_unsynchronized::h76d4f1c9b0b875e3
[INFO] [stdout]                                at /rustc/90b35a6239c3d8bdabc530a6a0816f7ff89a0aaf/library/std/src/../../backtrace/src/backtrace/mod.rs:66:5
[INFO] [stdout]    2:     0x60fc3acb2a1a - std::sys::backtrace::_print_fmt::hc4546b8364a537c6
[INFO] [stdout]                                at /rustc/90b35a6239c3d8bdabc530a6a0816f7ff89a0aaf/library/std/src/sys/backtrace.rs:66:9
[INFO] [stdout]    3:     0x60fc3acb2a1a - <std::sys::backtrace::BacktraceLock::print::DisplayBacktrace as core::fmt::Display>::fmt::h5b6bd5631a6d1f6b
[INFO] [stdout]                                at /rustc/90b35a6239c3d8bdabc530a6a0816f7ff89a0aaf/library/std/src/sys/backtrace.rs:39:26
[INFO] [stdout]    4:     0x60fc3acddc23 - core::fmt::rt::Argument::fmt::h270f6602a2b96f62
[INFO] [stdout]                                at /rustc/90b35a6239c3d8bdabc530a6a0816f7ff89a0aaf/library/core/src/fmt/rt.rs:177:76
[INFO] [stdout]    5:     0x60fc3acddc23 - core::fmt::write::h7550c97b06c86515
[INFO] [stdout]                                at /rustc/90b35a6239c3d8bdabc530a6a0816f7ff89a0aaf/library/core/src/fmt/mod.rs:1186:21
[INFO] [stdout]    6:     0x60fc3acaf223 - std::io::Write::write_fmt::h509ff860e5956e5e
[INFO] [stdout]                                at /rustc/90b35a6239c3d8bdabc530a6a0816f7ff89a0aaf/library/std/src/io/mod.rs:1839:15
[INFO] [stdout]    7:     0x60fc3acb2862 - std::sys::backtrace::BacktraceLock::print::h2395ccd2c84ba3aa
[INFO] [stdout]                                at /rustc/90b35a6239c3d8bdabc530a6a0816f7ff89a0aaf/library/std/src/sys/backtrace.rs:42:9
[INFO] [stdout]    8:     0x60fc3acb3e7a - std::panicking::default_hook::{{closure}}::he19d4c7230e07961
[INFO] [stdout]                                at /rustc/90b35a6239c3d8bdabc530a6a0816f7ff89a0aaf/library/std/src/panicking.rs:268:22
[INFO] [stdout]    9:     0x60fc3acb3c84 - std::panicking::default_hook::hf614597d3c67bbdb
[INFO] [stdout]                                at /rustc/90b35a6239c3d8bdabc530a6a0816f7ff89a0aaf/library/std/src/panicking.rs:292:9
[INFO] [stdout]   10:     0x60fc3ac3bba9 - <alloc::boxed::Box<F,A> as core::ops::function::Fn<Args>>::call::h39b51ce4599c23d1
[INFO] [stdout]                                at /rustc/90b35a6239c3d8bdabc530a6a0816f7ff89a0aaf/library/alloc/src/boxed.rs:2468:9
[INFO] [stdout]   11:     0x60fc3ac3bba9 - test::test_main::{{closure}}::he977ae839a582784
[INFO] [stdout]                                at /rustc/90b35a6239c3d8bdabc530a6a0816f7ff89a0aaf/library/test/src/lib.rs:133:21
[INFO] [stdout]   12:     0x60fc3acb4518 - <alloc::boxed::Box<F,A> as core::ops::function::Fn<Args>>::call::h9455091b6b06f9fb
[INFO] [stdout]                                at /rustc/90b35a6239c3d8bdabc530a6a0816f7ff89a0aaf/library/alloc/src/boxed.rs:2468:9
[INFO] [stdout]   13:     0x60fc3acb4518 - std::panicking::rust_panic_with_hook::h8942133a8b252070
[INFO] [stdout]                                at /rustc/90b35a6239c3d8bdabc530a6a0816f7ff89a0aaf/library/std/src/panicking.rs:809:13
[INFO] [stdout]   14:     0x60fc3acb42da - std::panicking::begin_panic_handler::{{closure}}::hb5f5963570096b29
[INFO] [stdout]                                at /rustc/90b35a6239c3d8bdabc530a6a0816f7ff89a0aaf/library/std/src/panicking.rs:674:13
[INFO] [stdout]   15:     0x60fc3acb2ef9 - std::sys::backtrace::__rust_end_short_backtrace::h6208cedc1922feda
[INFO] [stdout]                                at /rustc/90b35a6239c3d8bdabc530a6a0816f7ff89a0aaf/library/std/src/sys/backtrace.rs:170:18
[INFO] [stdout]   16:     0x60fc3acb3f6c - rust_begin_unwind
[INFO] [stdout]                                at /rustc/90b35a6239c3d8bdabc530a6a0816f7ff89a0aaf/library/std/src/panicking.rs:665:5
[INFO] [stdout]   17:     0x60fc3a7052a0 - core::panicking::panic_fmt::h0c3082644d1bf418
[INFO] [stdout]                                at /rustc/90b35a6239c3d8bdabc530a6a0816f7ff89a0aaf/library/core/src/panicking.rs:74:14
[INFO] [stdout]   18:     0x60fc3a705726 - core::result::unwrap_failed::hd20b4aa073bda1e2
[INFO] [stdout]                                at /rustc/90b35a6239c3d8bdabc530a6a0816f7ff89a0aaf/library/core/src/result.rs:1700:5
[INFO] [stdout]   19:     0x60fc3a787029 - core::result::Result<T,E>::unwrap::h7ee0080115fc96f7
[INFO] [stdout]                                at /rustc/90b35a6239c3d8bdabc530a6a0816f7ff89a0aaf/library/core/src/result.rs:1104:23
[INFO] [stdout]   20:     0x60fc3a787029 - vexilla_client::tests::end_to_end::{{closure}}::h28c0537f146ee448
[INFO] [stdout]                                at /opt/rustwide/workdir/src/lib.rs:473:36
[INFO] [stdout]   21:     0x60fc3a77e3ca - core::ops::function::FnOnce::call_once::h18f8a8b722e3a20e
[INFO] [stdout]                                at /rustc/90b35a6239c3d8bdabc530a6a0816f7ff89a0aaf/library/core/src/ops/function.rs:250:5
[INFO] [stdout]   22:     0x60fc3a773e06 - vexilla_client::VexillaClient::get_manifest::h37a8fb73269b813f
[INFO] [stdout]                                at /opt/rustwide/workdir/src/lib.rs:62:29
[INFO] [stdout]   23:     0x60fc3a784dc2 - vexilla_client::tests::end_to_end::hc1523da9bb50b826
[INFO] [stdout]                                at /opt/rustwide/workdir/src/lib.rs:472:24
[INFO] [stdout]   24:     0x60fc3a784d47 - vexilla_client::tests::end_to_end::{{closure}}::h22b9ed64fa9e179f
[INFO] [stdout]                                at /opt/rustwide/workdir/src/lib.rs:461:20
[INFO] [stdout]   25:     0x60fc3a77ec96 - core::ops::function::FnOnce::call_once::hacfe4fd6aebff8e8
[INFO] [stdout]                                at /rustc/90b35a6239c3d8bdabc530a6a0816f7ff89a0aaf/library/core/src/ops/function.rs:250:5
[INFO] [stdout]   26:     0x60fc3ac4056b - core::ops::function::FnOnce::call_once::h109cf8051a59b34e
[INFO] [stdout]                                at /rustc/90b35a6239c3d8bdabc530a6a0816f7ff89a0aaf/library/core/src/ops/function.rs:250:5
[INFO] [stdout]   27:     0x60fc3ac4056b - test::__rust_begin_short_backtrace::hf4fff89d377446ba
[INFO] [stdout]                                at /rustc/90b35a6239c3d8bdabc530a6a0816f7ff89a0aaf/library/test/src/lib.rs:621:18
[INFO] [stdout]   28:     0x60fc3ac3fda7 - test::run_test_in_process::{{closure}}::h0e39181dd7ee5a43
[INFO] [stdout]                                at /rustc/90b35a6239c3d8bdabc530a6a0816f7ff89a0aaf/library/test/src/lib.rs:644:60
[INFO] [stdout]   29:     0x60fc3ac3fda7 - <core::panic::unwind_safe::AssertUnwindSafe<F> as core::ops::function::FnOnce<()>>::call_once::hc5a66a30f0bdfd1f
[INFO] [stdout]                                at /rustc/90b35a6239c3d8bdabc530a6a0816f7ff89a0aaf/library/core/src/panic/unwind_safe.rs:272:9
[INFO] [stdout]   30:     0x60fc3ac3fda7 - std::panicking::try::do_call::h873b7cf639554a5e
[INFO] [stdout]                                at /rustc/90b35a6239c3d8bdabc530a6a0816f7ff89a0aaf/library/std/src/panicking.rs:557:40
[INFO] [stdout]   31:     0x60fc3ac3fda7 - std::panicking::try::hdb19862fad9c8bd1
[INFO] [stdout]                                at /rustc/90b35a6239c3d8bdabc530a6a0816f7ff89a0aaf/library/std/src/panicking.rs:520:19
[INFO] [stdout]   32:     0x60fc3ac3fda7 - std::panic::catch_unwind::h281fe732d236d260
[INFO] [stdout]                                at /rustc/90b35a6239c3d8bdabc530a6a0816f7ff89a0aaf/library/std/src/panic.rs:358:14
[INFO] [stdout]   33:     0x60fc3ac3fda7 - test::run_test_in_process::h949b6df8457ed338
[INFO] [stdout]                                at /rustc/90b35a6239c3d8bdabc530a6a0816f7ff89a0aaf/library/test/src/lib.rs:644:27
[INFO] [stdout]   34:     0x60fc3ac3fda7 - test::run_test::{{closure}}::h52c556a6d4740e10
[INFO] [stdout]                                at /rustc/90b35a6239c3d8bdabc530a6a0816f7ff89a0aaf/library/test/src/lib.rs:565:43
[INFO] [stdout]   35:     0x60fc3ac05084 - test::run_test::{{closure}}::h4237f6381c45ccb9
[INFO] [stdout]                                at /rustc/90b35a6239c3d8bdabc530a6a0816f7ff89a0aaf/library/test/src/lib.rs:595:41
[INFO] [stdout]   36:     0x60fc3ac05084 - std::sys::backtrace::__rust_begin_short_backtrace::h505c97a579eca628
[INFO] [stdout]                                at /rustc/90b35a6239c3d8bdabc530a6a0816f7ff89a0aaf/library/std/src/sys/backtrace.rs:154:18
[INFO] [stdout]   37:     0x60fc3ac0874e - std::thread::Builder::spawn_unchecked_::{{closure}}::{{closure}}::h9e86b2e2bc107ea3
[INFO] [stdout]                                at /rustc/90b35a6239c3d8bdabc530a6a0816f7ff89a0aaf/library/std/src/thread/mod.rs:538:17
[INFO] [stdout]   38:     0x60fc3ac0874e - <core::panic::unwind_safe::AssertUnwindSafe<F> as core::ops::function::FnOnce<()>>::call_once::h8b06ddb275ff4a25
[INFO] [stdout]                                at /rustc/90b35a6239c3d8bdabc530a6a0816f7ff89a0aaf/library/core/src/panic/unwind_safe.rs:272:9
[INFO] [stdout]   39:     0x60fc3ac0874e - std::panicking::try::do_call::hb26ecd7cd9a9355d
[INFO] [stdout]                                at /rustc/90b35a6239c3d8bdabc530a6a0816f7ff89a0aaf/library/std/src/panicking.rs:557:40
[INFO] [stdout]   40:     0x60fc3ac0874e - std::panicking::try::h8ddeca9d705f9069
[INFO] [stdout]                                at /rustc/90b35a6239c3d8bdabc530a6a0816f7ff89a0aaf/library/std/src/panicking.rs:520:19
[INFO] [stdout]   41:     0x60fc3ac0874e - std::panic::catch_unwind::h49e1c33078844c46
[INFO] [stdout]                                at /rustc/90b35a6239c3d8bdabc530a6a0816f7ff89a0aaf/library/std/src/panic.rs:358:14
[INFO] [stdout]   42:     0x60fc3ac0874e - std::thread::Builder::spawn_unchecked_::{{closure}}::h6073db6ff56ad35d
[INFO] [stdout]                                at /rustc/90b35a6239c3d8bdabc530a6a0816f7ff89a0aaf/library/std/src/thread/mod.rs:537:30
[INFO] [stdout]   43:     0x60fc3ac0874e - core::ops::function::FnOnce::call_once{{vtable.shim}}::h2c5a5f3779c774f1
[INFO] [stdout]                                at /rustc/90b35a6239c3d8bdabc530a6a0816f7ff89a0aaf/library/core/src/ops/function.rs:250:5
[INFO] [stdout]   44:     0x60fc3acb86ab - <alloc::boxed::Box<F,A> as core::ops::function::FnOnce<Args>>::call_once::hf75717d9f28faebf
[INFO] [stdout]                                at /rustc/90b35a6239c3d8bdabc530a6a0816f7ff89a0aaf/library/alloc/src/boxed.rs:2454:9
[INFO] [stdout]   45:     0x60fc3acb86ab - <alloc::boxed::Box<F,A> as core::ops::function::FnOnce<Args>>::call_once::h7bd883a5f3c5f3c1
[INFO] [stdout]                                at /rustc/90b35a6239c3d8bdabc530a6a0816f7ff89a0aaf/library/alloc/src/boxed.rs:2454:9
[INFO] [stdout]   46:     0x60fc3acb86ab - std::sys::pal::unix::thread::Thread::new::thread_start::hcc78f3943333fa94
[INFO] [stdout]                                at /rustc/90b35a6239c3d8bdabc530a6a0816f7ff89a0aaf/library/std/src/sys/pal/unix/thread.rs:105:17
[INFO] [stdout]   47:     0x772fec930ac3 - <unknown>
[INFO] [stdout]   48:     0x772fec9c1a04 - clone
[INFO] [stdout]   49:                0x0 - <unknown>
[INFO] [stdout] 
[INFO] [stdout] 
[INFO] [stdout] failures:
[INFO] [stdout]     tests::end_to_end
[INFO] [stdout] 
[INFO] [stdout] test result: FAILED. 6 passed; 1 failed; 0 ignored; 0 measured; 0 filtered out; finished in 0.17s
[INFO] [stdout] 
[INFO] [stderr] error: test failed, to rerun pass `--lib`
[INFO] running `Command { std: "docker" "inspect" "72d9b3d42991bccdba7d30f6ec3315e8f100234fd516e940572cb51f1e16d648", kill_on_drop: false }`
[INFO] running `Command { std: "docker" "rm" "-f" "72d9b3d42991bccdba7d30f6ec3315e8f100234fd516e940572cb51f1e16d648", kill_on_drop: false }`
[INFO] [stdout] 72d9b3d42991bccdba7d30f6ec3315e8f100234fd516e940572cb51f1e16d648
