[INFO] fetching crate version-manager 2.5.0...
[INFO] testing version-manager-2.5.0 against 1.83.0 for beta-1.84.0-4-retry
[INFO] extracting crate version-manager 2.5.0 into /workspace/builds/worker-2-tc1/source
[INFO] validating manifest of crates.io crate version-manager 2.5.0 on toolchain 1.83.0
[INFO] running `Command { std: CARGO_HOME="/workspace/cargo-home" RUSTUP_HOME="/workspace/rustup-home" "/workspace/cargo-home/bin/cargo" "+1.83.0" "metadata" "--manifest-path" "Cargo.toml" "--no-deps", kill_on_drop: false }`
[INFO] started tweaking crates.io crate version-manager 2.5.0
[INFO] finished tweaking crates.io crate version-manager 2.5.0
[INFO] tweaked toml for crates.io crate version-manager 2.5.0 written to /workspace/builds/worker-2-tc1/source/Cargo.toml
[INFO] crate crates.io crate version-manager 2.5.0 already has a lockfile, it will not be regenerated
[INFO] running `Command { std: CARGO_HOME="/workspace/cargo-home" RUSTUP_HOME="/workspace/rustup-home" "/workspace/cargo-home/bin/cargo" "+1.83.0" "fetch" "--manifest-path" "Cargo.toml", kill_on_drop: false }`
[INFO] [stderr]  Downloading crates ...
[INFO] [stderr]   Downloaded trycmd v0.15.1
[INFO] [stderr]   Downloaded clio v0.3.5
[INFO] [stderr]   Downloaded snapbox v0.5.9
[INFO] running `Command { std: "docker" "create" "-v" "/var/lib/crater-agent-workspace/builds/worker-2-tc1/target:/opt/rustwide/target:rw,Z" "-v" "/var/lib/crater-agent-workspace/builds/worker-2-tc1/source:/opt/rustwide/workdir:ro,Z" "-v" "/var/lib/crater-agent-workspace/cargo-home:/opt/rustwide/cargo-home:ro,Z" "-v" "/var/lib/crater-agent-workspace/rustup-home:/opt/rustwide/rustup-home:ro,Z" "-e" "SOURCE_DIR=/opt/rustwide/workdir" "-e" "CARGO_TARGET_DIR=/opt/rustwide/target" "-e" "CARGO_HOME=/opt/rustwide/cargo-home" "-e" "RUSTUP_HOME=/opt/rustwide/rustup-home" "-w" "/opt/rustwide/workdir" "-m" "1610612736" "--user" "0:0" "--network" "none" "ghcr.io/rust-lang/crates-build-env/linux@sha256:f3a9d4ad9d972b27faf3965f35b62e55ba32bbce8f20bc8fe909558a86702fde" "/opt/rustwide/cargo-home/bin/cargo" "+1.83.0" "metadata" "--no-deps" "--format-version=1", kill_on_drop: false }`
[INFO] [stdout] 9e89acb48c8ca10957ea5c28001ed8f73c5a9a8a7803339a96b18b9daa3187be
[INFO] running `Command { std: "docker" "start" "-a" "9e89acb48c8ca10957ea5c28001ed8f73c5a9a8a7803339a96b18b9daa3187be", kill_on_drop: false }`
[INFO] running `Command { std: "docker" "inspect" "9e89acb48c8ca10957ea5c28001ed8f73c5a9a8a7803339a96b18b9daa3187be", kill_on_drop: false }`
[INFO] running `Command { std: "docker" "rm" "-f" "9e89acb48c8ca10957ea5c28001ed8f73c5a9a8a7803339a96b18b9daa3187be", kill_on_drop: false }`
[INFO] [stdout] 9e89acb48c8ca10957ea5c28001ed8f73c5a9a8a7803339a96b18b9daa3187be
[INFO] running `Command { std: "docker" "create" "-v" "/var/lib/crater-agent-workspace/builds/worker-2-tc1/target:/opt/rustwide/target:rw,Z" "-v" "/var/lib/crater-agent-workspace/builds/worker-2-tc1/source:/opt/rustwide/workdir:ro,Z" "-v" "/var/lib/crater-agent-workspace/cargo-home:/opt/rustwide/cargo-home:ro,Z" "-v" "/var/lib/crater-agent-workspace/rustup-home:/opt/rustwide/rustup-home:ro,Z" "-e" "SOURCE_DIR=/opt/rustwide/workdir" "-e" "CARGO_TARGET_DIR=/opt/rustwide/target" "-e" "CARGO_INCREMENTAL=0" "-e" "RUST_BACKTRACE=full" "-e" "RUSTFLAGS=--cap-lints=warn" "-e" "RUSTDOCFLAGS=--cap-lints=warn" "-e" "CARGO_HOME=/opt/rustwide/cargo-home" "-e" "RUSTUP_HOME=/opt/rustwide/rustup-home" "-w" "/opt/rustwide/workdir" "-m" "1610612736" "--user" "0:0" "--network" "none" "ghcr.io/rust-lang/crates-build-env/linux@sha256:f3a9d4ad9d972b27faf3965f35b62e55ba32bbce8f20bc8fe909558a86702fde" "/opt/rustwide/cargo-home/bin/cargo" "+1.83.0" "build" "--frozen" "--message-format=json", kill_on_drop: false }`
[INFO] [stdout] 010c6cac963c9b93481acdd2f32e19e55c127858fd471d6de27b65a492e19e20
[INFO] running `Command { std: "docker" "start" "-a" "010c6cac963c9b93481acdd2f32e19e55c127858fd471d6de27b65a492e19e20", kill_on_drop: false }`
[INFO] [stderr]    Compiling proc-macro2 v1.0.79
[INFO] [stderr]    Compiling unicode-ident v1.0.12
[INFO] [stderr]    Compiling serde v1.0.197
[INFO] [stderr]    Compiling utf8parse v0.2.1
[INFO] [stderr]    Compiling anstyle-query v1.0.2
[INFO] [stderr]    Compiling anstyle v1.0.6
[INFO] [stderr]    Compiling colorchoice v1.0.0
[INFO] [stderr]    Compiling libc v0.2.153
[INFO] [stderr]    Compiling clap_lex v0.7.0
[INFO] [stderr]    Compiling heck v0.5.0
[INFO] [stderr]    Compiling strsim v0.11.1
[INFO] [stderr]    Compiling rustix v0.38.32
[INFO] [stderr]    Compiling memchr v2.7.2
[INFO] [stderr]    Compiling equivalent v1.0.1
[INFO] [stderr]    Compiling bitflags v2.5.0
[INFO] [stderr]    Compiling hashbrown v0.14.3
[INFO] [stderr]    Compiling linux-raw-sys v0.4.13
[INFO] [stderr]    Compiling fastrand v2.0.2
[INFO] [stderr]    Compiling anstyle-parse v0.2.3
[INFO] [stderr]    Compiling same-file v1.0.6
[INFO] [stderr]    Compiling cfg-if v1.0.0
[INFO] [stderr]    Compiling winnow v0.6.5
[INFO] [stderr]    Compiling regex-syntax v0.8.3
[INFO] [stderr]    Compiling walkdir v2.5.0
[INFO] [stderr]    Compiling anstream v0.6.13
[INFO] [stderr]    Compiling clap_builder v4.5.2
[INFO] [stderr]    Compiling aho-corasick v1.1.3
[INFO] [stderr]    Compiling indexmap v2.2.6
[INFO] [stderr]    Compiling quote v1.0.35
[INFO] [stderr]    Compiling syn v2.0.58
[INFO] [stderr]    Compiling is-terminal v0.4.12
[INFO] [stderr]    Compiling regex-automata v0.4.6
[INFO] [stderr]    Compiling tempfile v3.10.1
[INFO] [stderr]    Compiling serde_derive v1.0.197
[INFO] [stderr]    Compiling clap_derive v4.5.4
[INFO] [stderr]    Compiling regex v1.10.4
[INFO] [stderr]    Compiling clap v4.5.4
[INFO] [stderr]    Compiling clap_complete v4.5.1
[INFO] [stderr]    Compiling clio v0.3.5
[INFO] [stderr]    Compiling serde_spanned v0.6.5
[INFO] [stderr]    Compiling toml_datetime v0.6.5
[INFO] [stderr]    Compiling toml_edit v0.22.9
[INFO] [stderr]    Compiling toml v0.8.12
[INFO] [stderr]    Compiling version-manager v2.5.0 (/opt/rustwide/workdir)
[INFO] [stderr]     Finished `dev` profile [unoptimized + debuginfo] target(s) in 22.33s
[INFO] running `Command { std: "docker" "inspect" "010c6cac963c9b93481acdd2f32e19e55c127858fd471d6de27b65a492e19e20", kill_on_drop: false }`
[INFO] running `Command { std: "docker" "rm" "-f" "010c6cac963c9b93481acdd2f32e19e55c127858fd471d6de27b65a492e19e20", kill_on_drop: false }`
[INFO] [stdout] 010c6cac963c9b93481acdd2f32e19e55c127858fd471d6de27b65a492e19e20
[INFO] running `Command { std: "docker" "create" "-v" "/var/lib/crater-agent-workspace/builds/worker-2-tc1/target:/opt/rustwide/target:rw,Z" "-v" "/var/lib/crater-agent-workspace/builds/worker-2-tc1/source:/opt/rustwide/workdir:ro,Z" "-v" "/var/lib/crater-agent-workspace/cargo-home:/opt/rustwide/cargo-home:ro,Z" "-v" "/var/lib/crater-agent-workspace/rustup-home:/opt/rustwide/rustup-home:ro,Z" "-e" "SOURCE_DIR=/opt/rustwide/workdir" "-e" "CARGO_TARGET_DIR=/opt/rustwide/target" "-e" "CARGO_INCREMENTAL=0" "-e" "RUST_BACKTRACE=full" "-e" "RUSTFLAGS=--cap-lints=warn" "-e" "RUSTDOCFLAGS=--cap-lints=warn" "-e" "CARGO_HOME=/opt/rustwide/cargo-home" "-e" "RUSTUP_HOME=/opt/rustwide/rustup-home" "-w" "/opt/rustwide/workdir" "-m" "1610612736" "--user" "0:0" "--network" "none" "ghcr.io/rust-lang/crates-build-env/linux@sha256:f3a9d4ad9d972b27faf3965f35b62e55ba32bbce8f20bc8fe909558a86702fde" "/opt/rustwide/cargo-home/bin/cargo" "+1.83.0" "test" "--frozen" "--no-run" "--message-format=json", kill_on_drop: false }`
[INFO] [stdout] 51b1a2a226b108ca3dc7132812e40ac981e8c54bbf6313bc252a792a90c35fa0
[INFO] running `Command { std: "docker" "start" "-a" "51b1a2a226b108ca3dc7132812e40ac981e8c54bbf6313bc252a792a90c35fa0", kill_on_drop: false }`
[INFO] [stderr]    Compiling memchr v2.7.2
[INFO] [stderr]    Compiling crossbeam-utils v0.8.19
[INFO] [stderr]    Compiling log v0.4.21
[INFO] [stderr]    Compiling rayon-core v1.12.1
[INFO] [stderr]    Compiling doc-comment v0.3.3
[INFO] [stderr]    Compiling predicates-core v1.0.6
[INFO] [stderr]    Compiling humantime v2.1.0
[INFO] [stderr]    Compiling either v1.10.0
[INFO] [stderr]    Compiling similar v2.5.0
[INFO] [stderr]    Compiling termtree v0.4.1
[INFO] [stderr]    Compiling dunce v1.0.4
[INFO] [stderr]    Compiling filetime v0.2.23
[INFO] [stderr]    Compiling wait-timeout v0.2.0
[INFO] [stderr]    Compiling snapbox-macros v0.3.8
[INFO] [stderr]    Compiling toml_edit v0.22.9
[INFO] [stderr]    Compiling os_pipe v1.1.5
[INFO] [stderr]    Compiling normalize-line-endings v0.3.0
[INFO] [stderr]    Compiling difflib v0.4.0
[INFO] [stderr]    Compiling glob v0.3.1
[INFO] [stderr]    Compiling shlex v1.3.0
[INFO] [stderr]    Compiling predicates-tree v1.0.9
[INFO] [stderr]    Compiling humantime-serde v1.1.1
[INFO] [stderr]    Compiling predicates v3.1.0
[INFO] [stderr]    Compiling aho-corasick v1.1.3
[INFO] [stderr]    Compiling bstr v1.9.1
[INFO] [stderr]    Compiling content_inspector v0.2.4
[INFO] [stderr]    Compiling snapbox v0.5.9
[INFO] [stderr]    Compiling crossbeam-epoch v0.9.18
[INFO] [stderr]    Compiling crossbeam-deque v0.8.5
[INFO] [stderr]    Compiling regex-automata v0.4.6
[INFO] [stderr]    Compiling rayon v1.10.0
[INFO] [stderr]    Compiling toml v0.8.12
[INFO] [stderr]    Compiling trycmd v0.15.1
[INFO] [stderr]    Compiling globset v0.4.14
[INFO] [stderr]    Compiling regex v1.10.4
[INFO] [stderr]    Compiling version-manager v2.5.0 (/opt/rustwide/workdir)
[INFO] [stderr]    Compiling ignore v0.4.22
[INFO] [stderr]    Compiling globwalk v0.9.1
[INFO] [stderr]    Compiling assert_fs v1.1.1
[INFO] [stderr]     Finished `test` profile [unoptimized + debuginfo] target(s) in 16.88s
[INFO] running `Command { std: "docker" "inspect" "51b1a2a226b108ca3dc7132812e40ac981e8c54bbf6313bc252a792a90c35fa0", kill_on_drop: false }`
[INFO] running `Command { std: "docker" "rm" "-f" "51b1a2a226b108ca3dc7132812e40ac981e8c54bbf6313bc252a792a90c35fa0", kill_on_drop: false }`
[INFO] [stdout] 51b1a2a226b108ca3dc7132812e40ac981e8c54bbf6313bc252a792a90c35fa0
[INFO] running `Command { std: "docker" "create" "-v" "/var/lib/crater-agent-workspace/builds/worker-2-tc1/target:/opt/rustwide/target:rw,Z" "-v" "/var/lib/crater-agent-workspace/builds/worker-2-tc1/source:/opt/rustwide/workdir:ro,Z" "-v" "/var/lib/crater-agent-workspace/cargo-home:/opt/rustwide/cargo-home:ro,Z" "-v" "/var/lib/crater-agent-workspace/rustup-home:/opt/rustwide/rustup-home:ro,Z" "-e" "SOURCE_DIR=/opt/rustwide/workdir" "-e" "CARGO_TARGET_DIR=/opt/rustwide/target" "-e" "CARGO_INCREMENTAL=0" "-e" "RUST_BACKTRACE=full" "-e" "RUSTFLAGS=--cap-lints=warn" "-e" "RUSTDOCFLAGS=--cap-lints=warn" "-e" "CARGO_HOME=/opt/rustwide/cargo-home" "-e" "RUSTUP_HOME=/opt/rustwide/rustup-home" "-w" "/opt/rustwide/workdir" "-m" "1610612736" "--user" "0:0" "--network" "none" "ghcr.io/rust-lang/crates-build-env/linux@sha256:f3a9d4ad9d972b27faf3965f35b62e55ba32bbce8f20bc8fe909558a86702fde" "/opt/rustwide/cargo-home/bin/cargo" "+1.83.0" "test" "--frozen", kill_on_drop: false }`
[INFO] [stdout] 09c41f67c56b1662017c3c0fda650b84f2828fbfb31257d2fff46e70fb4bc609
[INFO] running `Command { std: "docker" "start" "-a" "09c41f67c56b1662017c3c0fda650b84f2828fbfb31257d2fff46e70fb4bc609", kill_on_drop: false }`
[INFO] [stderr]     Finished `test` profile [unoptimized + debuginfo] target(s) in 0.09s
[INFO] [stderr]      Running unittests src/lib.rs (/opt/rustwide/target/debug/deps/version_manager-537a8fb799d8f7ce)
[INFO] [stdout] 
[INFO] [stdout] running 9 tests
[INFO] [stdout] test test::incomplete_command_error ... ok
[INFO] [stdout] test test::toml_de_error ... ok
[INFO] [stdout] test test::toml_ser_error ... ok
[INFO] [stdout] test test::invalid_operation_error ... ok
[INFO] [stdout] test test::no_value_error ... ok
[INFO] [stdout] test test::no_cmd ... ok
[INFO] [stdout] test test::io_error ... ok
[INFO] [stdout] test test::regex_error ... ok
[INFO] [stdout] test test::no_negatives_error ... ok
[INFO] [stdout] 
[INFO] [stdout] test result: ok. 9 passed; 0 failed; 0 ignored; 0 measured; 0 filtered out; finished in 0.01s
[INFO] [stdout] 
[INFO] [stderr]      Running unittests src/bin/version.rs (/opt/rustwide/target/debug/deps/version-52847b59df1e07a4)
[INFO] [stdout] 
[INFO] [stdout] running 1 test
[INFO] [stdout] test tests::command ... ok
[INFO] [stdout] 
[INFO] [stderr]      Running unittests src/main.rs (/opt/rustwide/target/debug/deps/version_manager-78a8cdcd6476f8e4)
[INFO] [stdout] test result: ok. 1 passed; 0 failed; 0 ignored; 0 measured; 0 filtered out; finished in 0.00s
[INFO] [stdout] 
[INFO] [stdout] 
[INFO] [stdout] running 1 test
[INFO] [stdout] test tests::command ... ok
[INFO] [stdout] 
[INFO] [stdout] test result: ok. 1 passed; 0 failed; 0 ignored; 0 measured; 0 filtered out; finished in 0.00s
[INFO] [stdout] 
[INFO] [stderr]      Running tests/cli_tests.rs (/opt/rustwide/target/debug/deps/cli_tests-6649b0108bacef6b)
[INFO] [stdout] 
[INFO] [stdout] running 1 test
[INFO] [stderr] [2mTesting[0m tests/cmd/help.toml ... [32mok[0m
[INFO] [stderr] [2mTesting[0m tests/cmd/help.toml:teardown ... [32mok[0m
[INFO] [stderr] [2mTesting[0m tests/cmd/beta.trycmd:2 ... [32mok[0m
[INFO] [stderr] [2mTesting[0m tests/cmd/beta.trycmd:8 ... [32mok[0m
[INFO] [stderr] [2mTesting[0m tests/cmd/beta.trycmd:14 ... [32mok[0m
[INFO] [stderr] [2mTesting[0m tests/cmd/beta.trycmd:20 ... [32mok[0m
[INFO] [stderr] [2mTesting[0m tests/cmd/beta.trycmd:26 ... [32mok[0m
[INFO] [stderr] [2mTesting[0m tests/cmd/beta.trycmd:32 ... [32mok[0m
[INFO] [stderr] [2mTesting[0m tests/cmd/beta.trycmd:teardown ... [31mfailed[0m
[INFO] [stderr] Failed: [31mFiles left in unexpected state
[INFO] [stderr] [0m
[INFO] [stderr] tests/cmd/beta.out: is [32mgood[0m
[INFO] [stderr] tests/cmd/beta.out/keep: Expected [32mfile[0m, was [31mmissing[0m
[INFO] [stderr] [2mTesting[0m tests/cmd/patch.trycmd:2 ... [32mok[0m
[INFO] [stderr] [2mTesting[0m tests/cmd/patch.trycmd:8 ... [32mok[0m
[INFO] [stderr] [2mTesting[0m tests/cmd/patch.trycmd:14 ... [32mok[0m
[INFO] [stderr] [2mTesting[0m tests/cmd/patch.trycmd:20 ... [32mok[0m
[INFO] [stderr] [2mTesting[0m tests/cmd/patch.trycmd:26 ... [32mok[0m
[INFO] [stderr] [2mTesting[0m tests/cmd/patch.trycmd:32 ... [32mok[0m
[INFO] [stderr] [2mTesting[0m tests/cmd/patch.trycmd:38 ... [32mok[0m
[INFO] [stderr] [2mTesting[0m tests/cmd/patch.trycmd:teardown ... [31mfailed[0m
[INFO] [stderr] Failed: [31mFiles left in unexpected state
[INFO] [stderr] [0m
[INFO] [stderr] tests/cmd/patch.out: is [32mgood[0m
[INFO] [stderr] tests/cmd/patch.out/keep: Expected [32mfile[0m, was [31mmissing[0m
[INFO] [stderr] [2mTesting[0m tests/cmd/build.trycmd:2 ... [32mok[0m
[INFO] [stderr] [2mTesting[0m tests/cmd/build.trycmd:8 ... [32mok[0m
[INFO] [stderr] [2mTesting[0m tests/cmd/build.trycmd:14 ... [32mok[0m
[INFO] [stderr] [2mTesting[0m tests/cmd/build.trycmd:20 ... [32mok[0m
[INFO] [stderr] [2mTesting[0m tests/cmd/build.trycmd:teardown ... [31mfailed[0m
[INFO] [stderr] Failed: [31mFiles left in unexpected state
[INFO] [stderr] [0m
[INFO] [stderr] tests/cmd/build.out: is [32mgood[0m
[INFO] [stderr] tests/cmd/build.out/keep: Expected [32mfile[0m, was [31mmissing[0m
[INFO] [stderr] [2mTesting[0m tests/cmd/rc.trycmd:2 ... [32mok[0m
[INFO] [stderr] [2mTesting[0m tests/cmd/rc.trycmd:8 ... [32mok[0m
[INFO] [stderr] [2mTesting[0m tests/cmd/rc.trycmd:14 ... [32mok[0m
[INFO] [stderr] [2mTesting[0m tests/cmd/rc.trycmd:20 ... [32mok[0m
[INFO] [stderr] [2mTesting[0m tests/cmd/rc.trycmd:26 ... [32mok[0m
[INFO] [stderr] [2mTesting[0m tests/cmd/rc.trycmd:32 ... [32mok[0m
[INFO] [stderr] [2mTesting[0m tests/cmd/rc.trycmd:teardown ... [31mfailed[0m
[INFO] [stderr] Failed: [31mFiles left in unexpected state
[INFO] [stderr] [0m
[INFO] [stderr] tests/cmd/rc.out: is [32mgood[0m
[INFO] [stderr] tests/cmd/rc.out/keep: Expected [32mfile[0m, was [31mmissing[0m
[INFO] [stderr] [2mTesting[0m tests/cmd/alpha.trycmd:2 ... [32mok[0m
[INFO] [stderr] [2mTesting[0m tests/cmd/alpha.trycmd:8 ... [32mok[0m
[INFO] [stderr] [2mTesting[0m tests/cmd/alpha.trycmd:14 ... [32mok[0m
[INFO] [stderr] [2mTesting[0m tests/cmd/alpha.trycmd:20 ... [32mok[0m
[INFO] [stderr] [2mTesting[0m tests/cmd/alpha.trycmd:26 ... [32mok[0m
[INFO] [stderr] [2mTesting[0m tests/cmd/alpha.trycmd:33 ... [32mok[0m
[INFO] [stderr] [2mTesting[0m tests/cmd/alpha.trycmd:teardown ... [31mfailed[0m
[INFO] [stderr] Failed: [31mFiles left in unexpected state
[INFO] [stderr] [0m
[INFO] [stderr] tests/cmd/alpha.out: is [32mgood[0m
[INFO] [stderr] tests/cmd/alpha.out/keep: Expected [32mfile[0m, was [31mmissing[0m
[INFO] [stderr] [2mTesting[0m tests/cmd/minor.trycmd:2 ... [32mok[0m
[INFO] [stderr] [2mTesting[0m tests/cmd/minor.trycmd:8 ... [32mok[0m
[INFO] [stderr] [2mTesting[0m tests/cmd/minor.trycmd:14 ... [32mok[0m
[INFO] [stderr] [2mTesting[0m tests/cmd/minor.trycmd:20 ... [32mok[0m
[INFO] [stderr] [2mTesting[0m tests/cmd/minor.trycmd:26 ... [32mok[0m
[INFO] [stderr] [2mTesting[0m tests/cmd/minor.trycmd:32 ... [32mok[0m
[INFO] [stderr] [2mTesting[0m tests/cmd/minor.trycmd:38 ... [32mok[0m
[INFO] [stderr] [2mTesting[0m tests/cmd/minor.trycmd:teardown ... [31mfailed[0m
[INFO] [stderr] Failed: [31mFiles left in unexpected state
[INFO] [stderr] [0m
[INFO] [stderr] tests/cmd/minor.out: is [32mgood[0m
[INFO] [stderr] tests/cmd/minor.out/keep: Expected [32mfile[0m, was [31mmissing[0m
[INFO] [stderr] [2mTesting[0m tests/cmd/major.trycmd:2 ... [32mok[0m
[INFO] [stderr] [2mTesting[0m tests/cmd/major.trycmd:8 ... [32mok[0m
[INFO] [stderr] [2mTesting[0m tests/cmd/major.trycmd:14 ... [32mok[0m
[INFO] [stderr] [2mTesting[0m tests/cmd/major.trycmd:20 ... [32mok[0m
[INFO] [stderr] [2mTesting[0m tests/cmd/major.trycmd:26 ... [32mok[0m
[INFO] [stderr] [2mTesting[0m tests/cmd/major.trycmd:32 ... [32mok[0m
[INFO] [stderr] [2mTesting[0m tests/cmd/major.trycmd:teardown ... [31mfailed[0m
[INFO] [stderr] Failed: [31mFiles left in unexpected state
[INFO] [stderr] [0m
[INFO] [stderr] tests/cmd/major.out: is [32mgood[0m
[INFO] [stderr] tests/cmd/major.out/keep: Expected [32mfile[0m, was [31mmissing[0m
[INFO] [stderr] [2mUpdate snapshots with `TRYCMD=overwrite`[0m
[INFO] [stderr] [2mDebug output with `TRYCMD=dump`[0m
[INFO] [stdout] test cli_tests ... FAILED
[INFO] [stdout] 
[INFO] [stdout] failures:
[INFO] [stdout] 
[INFO] [stdout] ---- cli_tests stdout ----
[INFO] [stdout] thread 'cli_tests' panicked at /opt/rustwide/cargo-home/registry/src/index.crates.io-6f17d22bba15001f/trycmd-0.15.1/src/runner.rs:104:17:
[INFO] [stdout] 7 of 8 tests failed
[INFO] [stdout] stack backtrace:
[INFO] [stdout]    0:     0x5f8bf5f3933a - std::backtrace_rs::backtrace::libunwind::trace::h5a5b8284f2d0c266
[INFO] [stdout]                                at /rustc/90b35a6239c3d8bdabc530a6a0816f7ff89a0aaf/library/std/src/../../backtrace/src/backtrace/libunwind.rs:116:5
[INFO] [stdout]    1:     0x5f8bf5f3933a - std::backtrace_rs::backtrace::trace_unsynchronized::h76d4f1c9b0b875e3
[INFO] [stdout]                                at /rustc/90b35a6239c3d8bdabc530a6a0816f7ff89a0aaf/library/std/src/../../backtrace/src/backtrace/mod.rs:66:5
[INFO] [stdout]    2:     0x5f8bf5f3933a - std::sys::backtrace::_print_fmt::hc4546b8364a537c6
[INFO] [stdout]                                at /rustc/90b35a6239c3d8bdabc530a6a0816f7ff89a0aaf/library/std/src/sys/backtrace.rs:66:9
[INFO] [stdout]    3:     0x5f8bf5f3933a - <std::sys::backtrace::BacktraceLock::print::DisplayBacktrace as core::fmt::Display>::fmt::h5b6bd5631a6d1f6b
[INFO] [stdout]                                at /rustc/90b35a6239c3d8bdabc530a6a0816f7ff89a0aaf/library/std/src/sys/backtrace.rs:39:26
[INFO] [stdout]    4:     0x5f8bf5f61d53 - core::fmt::rt::Argument::fmt::h270f6602a2b96f62
[INFO] [stdout]                                at /rustc/90b35a6239c3d8bdabc530a6a0816f7ff89a0aaf/library/core/src/fmt/rt.rs:177:76
[INFO] [stdout]    5:     0x5f8bf5f61d53 - core::fmt::write::h7550c97b06c86515
[INFO] [stdout]                                at /rustc/90b35a6239c3d8bdabc530a6a0816f7ff89a0aaf/library/core/src/fmt/mod.rs:1186:21
[INFO] [stdout]    6:     0x5f8bf5f35523 - std::io::Write::write_fmt::h509ff860e5956e5e
[INFO] [stdout]                                at /rustc/90b35a6239c3d8bdabc530a6a0816f7ff89a0aaf/library/std/src/io/mod.rs:1839:15
[INFO] [stdout]    7:     0x5f8bf5f39182 - std::sys::backtrace::BacktraceLock::print::h2395ccd2c84ba3aa
[INFO] [stdout]                                at /rustc/90b35a6239c3d8bdabc530a6a0816f7ff89a0aaf/library/std/src/sys/backtrace.rs:42:9
[INFO] [stdout]    8:     0x5f8bf5f3ad9a - std::panicking::default_hook::{{closure}}::he19d4c7230e07961
[INFO] [stdout]                                at /rustc/90b35a6239c3d8bdabc530a6a0816f7ff89a0aaf/library/std/src/panicking.rs:268:22
[INFO] [stdout]    9:     0x5f8bf5f3aba4 - std::panicking::default_hook::hf614597d3c67bbdb
[INFO] [stdout]                                at /rustc/90b35a6239c3d8bdabc530a6a0816f7ff89a0aaf/library/std/src/panicking.rs:292:9
[INFO] [stdout]   10:     0x5f8bf5f02bf9 - <alloc::boxed::Box<F,A> as core::ops::function::Fn<Args>>::call::h39b51ce4599c23d1
[INFO] [stdout]                                at /rustc/90b35a6239c3d8bdabc530a6a0816f7ff89a0aaf/library/alloc/src/boxed.rs:2468:9
[INFO] [stdout]   11:     0x5f8bf5f02bf9 - test::test_main::{{closure}}::he977ae839a582784
[INFO] [stdout]                                at /rustc/90b35a6239c3d8bdabc530a6a0816f7ff89a0aaf/library/test/src/lib.rs:133:21
[INFO] [stdout]   12:     0x5f8bf5f3b438 - <alloc::boxed::Box<F,A> as core::ops::function::Fn<Args>>::call::h9455091b6b06f9fb
[INFO] [stdout]                                at /rustc/90b35a6239c3d8bdabc530a6a0816f7ff89a0aaf/library/alloc/src/boxed.rs:2468:9
[INFO] [stdout]   13:     0x5f8bf5f3b438 - std::panicking::rust_panic_with_hook::h8942133a8b252070
[INFO] [stdout]                                at /rustc/90b35a6239c3d8bdabc530a6a0816f7ff89a0aaf/library/std/src/panicking.rs:809:13
[INFO] [stdout]   14:     0x5f8bf5f3b1fa - std::panicking::begin_panic_handler::{{closure}}::hb5f5963570096b29
[INFO] [stdout]                                at /rustc/90b35a6239c3d8bdabc530a6a0816f7ff89a0aaf/library/std/src/panicking.rs:674:13
[INFO] [stdout]   15:     0x5f8bf5f39819 - std::sys::backtrace::__rust_end_short_backtrace::h6208cedc1922feda
[INFO] [stdout]                                at /rustc/90b35a6239c3d8bdabc530a6a0816f7ff89a0aaf/library/std/src/sys/backtrace.rs:170:18
[INFO] [stdout]   16:     0x5f8bf5f3ae8c - rust_begin_unwind
[INFO] [stdout]                                at /rustc/90b35a6239c3d8bdabc530a6a0816f7ff89a0aaf/library/std/src/panicking.rs:665:5
[INFO] [stdout]   17:     0x5f8bf5bd8310 - core::panicking::panic_fmt::h0c3082644d1bf418
[INFO] [stdout]                                at /rustc/90b35a6239c3d8bdabc530a6a0816f7ff89a0aaf/library/core/src/panicking.rs:74:14
[INFO] [stdout]   18:     0x5f8bf5bf32c1 - trycmd::runner::Runner::run::h1372eb435a7bef9a
[INFO] [stdout]                                at /opt/rustwide/cargo-home/registry/src/index.crates.io-6f17d22bba15001f/trycmd-0.15.1/src/runner.rs:104:17
[INFO] [stdout]   19:     0x5f8bf5bdd956 - trycmd::cases::TestCases::run::hc5d3e59242954642
[INFO] [stdout]                                at /opt/rustwide/cargo-home/registry/src/index.crates.io-6f17d22bba15001f/trycmd-0.15.1/src/cases.rs:173:9
[INFO] [stdout]   20:     0x5f8bf5bdd9fa - <trycmd::cases::TestCases as core::ops::drop::Drop>::drop::h2ce46fcbcf171ec8
[INFO] [stdout]                                at /opt/rustwide/cargo-home/registry/src/index.crates.io-6f17d22bba15001f/trycmd-0.15.1/src/cases.rs:183:13
[INFO] [stdout]   21:     0x5f8bf5c2b517 - core::ptr::drop_in_place<trycmd::cases::TestCases>::ha31eed9d6ed4a59b
[INFO] [stdout]                                at /rustc/90b35a6239c3d8bdabc530a6a0816f7ff89a0aaf/library/core/src/ptr/mod.rs:574:1
[INFO] [stdout]   22:     0x5f8bf5bd922e - cli_tests::cli_tests::he1a52036a269df00
[INFO] [stdout]                                at /opt/rustwide/workdir/tests/cli_tests.rs:5:36
[INFO] [stdout]   23:     0x5f8bf5bd9197 - cli_tests::cli_tests::{{closure}}::h70b45ada23490f45
[INFO] [stdout]                                at /opt/rustwide/workdir/tests/cli_tests.rs:2:15
[INFO] [stdout]   24:     0x5f8bf5bd8eb6 - core::ops::function::FnOnce::call_once::hac3c0892fdaae7f4
[INFO] [stdout]                                at /rustc/90b35a6239c3d8bdabc530a6a0816f7ff89a0aaf/library/core/src/ops/function.rs:250:5
[INFO] [stdout]   25:     0x5f8bf5f075bb - core::ops::function::FnOnce::call_once::h109cf8051a59b34e
[INFO] [stdout]                                at /rustc/90b35a6239c3d8bdabc530a6a0816f7ff89a0aaf/library/core/src/ops/function.rs:250:5
[INFO] [stdout]   26:     0x5f8bf5f075bb - test::__rust_begin_short_backtrace::hf4fff89d377446ba
[INFO] [stdout]                                at /rustc/90b35a6239c3d8bdabc530a6a0816f7ff89a0aaf/library/test/src/lib.rs:621:18
[INFO] [stdout]   27:     0x5f8bf5f06df7 - test::run_test_in_process::{{closure}}::h0e39181dd7ee5a43
[INFO] [stdout]                                at /rustc/90b35a6239c3d8bdabc530a6a0816f7ff89a0aaf/library/test/src/lib.rs:644:60
[INFO] [stdout]   28:     0x5f8bf5f06df7 - <core::panic::unwind_safe::AssertUnwindSafe<F> as core::ops::function::FnOnce<()>>::call_once::hc5a66a30f0bdfd1f
[INFO] [stdout]                                at /rustc/90b35a6239c3d8bdabc530a6a0816f7ff89a0aaf/library/core/src/panic/unwind_safe.rs:272:9
[INFO] [stdout]   29:     0x5f8bf5f06df7 - std::panicking::try::do_call::h873b7cf639554a5e
[INFO] [stdout]                                at /rustc/90b35a6239c3d8bdabc530a6a0816f7ff89a0aaf/library/std/src/panicking.rs:557:40
[INFO] [stdout]   30:     0x5f8bf5f06df7 - std::panicking::try::hdb19862fad9c8bd1
[INFO] [stdout]                                at /rustc/90b35a6239c3d8bdabc530a6a0816f7ff89a0aaf/library/std/src/panicking.rs:520:19
[INFO] [stdout]   31:     0x5f8bf5f06df7 - std::panic::catch_unwind::h281fe732d236d260
[INFO] [stdout]                                at /rustc/90b35a6239c3d8bdabc530a6a0816f7ff89a0aaf/library/std/src/panic.rs:358:14
[INFO] [stdout]   32:     0x5f8bf5f06df7 - test::run_test_in_process::h949b6df8457ed338
[INFO] [stdout]                                at /rustc/90b35a6239c3d8bdabc530a6a0816f7ff89a0aaf/library/test/src/lib.rs:644:27
[INFO] [stdout]   33:     0x5f8bf5f06df7 - test::run_test::{{closure}}::h52c556a6d4740e10
[INFO] [stdout]                                at /rustc/90b35a6239c3d8bdabc530a6a0816f7ff89a0aaf/library/test/src/lib.rs:565:43
[INFO] [stdout]   34:     0x5f8bf5ecc0d4 - test::run_test::{{closure}}::h4237f6381c45ccb9
[INFO] [stdout]                                at /rustc/90b35a6239c3d8bdabc530a6a0816f7ff89a0aaf/library/test/src/lib.rs:595:41
[INFO] [stdout]   35:     0x5f8bf5ecc0d4 - std::sys::backtrace::__rust_begin_short_backtrace::h505c97a579eca628
[INFO] [stdout]                                at /rustc/90b35a6239c3d8bdabc530a6a0816f7ff89a0aaf/library/std/src/sys/backtrace.rs:154:18
[INFO] [stdout]   36:     0x5f8bf5ecf79e - std::thread::Builder::spawn_unchecked_::{{closure}}::{{closure}}::h9e86b2e2bc107ea3
[INFO] [stdout]                                at /rustc/90b35a6239c3d8bdabc530a6a0816f7ff89a0aaf/library/std/src/thread/mod.rs:538:17
[INFO] [stdout]   37:     0x5f8bf5ecf79e - <core::panic::unwind_safe::AssertUnwindSafe<F> as core::ops::function::FnOnce<()>>::call_once::h8b06ddb275ff4a25
[INFO] [stdout]                                at /rustc/90b35a6239c3d8bdabc530a6a0816f7ff89a0aaf/library/core/src/panic/unwind_safe.rs:272:9
[INFO] [stdout]   38:     0x5f8bf5ecf79e - std::panicking::try::do_call::hb26ecd7cd9a9355d
[INFO] [stdout]                                at /rustc/90b35a6239c3d8bdabc530a6a0816f7ff89a0aaf/library/std/src/panicking.rs:557:40
[INFO] [stdout]   39:     0x5f8bf5ecf79e - std::panicking::try::h8ddeca9d705f9069
[INFO] [stdout]                                at /rustc/90b35a6239c3d8bdabc530a6a0816f7ff89a0aaf/library/std/src/panicking.rs:520:19
[INFO] [stdout]   40:     0x5f8bf5ecf79e - std::panic::catch_unwind::h49e1c33078844c46
[INFO] [stdout]                                at /rustc/90b35a6239c3d8bdabc530a6a0816f7ff89a0aaf/library/std/src/panic.rs:358:14
[INFO] [stdout]   41:     0x5f8bf5ecf79e - std::thread::Builder::spawn_unchecked_::{{closure}}::h6073db6ff56ad35d
[INFO] [stdout]                                at /rustc/90b35a6239c3d8bdabc530a6a0816f7ff89a0aaf/library/std/src/thread/mod.rs:537:30
[INFO] [stdout]   42:     0x5f8bf5ecf79e - core::ops::function::FnOnce::call_once{{vtable.shim}}::h2c5a5f3779c774f1
[INFO] [stdout]                                at /rustc/90b35a6239c3d8bdabc530a6a0816f7ff89a0aaf/library/core/src/ops/function.rs:250:5
[INFO] [stdout]   43:     0x5f8bf5f40dab - <alloc::boxed::Box<F,A> as core::ops::function::FnOnce<Args>>::call_once::hf75717d9f28faebf
[INFO] [stdout]                                at /rustc/90b35a6239c3d8bdabc530a6a0816f7ff89a0aaf/library/alloc/src/boxed.rs:2454:9
[INFO] [stdout]   44:     0x5f8bf5f40dab - <alloc::boxed::Box<F,A> as core::ops::function::FnOnce<Args>>::call_once::h7bd883a5f3c5f3c1
[INFO] [stdout]                                at /rustc/90b35a6239c3d8bdabc530a6a0816f7ff89a0aaf/library/alloc/src/boxed.rs:2454:9
[INFO] [stdout]   45:     0x5f8bf5f40dab - std::sys::pal::unix::thread::Thread::new::thread_start::hcc78f3943333fa94
[INFO] [stdout]                                at /rustc/90b35a6239c3d8bdabc530a6a0816f7ff89a0aaf/library/std/src/sys/pal/unix/thread.rs:105:17
[INFO] [stdout]   46:     0x769a6dbf5ac3 - <unknown>
[INFO] [stdout]   47:     0x769a6dc86a04 - clone
[INFO] [stdout]   48:                0x0 - <unknown>
[INFO] [stdout] 
[INFO] [stdout] 
[INFO] [stdout] failures:
[INFO] [stdout]     cli_tests
[INFO] [stdout] 
[INFO] [stdout] test result: FAILED. 0 passed; 1 failed; 0 ignored; 0 measured; 0 filtered out; finished in 0.13s
[INFO] [stdout] 
[INFO] [stderr] error: test failed, to rerun pass `--test cli_tests`
[INFO] running `Command { std: "docker" "inspect" "09c41f67c56b1662017c3c0fda650b84f2828fbfb31257d2fff46e70fb4bc609", kill_on_drop: false }`
[INFO] running `Command { std: "docker" "rm" "-f" "09c41f67c56b1662017c3c0fda650b84f2828fbfb31257d2fff46e70fb4bc609", kill_on_drop: false }`
[INFO] [stdout] 09c41f67c56b1662017c3c0fda650b84f2828fbfb31257d2fff46e70fb4bc609
