[INFO] fetching crate verify 0.3.2...
[INFO] testing verify-0.3.2 against beta-2024-12-08 for beta-1.84.0-4-retry
[INFO] extracting crate verify 0.3.2 into /workspace/builds/worker-2-tc2/source
[INFO] validating manifest of crates.io crate verify 0.3.2 on toolchain beta-2024-12-08
[INFO] running `Command { std: CARGO_HOME="/workspace/cargo-home" RUSTUP_HOME="/workspace/rustup-home" "/workspace/cargo-home/bin/cargo" "+beta-2024-12-08" "metadata" "--manifest-path" "Cargo.toml" "--no-deps", kill_on_drop: false }`
[INFO] started tweaking crates.io crate verify 0.3.2
[INFO] removed 0 missing examples
[INFO] removed 0 missing tests
[INFO] finished tweaking crates.io crate verify 0.3.2
[INFO] tweaked toml for crates.io crate verify 0.3.2 written to /workspace/builds/worker-2-tc2/source/Cargo.toml
[INFO] crate crates.io crate verify 0.3.2 already has a lockfile, it will not be regenerated
[INFO] running `Command { std: CARGO_HOME="/workspace/cargo-home" RUSTUP_HOME="/workspace/rustup-home" "/workspace/cargo-home/bin/cargo" "+beta-2024-12-08" "fetch" "--manifest-path" "Cargo.toml", kill_on_drop: false }`
[INFO] [stderr]     Blocking waiting for file lock on package cache
[INFO] running `Command { std: "docker" "create" "-v" "/var/lib/crater-agent-workspace/builds/worker-2-tc2/target:/opt/rustwide/target:rw,Z" "-v" "/var/lib/crater-agent-workspace/builds/worker-2-tc2/source:/opt/rustwide/workdir:ro,Z" "-v" "/var/lib/crater-agent-workspace/cargo-home:/opt/rustwide/cargo-home:ro,Z" "-v" "/var/lib/crater-agent-workspace/rustup-home:/opt/rustwide/rustup-home:ro,Z" "-e" "SOURCE_DIR=/opt/rustwide/workdir" "-e" "CARGO_TARGET_DIR=/opt/rustwide/target" "-e" "CARGO_HOME=/opt/rustwide/cargo-home" "-e" "RUSTUP_HOME=/opt/rustwide/rustup-home" "-w" "/opt/rustwide/workdir" "-m" "1610612736" "--user" "0:0" "--network" "none" "ghcr.io/rust-lang/crates-build-env/linux@sha256:f3a9d4ad9d972b27faf3965f35b62e55ba32bbce8f20bc8fe909558a86702fde" "/opt/rustwide/cargo-home/bin/cargo" "+beta-2024-12-08" "metadata" "--no-deps" "--format-version=1", kill_on_drop: false }`
[INFO] [stdout] 14f9e165767c3595f44e9b01064c23b4c6b8211fada5c9fbafc6e21196390ffe
[INFO] running `Command { std: "docker" "start" "-a" "14f9e165767c3595f44e9b01064c23b4c6b8211fada5c9fbafc6e21196390ffe", kill_on_drop: false }`
[INFO] running `Command { std: "docker" "inspect" "14f9e165767c3595f44e9b01064c23b4c6b8211fada5c9fbafc6e21196390ffe", kill_on_drop: false }`
[INFO] running `Command { std: "docker" "rm" "-f" "14f9e165767c3595f44e9b01064c23b4c6b8211fada5c9fbafc6e21196390ffe", kill_on_drop: false }`
[INFO] [stdout] 14f9e165767c3595f44e9b01064c23b4c6b8211fada5c9fbafc6e21196390ffe
[INFO] running `Command { std: "docker" "create" "-v" "/var/lib/crater-agent-workspace/builds/worker-2-tc2/target:/opt/rustwide/target:rw,Z" "-v" "/var/lib/crater-agent-workspace/builds/worker-2-tc2/source:/opt/rustwide/workdir:ro,Z" "-v" "/var/lib/crater-agent-workspace/cargo-home:/opt/rustwide/cargo-home:ro,Z" "-v" "/var/lib/crater-agent-workspace/rustup-home:/opt/rustwide/rustup-home:ro,Z" "-e" "SOURCE_DIR=/opt/rustwide/workdir" "-e" "CARGO_TARGET_DIR=/opt/rustwide/target" "-e" "CARGO_INCREMENTAL=0" "-e" "RUST_BACKTRACE=full" "-e" "RUSTFLAGS=--cap-lints=warn" "-e" "RUSTDOCFLAGS=--cap-lints=warn" "-e" "CARGO_HOME=/opt/rustwide/cargo-home" "-e" "RUSTUP_HOME=/opt/rustwide/rustup-home" "-w" "/opt/rustwide/workdir" "-m" "1610612736" "--user" "0:0" "--network" "none" "ghcr.io/rust-lang/crates-build-env/linux@sha256:f3a9d4ad9d972b27faf3965f35b62e55ba32bbce8f20bc8fe909558a86702fde" "/opt/rustwide/cargo-home/bin/cargo" "+beta-2024-12-08" "build" "--frozen" "--message-format=json", kill_on_drop: false }`
[INFO] [stdout] 64e4657f9d3477a6d132729823338a3111e608728774b04feaa09e46cda20af9
[INFO] running `Command { std: "docker" "start" "-a" "64e4657f9d3477a6d132729823338a3111e608728774b04feaa09e46cda20af9", kill_on_drop: false }`
[INFO] [stderr]    Compiling proc-macro2 v1.0.18
[INFO] [stderr]    Compiling version_check v0.9.2
[INFO] [stderr]    Compiling unicode-xid v0.2.0
[INFO] [stderr]    Compiling syn v1.0.32
[INFO] [stderr]    Compiling smallvec v1.4.0
[INFO] [stderr]    Compiling proc-macro-error-attr v1.0.2
[INFO] [stderr]    Compiling proc-macro-error v1.0.2
[INFO] [stderr]    Compiling quote v1.0.7
[INFO] [stderr]    Compiling syn-mid v0.5.0
[INFO] [stderr]    Compiling verify-macros v0.1.0
[INFO] [stderr]    Compiling verify v0.3.2 (/opt/rustwide/workdir)
[INFO] [stdout] warning: unused import: `impls::*`
[INFO] [stdout]   --> src/lib.rs:63:9
[INFO] [stdout]    |
[INFO] [stdout] 63 | pub use impls::*;
[INFO] [stdout]    |         ^^^^^^^^
[INFO] [stdout]    |
[INFO] [stdout]    = note: `#[warn(unused_imports)]` on by default
[INFO] [stdout] 
[INFO] [stdout] 
[INFO] [stderr]     Finished `dev` profile [unoptimized + debuginfo] target(s) in 6.67s
[INFO] running `Command { std: "docker" "inspect" "64e4657f9d3477a6d132729823338a3111e608728774b04feaa09e46cda20af9", kill_on_drop: false }`
[INFO] running `Command { std: "docker" "rm" "-f" "64e4657f9d3477a6d132729823338a3111e608728774b04feaa09e46cda20af9", kill_on_drop: false }`
[INFO] [stdout] 64e4657f9d3477a6d132729823338a3111e608728774b04feaa09e46cda20af9
[INFO] running `Command { std: "docker" "create" "-v" "/var/lib/crater-agent-workspace/builds/worker-2-tc2/target:/opt/rustwide/target:rw,Z" "-v" "/var/lib/crater-agent-workspace/builds/worker-2-tc2/source:/opt/rustwide/workdir:ro,Z" "-v" "/var/lib/crater-agent-workspace/cargo-home:/opt/rustwide/cargo-home:ro,Z" "-v" "/var/lib/crater-agent-workspace/rustup-home:/opt/rustwide/rustup-home:ro,Z" "-e" "SOURCE_DIR=/opt/rustwide/workdir" "-e" "CARGO_TARGET_DIR=/opt/rustwide/target" "-e" "CARGO_INCREMENTAL=0" "-e" "RUST_BACKTRACE=full" "-e" "RUSTFLAGS=--cap-lints=warn" "-e" "RUSTDOCFLAGS=--cap-lints=warn" "-e" "CARGO_HOME=/opt/rustwide/cargo-home" "-e" "RUSTUP_HOME=/opt/rustwide/rustup-home" "-w" "/opt/rustwide/workdir" "-m" "1610612736" "--user" "0:0" "--network" "none" "ghcr.io/rust-lang/crates-build-env/linux@sha256:f3a9d4ad9d972b27faf3965f35b62e55ba32bbce8f20bc8fe909558a86702fde" "/opt/rustwide/cargo-home/bin/cargo" "+beta-2024-12-08" "test" "--frozen" "--no-run" "--message-format=json", kill_on_drop: false }`
[INFO] [stdout] f7914f7994002a55b1d82f49e351e89e5458b765b9f000481ebe300e1a2efa87
[INFO] running `Command { std: "docker" "start" "-a" "f7914f7994002a55b1d82f49e351e89e5458b765b9f000481ebe300e1a2efa87", kill_on_drop: false }`
[INFO] [stderr]    Compiling verify v0.3.2 (/opt/rustwide/workdir)
[INFO] [stdout] warning: unused import: `impls::*`
[INFO] [stdout]   --> src/lib.rs:63:9
[INFO] [stdout]    |
[INFO] [stdout] 63 | pub use impls::*;
[INFO] [stdout]    |         ^^^^^^^^
[INFO] [stdout]    |
[INFO] [stdout]    = note: `#[warn(unused_imports)]` on by default
[INFO] [stdout] 
[INFO] [stdout] 
[INFO] [stdout] warning: unused import: `impls::*`
[INFO] [stdout]   --> src/lib.rs:63:9
[INFO] [stdout]    |
[INFO] [stdout] 63 | pub use impls::*;
[INFO] [stdout]    |         ^^^^^^^^
[INFO] [stdout]    |
[INFO] [stdout]    = note: `#[warn(unused_imports)]` on by default
[INFO] [stdout] 
[INFO] [stdout] 
[INFO] [stderr]     Finished `test` profile [unoptimized + debuginfo] target(s) in 0.42s
[INFO] running `Command { std: "docker" "inspect" "f7914f7994002a55b1d82f49e351e89e5458b765b9f000481ebe300e1a2efa87", kill_on_drop: false }`
[INFO] running `Command { std: "docker" "rm" "-f" "f7914f7994002a55b1d82f49e351e89e5458b765b9f000481ebe300e1a2efa87", kill_on_drop: false }`
[INFO] [stdout] f7914f7994002a55b1d82f49e351e89e5458b765b9f000481ebe300e1a2efa87
[INFO] running `Command { std: "docker" "create" "-v" "/var/lib/crater-agent-workspace/builds/worker-2-tc2/target:/opt/rustwide/target:rw,Z" "-v" "/var/lib/crater-agent-workspace/builds/worker-2-tc2/source:/opt/rustwide/workdir:ro,Z" "-v" "/var/lib/crater-agent-workspace/cargo-home:/opt/rustwide/cargo-home:ro,Z" "-v" "/var/lib/crater-agent-workspace/rustup-home:/opt/rustwide/rustup-home:ro,Z" "-e" "SOURCE_DIR=/opt/rustwide/workdir" "-e" "CARGO_TARGET_DIR=/opt/rustwide/target" "-e" "CARGO_INCREMENTAL=0" "-e" "RUST_BACKTRACE=full" "-e" "RUSTFLAGS=--cap-lints=warn" "-e" "RUSTDOCFLAGS=--cap-lints=warn" "-e" "CARGO_HOME=/opt/rustwide/cargo-home" "-e" "RUSTUP_HOME=/opt/rustwide/rustup-home" "-w" "/opt/rustwide/workdir" "-m" "1610612736" "--user" "0:0" "--network" "none" "ghcr.io/rust-lang/crates-build-env/linux@sha256:f3a9d4ad9d972b27faf3965f35b62e55ba32bbce8f20bc8fe909558a86702fde" "/opt/rustwide/cargo-home/bin/cargo" "+beta-2024-12-08" "test" "--frozen", kill_on_drop: false }`
[INFO] [stdout] 92af541a2eae8e9e8b82aef76a99a23ba933f6d1f60523cfef5c1d5e63b1b193
[INFO] running `Command { std: "docker" "start" "-a" "92af541a2eae8e9e8b82aef76a99a23ba933f6d1f60523cfef5c1d5e63b1b193", kill_on_drop: false }`
[INFO] [stderr] warning: unused import: `impls::*`
[INFO] [stderr]   --> src/lib.rs:63:9
[INFO] [stderr]    |
[INFO] [stderr] 63 | pub use impls::*;
[INFO] [stderr]    |         ^^^^^^^^
[INFO] [stderr]    |
[INFO] [stderr]    = note: `#[warn(unused_imports)]` on by default
[INFO] [stderr] 
[INFO] [stderr] warning: `verify` (lib) generated 1 warning (run `cargo fix --lib -p verify` to apply 1 suggestion)
[INFO] [stderr] warning: `verify` (lib test) generated 1 warning (1 duplicate)
[INFO] [stderr]     Finished `test` profile [unoptimized + debuginfo] target(s) in 0.03s
[INFO] [stdout] 
[INFO] [stderr]      Running unittests src/lib.rs (/opt/rustwide/target/debug/deps/verify-835ffb6be00b4d34)
[INFO] [stdout] running 0 tests
[INFO] [stderr]    Doc-tests verify
[INFO] [stdout] 
[INFO] [stdout] test result: ok. 0 passed; 0 failed; 0 ignored; 0 measured; 0 filtered out; finished in 0.00s
[INFO] [stdout] 
[INFO] [stdout] 
[INFO] [stdout] running 5 tests
[INFO] [stdout] test src/lib.rs - Verify (line 118) ... ignored
[INFO] [stdout] test src/lib.rs - Verify (line 125) ... ignored
[INFO] [stdout] test src/lib.rs - Verify (line 85) ... ignored
[INFO] [stdout] test src/lib.rs - Verify (line 98) ... ignored
[INFO] [stdout] test src/lib.rs - (line 35) ... FAILED
[INFO] [stdout] 
[INFO] [stdout] failures:
[INFO] [stdout] 
[INFO] [stdout] ---- src/lib.rs - (line 35) stdout ----
[INFO] [stdout] error[E0432]: unresolved imports `schemars_crate`, `schemars_crate`
[INFO] [stdout]  --> src/lib.rs:37:5
[INFO] [stdout]   |
[INFO] [stdout] 5 | use schemars_crate::{self as schemars, JsonSchema};
[INFO] [stdout]   |     ^^^^^^^^^^^^^^   ^^^^^^^^^^^^^^^^ no external crate `schemars_crate`
[INFO] [stdout]   |     |
[INFO] [stdout]   |     use of undeclared crate or module `schemars_crate`
[INFO] [stdout] 
[INFO] [stdout] error[E0432]: unresolved import `serde`
[INFO] [stdout]  --> src/lib.rs:38:5
[INFO] [stdout]   |
[INFO] [stdout] 6 | use serde::Serialize;
[INFO] [stdout]   |     ^^^^^ use of undeclared crate or module `serde`
[INFO] [stdout] 
[INFO] [stdout] error[E0433]: failed to resolve: could not find `schemars` in `verify`
[INFO] [stdout]  --> src/lib.rs:40:19
[INFO] [stdout]   |
[INFO] [stdout] 8 | #[derive(Default, Verify, Serialize, JsonSchema)]
[INFO] [stdout]   |                   ^^^^^^ could not find `schemars` in `verify`
[INFO] [stdout]   |
[INFO] [stdout]   = note: this error originates in the derive macro `Verify` (in Nightly builds, run with -Z macro-backtrace for more info)
[INFO] [stdout] 
[INFO] [stdout] error[E0433]: failed to resolve: could not find `serde` in `verify`
[INFO] [stdout]   --> src/lib.rs:40:19
[INFO] [stdout]    |
[INFO] [stdout] 8  | #[derive(Default, Verify, Serialize, JsonSchema)]
[INFO] [stdout]    |                   ^^^^^^ could not find `serde` in `verify`
[INFO] [stdout]    |
[INFO] [stdout] note: found an item that was configured out
[INFO] [stdout]   --> /opt/rustwide/workdir/src/lib.rs:56:9
[INFO] [stdout]    |
[INFO] [stdout] 56 | pub mod serde;
[INFO] [stdout]    |         ^^^^^
[INFO] [stdout] note: the item is gated behind the `serde` feature
[INFO] [stdout]   --> /opt/rustwide/workdir/src/lib.rs:54:7
[INFO] [stdout]    |
[INFO] [stdout] 54 | #[cfg(feature = "serde")]
[INFO] [stdout]    |       ^^^^^^^^^^^^^^^^^
[INFO] [stdout]    = note: this error originates in the derive macro `Verify` (in Nightly builds, run with -Z macro-backtrace for more info)
[INFO] [stdout] 
[INFO] [stdout] error[E0433]: failed to resolve: could not find `serde` in `verify`
[INFO] [stdout]   --> src/lib.rs:40:19
[INFO] [stdout]    |
[INFO] [stdout] 8  | #[derive(Default, Verify, Serialize, JsonSchema)]
[INFO] [stdout]    |                   ^^^^^^ could not find `serde` in `verify`
[INFO] [stdout]    |
[INFO] [stdout] note: found an item that was configured out
[INFO] [stdout]   --> /opt/rustwide/workdir/src/lib.rs:56:9
[INFO] [stdout]    |
[INFO] [stdout] 56 | pub mod serde;
[INFO] [stdout]    |         ^^^^^
[INFO] [stdout] note: the item is gated behind the `serde` feature
[INFO] [stdout]   --> /opt/rustwide/workdir/src/lib.rs:54:7
[INFO] [stdout]    |
[INFO] [stdout] 54 | #[cfg(feature = "serde")]
[INFO] [stdout]    |       ^^^^^^^^^^^^^^^^^
[INFO] [stdout]    = note: this error originates in the derive macro `Verify` (in Nightly builds, run with -Z macro-backtrace for more info)
[INFO] [stdout] 
[INFO] [stdout] error[E0433]: failed to resolve: could not find `serde` in `verify`
[INFO] [stdout]   --> src/lib.rs:40:19
[INFO] [stdout]    |
[INFO] [stdout] 8  | #[derive(Default, Verify, Serialize, JsonSchema)]
[INFO] [stdout]    |                   ^^^^^^ could not find `serde` in `verify`
[INFO] [stdout]    |
[INFO] [stdout] note: found an item that was configured out
[INFO] [stdout]   --> /opt/rustwide/workdir/src/lib.rs:56:9
[INFO] [stdout]    |
[INFO] [stdout] 56 | pub mod serde;
[INFO] [stdout]    |         ^^^^^
[INFO] [stdout] note: the item is gated behind the `serde` feature
[INFO] [stdout]   --> /opt/rustwide/workdir/src/lib.rs:54:7
[INFO] [stdout]    |
[INFO] [stdout] 54 | #[cfg(feature = "serde")]
[INFO] [stdout]    |       ^^^^^^^^^^^^^^^^^
[INFO] [stdout]    = note: this error originates in the derive macro `Verify` (in Nightly builds, run with -Z macro-backtrace for more info)
[INFO] [stdout] help: consider importing this trait
[INFO] [stdout]    |
[INFO] [stdout] 2  + use verify::span::Spanned;
[INFO] [stdout]    |
[INFO] [stdout] 
[INFO] [stdout] error: aborting due to 6 previous errors
[INFO] [stdout] 
[INFO] [stdout] Some errors have detailed explanations: E0432, E0433.
[INFO] [stdout] For more information about an error, try `rustc --explain E0432`.
[INFO] [stdout] Couldn't compile the test.
[INFO] [stdout] 
[INFO] [stdout] failures:
[INFO] [stdout]     src/lib.rs - (line 35)
[INFO] [stdout] 
[INFO] [stdout] test result: FAILED. 0 passed; 1 failed; 4 ignored; 0 measured; 0 filtered out; finished in 0.13s
[INFO] [stdout] 
[INFO] [stderr] error: doctest failed, to rerun pass `--doc`
[INFO] running `Command { std: "docker" "inspect" "92af541a2eae8e9e8b82aef76a99a23ba933f6d1f60523cfef5c1d5e63b1b193", kill_on_drop: false }`
[INFO] running `Command { std: "docker" "rm" "-f" "92af541a2eae8e9e8b82aef76a99a23ba933f6d1f60523cfef5c1d5e63b1b193", kill_on_drop: false }`
[INFO] [stdout] 92af541a2eae8e9e8b82aef76a99a23ba933f6d1f60523cfef5c1d5e63b1b193
