[INFO] fetching crate verbose_bird 0.2.2...
[INFO] testing verbose_bird-0.2.2 against 1.83.0 for beta-1.84.0-4-retry
[INFO] extracting crate verbose_bird 0.2.2 into /workspace/builds/worker-2-tc1/source
[INFO] validating manifest of crates.io crate verbose_bird 0.2.2 on toolchain 1.83.0
[INFO] running `Command { std: CARGO_HOME="/workspace/cargo-home" RUSTUP_HOME="/workspace/rustup-home" "/workspace/cargo-home/bin/cargo" "+1.83.0" "metadata" "--manifest-path" "Cargo.toml" "--no-deps", kill_on_drop: false }`
[INFO] started tweaking crates.io crate verbose_bird 0.2.2
[INFO] finished tweaking crates.io crate verbose_bird 0.2.2
[INFO] tweaked toml for crates.io crate verbose_bird 0.2.2 written to /workspace/builds/worker-2-tc1/source/Cargo.toml
[INFO] running `Command { std: CARGO_HOME="/workspace/cargo-home" RUSTUP_HOME="/workspace/rustup-home" "/workspace/cargo-home/bin/cargo" "+1.83.0" "generate-lockfile" "--manifest-path" "Cargo.toml", kill_on_drop: false }`
[INFO] [stderr]     Blocking waiting for file lock on package cache
[INFO] running `Command { std: CARGO_HOME="/workspace/cargo-home" RUSTUP_HOME="/workspace/rustup-home" "/workspace/cargo-home/bin/cargo" "+1.83.0" "fetch" "--manifest-path" "Cargo.toml", kill_on_drop: false }`
[INFO] [stderr] warning: no edition set: defaulting to the 2015 edition while the latest is 2021
[INFO] running `Command { std: "docker" "create" "-v" "/var/lib/crater-agent-workspace/builds/worker-2-tc1/target:/opt/rustwide/target:rw,Z" "-v" "/var/lib/crater-agent-workspace/builds/worker-2-tc1/source:/opt/rustwide/workdir:ro,Z" "-v" "/var/lib/crater-agent-workspace/cargo-home:/opt/rustwide/cargo-home:ro,Z" "-v" "/var/lib/crater-agent-workspace/rustup-home:/opt/rustwide/rustup-home:ro,Z" "-e" "SOURCE_DIR=/opt/rustwide/workdir" "-e" "CARGO_TARGET_DIR=/opt/rustwide/target" "-e" "CARGO_HOME=/opt/rustwide/cargo-home" "-e" "RUSTUP_HOME=/opt/rustwide/rustup-home" "-w" "/opt/rustwide/workdir" "-m" "1610612736" "--user" "0:0" "--network" "none" "ghcr.io/rust-lang/crates-build-env/linux@sha256:f3a9d4ad9d972b27faf3965f35b62e55ba32bbce8f20bc8fe909558a86702fde" "/opt/rustwide/cargo-home/bin/cargo" "+1.83.0" "metadata" "--no-deps" "--format-version=1", kill_on_drop: false }`
[INFO] [stdout] 0aa26f65ce4888e8f81ad977879f7620620aa9818d7a08139916760166d02890
[INFO] running `Command { std: "docker" "start" "-a" "0aa26f65ce4888e8f81ad977879f7620620aa9818d7a08139916760166d02890", kill_on_drop: false }`
[INFO] running `Command { std: "docker" "inspect" "0aa26f65ce4888e8f81ad977879f7620620aa9818d7a08139916760166d02890", kill_on_drop: false }`
[INFO] running `Command { std: "docker" "rm" "-f" "0aa26f65ce4888e8f81ad977879f7620620aa9818d7a08139916760166d02890", kill_on_drop: false }`
[INFO] [stdout] 0aa26f65ce4888e8f81ad977879f7620620aa9818d7a08139916760166d02890
[INFO] running `Command { std: "docker" "create" "-v" "/var/lib/crater-agent-workspace/builds/worker-2-tc1/target:/opt/rustwide/target:rw,Z" "-v" "/var/lib/crater-agent-workspace/builds/worker-2-tc1/source:/opt/rustwide/workdir:ro,Z" "-v" "/var/lib/crater-agent-workspace/cargo-home:/opt/rustwide/cargo-home:ro,Z" "-v" "/var/lib/crater-agent-workspace/rustup-home:/opt/rustwide/rustup-home:ro,Z" "-e" "SOURCE_DIR=/opt/rustwide/workdir" "-e" "CARGO_TARGET_DIR=/opt/rustwide/target" "-e" "CARGO_INCREMENTAL=0" "-e" "RUST_BACKTRACE=full" "-e" "RUSTFLAGS=--cap-lints=warn" "-e" "RUSTDOCFLAGS=--cap-lints=warn" "-e" "CARGO_HOME=/opt/rustwide/cargo-home" "-e" "RUSTUP_HOME=/opt/rustwide/rustup-home" "-w" "/opt/rustwide/workdir" "-m" "1610612736" "--user" "0:0" "--network" "none" "ghcr.io/rust-lang/crates-build-env/linux@sha256:f3a9d4ad9d972b27faf3965f35b62e55ba32bbce8f20bc8fe909558a86702fde" "/opt/rustwide/cargo-home/bin/cargo" "+1.83.0" "build" "--frozen" "--message-format=json", kill_on_drop: false }`
[INFO] [stdout] eb26efb8deba4cdeb8f53232a3cfe9b597b2dac2f01f953565fe3037dc343b61
[INFO] running `Command { std: "docker" "start" "-a" "eb26efb8deba4cdeb8f53232a3cfe9b597b2dac2f01f953565fe3037dc343b61", kill_on_drop: false }`
[INFO] [stderr] warning: no edition set: defaulting to the 2015 edition while the latest is 2021
[INFO] [stderr]    Compiling verbose_bird v0.2.2 (/opt/rustwide/workdir)
[INFO] [stderr]     Finished `dev` profile [unoptimized + debuginfo] target(s) in 0.16s
[INFO] running `Command { std: "docker" "inspect" "eb26efb8deba4cdeb8f53232a3cfe9b597b2dac2f01f953565fe3037dc343b61", kill_on_drop: false }`
[INFO] running `Command { std: "docker" "rm" "-f" "eb26efb8deba4cdeb8f53232a3cfe9b597b2dac2f01f953565fe3037dc343b61", kill_on_drop: false }`
[INFO] [stdout] eb26efb8deba4cdeb8f53232a3cfe9b597b2dac2f01f953565fe3037dc343b61
[INFO] running `Command { std: "docker" "create" "-v" "/var/lib/crater-agent-workspace/builds/worker-2-tc1/target:/opt/rustwide/target:rw,Z" "-v" "/var/lib/crater-agent-workspace/builds/worker-2-tc1/source:/opt/rustwide/workdir:ro,Z" "-v" "/var/lib/crater-agent-workspace/cargo-home:/opt/rustwide/cargo-home:ro,Z" "-v" "/var/lib/crater-agent-workspace/rustup-home:/opt/rustwide/rustup-home:ro,Z" "-e" "SOURCE_DIR=/opt/rustwide/workdir" "-e" "CARGO_TARGET_DIR=/opt/rustwide/target" "-e" "CARGO_INCREMENTAL=0" "-e" "RUST_BACKTRACE=full" "-e" "RUSTFLAGS=--cap-lints=warn" "-e" "RUSTDOCFLAGS=--cap-lints=warn" "-e" "CARGO_HOME=/opt/rustwide/cargo-home" "-e" "RUSTUP_HOME=/opt/rustwide/rustup-home" "-w" "/opt/rustwide/workdir" "-m" "1610612736" "--user" "0:0" "--network" "none" "ghcr.io/rust-lang/crates-build-env/linux@sha256:f3a9d4ad9d972b27faf3965f35b62e55ba32bbce8f20bc8fe909558a86702fde" "/opt/rustwide/cargo-home/bin/cargo" "+1.83.0" "test" "--frozen" "--no-run" "--message-format=json", kill_on_drop: false }`
[INFO] [stdout] 15559c7232429d3154f409cdddf060dec49a467b0938fdef204a7f3292d66a1b
[INFO] running `Command { std: "docker" "start" "-a" "15559c7232429d3154f409cdddf060dec49a467b0938fdef204a7f3292d66a1b", kill_on_drop: false }`
[INFO] [stderr] warning: no edition set: defaulting to the 2015 edition while the latest is 2021
[INFO] [stderr]    Compiling verbose_bird v0.2.2 (/opt/rustwide/workdir)
[INFO] [stderr]     Finished `test` profile [unoptimized + debuginfo] target(s) in 0.51s
[INFO] running `Command { std: "docker" "inspect" "15559c7232429d3154f409cdddf060dec49a467b0938fdef204a7f3292d66a1b", kill_on_drop: false }`
[INFO] running `Command { std: "docker" "rm" "-f" "15559c7232429d3154f409cdddf060dec49a467b0938fdef204a7f3292d66a1b", kill_on_drop: false }`
[INFO] [stdout] 15559c7232429d3154f409cdddf060dec49a467b0938fdef204a7f3292d66a1b
[INFO] running `Command { std: "docker" "create" "-v" "/var/lib/crater-agent-workspace/builds/worker-2-tc1/target:/opt/rustwide/target:rw,Z" "-v" "/var/lib/crater-agent-workspace/builds/worker-2-tc1/source:/opt/rustwide/workdir:ro,Z" "-v" "/var/lib/crater-agent-workspace/cargo-home:/opt/rustwide/cargo-home:ro,Z" "-v" "/var/lib/crater-agent-workspace/rustup-home:/opt/rustwide/rustup-home:ro,Z" "-e" "SOURCE_DIR=/opt/rustwide/workdir" "-e" "CARGO_TARGET_DIR=/opt/rustwide/target" "-e" "CARGO_INCREMENTAL=0" "-e" "RUST_BACKTRACE=full" "-e" "RUSTFLAGS=--cap-lints=warn" "-e" "RUSTDOCFLAGS=--cap-lints=warn" "-e" "CARGO_HOME=/opt/rustwide/cargo-home" "-e" "RUSTUP_HOME=/opt/rustwide/rustup-home" "-w" "/opt/rustwide/workdir" "-m" "1610612736" "--user" "0:0" "--network" "none" "ghcr.io/rust-lang/crates-build-env/linux@sha256:f3a9d4ad9d972b27faf3965f35b62e55ba32bbce8f20bc8fe909558a86702fde" "/opt/rustwide/cargo-home/bin/cargo" "+1.83.0" "test" "--frozen", kill_on_drop: false }`
[INFO] [stdout] 6ddc66a1b5b5fd8866b794a25511fa2d7f3098acb24f6862575e9d32c922ceed
[INFO] running `Command { std: "docker" "start" "-a" "6ddc66a1b5b5fd8866b794a25511fa2d7f3098acb24f6862575e9d32c922ceed", kill_on_drop: false }`
[INFO] [stderr] warning: no edition set: defaulting to the 2015 edition while the latest is 2021
[INFO] [stderr]     Finished `test` profile [unoptimized + debuginfo] target(s) in 0.01s
[INFO] [stderr]      Running unittests src/lib.rs (/opt/rustwide/target/debug/deps/verbose_bird-c0b7b00f06697a92)
[INFO] [stdout] 
[INFO] [stdout] running 9 tests
[INFO] [stdout] test oo_tests::pack_logger_oop_error ... ok
[INFO] [stdout] test oo_tests::pack_logger_oop_info ... ok
[INFO] [stdout] test proce_tests::pack_logger_proce_error ... ok
[INFO] [stdout] test oo_tests::pack_logger_oop_wan ... ok
[INFO] [stdout] test proce_tests::pack_logger_proce_info ... ok
[INFO] [stdout] test proce_tests::pack_logger_proce_success ... ok
[INFO] [stdout] test proce_tests::pack_logger_proce_warn ... ok
[INFO] [stdout] test oo_tests::pack_logger_oop_success ... ok
[INFO] [stdout] test proce_tests::pack_logger_proce_custom ... ok
[INFO] [stdout] 
[INFO] [stdout] test result: ok. 9 passed; 0 failed; 0 ignored; 0 measured; 0 filtered out; finished in 0.02s
[INFO] [stdout] 
[INFO] [stderr]    Doc-tests verbose_bird
[INFO] [stdout] 
[INFO] [stdout] running 1 test
[INFO] [stderr] error: doctest failed, to rerun pass `--doc`
[INFO] [stdout] test src/lib.rs - loggers_pack::oop (line 172) ... FAILED
[INFO] [stdout] 
[INFO] [stdout] failures:
[INFO] [stdout] 
[INFO] [stdout] ---- src/lib.rs - loggers_pack::oop (line 172) stdout ----
[INFO] [stdout] error[E0433]: failed to resolve: you might be missing crate `loggers_pack`
[INFO] [stdout]  --> src/lib.rs:175:5
[INFO] [stdout]   |
[INFO] [stdout] 5 | use loggers_pack::oop::*;
[INFO] [stdout]   |     ^^^^^^^^^^^^ you might be missing crate `loggers_pack`
[INFO] [stdout]   |
[INFO] [stdout] help: consider importing the `loggers_pack` crate
[INFO] [stdout]   |
[INFO] [stdout] 2 + extern crate loggers_pack;
[INFO] [stdout]   |
[INFO] [stdout] 
[INFO] [stdout] error[E0405]: cannot find trait `Logger` in this scope
[INFO] [stdout]  --> src/lib.rs:177:6
[INFO] [stdout]   |
[INFO] [stdout] 7 | impl Logger for A 
[INFO] [stdout]   |      ^^^^^^ not found in this scope
[INFO] [stdout] 
[INFO] [stdout] error: aborting due to 2 previous errors
[INFO] [stdout] 
[INFO] [stdout] Some errors have detailed explanations: E0405, E0433.
[INFO] [stdout] For more information about an error, try `rustc --explain E0405`.
[INFO] [stdout] Couldn't compile the test.
[INFO] [stdout] 
[INFO] [stdout] failures:
[INFO] [stdout]     src/lib.rs - loggers_pack::oop (line 172)
[INFO] [stdout] 
[INFO] [stdout] test result: FAILED. 0 passed; 1 failed; 0 ignored; 0 measured; 0 filtered out; finished in 0.08s
[INFO] [stdout] 
[INFO] running `Command { std: "docker" "inspect" "6ddc66a1b5b5fd8866b794a25511fa2d7f3098acb24f6862575e9d32c922ceed", kill_on_drop: false }`
[INFO] running `Command { std: "docker" "rm" "-f" "6ddc66a1b5b5fd8866b794a25511fa2d7f3098acb24f6862575e9d32c922ceed", kill_on_drop: false }`
[INFO] [stdout] 6ddc66a1b5b5fd8866b794a25511fa2d7f3098acb24f6862575e9d32c922ceed
