[INFO] fetching crate velodyne-lidar 0.3.0...
[INFO] testing velodyne-lidar-0.3.0 against 1.83.0 for beta-1.84.0-4-retry
[INFO] extracting crate velodyne-lidar 0.3.0 into /workspace/builds/worker-4-tc1/source
[INFO] validating manifest of crates.io crate velodyne-lidar 0.3.0 on toolchain 1.83.0
[INFO] running `Command { std: CARGO_HOME="/workspace/cargo-home" RUSTUP_HOME="/workspace/rustup-home" "/workspace/cargo-home/bin/cargo" "+1.83.0" "metadata" "--manifest-path" "Cargo.toml" "--no-deps", kill_on_drop: false }`
[INFO] started tweaking crates.io crate velodyne-lidar 0.3.0
[INFO] finished tweaking crates.io crate velodyne-lidar 0.3.0
[INFO] tweaked toml for crates.io crate velodyne-lidar 0.3.0 written to /workspace/builds/worker-4-tc1/source/Cargo.toml
[INFO] running `Command { std: CARGO_HOME="/workspace/cargo-home" RUSTUP_HOME="/workspace/rustup-home" "/workspace/cargo-home/bin/cargo" "+1.83.0" "generate-lockfile" "--manifest-path" "Cargo.toml", kill_on_drop: false }`
[INFO] [stderr]     Updating crates.io index
[INFO] [stderr]      Locking 103 packages to latest compatible versions
[INFO] [stderr]       Adding serde_with v3.9.0 (available: v3.11.0)
[INFO] running `Command { std: CARGO_HOME="/workspace/cargo-home" RUSTUP_HOME="/workspace/rustup-home" "/workspace/cargo-home/bin/cargo" "+1.83.0" "fetch" "--manifest-path" "Cargo.toml", kill_on_drop: false }`
[INFO] [stderr]  Downloading crates ...
[INFO] [stderr]   Downloaded measurements v0.11.0
[INFO] [stderr]   Downloaded nmea v0.7.0
[INFO] running `Command { std: "docker" "create" "-v" "/var/lib/crater-agent-workspace/builds/worker-4-tc1/target:/opt/rustwide/target:rw,Z" "-v" "/var/lib/crater-agent-workspace/builds/worker-4-tc1/source:/opt/rustwide/workdir:ro,Z" "-v" "/var/lib/crater-agent-workspace/cargo-home:/opt/rustwide/cargo-home:ro,Z" "-v" "/var/lib/crater-agent-workspace/rustup-home:/opt/rustwide/rustup-home:ro,Z" "-e" "SOURCE_DIR=/opt/rustwide/workdir" "-e" "CARGO_TARGET_DIR=/opt/rustwide/target" "-e" "CARGO_HOME=/opt/rustwide/cargo-home" "-e" "RUSTUP_HOME=/opt/rustwide/rustup-home" "-w" "/opt/rustwide/workdir" "-m" "1610612736" "--user" "0:0" "--network" "none" "ghcr.io/rust-lang/crates-build-env/linux@sha256:f3a9d4ad9d972b27faf3965f35b62e55ba32bbce8f20bc8fe909558a86702fde" "/opt/rustwide/cargo-home/bin/cargo" "+1.83.0" "metadata" "--no-deps" "--format-version=1", kill_on_drop: false }`
[INFO] [stdout] 5828bc628d8ee4f519c2ff633391b3e25e7b5950749609ff2b0474a303e98432
[INFO] running `Command { std: "docker" "start" "-a" "5828bc628d8ee4f519c2ff633391b3e25e7b5950749609ff2b0474a303e98432", kill_on_drop: false }`
[INFO] running `Command { std: "docker" "inspect" "5828bc628d8ee4f519c2ff633391b3e25e7b5950749609ff2b0474a303e98432", kill_on_drop: false }`
[INFO] running `Command { std: "docker" "rm" "-f" "5828bc628d8ee4f519c2ff633391b3e25e7b5950749609ff2b0474a303e98432", kill_on_drop: false }`
[INFO] [stdout] 5828bc628d8ee4f519c2ff633391b3e25e7b5950749609ff2b0474a303e98432
[INFO] running `Command { std: "docker" "create" "-v" "/var/lib/crater-agent-workspace/builds/worker-4-tc1/target:/opt/rustwide/target:rw,Z" "-v" "/var/lib/crater-agent-workspace/builds/worker-4-tc1/source:/opt/rustwide/workdir:ro,Z" "-v" "/var/lib/crater-agent-workspace/cargo-home:/opt/rustwide/cargo-home:ro,Z" "-v" "/var/lib/crater-agent-workspace/rustup-home:/opt/rustwide/rustup-home:ro,Z" "-e" "SOURCE_DIR=/opt/rustwide/workdir" "-e" "CARGO_TARGET_DIR=/opt/rustwide/target" "-e" "CARGO_INCREMENTAL=0" "-e" "RUST_BACKTRACE=full" "-e" "RUSTFLAGS=--cap-lints=warn" "-e" "RUSTDOCFLAGS=--cap-lints=warn" "-e" "CARGO_HOME=/opt/rustwide/cargo-home" "-e" "RUSTUP_HOME=/opt/rustwide/rustup-home" "-w" "/opt/rustwide/workdir" "-m" "1610612736" "--user" "0:0" "--network" "none" "ghcr.io/rust-lang/crates-build-env/linux@sha256:f3a9d4ad9d972b27faf3965f35b62e55ba32bbce8f20bc8fe909558a86702fde" "/opt/rustwide/cargo-home/bin/cargo" "+1.83.0" "build" "--frozen" "--message-format=json", kill_on_drop: false }`
[INFO] [stdout] ef775d5cdea26666782a5231be8b6bc824fa7b9e43386ebbb2daa7e706aec8d3
[INFO] running `Command { std: "docker" "start" "-a" "ef775d5cdea26666782a5231be8b6bc824fa7b9e43386ebbb2daa7e706aec8d3", kill_on_drop: false }`
[INFO] [stderr]    Compiling proc-macro2 v1.0.92
[INFO] [stderr]    Compiling unicode-ident v1.0.14
[INFO] [stderr]    Compiling serde v1.0.216
[INFO] [stderr]    Compiling autocfg v1.4.0
[INFO] [stderr]    Compiling rustversion v1.0.18
[INFO] [stderr]    Compiling libm v0.2.11
[INFO] [stderr]    Compiling syn v1.0.109
[INFO] [stderr]    Compiling hashbrown v0.15.2
[INFO] [stderr]    Compiling equivalent v1.0.1
[INFO] [stderr]    Compiling eyre v0.6.12
[INFO] [stderr]    Compiling heck v0.5.0
[INFO] [stderr]    Compiling unsafe-libyaml v0.2.11
[INFO] [stderr]    Compiling either v1.13.0
[INFO] [stderr]    Compiling itoa v1.0.14
[INFO] [stderr]    Compiling iana-time-zone v0.1.61
[INFO] [stderr]    Compiling ryu v1.0.18
[INFO] [stderr]    Compiling indenter v0.3.3
[INFO] [stderr]    Compiling once_cell v1.20.2
[INFO] [stderr]    Compiling log v0.4.22
[INFO] [stderr]    Compiling itertools v0.13.0
[INFO] [stderr]    Compiling num-traits v0.2.19
[INFO] [stderr]    Compiling measurements v0.11.0
[INFO] [stderr]    Compiling quote v1.0.37
[INFO] [stderr]    Compiling indexmap v2.7.0
[INFO] [stderr]    Compiling syn v2.0.90
[INFO] [stderr]    Compiling chrono v0.4.39
[INFO] [stderr]    Compiling derivative v2.2.0
[INFO] [stderr]    Compiling serde_derive v1.0.216
[INFO] [stderr]    Compiling strum_macros v0.26.4
[INFO] [stderr]    Compiling strum v0.26.3
[INFO] [stderr]    Compiling serde_yaml v0.9.34+deprecated
[INFO] [stderr]    Compiling noisy_float v0.2.0
[INFO] [stderr]    Compiling serde-big-array v0.5.1
[INFO] [stderr]    Compiling velodyne-lidar v0.3.0 (/opt/rustwide/workdir)
[INFO] [stdout] warning: use of deprecated function `itertools::unfold`: Use [std::iter::from_fn](https://doc.rust-lang.org/std/iter/fn.from_fn.html) instead
[INFO] [stdout]   --> src/batcher.rs:69:20
[INFO] [stdout]    |
[INFO] [stdout] 69 |         itertools::unfold(Some((firings.into_iter(), self)), |state| {
[INFO] [stdout]    |                    ^^^^^^
[INFO] [stdout]    |
[INFO] [stdout]    = note: `#[warn(deprecated)]` on by default
[INFO] [stdout] 
[INFO] [stdout] 
[INFO] [stderr]     Finished `dev` profile [unoptimized + debuginfo] target(s) in 21.11s
[INFO] running `Command { std: "docker" "inspect" "ef775d5cdea26666782a5231be8b6bc824fa7b9e43386ebbb2daa7e706aec8d3", kill_on_drop: false }`
[INFO] running `Command { std: "docker" "rm" "-f" "ef775d5cdea26666782a5231be8b6bc824fa7b9e43386ebbb2daa7e706aec8d3", kill_on_drop: false }`
[INFO] [stdout] ef775d5cdea26666782a5231be8b6bc824fa7b9e43386ebbb2daa7e706aec8d3
[INFO] running `Command { std: "docker" "create" "-v" "/var/lib/crater-agent-workspace/builds/worker-4-tc1/target:/opt/rustwide/target:rw,Z" "-v" "/var/lib/crater-agent-workspace/builds/worker-4-tc1/source:/opt/rustwide/workdir:ro,Z" "-v" "/var/lib/crater-agent-workspace/cargo-home:/opt/rustwide/cargo-home:ro,Z" "-v" "/var/lib/crater-agent-workspace/rustup-home:/opt/rustwide/rustup-home:ro,Z" "-e" "SOURCE_DIR=/opt/rustwide/workdir" "-e" "CARGO_TARGET_DIR=/opt/rustwide/target" "-e" "CARGO_INCREMENTAL=0" "-e" "RUST_BACKTRACE=full" "-e" "RUSTFLAGS=--cap-lints=warn" "-e" "RUSTDOCFLAGS=--cap-lints=warn" "-e" "CARGO_HOME=/opt/rustwide/cargo-home" "-e" "RUSTUP_HOME=/opt/rustwide/rustup-home" "-w" "/opt/rustwide/workdir" "-m" "1610612736" "--user" "0:0" "--network" "none" "ghcr.io/rust-lang/crates-build-env/linux@sha256:f3a9d4ad9d972b27faf3965f35b62e55ba32bbce8f20bc8fe909558a86702fde" "/opt/rustwide/cargo-home/bin/cargo" "+1.83.0" "test" "--frozen" "--no-run" "--message-format=json", kill_on_drop: false }`
[INFO] [stdout] ef9d7aaeee600d50831241aabe837e79f5a8433797e77f8a7502ba6bb3e90164
[INFO] running `Command { std: "docker" "start" "-a" "ef9d7aaeee600d50831241aabe837e79f5a8433797e77f8a7502ba6bb3e90164", kill_on_drop: false }`
[INFO] [stderr]    Compiling velodyne-lidar v0.3.0 (/opt/rustwide/workdir)
[INFO] [stdout] warning: use of deprecated function `itertools::unfold`: Use [std::iter::from_fn](https://doc.rust-lang.org/std/iter/fn.from_fn.html) instead
[INFO] [stdout]   --> src/batcher.rs:69:20
[INFO] [stdout]    |
[INFO] [stdout] 69 |         itertools::unfold(Some((firings.into_iter(), self)), |state| {
[INFO] [stdout]    |                    ^^^^^^
[INFO] [stdout]    |
[INFO] [stdout]    = note: `#[warn(deprecated)]` on by default
[INFO] [stdout] 
[INFO] [stdout] 
[INFO] [stdout] warning: use of deprecated function `itertools::unfold`: Use [std::iter::from_fn](https://doc.rust-lang.org/std/iter/fn.from_fn.html) instead
[INFO] [stdout]   --> src/batcher.rs:69:20
[INFO] [stdout]    |
[INFO] [stdout] 69 |         itertools::unfold(Some((firings.into_iter(), self)), |state| {
[INFO] [stdout]    |                    ^^^^^^
[INFO] [stdout]    |
[INFO] [stdout]    = note: `#[warn(deprecated)]` on by default
[INFO] [stdout] 
[INFO] [stdout] 
[INFO] [stderr]     Finished `test` profile [unoptimized + debuginfo] target(s) in 1.04s
[INFO] running `Command { std: "docker" "inspect" "ef9d7aaeee600d50831241aabe837e79f5a8433797e77f8a7502ba6bb3e90164", kill_on_drop: false }`
[INFO] running `Command { std: "docker" "rm" "-f" "ef9d7aaeee600d50831241aabe837e79f5a8433797e77f8a7502ba6bb3e90164", kill_on_drop: false }`
[INFO] [stdout] ef9d7aaeee600d50831241aabe837e79f5a8433797e77f8a7502ba6bb3e90164
[INFO] running `Command { std: "docker" "create" "-v" "/var/lib/crater-agent-workspace/builds/worker-4-tc1/target:/opt/rustwide/target:rw,Z" "-v" "/var/lib/crater-agent-workspace/builds/worker-4-tc1/source:/opt/rustwide/workdir:ro,Z" "-v" "/var/lib/crater-agent-workspace/cargo-home:/opt/rustwide/cargo-home:ro,Z" "-v" "/var/lib/crater-agent-workspace/rustup-home:/opt/rustwide/rustup-home:ro,Z" "-e" "SOURCE_DIR=/opt/rustwide/workdir" "-e" "CARGO_TARGET_DIR=/opt/rustwide/target" "-e" "CARGO_INCREMENTAL=0" "-e" "RUST_BACKTRACE=full" "-e" "RUSTFLAGS=--cap-lints=warn" "-e" "RUSTDOCFLAGS=--cap-lints=warn" "-e" "CARGO_HOME=/opt/rustwide/cargo-home" "-e" "RUSTUP_HOME=/opt/rustwide/rustup-home" "-w" "/opt/rustwide/workdir" "-m" "1610612736" "--user" "0:0" "--network" "none" "ghcr.io/rust-lang/crates-build-env/linux@sha256:f3a9d4ad9d972b27faf3965f35b62e55ba32bbce8f20bc8fe909558a86702fde" "/opt/rustwide/cargo-home/bin/cargo" "+1.83.0" "test" "--frozen", kill_on_drop: false }`
[INFO] [stdout] 2383aa43f0303ccfde147338f7d97450dadb7ad71627ebc03c7d05745406ebcf
[INFO] running `Command { std: "docker" "start" "-a" "2383aa43f0303ccfde147338f7d97450dadb7ad71627ebc03c7d05745406ebcf", kill_on_drop: false }`
[INFO] [stderr] warning: use of deprecated function `itertools::unfold`: Use [std::iter::from_fn](https://doc.rust-lang.org/std/iter/fn.from_fn.html) instead
[INFO] [stderr]   --> src/batcher.rs:69:20
[INFO] [stderr]    |
[INFO] [stderr] 69 |         itertools::unfold(Some((firings.into_iter(), self)), |state| {
[INFO] [stderr]    |                    ^^^^^^
[INFO] [stderr]    |
[INFO] [stderr]    = note: `#[warn(deprecated)]` on by default
[INFO] [stderr] 
[INFO] [stderr] warning: `velodyne-lidar` (lib) generated 1 warning
[INFO] [stderr] warning: `velodyne-lidar` (lib test) generated 1 warning (1 duplicate)
[INFO] [stderr]     Finished `test` profile [unoptimized + debuginfo] target(s) in 0.05s
[INFO] [stderr]      Running unittests src/lib.rs (/opt/rustwide/target/debug/deps/velodyne_lidar-3c22937a45ead2c1)
[INFO] [stdout] 
[INFO] [stdout] running 1 test
[INFO] [stdout] test packet::tests::velodyne_packet_size_test ... ok
[INFO] [stdout] 
[INFO] [stdout] test result: ok. 1 passed; 0 failed; 0 ignored; 0 measured; 0 filtered out; finished in 0.01s
[INFO] [stdout] 
[INFO] [stderr]    Doc-tests velodyne_lidar
[INFO] [stdout] 
[INFO] [stdout] running 1 test
[INFO] [stdout] test src/lib.rs - (line 5) ... FAILED
[INFO] [stdout] 
[INFO] [stdout] failures:
[INFO] [stdout] 
[INFO] [stdout] ---- src/lib.rs - (line 5) stdout ----
[INFO] [stdout] error[E0425]: cannot find function `frame_xyz_iter_from_file` in module `velodyne_lidar::iter`
[INFO] [stdout]  --> src/lib.rs:12:27
[INFO] [stdout]   |
[INFO] [stdout] 9 |     velodyne_lidar::iter::frame_xyz_iter_from_file(config, "tests/velodyne_vlp32.pcap")?;
[INFO] [stdout]   |                           ^^^^^^^^^^^^^^^^^^^^^^^^ not found in `velodyne_lidar::iter`
[INFO] [stdout] 
[INFO] [stdout] error: aborting due to 1 previous error
[INFO] [stdout] 
[INFO] [stdout] For more information about this error, try `rustc --explain E0425`.
[INFO] [stdout] Couldn't compile the test.
[INFO] [stdout] 
[INFO] [stdout] failures:
[INFO] [stdout]     src/lib.rs - (line 5)
[INFO] [stdout] 
[INFO] [stdout] test result: FAILED. 0 passed; 1 failed; 0 ignored; 0 measured; 0 filtered out; finished in 0.07s
[INFO] [stdout] 
[INFO] [stderr] error: doctest failed, to rerun pass `--doc`
[INFO] running `Command { std: "docker" "inspect" "2383aa43f0303ccfde147338f7d97450dadb7ad71627ebc03c7d05745406ebcf", kill_on_drop: false }`
[INFO] running `Command { std: "docker" "rm" "-f" "2383aa43f0303ccfde147338f7d97450dadb7ad71627ebc03c7d05745406ebcf", kill_on_drop: false }`
[INFO] [stdout] 2383aa43f0303ccfde147338f7d97450dadb7ad71627ebc03c7d05745406ebcf
