[INFO] fetching crate vectorview 0.1.0...
[INFO] testing vectorview-0.1.0 against 1.83.0 for beta-1.84.0-4-retry
[INFO] extracting crate vectorview 0.1.0 into /workspace/builds/worker-4-tc1/source
[INFO] validating manifest of crates.io crate vectorview 0.1.0 on toolchain 1.83.0
[INFO] running `Command { std: CARGO_HOME="/workspace/cargo-home" RUSTUP_HOME="/workspace/rustup-home" "/workspace/cargo-home/bin/cargo" "+1.83.0" "metadata" "--manifest-path" "Cargo.toml" "--no-deps", kill_on_drop: false }`
[INFO] started tweaking crates.io crate vectorview 0.1.0
[INFO] finished tweaking crates.io crate vectorview 0.1.0
[INFO] tweaked toml for crates.io crate vectorview 0.1.0 written to /workspace/builds/worker-4-tc1/source/Cargo.toml
[INFO] running `Command { std: CARGO_HOME="/workspace/cargo-home" RUSTUP_HOME="/workspace/rustup-home" "/workspace/cargo-home/bin/cargo" "+1.83.0" "generate-lockfile" "--manifest-path" "Cargo.toml", kill_on_drop: false }`
[INFO] [stderr]     Updating crates.io index
[INFO] [stderr]     Blocking waiting for file lock on package cache
[INFO] [stderr]      Locking 60 packages to latest compatible versions
[INFO] [stderr]       Adding rpg-stat v3.0.0 (available: v2021.12.16)
[INFO] [stderr]       Adding svg v0.10.0 (available: v0.18.0)
[INFO] running `Command { std: CARGO_HOME="/workspace/cargo-home" RUSTUP_HOME="/workspace/rustup-home" "/workspace/cargo-home/bin/cargo" "+1.83.0" "fetch" "--manifest-path" "Cargo.toml", kill_on_drop: false }`
[INFO] [stderr]     Blocking waiting for file lock on package cache
[INFO] [stderr]     Blocking waiting for file lock on package cache
[INFO] [stderr]  Downloading crates ...
[INFO] [stderr]   Downloaded rpg-stat v3.0.0
[INFO] running `Command { std: "docker" "create" "-v" "/var/lib/crater-agent-workspace/builds/worker-4-tc1/target:/opt/rustwide/target:rw,Z" "-v" "/var/lib/crater-agent-workspace/builds/worker-4-tc1/source:/opt/rustwide/workdir:ro,Z" "-v" "/var/lib/crater-agent-workspace/cargo-home:/opt/rustwide/cargo-home:ro,Z" "-v" "/var/lib/crater-agent-workspace/rustup-home:/opt/rustwide/rustup-home:ro,Z" "-e" "SOURCE_DIR=/opt/rustwide/workdir" "-e" "CARGO_TARGET_DIR=/opt/rustwide/target" "-e" "CARGO_HOME=/opt/rustwide/cargo-home" "-e" "RUSTUP_HOME=/opt/rustwide/rustup-home" "-w" "/opt/rustwide/workdir" "-m" "1610612736" "--user" "0:0" "--network" "none" "ghcr.io/rust-lang/crates-build-env/linux@sha256:f3a9d4ad9d972b27faf3965f35b62e55ba32bbce8f20bc8fe909558a86702fde" "/opt/rustwide/cargo-home/bin/cargo" "+1.83.0" "metadata" "--no-deps" "--format-version=1", kill_on_drop: false }`
[INFO] [stdout] 09c5034e73477604ab6c919ea6e56f1ba4274e2cc384829f8ce6759a25806d0f
[INFO] running `Command { std: "docker" "start" "-a" "09c5034e73477604ab6c919ea6e56f1ba4274e2cc384829f8ce6759a25806d0f", kill_on_drop: false }`
[INFO] running `Command { std: "docker" "inspect" "09c5034e73477604ab6c919ea6e56f1ba4274e2cc384829f8ce6759a25806d0f", kill_on_drop: false }`
[INFO] running `Command { std: "docker" "rm" "-f" "09c5034e73477604ab6c919ea6e56f1ba4274e2cc384829f8ce6759a25806d0f", kill_on_drop: false }`
[INFO] [stdout] 09c5034e73477604ab6c919ea6e56f1ba4274e2cc384829f8ce6759a25806d0f
[INFO] running `Command { std: "docker" "create" "-v" "/var/lib/crater-agent-workspace/builds/worker-4-tc1/target:/opt/rustwide/target:rw,Z" "-v" "/var/lib/crater-agent-workspace/builds/worker-4-tc1/source:/opt/rustwide/workdir:ro,Z" "-v" "/var/lib/crater-agent-workspace/cargo-home:/opt/rustwide/cargo-home:ro,Z" "-v" "/var/lib/crater-agent-workspace/rustup-home:/opt/rustwide/rustup-home:ro,Z" "-e" "SOURCE_DIR=/opt/rustwide/workdir" "-e" "CARGO_TARGET_DIR=/opt/rustwide/target" "-e" "CARGO_INCREMENTAL=0" "-e" "RUST_BACKTRACE=full" "-e" "RUSTFLAGS=--cap-lints=warn" "-e" "RUSTDOCFLAGS=--cap-lints=warn" "-e" "CARGO_HOME=/opt/rustwide/cargo-home" "-e" "RUSTUP_HOME=/opt/rustwide/rustup-home" "-w" "/opt/rustwide/workdir" "-m" "1610612736" "--user" "0:0" "--network" "none" "ghcr.io/rust-lang/crates-build-env/linux@sha256:f3a9d4ad9d972b27faf3965f35b62e55ba32bbce8f20bc8fe909558a86702fde" "/opt/rustwide/cargo-home/bin/cargo" "+1.83.0" "build" "--frozen" "--message-format=json", kill_on_drop: false }`
[INFO] [stdout] e98b9ff2f94286013e6406d1f3f53f0273da528404b789683eef3ab5e9455481
[INFO] running `Command { std: "docker" "start" "-a" "e98b9ff2f94286013e6406d1f3f53f0273da528404b789683eef3ab5e9455481", kill_on_drop: false }`
[INFO] [stderr]    Compiling svg v0.10.0
[INFO] [stderr]    Compiling vectorview v0.1.0 (/opt/rustwide/workdir)
[INFO] [stdout] warning: unused import: `std::fmt`
[INFO] [stdout]  --> src/svg.rs:1:5
[INFO] [stdout]   |
[INFO] [stdout] 1 | use std::fmt;
[INFO] [stdout]   |     ^^^^^^^^
[INFO] [stdout]   |
[INFO] [stdout]   = note: `#[warn(unused_imports)]` on by default
[INFO] [stdout] 
[INFO] [stdout] 
[INFO] [stdout] warning: unused import: `svg::Document`
[INFO] [stdout]  --> src/svg.rs:2:5
[INFO] [stdout]   |
[INFO] [stdout] 2 | use svg::Document;
[INFO] [stdout]   |     ^^^^^^^^^^^^^
[INFO] [stdout] 
[INFO] [stdout] 
[INFO] [stdout] warning: unused import: `Filter`
[INFO] [stdout]  --> src/svg.rs:3:35
[INFO] [stdout]   |
[INFO] [stdout] 3 | use svg::node::element::{Ellipse, Filter, Rectangle, path::Data, Path};
[INFO] [stdout]   |                                   ^^^^^^
[INFO] [stdout] 
[INFO] [stdout] 
[INFO] [stdout] warning: unused import: `Teeth`
[INFO] [stdout]  --> src/prelude.rs:1:20
[INFO] [stdout]   |
[INFO] [stdout] 1 | use crate::enums::{Teeth, Expression};
[INFO] [stdout]   |                    ^^^^^
[INFO] [stdout] 
[INFO] [stdout] 
[INFO] [stdout] warning: unused variable: `anger`
[INFO] [stdout]   --> src/svg.rs:43:139
[INFO] [stdout]    |
[INFO] [stdout] 43 | ...olor:&str, teeth_color:&str,  anger:bool, teeth:Teeth) -> Group {
[INFO] [stdout]    |                                  ^^^^^ help: if this is intentional, prefix it with an underscore: `_anger`
[INFO] [stdout]    |
[INFO] [stdout]    = note: `#[warn(unused_variables)]` on by default
[INFO] [stdout] 
[INFO] [stdout] 
[INFO] [stdout] warning: unused variable: `hand`
[INFO] [stdout]    --> src/svg.rs:140:13
[INFO] [stdout]     |
[INFO] [stdout] 140 |         let hand = skin_color;
[INFO] [stdout]     |             ^^^^ help: if this is intentional, prefix it with an underscore: `_hand`
[INFO] [stdout] 
[INFO] [stdout] 
[INFO] [stdout] warning: unused variable: `jaw_w`
[INFO] [stdout]    --> src/svg.rs:252:13
[INFO] [stdout]     |
[INFO] [stdout] 252 |         let jaw_w:f64 = face_w / 3.0;//(face_w / 16.0) * 8.5;
[INFO] [stdout]     |             ^^^^^ help: if this is intentional, prefix it with an underscore: `_jaw_w`
[INFO] [stdout] 
[INFO] [stdout] 
[INFO] [stdout] warning: unused variable: `ear_h`
[INFO] [stdout]    --> src/svg.rs:260:13
[INFO] [stdout]     |
[INFO] [stdout] 260 |         let ear_h:f64 = nose_h;
[INFO] [stdout]     |             ^^^^^ help: if this is intentional, prefix it with an underscore: `_ear_h`
[INFO] [stdout] 
[INFO] [stdout] 
[INFO] [stdout] warning: unused variable: `ear_rx`
[INFO] [stdout]    --> src/svg.rs:261:13
[INFO] [stdout]     |
[INFO] [stdout] 261 |         let ear_rx:f64 = face_x + face_w - spacer;
[INFO] [stdout]     |             ^^^^^^ help: if this is intentional, prefix it with an underscore: `_ear_rx`
[INFO] [stdout] 
[INFO] [stdout] 
[INFO] [stdout] warning: unused variable: `h`
[INFO] [stdout]    --> src/svg.rs:339:45
[INFO] [stdout]     |
[INFO] [stdout] 339 |     fn get_fang(&self, x:f64, y:f64, w:f64, h:f64, color:&str, opacity:f64, amount:usize, current:usize) -> Path {
[INFO] [stdout]     |                                             ^ help: if this is intentional, prefix it with an underscore: `_h`
[INFO] [stdout] 
[INFO] [stdout] 
[INFO] [stdout] warning: unused variable: `opacity`
[INFO] [stdout]  --> src/prelude.rs:6:66
[INFO] [stdout]   |
[INFO] [stdout] 6 |     fn make_image(&self, x:f64, y:f64, w:f64, h:f64, color:&str, opacity:f64) -> Group {
[INFO] [stdout]   |                                                                  ^^^^^^^ help: if this is intentional, prefix it with an underscore: `_opacity`
[INFO] [stdout] 
[INFO] [stdout] 
[INFO] [stdout] warning: call to `.clone()` on a reference in this situation does nothing
[INFO] [stdout]   --> src/svg.rs:19:44
[INFO] [stdout]    |
[INFO] [stdout] 19 |         self.make_eye_default(x,y,w,h,color.clone())
[INFO] [stdout]    |                                            ^^^^^^^^ help: remove this redundant call
[INFO] [stdout]    |
[INFO] [stdout]    = note: the type `str` does not implement `Clone`, so calling `clone` on `&str` copies the reference, which does not do anything and can be removed
[INFO] [stdout]    = note: `#[warn(noop_method_call)]` on by default
[INFO] [stdout] 
[INFO] [stdout] 
[INFO] [stdout] warning: call to `.clone()` on a reference in this situation does nothing
[INFO] [stdout]   --> src/svg.rs:80:44
[INFO] [stdout]    |
[INFO] [stdout] 80 |         self.make_smile_mouth(x,y,w,h,color.clone(), teeth)
[INFO] [stdout]    |                                            ^^^^^^^^ help: remove this redundant call
[INFO] [stdout]    |
[INFO] [stdout]    = note: the type `str` does not implement `Clone`, so calling `clone` on `&str` copies the reference, which does not do anything and can be removed
[INFO] [stdout] 
[INFO] [stdout] 
[INFO] [stdout] warning: call to `.clone()` on a reference in this situation does nothing
[INFO] [stdout]  --> src/prelude.rs:8:68
[INFO] [stdout]   |
[INFO] [stdout] 8 |             Expression::Smile =>self.make_simple_body(x,y,w,h,color.clone(),"#00004a","orange", "#76612d"),
[INFO] [stdout]   |                                                                    ^^^^^^^^ help: remove this redundant call
[INFO] [stdout]   |
[INFO] [stdout]   = note: the type `str` does not implement `Clone`, so calling `clone` on `&str` copies the reference, which does not do anything and can be removed
[INFO] [stdout] 
[INFO] [stdout] 
[INFO] [stdout] warning: call to `.clone()` on a reference in this situation does nothing
[INFO] [stdout]  --> src/prelude.rs:9:52
[INFO] [stdout]   |
[INFO] [stdout] 9 |             _=> self.make_simple_body(x,y,w,h,color.clone(),"brown","purple", "green"),
[INFO] [stdout]   |                                                    ^^^^^^^^ help: remove this redundant call
[INFO] [stdout]   |
[INFO] [stdout]   = note: the type `str` does not implement `Clone`, so calling `clone` on `&str` copies the reference, which does not do anything and can be removed
[INFO] [stdout] 
[INFO] [stdout] 
[INFO] [stderr]     Finished `dev` profile [unoptimized + debuginfo] target(s) in 1.15s
[INFO] [stderr] warning: the following packages contain code that will be rejected by a future version of Rust: svg v0.10.0
[INFO] [stderr] note: to see what the problems were, use the option `--future-incompat-report`, or run `cargo report future-incompatibilities --id 1`
[INFO] running `Command { std: "docker" "inspect" "e98b9ff2f94286013e6406d1f3f53f0273da528404b789683eef3ab5e9455481", kill_on_drop: false }`
[INFO] running `Command { std: "docker" "rm" "-f" "e98b9ff2f94286013e6406d1f3f53f0273da528404b789683eef3ab5e9455481", kill_on_drop: false }`
[INFO] [stdout] e98b9ff2f94286013e6406d1f3f53f0273da528404b789683eef3ab5e9455481
[INFO] running `Command { std: "docker" "create" "-v" "/var/lib/crater-agent-workspace/builds/worker-4-tc1/target:/opt/rustwide/target:rw,Z" "-v" "/var/lib/crater-agent-workspace/builds/worker-4-tc1/source:/opt/rustwide/workdir:ro,Z" "-v" "/var/lib/crater-agent-workspace/cargo-home:/opt/rustwide/cargo-home:ro,Z" "-v" "/var/lib/crater-agent-workspace/rustup-home:/opt/rustwide/rustup-home:ro,Z" "-e" "SOURCE_DIR=/opt/rustwide/workdir" "-e" "CARGO_TARGET_DIR=/opt/rustwide/target" "-e" "CARGO_INCREMENTAL=0" "-e" "RUST_BACKTRACE=full" "-e" "RUSTFLAGS=--cap-lints=warn" "-e" "RUSTDOCFLAGS=--cap-lints=warn" "-e" "CARGO_HOME=/opt/rustwide/cargo-home" "-e" "RUSTUP_HOME=/opt/rustwide/rustup-home" "-w" "/opt/rustwide/workdir" "-m" "1610612736" "--user" "0:0" "--network" "none" "ghcr.io/rust-lang/crates-build-env/linux@sha256:f3a9d4ad9d972b27faf3965f35b62e55ba32bbce8f20bc8fe909558a86702fde" "/opt/rustwide/cargo-home/bin/cargo" "+1.83.0" "test" "--frozen" "--no-run" "--message-format=json", kill_on_drop: false }`
[INFO] [stdout] 5aff3047afe5a4e6180f0d13ebe12adc6f279a82ac9ecf9243e7f3f7c6a31813
[INFO] running `Command { std: "docker" "start" "-a" "5aff3047afe5a4e6180f0d13ebe12adc6f279a82ac9ecf9243e7f3f7c6a31813", kill_on_drop: false }`
[INFO] [stdout] warning: unused import: `std::fmt`
[INFO] [stdout]  --> src/svg.rs:1:5
[INFO] [stdout]   |
[INFO] [stdout] 1 | use std::fmt;
[INFO] [stdout]   |     ^^^^^^^^
[INFO] [stdout]   |
[INFO] [stdout]   = note: `#[warn(unused_imports)]` on by default
[INFO] [stdout] 
[INFO] [stdout] 
[INFO] [stdout] warning: unused import: `svg::Document`
[INFO] [stdout]  --> src/svg.rs:2:5
[INFO] [stdout]   |
[INFO] [stdout] 2 | use svg::Document;
[INFO] [stdout]   |     ^^^^^^^^^^^^^
[INFO] [stdout] 
[INFO] [stdout] 
[INFO] [stderr]    Compiling vectorview v0.1.0 (/opt/rustwide/workdir)
[INFO] [stdout] warning: unused import: `Filter`
[INFO] [stdout]  --> src/svg.rs:3:35
[INFO] [stdout]   |
[INFO] [stdout] 3 | use svg::node::element::{Ellipse, Filter, Rectangle, path::Data, Path};
[INFO] [stdout]   |                                   ^^^^^^
[INFO] [stdout] 
[INFO] [stdout] 
[INFO] [stdout] warning: unused import: `Teeth`
[INFO] [stdout]  --> src/prelude.rs:1:20
[INFO] [stdout]   |
[INFO] [stdout] 1 | use crate::enums::{Teeth, Expression};
[INFO] [stdout]   |                    ^^^^^
[INFO] [stdout] 
[INFO] [stdout] 
[INFO] [stdout] warning: unused variable: `anger`
[INFO] [stdout]   --> src/svg.rs:43:139
[INFO] [stdout]    |
[INFO] [stdout] 43 | ...olor:&str, teeth_color:&str,  anger:bool, teeth:Teeth) -> Group {
[INFO] [stdout]    |                                  ^^^^^ help: if this is intentional, prefix it with an underscore: `_anger`
[INFO] [stdout]    |
[INFO] [stdout]    = note: `#[warn(unused_variables)]` on by default
[INFO] [stdout] 
[INFO] [stdout] 
[INFO] [stdout] warning: unused variable: `hand`
[INFO] [stdout]    --> src/svg.rs:140:13
[INFO] [stdout]     |
[INFO] [stdout] 140 |         let hand = skin_color;
[INFO] [stdout]     |             ^^^^ help: if this is intentional, prefix it with an underscore: `_hand`
[INFO] [stdout] 
[INFO] [stdout] 
[INFO] [stdout] warning: unused variable: `jaw_w`
[INFO] [stdout]    --> src/svg.rs:252:13
[INFO] [stdout]     |
[INFO] [stdout] 252 |         let jaw_w:f64 = face_w / 3.0;//(face_w / 16.0) * 8.5;
[INFO] [stdout]     |             ^^^^^ help: if this is intentional, prefix it with an underscore: `_jaw_w`
[INFO] [stdout] 
[INFO] [stdout] 
[INFO] [stdout] warning: unused variable: `ear_h`
[INFO] [stdout]    --> src/svg.rs:260:13
[INFO] [stdout]     |
[INFO] [stdout] 260 |         let ear_h:f64 = nose_h;
[INFO] [stdout]     |             ^^^^^ help: if this is intentional, prefix it with an underscore: `_ear_h`
[INFO] [stdout] 
[INFO] [stdout] 
[INFO] [stdout] warning: unused variable: `ear_rx`
[INFO] [stdout]    --> src/svg.rs:261:13
[INFO] [stdout]     |
[INFO] [stdout] 261 |         let ear_rx:f64 = face_x + face_w - spacer;
[INFO] [stdout]     |             ^^^^^^ help: if this is intentional, prefix it with an underscore: `_ear_rx`
[INFO] [stdout] 
[INFO] [stdout] 
[INFO] [stdout] warning: unused variable: `h`
[INFO] [stdout]    --> src/svg.rs:339:45
[INFO] [stdout]     |
[INFO] [stdout] 339 |     fn get_fang(&self, x:f64, y:f64, w:f64, h:f64, color:&str, opacity:f64, amount:usize, current:usize) -> Path {
[INFO] [stdout]     |                                             ^ help: if this is intentional, prefix it with an underscore: `_h`
[INFO] [stdout] 
[INFO] [stdout] 
[INFO] [stdout] warning: unused variable: `opacity`
[INFO] [stdout]  --> src/prelude.rs:6:66
[INFO] [stdout]   |
[INFO] [stdout] 6 |     fn make_image(&self, x:f64, y:f64, w:f64, h:f64, color:&str, opacity:f64) -> Group {
[INFO] [stdout]   |                                                                  ^^^^^^^ help: if this is intentional, prefix it with an underscore: `_opacity`
[INFO] [stdout] 
[INFO] [stdout] 
[INFO] [stdout] warning: call to `.clone()` on a reference in this situation does nothing
[INFO] [stdout]   --> src/svg.rs:19:44
[INFO] [stdout]    |
[INFO] [stdout] 19 |         self.make_eye_default(x,y,w,h,color.clone())
[INFO] [stdout]    |                                            ^^^^^^^^ help: remove this redundant call
[INFO] [stdout]    |
[INFO] [stdout]    = note: the type `str` does not implement `Clone`, so calling `clone` on `&str` copies the reference, which does not do anything and can be removed
[INFO] [stdout]    = note: `#[warn(noop_method_call)]` on by default
[INFO] [stdout] 
[INFO] [stdout] 
[INFO] [stdout] warning: call to `.clone()` on a reference in this situation does nothing
[INFO] [stdout]   --> src/svg.rs:80:44
[INFO] [stdout]    |
[INFO] [stdout] 80 |         self.make_smile_mouth(x,y,w,h,color.clone(), teeth)
[INFO] [stdout]    |                                            ^^^^^^^^ help: remove this redundant call
[INFO] [stdout]    |
[INFO] [stdout]    = note: the type `str` does not implement `Clone`, so calling `clone` on `&str` copies the reference, which does not do anything and can be removed
[INFO] [stdout] 
[INFO] [stdout] 
[INFO] [stdout] warning: call to `.clone()` on a reference in this situation does nothing
[INFO] [stdout]  --> src/prelude.rs:8:68
[INFO] [stdout]   |
[INFO] [stdout] 8 |             Expression::Smile =>self.make_simple_body(x,y,w,h,color.clone(),"#00004a","orange", "#76612d"),
[INFO] [stdout]   |                                                                    ^^^^^^^^ help: remove this redundant call
[INFO] [stdout]   |
[INFO] [stdout]   = note: the type `str` does not implement `Clone`, so calling `clone` on `&str` copies the reference, which does not do anything and can be removed
[INFO] [stdout] 
[INFO] [stdout] 
[INFO] [stdout] warning: call to `.clone()` on a reference in this situation does nothing
[INFO] [stdout]  --> src/prelude.rs:9:52
[INFO] [stdout]   |
[INFO] [stdout] 9 |             _=> self.make_simple_body(x,y,w,h,color.clone(),"brown","purple", "green"),
[INFO] [stdout]   |                                                    ^^^^^^^^ help: remove this redundant call
[INFO] [stdout]   |
[INFO] [stdout]   = note: the type `str` does not implement `Clone`, so calling `clone` on `&str` copies the reference, which does not do anything and can be removed
[INFO] [stdout] 
[INFO] [stdout] 
[INFO] [stdout] warning: unused import: `std::fmt`
[INFO] [stdout]  --> src/svg.rs:1:5
[INFO] [stdout]   |
[INFO] [stdout] 1 | use std::fmt;
[INFO] [stdout]   |     ^^^^^^^^
[INFO] [stdout]   |
[INFO] [stdout]   = note: `#[warn(unused_imports)]` on by default
[INFO] [stdout] 
[INFO] [stdout] 
[INFO] [stdout] warning: unused import: `svg::Document`
[INFO] [stdout]  --> src/svg.rs:2:5
[INFO] [stdout]   |
[INFO] [stdout] 2 | use svg::Document;
[INFO] [stdout]   |     ^^^^^^^^^^^^^
[INFO] [stdout] 
[INFO] [stdout] 
[INFO] [stdout] warning: unused import: `Filter`
[INFO] [stdout]  --> src/svg.rs:3:35
[INFO] [stdout]   |
[INFO] [stdout] 3 | use svg::node::element::{Ellipse, Filter, Rectangle, path::Data, Path};
[INFO] [stdout]   |                                   ^^^^^^
[INFO] [stdout] 
[INFO] [stdout] 
[INFO] [stdout] warning: unused import: `Teeth`
[INFO] [stdout]  --> src/prelude.rs:1:20
[INFO] [stdout]   |
[INFO] [stdout] 1 | use crate::enums::{Teeth, Expression};
[INFO] [stdout]   |                    ^^^^^
[INFO] [stdout] 
[INFO] [stdout] 
[INFO] [stdout] warning: unused import: `crate::prelude::*`
[INFO] [stdout]   --> src/lib.rs:11:9
[INFO] [stdout]    |
[INFO] [stdout] 11 |     use crate::prelude::*;
[INFO] [stdout]    |         ^^^^^^^^^^^^^^^^^
[INFO] [stdout] 
[INFO] [stdout] 
[INFO] [stdout] warning: unused variable: `anger`
[INFO] [stdout]   --> src/svg.rs:43:139
[INFO] [stdout]    |
[INFO] [stdout] 43 | ...olor:&str, teeth_color:&str,  anger:bool, teeth:Teeth) -> Group {
[INFO] [stdout]    |                                  ^^^^^ help: if this is intentional, prefix it with an underscore: `_anger`
[INFO] [stdout]    |
[INFO] [stdout]    = note: `#[warn(unused_variables)]` on by default
[INFO] [stdout] 
[INFO] [stdout] 
[INFO] [stdout] warning: unused variable: `hand`
[INFO] [stdout]    --> src/svg.rs:140:13
[INFO] [stdout]     |
[INFO] [stdout] 140 |         let hand = skin_color;
[INFO] [stdout]     |             ^^^^ help: if this is intentional, prefix it with an underscore: `_hand`
[INFO] [stdout] 
[INFO] [stdout] 
[INFO] [stdout] warning: unused variable: `jaw_w`
[INFO] [stdout]    --> src/svg.rs:252:13
[INFO] [stdout]     |
[INFO] [stdout] 252 |         let jaw_w:f64 = face_w / 3.0;//(face_w / 16.0) * 8.5;
[INFO] [stdout]     |             ^^^^^ help: if this is intentional, prefix it with an underscore: `_jaw_w`
[INFO] [stdout] 
[INFO] [stdout] 
[INFO] [stdout] warning: unused variable: `ear_h`
[INFO] [stdout]    --> src/svg.rs:260:13
[INFO] [stdout]     |
[INFO] [stdout] 260 |         let ear_h:f64 = nose_h;
[INFO] [stdout]     |             ^^^^^ help: if this is intentional, prefix it with an underscore: `_ear_h`
[INFO] [stdout] 
[INFO] [stdout] 
[INFO] [stdout] warning: unused variable: `ear_rx`
[INFO] [stdout]    --> src/svg.rs:261:13
[INFO] [stdout]     |
[INFO] [stdout] 261 |         let ear_rx:f64 = face_x + face_w - spacer;
[INFO] [stdout]     |             ^^^^^^ help: if this is intentional, prefix it with an underscore: `_ear_rx`
[INFO] [stdout] 
[INFO] [stdout] 
[INFO] [stdout] warning: unused variable: `h`
[INFO] [stdout]    --> src/svg.rs:339:45
[INFO] [stdout]     |
[INFO] [stdout] 339 |     fn get_fang(&self, x:f64, y:f64, w:f64, h:f64, color:&str, opacity:f64, amount:usize, current:usize) -> Path {
[INFO] [stdout]     |                                             ^ help: if this is intentional, prefix it with an underscore: `_h`
[INFO] [stdout] 
[INFO] [stdout] 
[INFO] [stdout] warning: unused variable: `opacity`
[INFO] [stdout]  --> src/prelude.rs:6:66
[INFO] [stdout]   |
[INFO] [stdout] 6 |     fn make_image(&self, x:f64, y:f64, w:f64, h:f64, color:&str, opacity:f64) -> Group {
[INFO] [stdout]   |                                                                  ^^^^^^^ help: if this is intentional, prefix it with an underscore: `_opacity`
[INFO] [stdout] 
[INFO] [stdout] 
[INFO] [stdout] warning: unused variable: `opacity`
[INFO] [stdout]   --> src/lib.rs:18:70
[INFO] [stdout]    |
[INFO] [stdout] 18 |         fn make_image(&self, x:f64, y:f64, w:f64, h:f64, color:&str, opacity:f64) -> Group {
[INFO] [stdout]    |                                                                      ^^^^^^^ help: if this is intentional, prefix it with an underscore: `_opacity`
[INFO] [stdout] 
[INFO] [stdout] 
[INFO] [stdout] warning: field `0` is never read
[INFO] [stdout]   --> src/lib.rs:16:21
[INFO] [stdout]    |
[INFO] [stdout] 16 |     pub struct Test(u32);
[INFO] [stdout]    |                ---- ^^^
[INFO] [stdout]    |                |
[INFO] [stdout]    |                field in this struct
[INFO] [stdout]    |
[INFO] [stdout]    = help: consider removing this field
[INFO] [stdout]    = note: `#[warn(dead_code)]` on by default
[INFO] [stdout] 
[INFO] [stdout] 
[INFO] [stdout] warning: call to `.clone()` on a reference in this situation does nothing
[INFO] [stdout]   --> src/svg.rs:19:44
[INFO] [stdout]    |
[INFO] [stdout] 19 |         self.make_eye_default(x,y,w,h,color.clone())
[INFO] [stdout]    |                                            ^^^^^^^^ help: remove this redundant call
[INFO] [stdout]    |
[INFO] [stdout]    = note: the type `str` does not implement `Clone`, so calling `clone` on `&str` copies the reference, which does not do anything and can be removed
[INFO] [stdout]    = note: `#[warn(noop_method_call)]` on by default
[INFO] [stdout] 
[INFO] [stdout] 
[INFO] [stdout] warning: call to `.clone()` on a reference in this situation does nothing
[INFO] [stdout]   --> src/svg.rs:80:44
[INFO] [stdout]    |
[INFO] [stdout] 80 |         self.make_smile_mouth(x,y,w,h,color.clone(), teeth)
[INFO] [stdout]    |                                            ^^^^^^^^ help: remove this redundant call
[INFO] [stdout]    |
[INFO] [stdout]    = note: the type `str` does not implement `Clone`, so calling `clone` on `&str` copies the reference, which does not do anything and can be removed
[INFO] [stdout] 
[INFO] [stdout] 
[INFO] [stdout] warning: call to `.clone()` on a reference in this situation does nothing
[INFO] [stdout]  --> src/prelude.rs:8:68
[INFO] [stdout]   |
[INFO] [stdout] 8 |             Expression::Smile =>self.make_simple_body(x,y,w,h,color.clone(),"#00004a","orange", "#76612d"),
[INFO] [stdout]   |                                                                    ^^^^^^^^ help: remove this redundant call
[INFO] [stdout]   |
[INFO] [stdout]   = note: the type `str` does not implement `Clone`, so calling `clone` on `&str` copies the reference, which does not do anything and can be removed
[INFO] [stdout] 
[INFO] [stdout] 
[INFO] [stdout] warning: call to `.clone()` on a reference in this situation does nothing
[INFO] [stdout]  --> src/prelude.rs:9:52
[INFO] [stdout]   |
[INFO] [stdout] 9 |             _=> self.make_simple_body(x,y,w,h,color.clone(),"brown","purple", "green"),
[INFO] [stdout]   |                                                    ^^^^^^^^ help: remove this redundant call
[INFO] [stdout]   |
[INFO] [stdout]   = note: the type `str` does not implement `Clone`, so calling `clone` on `&str` copies the reference, which does not do anything and can be removed
[INFO] [stdout] 
[INFO] [stdout] 
[INFO] [stderr]     Finished `test` profile [unoptimized + debuginfo] target(s) in 0.81s
[INFO] [stderr] warning: the following packages contain code that will be rejected by a future version of Rust: svg v0.10.0
[INFO] [stderr] note: to see what the problems were, use the option `--future-incompat-report`, or run `cargo report future-incompatibilities --id 1`
[INFO] running `Command { std: "docker" "inspect" "5aff3047afe5a4e6180f0d13ebe12adc6f279a82ac9ecf9243e7f3f7c6a31813", kill_on_drop: false }`
[INFO] running `Command { std: "docker" "rm" "-f" "5aff3047afe5a4e6180f0d13ebe12adc6f279a82ac9ecf9243e7f3f7c6a31813", kill_on_drop: false }`
[INFO] [stdout] 5aff3047afe5a4e6180f0d13ebe12adc6f279a82ac9ecf9243e7f3f7c6a31813
[INFO] running `Command { std: "docker" "create" "-v" "/var/lib/crater-agent-workspace/builds/worker-4-tc1/target:/opt/rustwide/target:rw,Z" "-v" "/var/lib/crater-agent-workspace/builds/worker-4-tc1/source:/opt/rustwide/workdir:ro,Z" "-v" "/var/lib/crater-agent-workspace/cargo-home:/opt/rustwide/cargo-home:ro,Z" "-v" "/var/lib/crater-agent-workspace/rustup-home:/opt/rustwide/rustup-home:ro,Z" "-e" "SOURCE_DIR=/opt/rustwide/workdir" "-e" "CARGO_TARGET_DIR=/opt/rustwide/target" "-e" "CARGO_INCREMENTAL=0" "-e" "RUST_BACKTRACE=full" "-e" "RUSTFLAGS=--cap-lints=warn" "-e" "RUSTDOCFLAGS=--cap-lints=warn" "-e" "CARGO_HOME=/opt/rustwide/cargo-home" "-e" "RUSTUP_HOME=/opt/rustwide/rustup-home" "-w" "/opt/rustwide/workdir" "-m" "1610612736" "--user" "0:0" "--network" "none" "ghcr.io/rust-lang/crates-build-env/linux@sha256:f3a9d4ad9d972b27faf3965f35b62e55ba32bbce8f20bc8fe909558a86702fde" "/opt/rustwide/cargo-home/bin/cargo" "+1.83.0" "test" "--frozen", kill_on_drop: false }`
[INFO] [stdout] 8516c4ee26f3052544233789264a6ec264a45cb193e95ab512942b2cf8a83767
[INFO] running `Command { std: "docker" "start" "-a" "8516c4ee26f3052544233789264a6ec264a45cb193e95ab512942b2cf8a83767", kill_on_drop: false }`
[INFO] [stderr] warning: unused import: `std::fmt`
[INFO] [stderr]  --> src/svg.rs:1:5
[INFO] [stderr]   |
[INFO] [stderr] 1 | use std::fmt;
[INFO] [stderr]   |     ^^^^^^^^
[INFO] [stderr]   |
[INFO] [stderr]   = note: `#[warn(unused_imports)]` on by default
[INFO] [stderr] 
[INFO] [stderr] warning: unused import: `svg::Document`
[INFO] [stderr]  --> src/svg.rs:2:5
[INFO] [stderr]   |
[INFO] [stderr] 2 | use svg::Document;
[INFO] [stderr]   |     ^^^^^^^^^^^^^
[INFO] [stderr] 
[INFO] [stderr] warning: unused import: `Filter`
[INFO] [stderr]  --> src/svg.rs:3:35
[INFO] [stderr]   |
[INFO] [stderr] 3 | use svg::node::element::{Ellipse, Filter, Rectangle, path::Data, Path};
[INFO] [stderr]   |                                   ^^^^^^
[INFO] [stderr] 
[INFO] [stderr] warning: unused import: `Teeth`
[INFO] [stderr]  --> src/prelude.rs:1:20
[INFO] [stderr]   |
[INFO] [stderr] 1 | use crate::enums::{Teeth, Expression};
[INFO] [stderr]   |                    ^^^^^
[INFO] [stderr] 
[INFO] [stderr] warning: unused variable: `anger`
[INFO] [stderr]   --> src/svg.rs:43:139
[INFO] [stderr]    |
[INFO] [stderr] 43 | ...olor:&str, teeth_color:&str,  anger:bool, teeth:Teeth) -> Group {
[INFO] [stderr]    |                                  ^^^^^ help: if this is intentional, prefix it with an underscore: `_anger`
[INFO] [stderr]    |
[INFO] [stderr]    = note: `#[warn(unused_variables)]` on by default
[INFO] [stderr] 
[INFO] [stderr] warning: unused variable: `hand`
[INFO] [stderr]    --> src/svg.rs:140:13
[INFO] [stderr]     |
[INFO] [stderr] 140 |         let hand = skin_color;
[INFO] [stderr]     |             ^^^^ help: if this is intentional, prefix it with an underscore: `_hand`
[INFO] [stderr] 
[INFO] [stderr] warning: unused variable: `jaw_w`
[INFO] [stderr]    --> src/svg.rs:252:13
[INFO] [stderr]     |
[INFO] [stderr] 252 |         let jaw_w:f64 = face_w / 3.0;//(face_w / 16.0) * 8.5;
[INFO] [stderr]     |             ^^^^^ help: if this is intentional, prefix it with an underscore: `_jaw_w`
[INFO] [stderr] 
[INFO] [stderr] warning: unused variable: `ear_h`
[INFO] [stderr]    --> src/svg.rs:260:13
[INFO] [stderr]     |
[INFO] [stderr] 260 |         let ear_h:f64 = nose_h;
[INFO] [stderr]     |             ^^^^^ help: if this is intentional, prefix it with an underscore: `_ear_h`
[INFO] [stderr] 
[INFO] [stderr] warning: unused variable: `ear_rx`
[INFO] [stderr]    --> src/svg.rs:261:13
[INFO] [stderr]     |
[INFO] [stderr] 261 |         let ear_rx:f64 = face_x + face_w - spacer;
[INFO] [stderr]     |             ^^^^^^ help: if this is intentional, prefix it with an underscore: `_ear_rx`
[INFO] [stderr] 
[INFO] [stderr] warning: unused variable: `h`
[INFO] [stderr]    --> src/svg.rs:339:45
[INFO] [stderr]     |
[INFO] [stderr] 339 |     fn get_fang(&self, x:f64, y:f64, w:f64, h:f64, color:&str, opacity:f64, amount:usize, current:usize) -> Path {
[INFO] [stderr]     |                                             ^ help: if this is intentional, prefix it with an underscore: `_h`
[INFO] [stderr] 
[INFO] [stderr] warning: unused variable: `opacity`
[INFO] [stderr]  --> src/prelude.rs:6:66
[INFO] [stderr]   |
[INFO] [stderr] 6 |     fn make_image(&self, x:f64, y:f64, w:f64, h:f64, color:&str, opacity:f64) -> Group {
[INFO] [stderr]   |                                                                  ^^^^^^^ help: if this is intentional, prefix it with an underscore: `_opacity`
[INFO] [stderr] 
[INFO] [stderr] warning: call to `.clone()` on a reference in this situation does nothing
[INFO] [stderr]   --> src/svg.rs:19:44
[INFO] [stderr]    |
[INFO] [stderr] 19 |         self.make_eye_default(x,y,w,h,color.clone())
[INFO] [stderr]    |                                            ^^^^^^^^ help: remove this redundant call
[INFO] [stderr]    |
[INFO] [stderr]    = note: the type `str` does not implement `Clone`, so calling `clone` on `&str` copies the reference, which does not do anything and can be removed
[INFO] [stderr]    = note: `#[warn(noop_method_call)]` on by default
[INFO] [stderr] 
[INFO] [stderr] warning: call to `.clone()` on a reference in this situation does nothing
[INFO] [stderr]   --> src/svg.rs:80:44
[INFO] [stderr]    |
[INFO] [stderr] 80 |         self.make_smile_mouth(x,y,w,h,color.clone(), teeth)
[INFO] [stderr]    |                                            ^^^^^^^^ help: remove this redundant call
[INFO] [stderr]    |
[INFO] [stderr]    = note: the type `str` does not implement `Clone`, so calling `clone` on `&str` copies the reference, which does not do anything and can be removed
[INFO] [stderr] 
[INFO] [stderr] warning: call to `.clone()` on a reference in this situation does nothing
[INFO] [stderr]  --> src/prelude.rs:8:68
[INFO] [stderr]   |
[INFO] [stderr] 8 |             Expression::Smile =>self.make_simple_body(x,y,w,h,color.clone(),"#00004a","orange", "#76612d"),
[INFO] [stderr]   |                                                                    ^^^^^^^^ help: remove this redundant call
[INFO] [stderr]   |
[INFO] [stderr]   = note: the type `str` does not implement `Clone`, so calling `clone` on `&str` copies the reference, which does not do anything and can be removed
[INFO] [stderr] 
[INFO] [stderr] warning: call to `.clone()` on a reference in this situation does nothing
[INFO] [stderr]  --> src/prelude.rs:9:52
[INFO] [stderr]   |
[INFO] [stderr] 9 |             _=> self.make_simple_body(x,y,w,h,color.clone(),"brown","purple", "green"),
[INFO] [stderr]   |                                                    ^^^^^^^^ help: remove this redundant call
[INFO] [stderr]   |
[INFO] [stderr]   = note: the type `str` does not implement `Clone`, so calling `clone` on `&str` copies the reference, which does not do anything and can be removed
[INFO] [stderr] 
[INFO] [stderr] warning: `vectorview` (lib) generated 15 warnings (run `cargo fix --lib -p vectorview` to apply 8 suggestions)
[INFO] [stderr] warning: unused import: `crate::prelude::*`
[INFO] [stderr]   --> src/lib.rs:11:9
[INFO] [stderr]    |
[INFO] [stderr] 11 |     use crate::prelude::*;
[INFO] [stderr]    |         ^^^^^^^^^^^^^^^^^
[INFO] [stderr] 
[INFO] [stderr] warning: unused variable: `opacity`
[INFO] [stderr]   --> src/lib.rs:18:70
[INFO] [stderr]    |
[INFO] [stderr] 18 |         fn make_image(&self, x:f64, y:f64, w:f64, h:f64, color:&str, opacity:f64) -> Group {
[INFO] [stderr]    |                                                                      ^^^^^^^ help: if this is intentional, prefix it with an underscore: `_opacity`
[INFO] [stderr] 
[INFO] [stderr] warning: field `0` is never read
[INFO] [stderr]   --> src/lib.rs:16:21
[INFO] [stderr]    |
[INFO] [stderr] 16 |     pub struct Test(u32);
[INFO] [stderr]    |                ---- ^^^
[INFO] [stderr]    |                |
[INFO] [stderr]    |                field in this struct
[INFO] [stderr]    |
[INFO] [stderr]    = help: consider removing this field
[INFO] [stderr]    = note: `#[warn(dead_code)]` on by default
[INFO] [stderr] 
[INFO] [stderr] warning: `vectorview` (lib test) generated 18 warnings (15 duplicates) (run `cargo fix --lib -p vectorview --tests` to apply 1 suggestion)
[INFO] [stderr]     Finished `test` profile [unoptimized + debuginfo] target(s) in 0.03s
[INFO] [stderr] warning: the following packages contain code that will be rejected by a future version of Rust: svg v0.10.0
[INFO] [stderr] note: to see what the problems were, use the option `--future-incompat-report`, or run `cargo report future-incompatibilities --id 1`
[INFO] [stderr]      Running unittests src/lib.rs (/opt/rustwide/target/debug/deps/vectorview-0d002821c74db966)
[INFO] [stdout] 
[INFO] [stdout] running 2 tests
[INFO] [stdout] test tests::test_vector_effect ... FAILED
[INFO] [stdout] test tests::test_vector_expression ... FAILED
[INFO] [stdout] 
[INFO] [stdout] failures:
[INFO] [stdout] 
[INFO] [stdout] ---- tests::test_vector_effect stdout ----
[INFO] [stdout] thread 'tests::test_vector_effect' panicked at src/lib.rs:44:44:
[INFO] [stdout] called `Result::unwrap()` on an `Err` value: Os { code: 30, kind: ReadOnlyFilesystem, message: "Read-only file system" }
[INFO] [stdout] stack backtrace:
[INFO] [stdout]    0:     0x5c694da42b1a - std::backtrace_rs::backtrace::libunwind::trace::h5a5b8284f2d0c266
[INFO] [stdout]                                at /rustc/90b35a6239c3d8bdabc530a6a0816f7ff89a0aaf/library/std/src/../../backtrace/src/backtrace/libunwind.rs:116:5
[INFO] [stdout]    1:     0x5c694da42b1a - std::backtrace_rs::backtrace::trace_unsynchronized::h76d4f1c9b0b875e3
[INFO] [stdout]                                at /rustc/90b35a6239c3d8bdabc530a6a0816f7ff89a0aaf/library/std/src/../../backtrace/src/backtrace/mod.rs:66:5
[INFO] [stdout]    2:     0x5c694da42b1a - std::sys::backtrace::_print_fmt::hc4546b8364a537c6
[INFO] [stdout]                                at /rustc/90b35a6239c3d8bdabc530a6a0816f7ff89a0aaf/library/std/src/sys/backtrace.rs:66:9
[INFO] [stdout]    3:     0x5c694da42b1a - <std::sys::backtrace::BacktraceLock::print::DisplayBacktrace as core::fmt::Display>::fmt::h5b6bd5631a6d1f6b
[INFO] [stdout]                                at /rustc/90b35a6239c3d8bdabc530a6a0816f7ff89a0aaf/library/std/src/sys/backtrace.rs:39:26
[INFO] [stdout]    4:     0x5c694da68953 - core::fmt::rt::Argument::fmt::h270f6602a2b96f62
[INFO] [stdout]                                at /rustc/90b35a6239c3d8bdabc530a6a0816f7ff89a0aaf/library/core/src/fmt/rt.rs:177:76
[INFO] [stdout]    5:     0x5c694da68953 - core::fmt::write::h7550c97b06c86515
[INFO] [stdout]                                at /rustc/90b35a6239c3d8bdabc530a6a0816f7ff89a0aaf/library/core/src/fmt/mod.rs:1186:21
[INFO] [stdout]    6:     0x5c694da3fce3 - std::io::Write::write_fmt::h509ff860e5956e5e
[INFO] [stdout]                                at /rustc/90b35a6239c3d8bdabc530a6a0816f7ff89a0aaf/library/std/src/io/mod.rs:1839:15
[INFO] [stdout]    7:     0x5c694da42962 - std::sys::backtrace::BacktraceLock::print::h2395ccd2c84ba3aa
[INFO] [stdout]                                at /rustc/90b35a6239c3d8bdabc530a6a0816f7ff89a0aaf/library/std/src/sys/backtrace.rs:42:9
[INFO] [stdout]    8:     0x5c694da43f7a - std::panicking::default_hook::{{closure}}::he19d4c7230e07961
[INFO] [stdout]                                at /rustc/90b35a6239c3d8bdabc530a6a0816f7ff89a0aaf/library/std/src/panicking.rs:268:22
[INFO] [stdout]    9:     0x5c694da43d84 - std::panicking::default_hook::hf614597d3c67bbdb
[INFO] [stdout]                                at /rustc/90b35a6239c3d8bdabc530a6a0816f7ff89a0aaf/library/std/src/panicking.rs:292:9
[INFO] [stdout]   10:     0x5c694d9f4ca9 - <alloc::boxed::Box<F,A> as core::ops::function::Fn<Args>>::call::h39b51ce4599c23d1
[INFO] [stdout]                                at /rustc/90b35a6239c3d8bdabc530a6a0816f7ff89a0aaf/library/alloc/src/boxed.rs:2468:9
[INFO] [stdout]   11:     0x5c694d9f4ca9 - test::test_main::{{closure}}::he977ae839a582784
[INFO] [stdout]                                at /rustc/90b35a6239c3d8bdabc530a6a0816f7ff89a0aaf/library/test/src/lib.rs:133:21
[INFO] [stdout]   12:     0x5c694da44618 - <alloc::boxed::Box<F,A> as core::ops::function::Fn<Args>>::call::h9455091b6b06f9fb
[INFO] [stdout]                                at /rustc/90b35a6239c3d8bdabc530a6a0816f7ff89a0aaf/library/alloc/src/boxed.rs:2468:9
[INFO] [stdout]   13:     0x5c694da44618 - std::panicking::rust_panic_with_hook::h8942133a8b252070
[INFO] [stdout]                                at /rustc/90b35a6239c3d8bdabc530a6a0816f7ff89a0aaf/library/std/src/panicking.rs:809:13
[INFO] [stdout]   14:     0x5c694da443da - std::panicking::begin_panic_handler::{{closure}}::hb5f5963570096b29
[INFO] [stdout]                                at /rustc/90b35a6239c3d8bdabc530a6a0816f7ff89a0aaf/library/std/src/panicking.rs:674:13
[INFO] [stdout]   15:     0x5c694da42ff9 - std::sys::backtrace::__rust_end_short_backtrace::h6208cedc1922feda
[INFO] [stdout]                                at /rustc/90b35a6239c3d8bdabc530a6a0816f7ff89a0aaf/library/std/src/sys/backtrace.rs:170:18
[INFO] [stdout]   16:     0x5c694da4406c - rust_begin_unwind
[INFO] [stdout]                                at /rustc/90b35a6239c3d8bdabc530a6a0816f7ff89a0aaf/library/std/src/panicking.rs:665:5
[INFO] [stdout]   17:     0x5c694d9a6aa0 - core::panicking::panic_fmt::h0c3082644d1bf418
[INFO] [stdout]                                at /rustc/90b35a6239c3d8bdabc530a6a0816f7ff89a0aaf/library/core/src/panicking.rs:74:14
[INFO] [stdout]   18:     0x5c694d9a6ee6 - core::result::unwrap_failed::hd20b4aa073bda1e2
[INFO] [stdout]                                at /rustc/90b35a6239c3d8bdabc530a6a0816f7ff89a0aaf/library/core/src/result.rs:1700:5
[INFO] [stdout]   19:     0x5c694d9b167f - core::result::Result<T,E>::unwrap::h22bb1e4b14f73711
[INFO] [stdout]                                at /rustc/90b35a6239c3d8bdabc530a6a0816f7ff89a0aaf/library/core/src/result.rs:1104:23
[INFO] [stdout]   20:     0x5c694d9b167f - vectorview::tests::test_vector_effect::h3bd2d8dc8c5b40f8
[INFO] [stdout]                                at /opt/rustwide/workdir/src/lib.rs:44:9
[INFO] [stdout]   21:     0x5c694d9b1447 - vectorview::tests::test_vector_effect::{{closure}}::h02ee71077c02c64c
[INFO] [stdout]                                at /opt/rustwide/workdir/src/lib.rs:35:28
[INFO] [stdout]   22:     0x5c694d9b2ac6 - core::ops::function::FnOnce::call_once::h5110944231282e25
[INFO] [stdout]                                at /rustc/90b35a6239c3d8bdabc530a6a0816f7ff89a0aaf/library/core/src/ops/function.rs:250:5
[INFO] [stdout]   23:     0x5c694d9f966b - core::ops::function::FnOnce::call_once::h109cf8051a59b34e
[INFO] [stdout]                                at /rustc/90b35a6239c3d8bdabc530a6a0816f7ff89a0aaf/library/core/src/ops/function.rs:250:5
[INFO] [stdout]   24:     0x5c694d9f966b - test::__rust_begin_short_backtrace::hf4fff89d377446ba
[INFO] [stdout]                                at /rustc/90b35a6239c3d8bdabc530a6a0816f7ff89a0aaf/library/test/src/lib.rs:621:18
[INFO] [stdout]   25:     0x5c694d9f8ea7 - test::run_test_in_process::{{closure}}::h0e39181dd7ee5a43
[INFO] [stdout]                                at /rustc/90b35a6239c3d8bdabc530a6a0816f7ff89a0aaf/library/test/src/lib.rs:644:60
[INFO] [stdout]   26:     0x5c694d9f8ea7 - <core::panic::unwind_safe::AssertUnwindSafe<F> as core::ops::function::FnOnce<()>>::call_once::hc5a66a30f0bdfd1f
[INFO] [stdout]                                at /rustc/90b35a6239c3d8bdabc530a6a0816f7ff89a0aaf/library/core/src/panic/unwind_safe.rs:272:9
[INFO] [stdout]   27:     0x5c694d9f8ea7 - std::panicking::try::do_call::h873b7cf639554a5e
[INFO] [stdout]                                at /rustc/90b35a6239c3d8bdabc530a6a0816f7ff89a0aaf/library/std/src/panicking.rs:557:40
[INFO] [stdout]   28:     0x5c694d9f8ea7 - std::panicking::try::hdb19862fad9c8bd1
[INFO] [stdout]                                at /rustc/90b35a6239c3d8bdabc530a6a0816f7ff89a0aaf/library/std/src/panicking.rs:520:19
[INFO] [stdout]   29:     0x5c694d9f8ea7 - std::panic::catch_unwind::h281fe732d236d260
[INFO] [stdout]                                at /rustc/90b35a6239c3d8bdabc530a6a0816f7ff89a0aaf/library/std/src/panic.rs:358:14
[INFO] [stdout]   30:     0x5c694d9f8ea7 - test::run_test_in_process::h949b6df8457ed338
[INFO] [stdout]                                at /rustc/90b35a6239c3d8bdabc530a6a0816f7ff89a0aaf/library/test/src/lib.rs:644:27
[INFO] [stdout]   31:     0x5c694d9f8ea7 - test::run_test::{{closure}}::h52c556a6d4740e10
[INFO] [stdout]                                at /rustc/90b35a6239c3d8bdabc530a6a0816f7ff89a0aaf/library/test/src/lib.rs:565:43
[INFO] [stdout]   32:     0x5c694d9be184 - test::run_test::{{closure}}::h4237f6381c45ccb9
[INFO] [stdout]                                at /rustc/90b35a6239c3d8bdabc530a6a0816f7ff89a0aaf/library/test/src/lib.rs:595:41
[INFO] [stdout]   33:     0x5c694d9be184 - std::sys::backtrace::__rust_begin_short_backtrace::h505c97a579eca628
[INFO] [stdout]                                at /rustc/90b35a6239c3d8bdabc530a6a0816f7ff89a0aaf/library/std/src/sys/backtrace.rs:154:18
[INFO] [stdout]   34:     0x5c694d9c184e - std::thread::Builder::spawn_unchecked_::{{closure}}::{{closure}}::h9e86b2e2bc107ea3
[INFO] [stdout]                                at /rustc/90b35a6239c3d8bdabc530a6a0816f7ff89a0aaf/library/std/src/thread/mod.rs:538:17
[INFO] [stdout]   35:     0x5c694d9c184e - <core::panic::unwind_safe::AssertUnwindSafe<F> as core::ops::function::FnOnce<()>>::call_once::h8b06ddb275ff4a25
[INFO] [stdout]                                at /rustc/90b35a6239c3d8bdabc530a6a0816f7ff89a0aaf/library/core/src/panic/unwind_safe.rs:272:9
[INFO] [stdout]   36:     0x5c694d9c184e - std::panicking::try::do_call::hb26ecd7cd9a9355d
[INFO] [stdout]                                at /rustc/90b35a6239c3d8bdabc530a6a0816f7ff89a0aaf/library/std/src/panicking.rs:557:40
[INFO] [stdout]   37:     0x5c694d9c184e - std::panicking::try::h8ddeca9d705f9069
[INFO] [stdout]                                at /rustc/90b35a6239c3d8bdabc530a6a0816f7ff89a0aaf/library/std/src/panicking.rs:520:19
[INFO] [stdout]   38:     0x5c694d9c184e - std::panic::catch_unwind::h49e1c33078844c46
[INFO] [stdout]                                at /rustc/90b35a6239c3d8bdabc530a6a0816f7ff89a0aaf/library/std/src/panic.rs:358:14
[INFO] [stdout]   39:     0x5c694d9c184e - std::thread::Builder::spawn_unchecked_::{{closure}}::h6073db6ff56ad35d
[INFO] [stdout]                                at /rustc/90b35a6239c3d8bdabc530a6a0816f7ff89a0aaf/library/std/src/thread/mod.rs:537:30
[INFO] [stdout]   40:     0x5c694d9c184e - core::ops::function::FnOnce::call_once{{vtable.shim}}::h2c5a5f3779c774f1
[INFO] [stdout]                                at /rustc/90b35a6239c3d8bdabc530a6a0816f7ff89a0aaf/library/core/src/ops/function.rs:250:5
[INFO] [stdout]   41:     0x5c694da4837b - <alloc::boxed::Box<F,A> as core::ops::function::FnOnce<Args>>::call_once::hf75717d9f28faebf
[INFO] [stdout]                                at /rustc/90b35a6239c3d8bdabc530a6a0816f7ff89a0aaf/library/alloc/src/boxed.rs:2454:9
[INFO] [stdout]   42:     0x5c694da4837b - <alloc::boxed::Box<F,A> as core::ops::function::FnOnce<Args>>::call_once::h7bd883a5f3c5f3c1
[INFO] [stdout]                                at /rustc/90b35a6239c3d8bdabc530a6a0816f7ff89a0aaf/library/alloc/src/boxed.rs:2454:9
[INFO] [stdout]   43:     0x5c694da4837b - std::sys::pal::unix::thread::Thread::new::thread_start::hcc78f3943333fa94
[INFO] [stdout]                                at /rustc/90b35a6239c3d8bdabc530a6a0816f7ff89a0aaf/library/std/src/sys/pal/unix/thread.rs:105:17
[INFO] [stdout]   44:     0x75a85850fac3 - <unknown>
[INFO] [stdout]   45:     0x75a8585a0a04 - clone
[INFO] [stdout]   46:                0x0 - <unknown>
[INFO] [stdout] 
[INFO] [stdout] ---- tests::test_vector_expression stdout ----
[INFO] [stdout] thread 'tests::test_vector_expression' panicked at src/lib.rs:32:43:
[INFO] [stdout] called `Result::unwrap()` on an `Err` value: Os { code: 30, kind: ReadOnlyFilesystem, message: "Read-only file system" }
[INFO] [stdout] stack backtrace:
[INFO] [stdout]    0:     0x5c694da42b1a - std::backtrace_rs::backtrace::libunwind::trace::h5a5b8284f2d0c266
[INFO] [stdout]                                at /rustc/90b35a6239c3d8bdabc530a6a0816f7ff89a0aaf/library/std/src/../../backtrace/src/backtrace/libunwind.rs:116:5
[INFO] [stdout]    1:     0x5c694da42b1a - std::backtrace_rs::backtrace::trace_unsynchronized::h76d4f1c9b0b875e3
[INFO] [stdout]                                at /rustc/90b35a6239c3d8bdabc530a6a0816f7ff89a0aaf/library/std/src/../../backtrace/src/backtrace/mod.rs:66:5
[INFO] [stdout]    2:     0x5c694da42b1a - std::sys::backtrace::_print_fmt::hc4546b8364a537c6
[INFO] [stdout]                                at /rustc/90b35a6239c3d8bdabc530a6a0816f7ff89a0aaf/library/std/src/sys/backtrace.rs:66:9
[INFO] [stdout]    3:     0x5c694da42b1a - <std::sys::backtrace::BacktraceLock::print::DisplayBacktrace as core::fmt::Display>::fmt::h5b6bd5631a6d1f6b
[INFO] [stdout]                                at /rustc/90b35a6239c3d8bdabc530a6a0816f7ff89a0aaf/library/std/src/sys/backtrace.rs:39:26
[INFO] [stdout]    4:     0x5c694da68953 - core::fmt::rt::Argument::fmt::h270f6602a2b96f62
[INFO] [stdout]                                at /rustc/90b35a6239c3d8bdabc530a6a0816f7ff89a0aaf/library/core/src/fmt/rt.rs:177:76
[INFO] [stdout]    5:     0x5c694da68953 - core::fmt::write::h7550c97b06c86515
[INFO] [stdout]                                at /rustc/90b35a6239c3d8bdabc530a6a0816f7ff89a0aaf/library/core/src/fmt/mod.rs:1186:21
[INFO] [stdout]    6:     0x5c694da3fce3 - std::io::Write::write_fmt::h509ff860e5956e5e
[INFO] [stdout]                                at /rustc/90b35a6239c3d8bdabc530a6a0816f7ff89a0aaf/library/std/src/io/mod.rs:1839:15
[INFO] [stdout]    7:     0x5c694da42962 - std::sys::backtrace::BacktraceLock::print::h2395ccd2c84ba3aa
[INFO] [stdout]                                at /rustc/90b35a6239c3d8bdabc530a6a0816f7ff89a0aaf/library/std/src/sys/backtrace.rs:42:9
[INFO] [stdout]    8:     0x5c694da43f7a - std::panicking::default_hook::{{closure}}::he19d4c7230e07961
[INFO] [stdout]                                at /rustc/90b35a6239c3d8bdabc530a6a0816f7ff89a0aaf/library/std/src/panicking.rs:268:22
[INFO] [stdout]    9:     0x5c694da43d84 - std::panicking::default_hook::hf614597d3c67bbdb
[INFO] [stdout]                                at /rustc/90b35a6239c3d8bdabc530a6a0816f7ff89a0aaf/library/std/src/panicking.rs:292:9
[INFO] [stdout]   10:     0x5c694d9f4ca9 - <alloc::boxed::Box<F,A> as core::ops::function::Fn<Args>>::call::h39b51ce4599c23d1
[INFO] [stdout]                                at /rustc/90b35a6239c3d8bdabc530a6a0816f7ff89a0aaf/library/alloc/src/boxed.rs:2468:9
[INFO] [stdout]   11:     0x5c694d9f4ca9 - test::test_main::{{closure}}::he977ae839a582784
[INFO] [stdout]                                at /rustc/90b35a6239c3d8bdabc530a6a0816f7ff89a0aaf/library/test/src/lib.rs:133:21
[INFO] [stdout]   12:     0x5c694da44618 - <alloc::boxed::Box<F,A> as core::ops::function::Fn<Args>>::call::h9455091b6b06f9fb
[INFO] [stdout]                                at /rustc/90b35a6239c3d8bdabc530a6a0816f7ff89a0aaf/library/alloc/src/boxed.rs:2468:9
[INFO] [stdout]   13:     0x5c694da44618 - std::panicking::rust_panic_with_hook::h8942133a8b252070
[INFO] [stdout]                                at /rustc/90b35a6239c3d8bdabc530a6a0816f7ff89a0aaf/library/std/src/panicking.rs:809:13
[INFO] [stdout]   14:     0x5c694da443da - std::panicking::begin_panic_handler::{{closure}}::hb5f5963570096b29
[INFO] [stdout]                                at /rustc/90b35a6239c3d8bdabc530a6a0816f7ff89a0aaf/library/std/src/panicking.rs:674:13
[INFO] [stdout]   15:     0x5c694da42ff9 - std::sys::backtrace::__rust_end_short_backtrace::h6208cedc1922feda
[INFO] [stdout]                                at /rustc/90b35a6239c3d8bdabc530a6a0816f7ff89a0aaf/library/std/src/sys/backtrace.rs:170:18
[INFO] [stdout]   16:     0x5c694da4406c - rust_begin_unwind
[INFO] [stdout]                                at /rustc/90b35a6239c3d8bdabc530a6a0816f7ff89a0aaf/library/std/src/panicking.rs:665:5
[INFO] [stdout]   17:     0x5c694d9a6aa0 - core::panicking::panic_fmt::h0c3082644d1bf418
[INFO] [stdout]                                at /rustc/90b35a6239c3d8bdabc530a6a0816f7ff89a0aaf/library/core/src/panicking.rs:74:14
[INFO] [stdout]   18:     0x5c694d9a6ee6 - core::result::unwrap_failed::hd20b4aa073bda1e2
[INFO] [stdout]                                at /rustc/90b35a6239c3d8bdabc530a6a0816f7ff89a0aaf/library/core/src/result.rs:1700:5
[INFO] [stdout]   19:     0x5c694d9b13a7 - core::result::Result<T,E>::unwrap::h22bb1e4b14f73711
[INFO] [stdout]                                at /rustc/90b35a6239c3d8bdabc530a6a0816f7ff89a0aaf/library/core/src/result.rs:1104:23
[INFO] [stdout]   20:     0x5c694d9b13a7 - vectorview::tests::test_vector_expression::h95af12a066ba546a
[INFO] [stdout]                                at /opt/rustwide/workdir/src/lib.rs:32:9
[INFO] [stdout]   21:     0x5c694d9b1177 - vectorview::tests::test_vector_expression::{{closure}}::hcb729881919a46c9
[INFO] [stdout]                                at /opt/rustwide/workdir/src/lib.rs:23:32
[INFO] [stdout]   22:     0x5c694d9b2b06 - core::ops::function::FnOnce::call_once::hf62692ffdd13bac0
[INFO] [stdout]                                at /rustc/90b35a6239c3d8bdabc530a6a0816f7ff89a0aaf/library/core/src/ops/function.rs:250:5
[INFO] [stdout]   23:     0x5c694d9f966b - core::ops::function::FnOnce::call_once::h109cf8051a59b34e
[INFO] [stdout]                                at /rustc/90b35a6239c3d8bdabc530a6a0816f7ff89a0aaf/library/core/src/ops/function.rs:250:5
[INFO] [stdout]   24:     0x5c694d9f966b - test::__rust_begin_short_backtrace::hf4fff89d377446ba
[INFO] [stdout]                                at /rustc/90b35a6239c3d8bdabc530a6a0816f7ff89a0aaf/library/test/src/lib.rs:621:18
[INFO] [stdout]   25:     0x5c694d9f8ea7 - test::run_test_in_process::{{closure}}::h0e39181dd7ee5a43
[INFO] [stdout]                                at /rustc/90b35a6239c3d8bdabc530a6a0816f7ff89a0aaf/library/test/src/lib.rs:644:60
[INFO] [stdout]   26:     0x5c694d9f8ea7 - <core::panic::unwind_safe::AssertUnwindSafe<F> as core::ops::function::FnOnce<()>>::call_once::hc5a66a30f0bdfd1f
[INFO] [stdout]                                at /rustc/90b35a6239c3d8bdabc530a6a0816f7ff89a0aaf/library/core/src/panic/unwind_safe.rs:272:9
[INFO] [stdout]   27:     0x5c694d9f8ea7 - std::panicking::try::do_call::h873b7cf639554a5e
[INFO] [stdout]                                at /rustc/90b35a6239c3d8bdabc530a6a0816f7ff89a0aaf/library/std/src/panicking.rs:557:40
[INFO] [stdout]   28:     0x5c694d9f8ea7 - std::panicking::try::hdb19862fad9c8bd1
[INFO] [stdout]                                at /rustc/90b35a6239c3d8bdabc530a6a0816f7ff89a0aaf/library/std/src/panicking.rs:520:19
[INFO] [stdout]   29:     0x5c694d9f8ea7 - std::panic::catch_unwind::h281fe732d236d260
[INFO] [stdout]                                at /rustc/90b35a6239c3d8bdabc530a6a0816f7ff89a0aaf/library/std/src/panic.rs:358:14
[INFO] [stdout]   30:     0x5c694d9f8ea7 - test::run_test_in_process::h949b6df8457ed338
[INFO] [stdout]                                at /rustc/90b35a6239c3d8bdabc530a6a0816f7ff89a0aaf/library/test/src/lib.rs:644:27
[INFO] [stdout]   31:     0x5c694d9f8ea7 - test::run_test::{{closure}}::h52c556a6d4740e10
[INFO] [stdout]                                at /rustc/90b35a6239c3d8bdabc530a6a0816f7ff89a0aaf/library/test/src/lib.rs:565:43
[INFO] [stdout]   32:     0x5c694d9be184 - test::run_test::{{closure}}::h4237f6381c45ccb9
[INFO] [stdout]                                at /rustc/90b35a6239c3d8bdabc530a6a0816f7ff89a0aaf/library/test/src/lib.rs:595:41
[INFO] [stdout]   33:     0x5c694d9be184 - std::sys::backtrace::__rust_begin_short_backtrace::h505c97a579eca628
[INFO] [stdout]                                at /rustc/90b35a6239c3d8bdabc530a6a0816f7ff89a0aaf/library/std/src/sys/backtrace.rs:154:18
[INFO] [stdout]   34:     0x5c694d9c184e - std::thread::Builder::spawn_unchecked_::{{closure}}::{{closure}}::h9e86b2e2bc107ea3
[INFO] [stdout]                                at /rustc/90b35a6239c3d8bdabc530a6a0816f7ff89a0aaf/library/std/src/thread/mod.rs:538:17
[INFO] [stdout]   35:     0x5c694d9c184e - <core::panic::unwind_safe::AssertUnwindSafe<F> as core::ops::function::FnOnce<()>>::call_once::h8b06ddb275ff4a25
[INFO] [stdout]                                at /rustc/90b35a6239c3d8bdabc530a6a0816f7ff89a0aaf/library/core/src/panic/unwind_safe.rs:272:9
[INFO] [stdout]   36:     0x5c694d9c184e - std::panicking::try::do_call::hb26ecd7cd9a9355d
[INFO] [stdout]                                at /rustc/90b35a6239c3d8bdabc530a6a0816f7ff89a0aaf/library/std/src/panicking.rs:557:40
[INFO] [stdout]   37:     0x5c694d9c184e - std::panicking::try::h8ddeca9d705f9069
[INFO] [stdout]                                at /rustc/90b35a6239c3d8bdabc530a6a0816f7ff89a0aaf/library/std/src/panicking.rs:520:19
[INFO] [stdout]   38:     0x5c694d9c184e - std::panic::catch_unwind::h49e1c33078844c46
[INFO] [stdout]                                at /rustc/90b35a6239c3d8bdabc530a6a0816f7ff89a0aaf/library/std/src/panic.rs:358:14
[INFO] [stdout]   39:     0x5c694d9c184e - std::thread::Builder::spawn_unchecked_::{{closure}}::h6073db6ff56ad35d
[INFO] [stdout]                                at /rustc/90b35a6239c3d8bdabc530a6a0816f7ff89a0aaf/library/std/src/thread/mod.rs:537:30
[INFO] [stdout]   40:     0x5c694d9c184e - core::ops::function::FnOnce::call_once{{vtable.shim}}::h2c5a5f3779c774f1
[INFO] [stdout]                                at /rustc/90b35a6239c3d8bdabc530a6a0816f7ff89a0aaf/library/core/src/ops/function.rs:250:5
[INFO] [stdout]   41:     0x5c694da4837b - <alloc::boxed::Box<F,A> as core::ops::function::FnOnce<Args>>::call_once::hf75717d9f28faebf
[INFO] [stdout]                                at /rustc/90b35a6239c3d8bdabc530a6a0816f7ff89a0aaf/library/alloc/src/boxed.rs:2454:9
[INFO] [stdout]   42:     0x5c694da4837b - <alloc::boxed::Box<F,A> as core::ops::function::FnOnce<Args>>::call_once::h7bd883a5f3c5f3c1
[INFO] [stdout]                                at /rustc/90b35a6239c3d8bdabc530a6a0816f7ff89a0aaf/library/alloc/src/boxed.rs:2454:9
[INFO] [stdout]   43:     0x5c694da4837b - std::sys::pal::unix::thread::Thread::new::thread_start::hcc78f3943333fa94
[INFO] [stdout]                                at /rustc/90b35a6239c3d8bdabc530a6a0816f7ff89a0aaf/library/std/src/sys/pal/unix/thread.rs:105:17
[INFO] [stdout]   44:     0x75a85850fac3 - <unknown>
[INFO] [stdout]   45:     0x75a8585a0a04 - clone
[INFO] [stdout]   46:                0x0 - <unknown>
[INFO] [stdout] 
[INFO] [stdout] 
[INFO] [stdout] failures:
[INFO] [stdout]     tests::test_vector_effect
[INFO] [stdout]     tests::test_vector_expression
[INFO] [stdout] 
[INFO] [stdout] test result: FAILED. 0 passed; 2 failed; 0 ignored; 0 measured; 0 filtered out; finished in 0.03s
[INFO] [stdout] 
[INFO] [stderr] error: test failed, to rerun pass `--lib`
[INFO] running `Command { std: "docker" "inspect" "8516c4ee26f3052544233789264a6ec264a45cb193e95ab512942b2cf8a83767", kill_on_drop: false }`
[INFO] running `Command { std: "docker" "rm" "-f" "8516c4ee26f3052544233789264a6ec264a45cb193e95ab512942b2cf8a83767", kill_on_drop: false }`
[INFO] [stdout] 8516c4ee26f3052544233789264a6ec264a45cb193e95ab512942b2cf8a83767
