[INFO] fetching crate vecs 0.2.3...
[INFO] testing vecs-0.2.3 against beta-2024-12-08 for beta-1.84.0-4-retry
[INFO] extracting crate vecs 0.2.3 into /workspace/builds/worker-7-tc2/source
[INFO] validating manifest of crates.io crate vecs 0.2.3 on toolchain beta-2024-12-08
[INFO] running `Command { std: CARGO_HOME="/workspace/cargo-home" RUSTUP_HOME="/workspace/rustup-home" "/workspace/cargo-home/bin/cargo" "+beta-2024-12-08" "metadata" "--manifest-path" "Cargo.toml" "--no-deps", kill_on_drop: false }`
[INFO] started tweaking crates.io crate vecs 0.2.3
[INFO] finished tweaking crates.io crate vecs 0.2.3
[INFO] tweaked toml for crates.io crate vecs 0.2.3 written to /workspace/builds/worker-7-tc2/source/Cargo.toml
[INFO] crate crates.io crate vecs 0.2.3 already has a lockfile, it will not be regenerated
[INFO] running `Command { std: CARGO_HOME="/workspace/cargo-home" RUSTUP_HOME="/workspace/rustup-home" "/workspace/cargo-home/bin/cargo" "+beta-2024-12-08" "fetch" "--manifest-path" "Cargo.toml", kill_on_drop: false }`
[INFO] [stderr]     Blocking waiting for file lock on package cache
[INFO] [stderr]     Blocking waiting for file lock on package cache
[INFO] running `Command { std: "docker" "create" "-v" "/var/lib/crater-agent-workspace/builds/worker-7-tc2/target:/opt/rustwide/target:rw,Z" "-v" "/var/lib/crater-agent-workspace/builds/worker-7-tc2/source:/opt/rustwide/workdir:ro,Z" "-v" "/var/lib/crater-agent-workspace/cargo-home:/opt/rustwide/cargo-home:ro,Z" "-v" "/var/lib/crater-agent-workspace/rustup-home:/opt/rustwide/rustup-home:ro,Z" "-e" "SOURCE_DIR=/opt/rustwide/workdir" "-e" "CARGO_TARGET_DIR=/opt/rustwide/target" "-e" "CARGO_HOME=/opt/rustwide/cargo-home" "-e" "RUSTUP_HOME=/opt/rustwide/rustup-home" "-w" "/opt/rustwide/workdir" "-m" "1610612736" "--user" "0:0" "--network" "none" "ghcr.io/rust-lang/crates-build-env/linux@sha256:f3a9d4ad9d972b27faf3965f35b62e55ba32bbce8f20bc8fe909558a86702fde" "/opt/rustwide/cargo-home/bin/cargo" "+beta-2024-12-08" "metadata" "--no-deps" "--format-version=1", kill_on_drop: false }`
[INFO] [stdout] 273e844d712d0ad44595a5708e9259bef4d5e2894b57efe1df9b9ccd64460c10
[INFO] running `Command { std: "docker" "start" "-a" "273e844d712d0ad44595a5708e9259bef4d5e2894b57efe1df9b9ccd64460c10", kill_on_drop: false }`
[INFO] running `Command { std: "docker" "inspect" "273e844d712d0ad44595a5708e9259bef4d5e2894b57efe1df9b9ccd64460c10", kill_on_drop: false }`
[INFO] running `Command { std: "docker" "rm" "-f" "273e844d712d0ad44595a5708e9259bef4d5e2894b57efe1df9b9ccd64460c10", kill_on_drop: false }`
[INFO] [stdout] 273e844d712d0ad44595a5708e9259bef4d5e2894b57efe1df9b9ccd64460c10
[INFO] running `Command { std: "docker" "create" "-v" "/var/lib/crater-agent-workspace/builds/worker-7-tc2/target:/opt/rustwide/target:rw,Z" "-v" "/var/lib/crater-agent-workspace/builds/worker-7-tc2/source:/opt/rustwide/workdir:ro,Z" "-v" "/var/lib/crater-agent-workspace/cargo-home:/opt/rustwide/cargo-home:ro,Z" "-v" "/var/lib/crater-agent-workspace/rustup-home:/opt/rustwide/rustup-home:ro,Z" "-e" "SOURCE_DIR=/opt/rustwide/workdir" "-e" "CARGO_TARGET_DIR=/opt/rustwide/target" "-e" "CARGO_INCREMENTAL=0" "-e" "RUST_BACKTRACE=full" "-e" "RUSTFLAGS=--cap-lints=warn" "-e" "RUSTDOCFLAGS=--cap-lints=warn" "-e" "CARGO_HOME=/opt/rustwide/cargo-home" "-e" "RUSTUP_HOME=/opt/rustwide/rustup-home" "-w" "/opt/rustwide/workdir" "-m" "1610612736" "--user" "0:0" "--network" "none" "ghcr.io/rust-lang/crates-build-env/linux@sha256:f3a9d4ad9d972b27faf3965f35b62e55ba32bbce8f20bc8fe909558a86702fde" "/opt/rustwide/cargo-home/bin/cargo" "+beta-2024-12-08" "build" "--frozen" "--message-format=json", kill_on_drop: false }`
[INFO] [stdout] 581d27c26290985d19e0e605b7f8b751887df9cadcc1d0dcecc0cdd4a404073e
[INFO] running `Command { std: "docker" "start" "-a" "581d27c26290985d19e0e605b7f8b751887df9cadcc1d0dcecc0cdd4a404073e", kill_on_drop: false }`
[INFO] [stderr]    Compiling autocfg v1.0.1
[INFO] [stderr]    Compiling num-traits v0.2.14
[INFO] [stderr]    Compiling vecs v0.2.3 (/opt/rustwide/workdir)
[INFO] [stderr]     Finished `dev` profile [unoptimized + debuginfo] target(s) in 2.55s
[INFO] running `Command { std: "docker" "inspect" "581d27c26290985d19e0e605b7f8b751887df9cadcc1d0dcecc0cdd4a404073e", kill_on_drop: false }`
[INFO] running `Command { std: "docker" "rm" "-f" "581d27c26290985d19e0e605b7f8b751887df9cadcc1d0dcecc0cdd4a404073e", kill_on_drop: false }`
[INFO] [stdout] 581d27c26290985d19e0e605b7f8b751887df9cadcc1d0dcecc0cdd4a404073e
[INFO] running `Command { std: "docker" "create" "-v" "/var/lib/crater-agent-workspace/builds/worker-7-tc2/target:/opt/rustwide/target:rw,Z" "-v" "/var/lib/crater-agent-workspace/builds/worker-7-tc2/source:/opt/rustwide/workdir:ro,Z" "-v" "/var/lib/crater-agent-workspace/cargo-home:/opt/rustwide/cargo-home:ro,Z" "-v" "/var/lib/crater-agent-workspace/rustup-home:/opt/rustwide/rustup-home:ro,Z" "-e" "SOURCE_DIR=/opt/rustwide/workdir" "-e" "CARGO_TARGET_DIR=/opt/rustwide/target" "-e" "CARGO_INCREMENTAL=0" "-e" "RUST_BACKTRACE=full" "-e" "RUSTFLAGS=--cap-lints=warn" "-e" "RUSTDOCFLAGS=--cap-lints=warn" "-e" "CARGO_HOME=/opt/rustwide/cargo-home" "-e" "RUSTUP_HOME=/opt/rustwide/rustup-home" "-w" "/opt/rustwide/workdir" "-m" "1610612736" "--user" "0:0" "--network" "none" "ghcr.io/rust-lang/crates-build-env/linux@sha256:f3a9d4ad9d972b27faf3965f35b62e55ba32bbce8f20bc8fe909558a86702fde" "/opt/rustwide/cargo-home/bin/cargo" "+beta-2024-12-08" "test" "--frozen" "--no-run" "--message-format=json", kill_on_drop: false }`
[INFO] [stdout] 6006dca089a681aeee9bacc9956b24de4c255c28a344cf8c528302b638414452
[INFO] running `Command { std: "docker" "start" "-a" "6006dca089a681aeee9bacc9956b24de4c255c28a344cf8c528302b638414452", kill_on_drop: false }`
[INFO] [stderr]    Compiling vecs v0.2.3 (/opt/rustwide/workdir)
[INFO] [stderr]     Finished `test` profile [unoptimized + debuginfo] target(s) in 0.78s
[INFO] running `Command { std: "docker" "inspect" "6006dca089a681aeee9bacc9956b24de4c255c28a344cf8c528302b638414452", kill_on_drop: false }`
[INFO] running `Command { std: "docker" "rm" "-f" "6006dca089a681aeee9bacc9956b24de4c255c28a344cf8c528302b638414452", kill_on_drop: false }`
[INFO] [stdout] 6006dca089a681aeee9bacc9956b24de4c255c28a344cf8c528302b638414452
[INFO] running `Command { std: "docker" "create" "-v" "/var/lib/crater-agent-workspace/builds/worker-7-tc2/target:/opt/rustwide/target:rw,Z" "-v" "/var/lib/crater-agent-workspace/builds/worker-7-tc2/source:/opt/rustwide/workdir:ro,Z" "-v" "/var/lib/crater-agent-workspace/cargo-home:/opt/rustwide/cargo-home:ro,Z" "-v" "/var/lib/crater-agent-workspace/rustup-home:/opt/rustwide/rustup-home:ro,Z" "-e" "SOURCE_DIR=/opt/rustwide/workdir" "-e" "CARGO_TARGET_DIR=/opt/rustwide/target" "-e" "CARGO_INCREMENTAL=0" "-e" "RUST_BACKTRACE=full" "-e" "RUSTFLAGS=--cap-lints=warn" "-e" "RUSTDOCFLAGS=--cap-lints=warn" "-e" "CARGO_HOME=/opt/rustwide/cargo-home" "-e" "RUSTUP_HOME=/opt/rustwide/rustup-home" "-w" "/opt/rustwide/workdir" "-m" "1610612736" "--user" "0:0" "--network" "none" "ghcr.io/rust-lang/crates-build-env/linux@sha256:f3a9d4ad9d972b27faf3965f35b62e55ba32bbce8f20bc8fe909558a86702fde" "/opt/rustwide/cargo-home/bin/cargo" "+beta-2024-12-08" "test" "--frozen", kill_on_drop: false }`
[INFO] [stdout] b76d531090466a4345430f32f9965a8ffcde7eb0d340f10ec10b12a5842714e8
[INFO] running `Command { std: "docker" "start" "-a" "b76d531090466a4345430f32f9965a8ffcde7eb0d340f10ec10b12a5842714e8", kill_on_drop: false }`
[INFO] [stderr]     Finished `test` profile [unoptimized + debuginfo] target(s) in 0.01s
[INFO] [stderr]      Running unittests src/lib.rs (/opt/rustwide/target/debug/deps/vecs-b1168f682bb03b29)
[INFO] [stdout] 
[INFO] [stdout] running 11 tests
[INFO] [stdout] test tests::vec2_add ... ok
[INFO] [stdout] test tests::vec2_equal ... ok
[INFO] [stdout] test tests::vec2_not_equal ... ok
[INFO] [stdout] test tests::vec2_sub ... ok
[INFO] [stdout] test tests::vec3_add ... ok
[INFO] [stdout] test tests::vec3_cross ... ok
[INFO] [stdout] test tests::vec3_equal ... ok
[INFO] [stdout] test tests::vec3_not_equal ... ok
[INFO] [stdout] test tests::vec3_dot ... ok
[INFO] [stdout] test tests::vec3_sub ... ok
[INFO] [stdout] test tests::vec2_dot ... ok
[INFO] [stderr]      Running unittests src/main.rs (/opt/rustwide/target/debug/deps/vecs-cbdf9d1a8e67d481)
[INFO] [stdout] 
[INFO] [stdout] test result: ok. 11 passed; 0 failed; 0 ignored; 0 measured; 0 filtered out; finished in 0.02s
[INFO] [stdout] 
[INFO] [stdout] 
[INFO] [stdout] running 0 tests
[INFO] [stdout] 
[INFO] [stdout] test result: ok. 0 passed; 0 failed; 0 ignored; 0 measured; 0 filtered out; finished in 0.00s
[INFO] [stdout] 
[INFO] [stderr]    Doc-tests vecs
[INFO] [stdout] 
[INFO] [stdout] running 7 tests
[INFO] [stdout] test src/vecs/vec2.rs - vecs::vec2::Vec2<T>::dot (line 33) ... FAILED
[INFO] [stdout] test src/vecs/vec3.rs - vecs::vec3::Vec3<T>::dot (line 34) ... FAILED
[INFO] [stdout] test src/vecs/vec2.rs - vecs::vec2::Vec2<T>::new (line 16) ... ok
[INFO] [stdout] test src/lib.rs - (line 21) ... ok
[INFO] [stdout] test src/vecs/vec3.rs - vecs::vec3::Vec3<T>::cross (line 54) ... ok
[INFO] [stdout] test src/lib.rs - (line 5) ... ok
[INFO] [stdout] test src/vecs/vec3.rs - vecs::vec3::Vec3<T>::new (line 17) ... ok
[INFO] [stdout] 
[INFO] [stdout] failures:
[INFO] [stdout] 
[INFO] [stdout] ---- src/vecs/vec2.rs - vecs::vec2::Vec2<T>::dot (line 33) stdout ----
[INFO] [stdout] error[E0277]: can't compare `{integer}` with `{float}`
[INFO] [stdout]   --> src/vecs/vec2.rs:44:1
[INFO] [stdout]    |
[INFO] [stdout] 14 | assert_eq!(5, d);
[INFO] [stdout]    | ^^^^^^^^^^^^^^^^ no implementation for `{integer} == {float}`
[INFO] [stdout]    |
[INFO] [stdout]    = help: the trait `PartialEq<{float}>` is not implemented for `{integer}`
[INFO] [stdout]    = help: the following other types implement trait `PartialEq<Rhs>`:
[INFO] [stdout]              f128
[INFO] [stdout]              f16
[INFO] [stdout]              f32
[INFO] [stdout]              f64
[INFO] [stdout]              i128
[INFO] [stdout]              i16
[INFO] [stdout]              i32
[INFO] [stdout]              i64
[INFO] [stdout]            and 8 others
[INFO] [stdout]    = note: this error originates in the macro `assert_eq` (in Nightly builds, run with -Z macro-backtrace for more info)
[INFO] [stdout] 
[INFO] [stdout] error[E0308]: mismatched types
[INFO] [stdout]   --> src/vecs/vec2.rs:44:1
[INFO] [stdout]    |
[INFO] [stdout] 14 | assert_eq!(5, d);
[INFO] [stdout]    | ^^^^^^^^^^^^^^^^ expected integer, found floating-point number
[INFO] [stdout]    |
[INFO] [stdout]    = note: this error originates in the macro `assert_eq` (in Nightly builds, run with -Z macro-backtrace for more info)
[INFO] [stdout] 
[INFO] [stdout] error: aborting due to 2 previous errors
[INFO] [stdout] 
[INFO] [stdout] Some errors have detailed explanations: E0277, E0308.
[INFO] [stdout] For more information about an error, try `rustc --explain E0277`.
[INFO] [stdout] Couldn't compile the test.
[INFO] [stdout] ---- src/vecs/vec3.rs - vecs::vec3::Vec3<T>::dot (line 34) stdout ----
[INFO] [stdout] error[E0277]: can't compare `{integer}` with `{float}`
[INFO] [stdout]   --> src/vecs/vec3.rs:45:1
[INFO] [stdout]    |
[INFO] [stdout] 14 | assert_eq!(14, d);
[INFO] [stdout]    | ^^^^^^^^^^^^^^^^^ no implementation for `{integer} == {float}`
[INFO] [stdout]    |
[INFO] [stdout]    = help: the trait `PartialEq<{float}>` is not implemented for `{integer}`
[INFO] [stdout]    = help: the following other types implement trait `PartialEq<Rhs>`:
[INFO] [stdout]              f128
[INFO] [stdout]              f16
[INFO] [stdout]              f32
[INFO] [stdout]              f64
[INFO] [stdout]              i128
[INFO] [stdout]              i16
[INFO] [stdout]              i32
[INFO] [stdout]              i64
[INFO] [stdout]            and 8 others
[INFO] [stdout]    = note: this error originates in the macro `assert_eq` (in Nightly builds, run with -Z macro-backtrace for more info)
[INFO] [stdout] 
[INFO] [stdout] error[E0308]: mismatched types
[INFO] [stdout]   --> src/vecs/vec3.rs:45:1
[INFO] [stdout]    |
[INFO] [stdout] 14 | assert_eq!(14, d);
[INFO] [stdout]    | ^^^^^^^^^^^^^^^^^ expected integer, found floating-point number
[INFO] [stdout]    |
[INFO] [stdout]    = note: this error originates in the macro `assert_eq` (in Nightly builds, run with -Z macro-backtrace for more info)
[INFO] [stdout] 
[INFO] [stdout] error: aborting due to 2 previous errors
[INFO] [stdout] 
[INFO] [stdout] Some errors have detailed explanations: E0277, E0308.
[INFO] [stdout] For more information about an error, try `rustc --explain E0277`.
[INFO] [stdout] Couldn't compile the test.
[INFO] [stdout] 
[INFO] [stdout] failures:
[INFO] [stdout]     src/vecs/vec2.rs - vecs::vec2::Vec2<T>::dot (line 33)
[INFO] [stdout]     src/vecs/vec3.rs - vecs::vec3::Vec3<T>::dot (line 34)
[INFO] [stdout] 
[INFO] [stdout] test result: FAILED. 5 passed; 2 failed; 0 ignored; 0 measured; 0 filtered out; finished in 1.36s
[INFO] [stdout] 
[INFO] [stderr] error: doctest failed, to rerun pass `--doc`
[INFO] running `Command { std: "docker" "inspect" "b76d531090466a4345430f32f9965a8ffcde7eb0d340f10ec10b12a5842714e8", kill_on_drop: false }`
[INFO] running `Command { std: "docker" "rm" "-f" "b76d531090466a4345430f32f9965a8ffcde7eb0d340f10ec10b12a5842714e8", kill_on_drop: false }`
[INFO] [stdout] b76d531090466a4345430f32f9965a8ffcde7eb0d340f10ec10b12a5842714e8
