[INFO] fetching crate vax-disassembler 0.1.1...
[INFO] testing vax-disassembler-0.1.1 against beta-2024-12-08 for beta-1.84.0-4-retry
[INFO] extracting crate vax-disassembler 0.1.1 into /workspace/builds/worker-2-tc2/source
[INFO] validating manifest of crates.io crate vax-disassembler 0.1.1 on toolchain beta-2024-12-08
[INFO] running `Command { std: CARGO_HOME="/workspace/cargo-home" RUSTUP_HOME="/workspace/rustup-home" "/workspace/cargo-home/bin/cargo" "+beta-2024-12-08" "metadata" "--manifest-path" "Cargo.toml" "--no-deps", kill_on_drop: false }`
[INFO] started tweaking crates.io crate vax-disassembler 0.1.1
[INFO] finished tweaking crates.io crate vax-disassembler 0.1.1
[INFO] tweaked toml for crates.io crate vax-disassembler 0.1.1 written to /workspace/builds/worker-2-tc2/source/Cargo.toml
[INFO] running `Command { std: CARGO_HOME="/workspace/cargo-home" RUSTUP_HOME="/workspace/rustup-home" "/workspace/cargo-home/bin/cargo" "+beta-2024-12-08" "generate-lockfile" "--manifest-path" "Cargo.toml", kill_on_drop: false }`
[INFO] [stderr]     Updating crates.io index
[INFO] [stderr]      Locking 104 packages to latest compatible versions
[INFO] [stderr]       Adding thiserror v1.0.69 (available: v2.0.7)
[INFO] [stderr]       Adding vax-floating v0.1.0 (available: v0.2.0)
[INFO] running `Command { std: CARGO_HOME="/workspace/cargo-home" RUSTUP_HOME="/workspace/rustup-home" "/workspace/cargo-home/bin/cargo" "+beta-2024-12-08" "fetch" "--manifest-path" "Cargo.toml", kill_on_drop: false }`
[INFO] [stderr]     Blocking waiting for file lock on package cache
[INFO] running `Command { std: "docker" "create" "-v" "/var/lib/crater-agent-workspace/builds/worker-2-tc2/target:/opt/rustwide/target:rw,Z" "-v" "/var/lib/crater-agent-workspace/builds/worker-2-tc2/source:/opt/rustwide/workdir:ro,Z" "-v" "/var/lib/crater-agent-workspace/cargo-home:/opt/rustwide/cargo-home:ro,Z" "-v" "/var/lib/crater-agent-workspace/rustup-home:/opt/rustwide/rustup-home:ro,Z" "-e" "SOURCE_DIR=/opt/rustwide/workdir" "-e" "CARGO_TARGET_DIR=/opt/rustwide/target" "-e" "CARGO_HOME=/opt/rustwide/cargo-home" "-e" "RUSTUP_HOME=/opt/rustwide/rustup-home" "-w" "/opt/rustwide/workdir" "-m" "1610612736" "--user" "0:0" "--network" "none" "ghcr.io/rust-lang/crates-build-env/linux@sha256:f3a9d4ad9d972b27faf3965f35b62e55ba32bbce8f20bc8fe909558a86702fde" "/opt/rustwide/cargo-home/bin/cargo" "+beta-2024-12-08" "metadata" "--no-deps" "--format-version=1", kill_on_drop: false }`
[INFO] [stdout] 568e0982549932969c5129019787ca633ab6d42385df2e0b7fb5849a3ab5e7cb
[INFO] running `Command { std: "docker" "start" "-a" "568e0982549932969c5129019787ca633ab6d42385df2e0b7fb5849a3ab5e7cb", kill_on_drop: false }`
[INFO] running `Command { std: "docker" "inspect" "568e0982549932969c5129019787ca633ab6d42385df2e0b7fb5849a3ab5e7cb", kill_on_drop: false }`
[INFO] running `Command { std: "docker" "rm" "-f" "568e0982549932969c5129019787ca633ab6d42385df2e0b7fb5849a3ab5e7cb", kill_on_drop: false }`
[INFO] [stdout] 568e0982549932969c5129019787ca633ab6d42385df2e0b7fb5849a3ab5e7cb
[INFO] running `Command { std: "docker" "create" "-v" "/var/lib/crater-agent-workspace/builds/worker-2-tc2/target:/opt/rustwide/target:rw,Z" "-v" "/var/lib/crater-agent-workspace/builds/worker-2-tc2/source:/opt/rustwide/workdir:ro,Z" "-v" "/var/lib/crater-agent-workspace/cargo-home:/opt/rustwide/cargo-home:ro,Z" "-v" "/var/lib/crater-agent-workspace/rustup-home:/opt/rustwide/rustup-home:ro,Z" "-e" "SOURCE_DIR=/opt/rustwide/workdir" "-e" "CARGO_TARGET_DIR=/opt/rustwide/target" "-e" "CARGO_INCREMENTAL=0" "-e" "RUST_BACKTRACE=full" "-e" "RUSTFLAGS=--cap-lints=warn" "-e" "RUSTDOCFLAGS=--cap-lints=warn" "-e" "CARGO_HOME=/opt/rustwide/cargo-home" "-e" "RUSTUP_HOME=/opt/rustwide/rustup-home" "-w" "/opt/rustwide/workdir" "-m" "1610612736" "--user" "0:0" "--network" "none" "ghcr.io/rust-lang/crates-build-env/linux@sha256:f3a9d4ad9d972b27faf3965f35b62e55ba32bbce8f20bc8fe909558a86702fde" "/opt/rustwide/cargo-home/bin/cargo" "+beta-2024-12-08" "build" "--frozen" "--message-format=json", kill_on_drop: false }`
[INFO] [stdout] 71ca857194e78318641f4eff25028cefa0aece36402ac0c4d62a61af84e779bd
[INFO] running `Command { std: "docker" "start" "-a" "71ca857194e78318641f4eff25028cefa0aece36402ac0c4d62a61af84e779bd", kill_on_drop: false }`
[INFO] [stderr]    Compiling siphasher v0.3.11
[INFO] [stderr]    Compiling proc-macro2 v1.0.92
[INFO] [stderr]    Compiling rand_core v0.6.4
[INFO] [stderr]    Compiling unicode-ident v1.0.14
[INFO] [stderr]    Compiling thiserror v1.0.69
[INFO] [stderr]    Compiling forward_ref v1.0.0
[INFO] [stderr]    Compiling vax-floating v0.1.0
[INFO] [stderr]    Compiling rand v0.8.5
[INFO] [stderr]    Compiling phf_shared v0.11.2
[INFO] [stderr]    Compiling phf v0.11.2
[INFO] [stderr]    Compiling phf_generator v0.11.2
[INFO] [stderr]    Compiling phf_codegen v0.11.2
[INFO] [stderr]    Compiling quote v1.0.37
[INFO] [stderr]    Compiling vax-disassembler v0.1.1 (/opt/rustwide/workdir)
[INFO] [stderr]    Compiling syn v2.0.90
[INFO] [stderr]    Compiling thiserror-impl v1.0.69
[INFO] [stderr]     Finished `dev` profile [unoptimized + debuginfo] target(s) in 6.38s
[INFO] running `Command { std: "docker" "inspect" "71ca857194e78318641f4eff25028cefa0aece36402ac0c4d62a61af84e779bd", kill_on_drop: false }`
[INFO] running `Command { std: "docker" "rm" "-f" "71ca857194e78318641f4eff25028cefa0aece36402ac0c4d62a61af84e779bd", kill_on_drop: false }`
[INFO] [stdout] 71ca857194e78318641f4eff25028cefa0aece36402ac0c4d62a61af84e779bd
[INFO] running `Command { std: "docker" "create" "-v" "/var/lib/crater-agent-workspace/builds/worker-2-tc2/target:/opt/rustwide/target:rw,Z" "-v" "/var/lib/crater-agent-workspace/builds/worker-2-tc2/source:/opt/rustwide/workdir:ro,Z" "-v" "/var/lib/crater-agent-workspace/cargo-home:/opt/rustwide/cargo-home:ro,Z" "-v" "/var/lib/crater-agent-workspace/rustup-home:/opt/rustwide/rustup-home:ro,Z" "-e" "SOURCE_DIR=/opt/rustwide/workdir" "-e" "CARGO_TARGET_DIR=/opt/rustwide/target" "-e" "CARGO_INCREMENTAL=0" "-e" "RUST_BACKTRACE=full" "-e" "RUSTFLAGS=--cap-lints=warn" "-e" "RUSTDOCFLAGS=--cap-lints=warn" "-e" "CARGO_HOME=/opt/rustwide/cargo-home" "-e" "RUSTUP_HOME=/opt/rustwide/rustup-home" "-w" "/opt/rustwide/workdir" "-m" "1610612736" "--user" "0:0" "--network" "none" "ghcr.io/rust-lang/crates-build-env/linux@sha256:f3a9d4ad9d972b27faf3965f35b62e55ba32bbce8f20bc8fe909558a86702fde" "/opt/rustwide/cargo-home/bin/cargo" "+beta-2024-12-08" "test" "--frozen" "--no-run" "--message-format=json", kill_on_drop: false }`
[INFO] [stdout] 91bde5e36c8fb100ff451ae776dc7c39663220a75fc277a87d69ccd5740f01da
[INFO] running `Command { std: "docker" "start" "-a" "91bde5e36c8fb100ff451ae776dc7c39663220a75fc277a87d69ccd5740f01da", kill_on_drop: false }`
[INFO] [stderr]    Compiling libc v0.2.168
[INFO] [stderr]    Compiling cfg-if v1.0.0
[INFO] [stderr]    Compiling siphasher v0.3.11
[INFO] [stderr]    Compiling autocfg v1.4.0
[INFO] [stderr]    Compiling libm v0.2.11
[INFO] [stderr]    Compiling crossbeam-utils v0.8.20
[INFO] [stderr]    Compiling rustix v0.38.42
[INFO] [stderr]    Compiling byteorder v1.5.0
[INFO] [stderr]    Compiling once_cell v1.20.2
[INFO] [stderr]    Compiling regex-syntax v0.8.5
[INFO] [stderr]    Compiling bitflags v2.6.0
[INFO] [stderr]    Compiling serde v1.0.216
[INFO] [stderr]    Compiling linux-raw-sys v0.4.14
[INFO] [stderr]    Compiling fastrand v2.3.0
[INFO] [stderr]    Compiling rayon-core v1.12.1
[INFO] [stderr]    Compiling zerocopy-derive v0.7.35
[INFO] [stderr]    Compiling serde_derive v1.0.216
[INFO] [stderr]    Compiling fnv v1.0.7
[INFO] [stderr]    Compiling phf_shared v0.11.2
[INFO] [stderr]    Compiling bit-vec v0.6.3
[INFO] [stderr]    Compiling serde_json v1.0.133
[INFO] [stderr]    Compiling either v1.13.0
[INFO] [stderr]    Compiling quick-error v1.2.3
[INFO] [stderr]    Compiling half v2.4.1
[INFO] [stderr]    Compiling bit-set v0.5.3
[INFO] [stderr]    Compiling ryu v1.0.18
[INFO] [stderr]    Compiling ciborium-io v0.2.2
[INFO] [stderr]    Compiling phf_generator v0.11.2
[INFO] [stderr]    Compiling phf v0.11.2
[INFO] [stderr]    Compiling lazy_static v1.5.0
[INFO] [stderr]    Compiling anstyle v1.0.10
[INFO] [stderr]    Compiling phf_codegen v0.11.2
[INFO] [stderr]    Compiling clap_lex v0.7.4
[INFO] [stderr]    Compiling itoa v1.0.14
[INFO] [stderr]    Compiling memchr v2.7.4
[INFO] [stderr]    Compiling plotters-backend v0.3.7
[INFO] [stderr]    Compiling unarray v0.1.4
[INFO] [stderr]    Compiling itertools v0.10.5
[INFO] [stderr]    Compiling vax-disassembler v0.1.1 (/opt/rustwide/workdir)
[INFO] [stderr]    Compiling ciborium-ll v0.2.2
[INFO] [stderr]    Compiling same-file v1.0.6
[INFO] [stderr]    Compiling cast v0.3.0
[INFO] [stderr]    Compiling num-traits v0.2.19
[INFO] [stderr]    Compiling crossbeam-epoch v0.9.18
[INFO] [stderr]    Compiling clap_builder v4.5.23
[INFO] [stderr]    Compiling plotters-svg v0.3.7
[INFO] [stderr]    Compiling walkdir v2.5.0
[INFO] [stderr]    Compiling anes v0.1.6
[INFO] [stderr]    Compiling oorandom v11.1.4
[INFO] [stderr]    Compiling getrandom v0.2.15
[INFO] [stderr]    Compiling wait-timeout v0.2.0
[INFO] [stderr]    Compiling zerocopy v0.7.35
[INFO] [stderr]    Compiling crossbeam-deque v0.8.5
[INFO] [stderr]    Compiling rand_core v0.6.4
[INFO] [stderr]    Compiling is-terminal v0.4.13
[INFO] [stderr]    Compiling rand_xorshift v0.3.0
[INFO] [stderr]    Compiling criterion-plot v0.5.0
[INFO] [stderr]    Compiling plotters v0.3.7
[INFO] [stderr]    Compiling rayon v1.10.0
[INFO] [stderr]    Compiling ppv-lite86 v0.2.20
[INFO] [stderr]    Compiling clap v4.5.23
[INFO] [stderr]    Compiling regex-automata v0.4.9
[INFO] [stderr]    Compiling rand_chacha v0.3.1
[INFO] [stderr]    Compiling rand v0.8.5
[INFO] [stderr]    Compiling tempfile v3.14.0
[INFO] [stderr]    Compiling rusty-fork v0.3.0
[INFO] [stderr]    Compiling proptest v1.5.0
[INFO] [stderr]    Compiling regex v1.11.1
[INFO] [stderr]    Compiling ciborium v0.2.2
[INFO] [stderr]    Compiling tinytemplate v1.2.1
[INFO] [stderr]    Compiling criterion v0.5.1
[INFO] [stderr]    Compiling vax-floating v0.1.0
[INFO] [stderr]     Finished `test` profile [unoptimized + debuginfo] target(s) in 24.49s
[INFO] running `Command { std: "docker" "inspect" "91bde5e36c8fb100ff451ae776dc7c39663220a75fc277a87d69ccd5740f01da", kill_on_drop: false }`
[INFO] running `Command { std: "docker" "rm" "-f" "91bde5e36c8fb100ff451ae776dc7c39663220a75fc277a87d69ccd5740f01da", kill_on_drop: false }`
[INFO] [stdout] 91bde5e36c8fb100ff451ae776dc7c39663220a75fc277a87d69ccd5740f01da
[INFO] running `Command { std: "docker" "create" "-v" "/var/lib/crater-agent-workspace/builds/worker-2-tc2/target:/opt/rustwide/target:rw,Z" "-v" "/var/lib/crater-agent-workspace/builds/worker-2-tc2/source:/opt/rustwide/workdir:ro,Z" "-v" "/var/lib/crater-agent-workspace/cargo-home:/opt/rustwide/cargo-home:ro,Z" "-v" "/var/lib/crater-agent-workspace/rustup-home:/opt/rustwide/rustup-home:ro,Z" "-e" "SOURCE_DIR=/opt/rustwide/workdir" "-e" "CARGO_TARGET_DIR=/opt/rustwide/target" "-e" "CARGO_INCREMENTAL=0" "-e" "RUST_BACKTRACE=full" "-e" "RUSTFLAGS=--cap-lints=warn" "-e" "RUSTDOCFLAGS=--cap-lints=warn" "-e" "CARGO_HOME=/opt/rustwide/cargo-home" "-e" "RUSTUP_HOME=/opt/rustwide/rustup-home" "-w" "/opt/rustwide/workdir" "-m" "1610612736" "--user" "0:0" "--network" "none" "ghcr.io/rust-lang/crates-build-env/linux@sha256:f3a9d4ad9d972b27faf3965f35b62e55ba32bbce8f20bc8fe909558a86702fde" "/opt/rustwide/cargo-home/bin/cargo" "+beta-2024-12-08" "test" "--frozen", kill_on_drop: false }`
[INFO] [stdout] df4dfce48fdfad2f90dd08005fd15c73c6e33dc2da381aed75d4f3bacf1dcaa9
[INFO] running `Command { std: "docker" "start" "-a" "df4dfce48fdfad2f90dd08005fd15c73c6e33dc2da381aed75d4f3bacf1dcaa9", kill_on_drop: false }`
[INFO] [stderr]     Finished `test` profile [unoptimized + debuginfo] target(s) in 0.11s
[INFO] [stderr]      Running unittests src/lib.rs (/opt/rustwide/target/debug/deps/vax_disassembler-dd6bba8a634037e2)
[INFO] [stdout] 
[INFO] [stdout] running 5 tests
[INFO] [stdout] test opcode::tests::verify_u16_to_opcode ... ok
[INFO] [stdout] test opcode::opcode_tests::verify_u16_to_opcode ... ok
[INFO] [stdout] test tests::simple_tests ... ok
[INFO] [stdout] test opcode::opcode_tests::verify_duplicate_opcodes ... ok
[INFO] [stderr]      Running tests/process_opcodes_tests.rs (/opt/rustwide/target/debug/deps/process_opcodes_tests-5daba0686784be91)
[INFO] [stdout] test operand::tests::valid_read_operands ... ok
[INFO] [stdout] 
[INFO] [stdout] test result: ok. 5 passed; 0 failed; 0 ignored; 0 measured; 0 filtered out; finished in 0.10s
[INFO] [stdout] 
[INFO] [stdout] 
[INFO] [stdout] running 1 test
[INFO] [stdout] test test_opcode_u16_lookup ... ok
[INFO] [stdout] 
[INFO] [stdout] test result: ok. 1 passed; 0 failed; 0 ignored; 0 measured; 0 filtered out; finished in 0.00s
[INFO] [stdout] 
[INFO] [stderr]    Doc-tests vax_disassembler
[INFO] [stdout] 
[INFO] [stdout] running 80 tests
[INFO] [stdout] test src/lib.rs - (line 22) ... ok
[INFO] [stdout] test src/operand.rs - operand::IndexedOperand::ByteDisplacementDeferred (line 844) ... ok
[INFO] [stdout] test src/opcode.rs - opcode::ReadDataValue::read_data_value (line 240) ... ok
[INFO] [stdout] test src/lib.rs - ReadMacro32::disassemble (line 51) ... FAILED
[INFO] [stdout] test src/operand.rs - operand::IndexedOperand::WordDisplacementDeferred (line 893) ... FAILED
[INFO] [stdout] test src/operand.rs - operand::IndexedOperand::AutoDecrement (line 736) ... ok
[INFO] [stdout] test src/operand.rs - operand::IndexedOperand::LongwordDisplacement (line 913) ... ok
[INFO] [stdout] test src/operand.rs - operand::IndexedOperand::Absolute (line 964) ... ok
[INFO] [stdout] test src/opcode.rs - opcode::DataValue::data_type (line 240) ... ok
[INFO] [stdout] test src/operand.rs - operand::IndexedOperand::ByteDisplacement (line 811) ... ok
[INFO] [stdout] test src/error.rs - error::Error (line 13) ... ok
[INFO] [stdout] test src/operand.rs - operand::IndexedOperand::AutoIncrementDeferred (line 780) ... ok
[INFO] [stdout] test src/opcode.rs - opcode::WriteDataValue::write_data_value (line 240) ... ok
[INFO] [stdout] test src/operand.rs - operand::IndexedOperand::AutoIncrement (line 758) ... ok
[INFO] [stdout] test src/opcode.rs - opcode::WriteDataValue (line 240) ... ok
[INFO] [stdout] test src/opcode.rs - opcode::ReadDataValue (line 241) ... ok
[INFO] [stdout] test src/lib.rs - ReadMacro32 (line 28) ... ok
[INFO] [stdout] test src/operand.rs - operand::IndexedOperand::LongwordDisplacementDeferred (line 953) ... ok
[INFO] [stdout] test src/operand.rs - operand::IndexedOperand::RegisterDeferred (line 715) ... ok
[INFO] [stdout] test src/operand.rs - operand::Operand::ByteDisplacementDeferred (line 528) ... ok
[INFO] [stdout] test src/operand.rs - operand::Operand::ByteDisplacement (line 499) ... ok
[INFO] [stdout] test src/operand.rs - operand::IndexedOperand::WordDisplacement (line 859) ... ok
[INFO] [stdout] test src/operand.rs - operand::Operand::Indexed (line 384) ... ok
[INFO] [stdout] test src/operand.rs - operand::Operand::AutoDecrement (line 439) ... ok
[INFO] [stdout] test src/operand.rs - operand::Operand::AutoIncrementDeferred (line 473) ... ok
[INFO] [stdout] test src/operand.rs - operand::Operand::WordDisplacement (line 539) ... ok
[INFO] [stdout] test src/operand.rs - operand::Operand::Absolute (line 658) ... ok
[INFO] [stdout] test src/operand.rs - operand::Operand::AutoIncrement (line 456) ... ok
[INFO] [stdout] test src/operand.rs - operand::Operand::Literal (line 367) ... ok
[INFO] [stdout] test src/operand.rs - operand::Operand::Branch (line 680) ... ok
[INFO] [stdout] test src/operand.rs - operand::Operand::Immediate (line 622) ... ok
[INFO] [stdout] test src/operand.rs - operand::Operand::WordDisplacementDeferred (line 569) ... ok
[INFO] [stdout] test src/operand.rs - operand::Operand::LongwordDisplacement (line 581) ... ok
[INFO] [stdout] test src/operand.rs - operand::Operand::Register (line 411) ... ok
[INFO] [stdout] test src/operand.rs - operand::Operand::RegisterDeferred (line 421) ... ok
[INFO] [stdout] test src/operand.rs - operand::Operand::LongwordDisplacementDeferred (line 616) ... ok
[INFO] [stdout] test src/operand.rs - operand::OperandType::Absolute (line 323) ... ok
[INFO] [stdout] test src/operand.rs - operand::OperandType::ByteDisplacement (line 249) ... ok
[INFO] [stdout] test src/operand.rs - operand::OperandType::AutoIncrementDeferred (line 227) ... ok
[INFO] [stdout] test src/operand.rs - operand::OperandType::ByteDisplacementDeferred (line 270) ... ok
[INFO] [stdout] test src/operand.rs - operand::OperandType::Indexed (line 166) ... ok
[INFO] [stdout] test src/operand.rs - operand::OperandType::AutoIncrement (line 215) ... ok
[INFO] [stdout] test src/operand.rs - operand::OperandType::Immediate (line 314) ... ok
[INFO] [stdout] test src/operand.rs - operand::OperandType::AutoDecrement (line 203) ... ok
[INFO] [stdout] test src/operand.rs - operand::OperandType::Literal (line 154) ... ok
[INFO] [stdout] test src/operand.rs - operand::OperandType::LongwordDisplacement (line 299) ... ok
[INFO] [stdout] test src/operand.rs - operand::OperandType::RegisterDeferred (line 190) ... ok
[INFO] [stdout] test src/operand.rs - operand::OperandType::LongwordDisplacementDeferred (line 321) ... ok
[INFO] [stdout] test src/operand.rs - operand::OperandType::WordDisplacement (line 274) ... ok
[INFO] [stdout] test src/operand.rs - operand::OperandType::Register (line 185) ... ok
[INFO] [stdout] test src/operand.rs - operand::OperandType::WordDisplacementDeferred (line 295) ... ok
[INFO] [stdout] test src/operand.rs - operand::Register::PC (line 125) ... ok
[INFO] [stdout] test src/operand.rs - operand::Register::FP (line 125) ... ok
[INFO] [stdout] test src/operand.rs - operand::Register::R10 (line 125) ... ok
[INFO] [stdout] test src/operand.rs - operand::Register::AP (line 125) ... ok
[INFO] [stdout] test src/operand.rs - operand::Register::R1 (line 125) ... ok
[INFO] [stdout] test src/operand.rs - operand::Register (line 130) ... ok
[INFO] [stdout] test src/operand.rs - operand::Register::R2 (line 125) ... ok
[INFO] [stdout] test src/operand.rs - operand::Register::R3 (line 125) ... ok
[INFO] [stdout] test src/operand.rs - operand::ReadOperand::read_operand (line 1094) ... ok
[INFO] [stdout] test src/operand.rs - operand::Register::R11 (line 125) ... ok
[INFO] [stdout] test src/operand.rs - operand::Register::R0 (line 125) ... ok
[INFO] [stdout] test src/operand.rs - operand::Register::R6 (line 125) ... ok
[INFO] [stdout] test src/operand.rs - operand::ReadOperand (line 1072) ... ok
[INFO] [stdout] test src/operand.rs - operand::Register::R5 (line 125) ... ok
[INFO] [stdout] test src/operand.rs - operand::Register::R8 (line 125) ... ok
[INFO] [stdout] test src/operand.rs - operand::Register::R4 (line 125) ... ok
[INFO] [stdout] test src/operand.rs - operand::Register::R9 (line 125) ... ok
[INFO] [stdout] test src/operand.rs - operand::Register::fmt (line 125) ... ok
[INFO] [stdout] test src/operand.rs - operand::Register::R7 (line 125) ... ok
[INFO] [stdout] test src/process_opcodes.in - opcode::Instruction::fmt (line 5) ... ok
[INFO] [stdout] test src/operand.rs - operand::Register::SP (line 125) ... ok
[INFO] [stdout] test src/process_opcodes.in - opcode::Instruction (line 10) ... ok
[INFO] [stdout] test src/operand.rs - operand::Register::from (line 149) ... ok
[INFO] [stdout] test src/process_opcodes.in - opcode::Instruction::operands (line 4) ... ok
[INFO] [stdout] test src/process_opcodes.in - opcode::Opcode::operand_specs (line 6) ... ok
[INFO] [stdout] test src/process_opcodes.in - opcode::u16::from (line 5) ... ok
[INFO] [stdout] test src/process_opcodes.in - opcode::Opcode::try_from (line 10) ... ok
[INFO] [stdout] test src/process_opcodes.in - opcode::Opcode::fmt (line 5) ... ok
[INFO] [stdout] test src/process_opcodes.in - opcode::Instruction::opcode (line 4) ... ok
[INFO] [stdout] 
[INFO] [stdout] failures:
[INFO] [stdout] 
[INFO] [stdout] ---- src/lib.rs - ReadMacro32::disassemble (line 51) stdout ----
[INFO] [stdout] error: linking with `cc` failed: exit status: 1
[INFO] [stdout]   |
[INFO] [stdout]   = note: LC_ALL="C" PATH="/opt/rustwide/rustup-home/toolchains/beta-2024-12-08-x86_64-unknown-linux-gnu/lib/rustlib/x86_64-unknown-linux-gnu/bin:/opt/rustwide/cargo-home/bin:/usr/local/sbin:/usr/local/bin:/usr/sbin:/usr/bin:/sbin:/bin" VSLANG="1033" "cc" "-m64" "/tmp/rustcPU8aqI/symbols.o" "/tmp/rustdoctestzpmJTB/rust_out.rust_out.9242fac72db2cd11-cgu.0.rcgu.o" "/tmp/rustdoctestzpmJTB/rust_out.2hl2tb9xdtge7mguxzn2q1kvi.rcgu.o" "-Wl,--as-needed" "-Wl,-Bstatic" "/opt/rustwide/target/debug/deps/libvax_disassembler-b60f8b7f020c4b0c.rlib" "/opt/rustwide/target/debug/deps/libvax_floating-3d61a31950e27e9f.rlib" "/opt/rustwide/target/debug/deps/libproptest-64be3a426a53479a.rlib" "/opt/rustwide/target/debug/deps/libunarray-bdc0f59c9d4a6872.rlib" "/opt/rustwide/target/debug/deps/libregex_syntax-68a2118807cc42f7.rlib" "/opt/rustwide/target/debug/deps/librand_xorshift-81c1db0375afe589.rlib" "/opt/rustwide/target/debug/deps/librusty_fork-513e01f134812d4e.rlib" "/opt/rustwide/target/debug/deps/libwait_timeout-01a49fecc250487c.rlib" "/opt/rustwide/target/debug/deps/libtempfile-9a04e1723fe0194d.rlib" "/opt/rustwide/target/debug/deps/libfastrand-97c3159d7ee7d95b.rlib" "/opt/rustwide/target/debug/deps/librustix-6844851b4adbea52.rlib" "/opt/rustwide/target/debug/deps/liblinux_raw_sys-96960a9d12f17f48.rlib" "/opt/rustwide/target/debug/deps/libonce_cell-0a05695a483fa658.rlib" "/opt/rustwide/target/debug/deps/libfnv-953831fe314029b4.rlib" "/opt/rustwide/target/debug/deps/libquick_error-74e479ae94e35649.rlib" "/opt/rustwide/target/debug/deps/liblazy_static-34736fcc74b41a53.rlib" "/opt/rustwide/target/debug/deps/libbit_set-10b8f770f2441fa4.rlib" "/opt/rustwide/target/debug/deps/libbit_vec-a0398f191924b60c.rlib" "/opt/rustwide/target/debug/deps/librand-4ddab5e025d63e60.rlib" "/opt/rustwide/target/debug/deps/librand_chacha-67563e5bb07bac21.rlib" "/opt/rustwide/target/debug/deps/libppv_lite86-e5a91eda315c7f36.rlib" "/opt/rustwide/target/debug/deps/libzerocopy-5a091d24ab02f175.rlib" "/opt/rustwide/target/debug/deps/libbyteorder-1330d4a483bc0841.rlib" "/opt/rustwide/target/debug/deps/librand_core-24762e9e1e96b4fc.rlib" "/opt/rustwide/target/debug/deps/libgetrandom-4ed2622a5aaffb15.rlib" "/opt/rustwide/target/debug/deps/liblibc-ab537429a1f68abe.rlib" "/opt/rustwide/target/debug/deps/libcfg_if-a3e7e701fcd1f47b.rlib" "/opt/rustwide/target/debug/deps/libbitflags-e303ea873600dc51.rlib" "/opt/rustwide/target/debug/deps/libforward_ref-11ca4f27202615be.rlib" "/opt/rustwide/target/debug/deps/libthiserror-40aa8b9d4b5e848a.rlib" "/opt/rustwide/rustup-home/toolchains/beta-2024-12-08-x86_64-unknown-linux-gnu/lib/rustlib/x86_64-unknown-linux-gnu/lib/libstd-02dc84f49135b6b8.rlib" "/opt/rustwide/rustup-home/toolchains/beta-2024-12-08-x86_64-unknown-linux-gnu/lib/rustlib/x86_64-unknown-linux-gnu/lib/libpanic_unwind-a8f45b397fae3f81.rlib" "/opt/rustwide/rustup-home/toolchains/beta-2024-12-08-x86_64-unknown-linux-gnu/lib/rustlib/x86_64-unknown-linux-gnu/lib/libobject-089607133c180609.rlib" "/opt/rustwide/rustup-home/toolchains/beta-2024-12-08-x86_64-unknown-linux-gnu/lib/rustlib/x86_64-unknown-linux-gnu/lib/libmemchr-fc89f091bcd86cbb.rlib" "/opt/rustwide/rustup-home/toolchains/beta-2024-12-08-x86_64-unknown-linux-gnu/lib/rustlib/x86_64-unknown-linux-gnu/lib/libaddr2line-5a60949f01c7340c.rlib" "/opt/rustwide/rustup-home/toolchains/beta-2024-12-08-x86_64-unknown-linux-gnu/lib/rustlib/x86_64-unknown-linux-gnu/lib/libgimli-d29e6a55ca253c8c.rlib" "/opt/rustwide/rustup-home/toolchains/beta-2024-12-08-x86_64-unknown-linux-gnu/lib/rustlib/x86_64-unknown-linux-gnu/lib/librustc_demangle-273c078d5f65de7a.rlib" "/opt/rustwide/rustup-home/toolchains/beta-2024-12-08-x86_64-unknown-linux-gnu/lib/rustlib/x86_64-unknown-linux-gnu/lib/libstd_detect-413c950ffbdd4454.rlib" "/opt/rustwide/rustup-home/toolchains/beta-2024-12-08-x86_64-unknown-linux-gnu/lib/rustlib/x86_64-unknown-linux-gnu/lib/libhashbrown-1853c0976a1d88a6.rlib" "/opt/rustwide/rustup-home/toolchains/beta-2024-12-08-x86_64-unknown-linux-gnu/lib/rustlib/x86_64-unknown-linux-gnu/lib/librustc_std_workspace_alloc-ccb3384ddacb0f9e.rlib" "/opt/rustwide/rustup-home/toolchains/beta-2024-12-08-x86_64-unknown-linux-gnu/lib/rustlib/x86_64-unknown-linux-gnu/lib/libminiz_oxide-0b901dfb0ca849e0.rlib" "/opt/rustwide/rustup-home/toolchains/beta-2024-12-08-x86_64-unknown-linux-gnu/lib/rustlib/x86_64-unknown-linux-gnu/lib/libadler-eebeb8d7c64543ad.rlib" "/opt/rustwide/rustup-home/toolchains/beta-2024-12-08-x86_64-unknown-linux-gnu/lib/rustlib/x86_64-unknown-linux-gnu/lib/libunwind-4723ef81d6079867.rlib" "/opt/rustwide/rustup-home/toolchains/beta-2024-12-08-x86_64-unknown-linux-gnu/lib/rustlib/x86_64-unknown-linux-gnu/lib/libcfg_if-54442f8b422f5a54.rlib" "/opt/rustwide/rustup-home/toolchains/beta-2024-12-08-x86_64-unknown-linux-gnu/lib/rustlib/x86_64-unknown-linux-gnu/lib/liblibc-e0bbe034b5282553.rlib" "/opt/rustwide/rustup-home/toolchains/beta-2024-12-08-x86_64-unknown-linux-gnu/lib/rustlib/x86_64-unknown-linux-gnu/lib/liballoc-d0febb68c1c37b90.rlib" "/opt/rustwide/rustup-home/toolchains/beta-2024-12-08-x86_64-unknown-linux-gnu/lib/rustlib/x86_64-unknown-linux-gnu/lib/librustc_std_workspace_core-4cf833632aafa84c.rlib" "/opt/rustwide/rustup-home/toolchains/beta-2024-12-08-x86_64-unknown-linux-gnu/lib/rustlib/x86_64-unknown-linux-gnu/lib/libcore-65c2c6d2d6ae570b.rlib" "/opt/rustwide/rustup-home/toolchains/beta-2024-12-08-x86_64-unknown-linux-gnu/lib/rustlib/x86_64-unknown-linux-gnu/lib/libcompiler_builtins-97929cee0dcfe424.rlib" "-Wl,-Bdynamic" "-lgcc_s" "-lutil" "-lrt" "-lpthread" "-lm" "-ldl" "-lc" "-Wl,--eh-frame-hdr" "-Wl,-z,noexecstack" "-L" "/opt/rustwide/rustup-home/toolchains/beta-2024-12-08-x86_64-unknown-linux-gnu/lib/rustlib/x86_64-unknown-linux-gnu/lib" "-o" "/tmp/rustdoctestzpmJTB/rust_out" "-Wl,--gc-sections" "-pie" "-Wl,-z,relro,-z,now" "-nodefaultlibs"
[INFO] [stdout]   = note: collect2: fatal error: ld terminated with signal 9 [Killed]
[INFO] [stdout]           compilation terminated.
[INFO] [stdout]           
[INFO] [stdout] 
[INFO] [stdout] error: aborting due to 1 previous error
[INFO] [stdout] 
[INFO] [stdout] Couldn't compile the test.
[INFO] [stdout] ---- src/operand.rs - operand::IndexedOperand::WordDisplacementDeferred (line 893) stdout ----
[INFO] [stdout] Couldn't compile the test.
[INFO] [stdout] 
[INFO] [stdout] failures:
[INFO] [stdout]     src/lib.rs - ReadMacro32::disassemble (line 51)
[INFO] [stdout]     src/operand.rs - operand::IndexedOperand::WordDisplacementDeferred (line 893)
[INFO] [stdout] 
[INFO] [stdout] test result: FAILED. 78 passed; 2 failed; 0 ignored; 0 measured; 0 filtered out; finished in 16.70s
[INFO] [stdout] 
[INFO] [stderr] error: doctest failed, to rerun pass `--doc`
[INFO] running `Command { std: "docker" "inspect" "df4dfce48fdfad2f90dd08005fd15c73c6e33dc2da381aed75d4f3bacf1dcaa9", kill_on_drop: false }`
[INFO] running `Command { std: "docker" "rm" "-f" "df4dfce48fdfad2f90dd08005fd15c73c6e33dc2da381aed75d4f3bacf1dcaa9", kill_on_drop: false }`
[INFO] [stdout] df4dfce48fdfad2f90dd08005fd15c73c6e33dc2da381aed75d4f3bacf1dcaa9
