[INFO] fetching crate variant_counter 0.4.0...
[INFO] testing variant_counter-0.4.0 against 1.83.0 for beta-1.84.0-4-retry
[INFO] extracting crate variant_counter 0.4.0 into /workspace/builds/worker-2-tc1/source
[INFO] validating manifest of crates.io crate variant_counter 0.4.0 on toolchain 1.83.0
[INFO] running `Command { std: CARGO_HOME="/workspace/cargo-home" RUSTUP_HOME="/workspace/rustup-home" "/workspace/cargo-home/bin/cargo" "+1.83.0" "metadata" "--manifest-path" "Cargo.toml" "--no-deps", kill_on_drop: false }`
[INFO] started tweaking crates.io crate variant_counter 0.4.0
[INFO] finished tweaking crates.io crate variant_counter 0.4.0
[INFO] tweaked toml for crates.io crate variant_counter 0.4.0 written to /workspace/builds/worker-2-tc1/source/Cargo.toml
[INFO] crate crates.io crate variant_counter 0.4.0 already has a lockfile, it will not be regenerated
[INFO] running `Command { std: CARGO_HOME="/workspace/cargo-home" RUSTUP_HOME="/workspace/rustup-home" "/workspace/cargo-home/bin/cargo" "+1.83.0" "fetch" "--manifest-path" "Cargo.toml", kill_on_drop: false }`
[INFO] [stderr]     Blocking waiting for file lock on package cache
[INFO] [stderr]     Updating crates.io index
[INFO] [stderr]     Blocking waiting for file lock on package cache
[INFO] [stderr]  Downloading crates ...
[INFO] [stderr]   Downloaded variant_counter_derived v0.4.0
[INFO] running `Command { std: "docker" "create" "-v" "/var/lib/crater-agent-workspace/builds/worker-2-tc1/target:/opt/rustwide/target:rw,Z" "-v" "/var/lib/crater-agent-workspace/builds/worker-2-tc1/source:/opt/rustwide/workdir:ro,Z" "-v" "/var/lib/crater-agent-workspace/cargo-home:/opt/rustwide/cargo-home:ro,Z" "-v" "/var/lib/crater-agent-workspace/rustup-home:/opt/rustwide/rustup-home:ro,Z" "-e" "SOURCE_DIR=/opt/rustwide/workdir" "-e" "CARGO_TARGET_DIR=/opt/rustwide/target" "-e" "CARGO_HOME=/opt/rustwide/cargo-home" "-e" "RUSTUP_HOME=/opt/rustwide/rustup-home" "-w" "/opt/rustwide/workdir" "-m" "1610612736" "--user" "0:0" "--network" "none" "ghcr.io/rust-lang/crates-build-env/linux@sha256:f3a9d4ad9d972b27faf3965f35b62e55ba32bbce8f20bc8fe909558a86702fde" "/opt/rustwide/cargo-home/bin/cargo" "+1.83.0" "metadata" "--no-deps" "--format-version=1", kill_on_drop: false }`
[INFO] [stdout] 38f4d73220d63e79201dce768cc3924443aa4b36cd4cc05a38baa37d3e627b7b
[INFO] running `Command { std: "docker" "start" "-a" "38f4d73220d63e79201dce768cc3924443aa4b36cd4cc05a38baa37d3e627b7b", kill_on_drop: false }`
[INFO] running `Command { std: "docker" "inspect" "38f4d73220d63e79201dce768cc3924443aa4b36cd4cc05a38baa37d3e627b7b", kill_on_drop: false }`
[INFO] running `Command { std: "docker" "rm" "-f" "38f4d73220d63e79201dce768cc3924443aa4b36cd4cc05a38baa37d3e627b7b", kill_on_drop: false }`
[INFO] [stdout] 38f4d73220d63e79201dce768cc3924443aa4b36cd4cc05a38baa37d3e627b7b
[INFO] running `Command { std: "docker" "create" "-v" "/var/lib/crater-agent-workspace/builds/worker-2-tc1/target:/opt/rustwide/target:rw,Z" "-v" "/var/lib/crater-agent-workspace/builds/worker-2-tc1/source:/opt/rustwide/workdir:ro,Z" "-v" "/var/lib/crater-agent-workspace/cargo-home:/opt/rustwide/cargo-home:ro,Z" "-v" "/var/lib/crater-agent-workspace/rustup-home:/opt/rustwide/rustup-home:ro,Z" "-e" "SOURCE_DIR=/opt/rustwide/workdir" "-e" "CARGO_TARGET_DIR=/opt/rustwide/target" "-e" "CARGO_INCREMENTAL=0" "-e" "RUST_BACKTRACE=full" "-e" "RUSTFLAGS=--cap-lints=warn" "-e" "RUSTDOCFLAGS=--cap-lints=warn" "-e" "CARGO_HOME=/opt/rustwide/cargo-home" "-e" "RUSTUP_HOME=/opt/rustwide/rustup-home" "-w" "/opt/rustwide/workdir" "-m" "1610612736" "--user" "0:0" "--network" "none" "ghcr.io/rust-lang/crates-build-env/linux@sha256:f3a9d4ad9d972b27faf3965f35b62e55ba32bbce8f20bc8fe909558a86702fde" "/opt/rustwide/cargo-home/bin/cargo" "+1.83.0" "build" "--frozen" "--message-format=json", kill_on_drop: false }`
[INFO] [stdout] c4dccf7f10fb7f66916f1b44935348786fd5ace4432bf85ccff10a70bbbda67a
[INFO] running `Command { std: "docker" "start" "-a" "c4dccf7f10fb7f66916f1b44935348786fd5ace4432bf85ccff10a70bbbda67a", kill_on_drop: false }`
[INFO] [stderr]    Compiling proc-macro2 v1.0.28
[INFO] [stderr]    Compiling unicode-xid v0.2.2
[INFO] [stderr]    Compiling syn v1.0.74
[INFO] [stderr]    Compiling quote v1.0.9
[INFO] [stderr]    Compiling variant_counter_derived v0.4.0
[INFO] [stderr]    Compiling variant_counter v0.4.0 (/opt/rustwide/workdir)
[INFO] [stderr]     Finished `dev` profile [unoptimized + debuginfo] target(s) in 3.19s
[INFO] running `Command { std: "docker" "inspect" "c4dccf7f10fb7f66916f1b44935348786fd5ace4432bf85ccff10a70bbbda67a", kill_on_drop: false }`
[INFO] running `Command { std: "docker" "rm" "-f" "c4dccf7f10fb7f66916f1b44935348786fd5ace4432bf85ccff10a70bbbda67a", kill_on_drop: false }`
[INFO] [stdout] c4dccf7f10fb7f66916f1b44935348786fd5ace4432bf85ccff10a70bbbda67a
[INFO] running `Command { std: "docker" "create" "-v" "/var/lib/crater-agent-workspace/builds/worker-2-tc1/target:/opt/rustwide/target:rw,Z" "-v" "/var/lib/crater-agent-workspace/builds/worker-2-tc1/source:/opt/rustwide/workdir:ro,Z" "-v" "/var/lib/crater-agent-workspace/cargo-home:/opt/rustwide/cargo-home:ro,Z" "-v" "/var/lib/crater-agent-workspace/rustup-home:/opt/rustwide/rustup-home:ro,Z" "-e" "SOURCE_DIR=/opt/rustwide/workdir" "-e" "CARGO_TARGET_DIR=/opt/rustwide/target" "-e" "CARGO_INCREMENTAL=0" "-e" "RUST_BACKTRACE=full" "-e" "RUSTFLAGS=--cap-lints=warn" "-e" "RUSTDOCFLAGS=--cap-lints=warn" "-e" "CARGO_HOME=/opt/rustwide/cargo-home" "-e" "RUSTUP_HOME=/opt/rustwide/rustup-home" "-w" "/opt/rustwide/workdir" "-m" "1610612736" "--user" "0:0" "--network" "none" "ghcr.io/rust-lang/crates-build-env/linux@sha256:f3a9d4ad9d972b27faf3965f35b62e55ba32bbce8f20bc8fe909558a86702fde" "/opt/rustwide/cargo-home/bin/cargo" "+1.83.0" "test" "--frozen" "--no-run" "--message-format=json", kill_on_drop: false }`
[INFO] [stdout] 118db8264582315accae9794cf92ad64ea8eae1868ccc1ed727b3bffab2f58d3
[INFO] running `Command { std: "docker" "start" "-a" "118db8264582315accae9794cf92ad64ea8eae1868ccc1ed727b3bffab2f58d3", kill_on_drop: false }`
[INFO] [stderr]    Compiling variant_counter v0.4.0 (/opt/rustwide/workdir)
[INFO] [stdout] warning: elided lifetime has a name
[INFO] [stdout]  --> examples/platform.rs:5:6
[INFO] [stdout]   |
[INFO] [stdout] 4 | #[derive(VariantCount)]
[INFO] [stdout]   |          ------------ lifetime `'a` declared here
[INFO] [stdout] 5 | enum Platform {
[INFO] [stdout]   |      ^^^^^^^^ this elided lifetime gets resolved as `'a`
[INFO] [stdout]   |
[INFO] [stdout]   = note: `#[warn(elided_named_lifetimes)]` on by default
[INFO] [stdout] 
[INFO] [stdout] 
[INFO] [stderr]     Finished `test` profile [unoptimized + debuginfo] target(s) in 0.59s
[INFO] running `Command { std: "docker" "inspect" "118db8264582315accae9794cf92ad64ea8eae1868ccc1ed727b3bffab2f58d3", kill_on_drop: false }`
[INFO] running `Command { std: "docker" "rm" "-f" "118db8264582315accae9794cf92ad64ea8eae1868ccc1ed727b3bffab2f58d3", kill_on_drop: false }`
[INFO] [stdout] 118db8264582315accae9794cf92ad64ea8eae1868ccc1ed727b3bffab2f58d3
[INFO] running `Command { std: "docker" "create" "-v" "/var/lib/crater-agent-workspace/builds/worker-2-tc1/target:/opt/rustwide/target:rw,Z" "-v" "/var/lib/crater-agent-workspace/builds/worker-2-tc1/source:/opt/rustwide/workdir:ro,Z" "-v" "/var/lib/crater-agent-workspace/cargo-home:/opt/rustwide/cargo-home:ro,Z" "-v" "/var/lib/crater-agent-workspace/rustup-home:/opt/rustwide/rustup-home:ro,Z" "-e" "SOURCE_DIR=/opt/rustwide/workdir" "-e" "CARGO_TARGET_DIR=/opt/rustwide/target" "-e" "CARGO_INCREMENTAL=0" "-e" "RUST_BACKTRACE=full" "-e" "RUSTFLAGS=--cap-lints=warn" "-e" "RUSTDOCFLAGS=--cap-lints=warn" "-e" "CARGO_HOME=/opt/rustwide/cargo-home" "-e" "RUSTUP_HOME=/opt/rustwide/rustup-home" "-w" "/opt/rustwide/workdir" "-m" "1610612736" "--user" "0:0" "--network" "none" "ghcr.io/rust-lang/crates-build-env/linux@sha256:f3a9d4ad9d972b27faf3965f35b62e55ba32bbce8f20bc8fe909558a86702fde" "/opt/rustwide/cargo-home/bin/cargo" "+1.83.0" "test" "--frozen", kill_on_drop: false }`
[INFO] [stdout] 2caf58f874b3287f74a2652c753a8d2c1b868f002ceeec763715880f8cab931e
[INFO] running `Command { std: "docker" "start" "-a" "2caf58f874b3287f74a2652c753a8d2c1b868f002ceeec763715880f8cab931e", kill_on_drop: false }`
[INFO] [stderr] warning: elided lifetime has a name
[INFO] [stderr]  --> examples/platform.rs:5:6
[INFO] [stderr]   |
[INFO] [stderr] 4 | #[derive(VariantCount)]
[INFO] [stderr]   |          ------------ lifetime `'a` declared here
[INFO] [stderr] 5 | enum Platform {
[INFO] [stderr]   |      ^^^^^^^^ this elided lifetime gets resolved as `'a`
[INFO] [stderr]   |
[INFO] [stderr]   = note: `#[warn(elided_named_lifetimes)]` on by default
[INFO] [stderr] 
[INFO] [stderr] warning: `variant_counter` (example "platform") generated 1 warning
[INFO] [stderr]     Finished `test` profile [unoptimized + debuginfo] target(s) in 0.01s
[INFO] [stderr]      Running unittests src/lib.rs (/opt/rustwide/target/debug/deps/variant_counter-8a7754acdab315c6)
[INFO] [stdout] 
[INFO] [stdout] running 0 tests
[INFO] [stdout] 
[INFO] [stdout] test result: ok. 0 passed; 0 failed; 0 ignored; 0 measured; 0 filtered out; finished in 0.00s
[INFO] [stdout] 
[INFO] [stderr]      Running tests/basic.rs (/opt/rustwide/target/debug/deps/basic-c0f89c215fdcd2a9)
[INFO] [stdout] 
[INFO] [stdout] running 0 tests
[INFO] [stdout] 
[INFO] [stdout] test result: ok. 0 passed; 0 failed; 0 ignored; 0 measured; 0 filtered out; finished in 0.00s
[INFO] [stdout] 
[INFO] [stderr]      Running tests/complex.rs (/opt/rustwide/target/debug/deps/complex-a8bfb76d00103476)
[INFO] [stdout] 
[INFO] [stdout] running 1 test
[INFO] [stdout] test test_complex ... ok
[INFO] [stdout] 
[INFO] [stdout] test result: ok. 1 passed; 0 failed; 0 ignored; 0 measured; 0 filtered out; finished in 0.00s
[INFO] [stdout] 
[INFO] [stderr]      Running tests/generics.rs (/opt/rustwide/target/debug/deps/generics-4dc66b9347aaf282)
[INFO] [stdout] 
[INFO] [stdout] running 0 tests
[INFO] [stderr]      Running tests/group.rs (/opt/rustwide/target/debug/deps/group-0e3ffb988b71f0b2)
[INFO] [stdout] 
[INFO] [stdout] test result: ok. 0 passed; 0 failed; 0 ignored; 0 measured; 0 filtered out; finished in 0.00s
[INFO] [stdout] 
[INFO] [stdout] 
[INFO] [stdout] running 0 tests
[INFO] [stdout] 
[INFO] [stdout] test result: ok. 0 passed; 0 failed; 0 ignored; 0 measured; 0 filtered out; finished in 0.00s
[INFO] [stdout] 
[INFO] [stderr]      Running tests/ignore.rs (/opt/rustwide/target/debug/deps/ignore-ceb464f3565c0e59)
[INFO] [stdout] 
[INFO] [stdout] running 1 test
[INFO] [stdout] test test_ignore ... ok
[INFO] [stdout] 
[INFO] [stdout] test result: ok. 1 passed; 0 failed; 0 ignored; 0 measured; 0 filtered out; finished in 0.00s
[INFO] [stdout] 
[INFO] [stderr]      Running tests/no_std.rs (/opt/rustwide/target/debug/deps/no_std-8d2867ec26742780)
[INFO] [stdout] 
[INFO] [stdout] running 0 tests
[INFO] [stdout] 
[INFO] [stdout] test result: ok. 0 passed; 0 failed; 0 ignored; 0 measured; 0 filtered out; finished in 0.00s
[INFO] [stdout] 
[INFO] [stderr]      Running tests/stats.rs (/opt/rustwide/target/debug/deps/stats-daaadc602ab8784d)
[INFO] [stdout] 
[INFO] [stdout] running 0 tests
[INFO] [stdout] 
[INFO] [stdout] test result: ok. 0 passed; 0 failed; 0 ignored; 0 measured; 0 filtered out; finished in 0.00s
[INFO] [stdout] 
[INFO] [stderr]      Running tests/weight.rs (/opt/rustwide/target/debug/deps/weight-928ecb9f29c7368a)
[INFO] [stdout] 
[INFO] [stdout] running 0 tests
[INFO] [stdout] 
[INFO] [stdout] test result: ok. 0 passed; 0 failed; 0 ignored; 0 measured; 0 filtered out; finished in 0.00s
[INFO] [stdout] 
[INFO] [stderr]    Doc-tests variant_counter
[INFO] [stdout] 
[INFO] [stdout] running 13 tests
[INFO] [stdout] test src/lib.rs - (line 111) ... ignored
[INFO] [stdout] test src/lib.rs - (line 31) ... ignored
[INFO] [stdout] test src/lib.rs - (line 39) ... ignored
[INFO] [stdout] test src/lib.rs - (line 47) ... ignored
[INFO] [stdout] test src/lib.rs - (line 72) ... ignored
[INFO] [stdout] test src/lib.rs - (line 80) ... ignored
[INFO] [stdout] test src/lib.rs - (line 127) ... FAILED
[INFO] [stdout] test src/lib.rs - VariantCount (line 260) ... ok
[INFO] [stdout] test src/lib.rs - (line 167) ... ok
[INFO] [stdout] test src/lib.rs - (line 7) ... ok
[INFO] [stdout] test src/lib.rs - (line 18) ... ok
[INFO] [stdout] test src/lib.rs - (line 57) ... ok
[INFO] [stdout] test src/lib.rs - (line 86) ... ok
[INFO] [stdout] 
[INFO] [stdout] failures:
[INFO] [stdout] 
[INFO] [stdout] ---- src/lib.rs - (line 127) stdout ----
[INFO] [stdout] warning: elided lifetime has a name
[INFO] [stdout]  --> src/lib.rs:131:6
[INFO] [stdout]   |
[INFO] [stdout] 6 | #[derive(VariantCount)]
[INFO] [stdout]   |          ------------ lifetime `'a` declared here
[INFO] [stdout] 7 | enum Rating {
[INFO] [stdout]   |      ^^^^^^ this elided lifetime gets resolved as `'a`
[INFO] [stdout]   |
[INFO] [stdout]   = note: `#[warn(elided_named_lifetimes)]` on by default
[INFO] [stdout] 
[INFO] [stdout] error[E0599]: no method named `avg` found for struct `RatingWeighted` in the current scope
[INFO] [stdout]   --> src/lib.rs:153:3
[INFO] [stdout]    |
[INFO] [stdout] 6  | #[derive(VariantCount)]
[INFO] [stdout]    |          ------------ method `avg` not found for this struct
[INFO] [stdout] ...
[INFO] [stdout] 29 | w.avg();
[INFO] [stdout]    |   ^^^ method not found in `RatingWeighted<'_>`
[INFO] [stdout] 
[INFO] [stdout] error[E0599]: no method named `variance` found for struct `RatingWeighted` in the current scope
[INFO] [stdout]   --> src/lib.rs:156:3
[INFO] [stdout]    |
[INFO] [stdout] 6  | #[derive(VariantCount)]
[INFO] [stdout]    |          ------------ method `variance` not found for this struct
[INFO] [stdout] ...
[INFO] [stdout] 32 | w.variance();
[INFO] [stdout]    |   ^^^^^^^^ method not found in `RatingWeighted<'_>`
[INFO] [stdout] 
[INFO] [stdout] error[E0599]: no method named `sd` found for struct `RatingWeighted` in the current scope
[INFO] [stdout]   --> src/lib.rs:159:3
[INFO] [stdout]    |
[INFO] [stdout] 6  | #[derive(VariantCount)]
[INFO] [stdout]    |          ------------ method `sd` not found for this struct
[INFO] [stdout] ...
[INFO] [stdout] 35 | w.sd();
[INFO] [stdout]    |   ^^ method not found in `RatingWeighted<'_>`
[INFO] [stdout] 
[INFO] [stdout] error: aborting due to 3 previous errors; 1 warning emitted
[INFO] [stdout] 
[INFO] [stdout] For more information about this error, try `rustc --explain E0599`.
[INFO] [stdout] Couldn't compile the test.
[INFO] [stdout] 
[INFO] [stdout] failures:
[INFO] [stdout]     src/lib.rs - (line 127)
[INFO] [stdout] 
[INFO] [stdout] test result: FAILED. 6 passed; 1 failed; 6 ignored; 0 measured; 0 filtered out; finished in 0.33s
[INFO] [stdout] 
[INFO] [stderr] error: doctest failed, to rerun pass `--doc`
[INFO] running `Command { std: "docker" "inspect" "2caf58f874b3287f74a2652c753a8d2c1b868f002ceeec763715880f8cab931e", kill_on_drop: false }`
[INFO] running `Command { std: "docker" "rm" "-f" "2caf58f874b3287f74a2652c753a8d2c1b868f002ceeec763715880f8cab931e", kill_on_drop: false }`
[INFO] [stdout] 2caf58f874b3287f74a2652c753a8d2c1b868f002ceeec763715880f8cab931e
