[INFO] fetching crate variadics_please 1.0.0...
[INFO] testing variadics_please-1.0.0 against 1.83.0 for beta-1.84.0-4-retry
[INFO] extracting crate variadics_please 1.0.0 into /workspace/builds/worker-2-tc1/source
[INFO] validating manifest of crates.io crate variadics_please 1.0.0 on toolchain 1.83.0
[INFO] running `Command { std: CARGO_HOME="/workspace/cargo-home" RUSTUP_HOME="/workspace/rustup-home" "/workspace/cargo-home/bin/cargo" "+1.83.0" "metadata" "--manifest-path" "Cargo.toml" "--no-deps", kill_on_drop: false }`
[INFO] started tweaking crates.io crate variadics_please 1.0.0
[INFO] finished tweaking crates.io crate variadics_please 1.0.0
[INFO] tweaked toml for crates.io crate variadics_please 1.0.0 written to /workspace/builds/worker-2-tc1/source/Cargo.toml
[INFO] running `Command { std: CARGO_HOME="/workspace/cargo-home" RUSTUP_HOME="/workspace/rustup-home" "/workspace/cargo-home/bin/cargo" "+1.83.0" "generate-lockfile" "--manifest-path" "Cargo.toml", kill_on_drop: false }`
[INFO] [stderr]     Updating crates.io index
[INFO] [stderr]      Locking 4 packages to latest compatible versions
[INFO] running `Command { std: CARGO_HOME="/workspace/cargo-home" RUSTUP_HOME="/workspace/rustup-home" "/workspace/cargo-home/bin/cargo" "+1.83.0" "fetch" "--manifest-path" "Cargo.toml", kill_on_drop: false }`
[INFO] running `Command { std: "docker" "create" "-v" "/var/lib/crater-agent-workspace/builds/worker-2-tc1/target:/opt/rustwide/target:rw,Z" "-v" "/var/lib/crater-agent-workspace/builds/worker-2-tc1/source:/opt/rustwide/workdir:ro,Z" "-v" "/var/lib/crater-agent-workspace/cargo-home:/opt/rustwide/cargo-home:ro,Z" "-v" "/var/lib/crater-agent-workspace/rustup-home:/opt/rustwide/rustup-home:ro,Z" "-e" "SOURCE_DIR=/opt/rustwide/workdir" "-e" "CARGO_TARGET_DIR=/opt/rustwide/target" "-e" "CARGO_HOME=/opt/rustwide/cargo-home" "-e" "RUSTUP_HOME=/opt/rustwide/rustup-home" "-w" "/opt/rustwide/workdir" "-m" "1610612736" "--user" "0:0" "--network" "none" "ghcr.io/rust-lang/crates-build-env/linux@sha256:f3a9d4ad9d972b27faf3965f35b62e55ba32bbce8f20bc8fe909558a86702fde" "/opt/rustwide/cargo-home/bin/cargo" "+1.83.0" "metadata" "--no-deps" "--format-version=1", kill_on_drop: false }`
[INFO] [stdout] 6ef7d1947b8aa9da32b652d6cb1636bdcd28dafa0648bcbc1d99ac900cfff128
[INFO] running `Command { std: "docker" "start" "-a" "6ef7d1947b8aa9da32b652d6cb1636bdcd28dafa0648bcbc1d99ac900cfff128", kill_on_drop: false }`
[INFO] running `Command { std: "docker" "inspect" "6ef7d1947b8aa9da32b652d6cb1636bdcd28dafa0648bcbc1d99ac900cfff128", kill_on_drop: false }`
[INFO] running `Command { std: "docker" "rm" "-f" "6ef7d1947b8aa9da32b652d6cb1636bdcd28dafa0648bcbc1d99ac900cfff128", kill_on_drop: false }`
[INFO] [stdout] 6ef7d1947b8aa9da32b652d6cb1636bdcd28dafa0648bcbc1d99ac900cfff128
[INFO] running `Command { std: "docker" "create" "-v" "/var/lib/crater-agent-workspace/builds/worker-2-tc1/target:/opt/rustwide/target:rw,Z" "-v" "/var/lib/crater-agent-workspace/builds/worker-2-tc1/source:/opt/rustwide/workdir:ro,Z" "-v" "/var/lib/crater-agent-workspace/cargo-home:/opt/rustwide/cargo-home:ro,Z" "-v" "/var/lib/crater-agent-workspace/rustup-home:/opt/rustwide/rustup-home:ro,Z" "-e" "SOURCE_DIR=/opt/rustwide/workdir" "-e" "CARGO_TARGET_DIR=/opt/rustwide/target" "-e" "CARGO_INCREMENTAL=0" "-e" "RUST_BACKTRACE=full" "-e" "RUSTFLAGS=--cap-lints=warn" "-e" "RUSTDOCFLAGS=--cap-lints=warn" "-e" "CARGO_HOME=/opt/rustwide/cargo-home" "-e" "RUSTUP_HOME=/opt/rustwide/rustup-home" "-w" "/opt/rustwide/workdir" "-m" "1610612736" "--user" "0:0" "--network" "none" "ghcr.io/rust-lang/crates-build-env/linux@sha256:f3a9d4ad9d972b27faf3965f35b62e55ba32bbce8f20bc8fe909558a86702fde" "/opt/rustwide/cargo-home/bin/cargo" "+1.83.0" "build" "--frozen" "--message-format=json", kill_on_drop: false }`
[INFO] [stdout] bab9ca5b043794fda372a20953c72d752cb8b52c8a13d1abce650a885077a186
[INFO] running `Command { std: "docker" "start" "-a" "bab9ca5b043794fda372a20953c72d752cb8b52c8a13d1abce650a885077a186", kill_on_drop: false }`
[INFO] [stderr]    Compiling proc-macro2 v1.0.92
[INFO] [stderr]    Compiling unicode-ident v1.0.14
[INFO] [stderr]    Compiling quote v1.0.37
[INFO] [stderr]    Compiling syn v2.0.90
[INFO] [stderr]    Compiling variadics_please v1.0.0 (/opt/rustwide/workdir)
[INFO] [stderr]     Finished `dev` profile [unoptimized + debuginfo] target(s) in 4.79s
[INFO] running `Command { std: "docker" "inspect" "bab9ca5b043794fda372a20953c72d752cb8b52c8a13d1abce650a885077a186", kill_on_drop: false }`
[INFO] running `Command { std: "docker" "rm" "-f" "bab9ca5b043794fda372a20953c72d752cb8b52c8a13d1abce650a885077a186", kill_on_drop: false }`
[INFO] [stdout] bab9ca5b043794fda372a20953c72d752cb8b52c8a13d1abce650a885077a186
[INFO] running `Command { std: "docker" "create" "-v" "/var/lib/crater-agent-workspace/builds/worker-2-tc1/target:/opt/rustwide/target:rw,Z" "-v" "/var/lib/crater-agent-workspace/builds/worker-2-tc1/source:/opt/rustwide/workdir:ro,Z" "-v" "/var/lib/crater-agent-workspace/cargo-home:/opt/rustwide/cargo-home:ro,Z" "-v" "/var/lib/crater-agent-workspace/rustup-home:/opt/rustwide/rustup-home:ro,Z" "-e" "SOURCE_DIR=/opt/rustwide/workdir" "-e" "CARGO_TARGET_DIR=/opt/rustwide/target" "-e" "CARGO_INCREMENTAL=0" "-e" "RUST_BACKTRACE=full" "-e" "RUSTFLAGS=--cap-lints=warn" "-e" "RUSTDOCFLAGS=--cap-lints=warn" "-e" "CARGO_HOME=/opt/rustwide/cargo-home" "-e" "RUSTUP_HOME=/opt/rustwide/rustup-home" "-w" "/opt/rustwide/workdir" "-m" "1610612736" "--user" "0:0" "--network" "none" "ghcr.io/rust-lang/crates-build-env/linux@sha256:f3a9d4ad9d972b27faf3965f35b62e55ba32bbce8f20bc8fe909558a86702fde" "/opt/rustwide/cargo-home/bin/cargo" "+1.83.0" "test" "--frozen" "--no-run" "--message-format=json", kill_on_drop: false }`
[INFO] [stdout] 531075e157181fac8808856213e31efeb1ee658261821ac1631e06a2719790ed
[INFO] running `Command { std: "docker" "start" "-a" "531075e157181fac8808856213e31efeb1ee658261821ac1631e06a2719790ed", kill_on_drop: false }`
[INFO] [stderr]    Compiling variadics_please v1.0.0 (/opt/rustwide/workdir)
[INFO] [stderr]     Finished `test` profile [unoptimized + debuginfo] target(s) in 0.71s
[INFO] running `Command { std: "docker" "inspect" "531075e157181fac8808856213e31efeb1ee658261821ac1631e06a2719790ed", kill_on_drop: false }`
[INFO] running `Command { std: "docker" "rm" "-f" "531075e157181fac8808856213e31efeb1ee658261821ac1631e06a2719790ed", kill_on_drop: false }`
[INFO] [stdout] 531075e157181fac8808856213e31efeb1ee658261821ac1631e06a2719790ed
[INFO] running `Command { std: "docker" "create" "-v" "/var/lib/crater-agent-workspace/builds/worker-2-tc1/target:/opt/rustwide/target:rw,Z" "-v" "/var/lib/crater-agent-workspace/builds/worker-2-tc1/source:/opt/rustwide/workdir:ro,Z" "-v" "/var/lib/crater-agent-workspace/cargo-home:/opt/rustwide/cargo-home:ro,Z" "-v" "/var/lib/crater-agent-workspace/rustup-home:/opt/rustwide/rustup-home:ro,Z" "-e" "SOURCE_DIR=/opt/rustwide/workdir" "-e" "CARGO_TARGET_DIR=/opt/rustwide/target" "-e" "CARGO_INCREMENTAL=0" "-e" "RUST_BACKTRACE=full" "-e" "RUSTFLAGS=--cap-lints=warn" "-e" "RUSTDOCFLAGS=--cap-lints=warn" "-e" "CARGO_HOME=/opt/rustwide/cargo-home" "-e" "RUSTUP_HOME=/opt/rustwide/rustup-home" "-w" "/opt/rustwide/workdir" "-m" "1610612736" "--user" "0:0" "--network" "none" "ghcr.io/rust-lang/crates-build-env/linux@sha256:f3a9d4ad9d972b27faf3965f35b62e55ba32bbce8f20bc8fe909558a86702fde" "/opt/rustwide/cargo-home/bin/cargo" "+1.83.0" "test" "--frozen", kill_on_drop: false }`
[INFO] [stdout] 5a4943e7458ee65eb82c02d153e1a525f77db714e10955a1ec7037d753f66f2e
[INFO] running `Command { std: "docker" "start" "-a" "5a4943e7458ee65eb82c02d153e1a525f77db714e10955a1ec7037d753f66f2e", kill_on_drop: false }`
[INFO] [stderr]     Finished `test` profile [unoptimized + debuginfo] target(s) in 0.02s
[INFO] [stderr]      Running unittests src/lib.rs (/opt/rustwide/target/debug/deps/variadics_please-03a39dee2e700e7a)
[INFO] [stdout] 
[INFO] [stdout] running 0 tests
[INFO] [stdout] 
[INFO] [stdout] test result: ok. 0 passed; 0 failed; 0 ignored; 0 measured; 0 filtered out; finished in 0.00s
[INFO] [stdout] 
[INFO] [stderr]    Doc-tests variadics_please
[INFO] [stdout] 
[INFO] [stdout] running 8 tests
[INFO] [stdout] test src/lib.rs - all_tuples_with_size (line 288) ... FAILED
[INFO] [stdout] test src/lib.rs - all_tuples_with_size (line 236) ... FAILED
[INFO] [stdout] test src/lib.rs - all_tuples (line 146) ... FAILED
[INFO] [stdout] test src/lib.rs - all_tuples (line 63) ... FAILED
[INFO] [stdout] test src/lib.rs - all_tuples (line 94) ... FAILED
[INFO] [stdout] test src/lib.rs - all_tuples_with_size (line 203) ... FAILED
[INFO] [stdout] test src/lib.rs - all_tuples_with_size (line 282) ... ok
[INFO] [stdout] test src/lib.rs - all_tuples (line 140) ... ok
[INFO] [stdout] 
[INFO] [stdout] failures:
[INFO] [stdout] 
[INFO] [stdout] ---- src/lib.rs - all_tuples_with_size (line 288) stdout ----
[INFO] [stdout] error[E0432]: unresolved import `bevy_utils_proc_macros`
[INFO] [stdout]  --> src/lib.rs:289:5
[INFO] [stdout]   |
[INFO] [stdout] 3 | use bevy_utils_proc_macros::all_tuples_with_size;
[INFO] [stdout]   |     ^^^^^^^^^^^^^^^^^^^^^^ use of undeclared crate or module `bevy_utils_proc_macros`
[INFO] [stdout] 
[INFO] [stdout] error: aborting due to 1 previous error
[INFO] [stdout] 
[INFO] [stdout] For more information about this error, try `rustc --explain E0432`.
[INFO] [stdout] Couldn't compile the test.
[INFO] [stdout] ---- src/lib.rs - all_tuples_with_size (line 236) stdout ----
[INFO] [stdout] error[E0432]: unresolved import `bevy_utils_proc_macros`
[INFO] [stdout]  --> src/lib.rs:237:5
[INFO] [stdout]   |
[INFO] [stdout] 3 | use bevy_utils_proc_macros::all_tuples_with_size;
[INFO] [stdout]   |     ^^^^^^^^^^^^^^^^^^^^^^ use of undeclared crate or module `bevy_utils_proc_macros`
[INFO] [stdout] 
[INFO] [stdout] error: aborting due to 1 previous error
[INFO] [stdout] 
[INFO] [stdout] For more information about this error, try `rustc --explain E0432`.
[INFO] [stdout] Couldn't compile the test.
[INFO] [stdout] ---- src/lib.rs - all_tuples (line 146) stdout ----
[INFO] [stdout] error[E0432]: unresolved import `bevy_utils_proc_macros`
[INFO] [stdout]  --> src/lib.rs:147:5
[INFO] [stdout]   |
[INFO] [stdout] 3 | use bevy_utils_proc_macros::all_tuples;
[INFO] [stdout]   |     ^^^^^^^^^^^^^^^^^^^^^^ use of undeclared crate or module `bevy_utils_proc_macros`
[INFO] [stdout] 
[INFO] [stdout] error: aborting due to 1 previous error
[INFO] [stdout] 
[INFO] [stdout] For more information about this error, try `rustc --explain E0432`.
[INFO] [stdout] Couldn't compile the test.
[INFO] [stdout] ---- src/lib.rs - all_tuples (line 63) stdout ----
[INFO] [stdout] error[E0432]: unresolved import `bevy_utils_proc_macros`
[INFO] [stdout]  --> src/lib.rs:65:5
[INFO] [stdout]   |
[INFO] [stdout] 4 | use bevy_utils_proc_macros::all_tuples;
[INFO] [stdout]   |     ^^^^^^^^^^^^^^^^^^^^^^ use of undeclared crate or module `bevy_utils_proc_macros`
[INFO] [stdout] 
[INFO] [stdout] error: aborting due to 1 previous error
[INFO] [stdout] 
[INFO] [stdout] For more information about this error, try `rustc --explain E0432`.
[INFO] [stdout] Couldn't compile the test.
[INFO] [stdout] ---- src/lib.rs - all_tuples (line 94) stdout ----
[INFO] [stdout] error[E0432]: unresolved import `bevy_utils_proc_macros`
[INFO] [stdout]  --> src/lib.rs:95:5
[INFO] [stdout]   |
[INFO] [stdout] 3 | use bevy_utils_proc_macros::all_tuples;
[INFO] [stdout]   |     ^^^^^^^^^^^^^^^^^^^^^^ use of undeclared crate or module `bevy_utils_proc_macros`
[INFO] [stdout] 
[INFO] [stdout] error: aborting due to 1 previous error
[INFO] [stdout] 
[INFO] [stdout] For more information about this error, try `rustc --explain E0432`.
[INFO] [stdout] Couldn't compile the test.
[INFO] [stdout] ---- src/lib.rs - all_tuples_with_size (line 203) stdout ----
[INFO] [stdout] error[E0432]: unresolved import `bevy_utils_proc_macros`
[INFO] [stdout]  --> src/lib.rs:205:5
[INFO] [stdout]   |
[INFO] [stdout] 4 | use bevy_utils_proc_macros::all_tuples_with_size;
[INFO] [stdout]   |     ^^^^^^^^^^^^^^^^^^^^^^ use of undeclared crate or module `bevy_utils_proc_macros`
[INFO] [stdout] 
[INFO] [stdout] error: aborting due to 1 previous error
[INFO] [stdout] 
[INFO] [stdout] For more information about this error, try `rustc --explain E0432`.
[INFO] [stdout] Couldn't compile the test.
[INFO] [stdout] 
[INFO] [stdout] failures:
[INFO] [stdout]     src/lib.rs - all_tuples (line 146)
[INFO] [stdout]     src/lib.rs - all_tuples (line 63)
[INFO] [stdout]     src/lib.rs - all_tuples (line 94)
[INFO] [stdout]     src/lib.rs - all_tuples_with_size (line 203)
[INFO] [stdout]     src/lib.rs - all_tuples_with_size (line 236)
[INFO] [stdout]     src/lib.rs - all_tuples_with_size (line 288)
[INFO] [stdout] 
[INFO] [stdout] test result: FAILED. 2 passed; 6 failed; 0 ignored; 0 measured; 0 filtered out; finished in 0.40s
[INFO] [stdout] 
[INFO] [stderr] error: doctest failed, to rerun pass `--doc`
[INFO] running `Command { std: "docker" "inspect" "5a4943e7458ee65eb82c02d153e1a525f77db714e10955a1ec7037d753f66f2e", kill_on_drop: false }`
[INFO] running `Command { std: "docker" "rm" "-f" "5a4943e7458ee65eb82c02d153e1a525f77db714e10955a1ec7037d753f66f2e", kill_on_drop: false }`
[INFO] [stdout] 5a4943e7458ee65eb82c02d153e1a525f77db714e10955a1ec7037d753f66f2e
