[INFO] fetching crate vaporetto 0.6.4...
[INFO] testing vaporetto-0.6.4 against 1.83.0 for beta-1.84.0-4-retry
[INFO] extracting crate vaporetto 0.6.4 into /workspace/builds/worker-1-tc1/source
[INFO] validating manifest of crates.io crate vaporetto 0.6.4 on toolchain 1.83.0
[INFO] running `Command { std: CARGO_HOME="/workspace/cargo-home" RUSTUP_HOME="/workspace/rustup-home" "/workspace/cargo-home/bin/cargo" "+1.83.0" "metadata" "--manifest-path" "Cargo.toml" "--no-deps", kill_on_drop: false }`
[INFO] started tweaking crates.io crate vaporetto 0.6.4
[INFO] finished tweaking crates.io crate vaporetto 0.6.4
[INFO] tweaked toml for crates.io crate vaporetto 0.6.4 written to /workspace/builds/worker-1-tc1/source/Cargo.toml
[INFO] running `Command { std: CARGO_HOME="/workspace/cargo-home" RUSTUP_HOME="/workspace/rustup-home" "/workspace/cargo-home/bin/cargo" "+1.83.0" "generate-lockfile" "--manifest-path" "Cargo.toml", kill_on_drop: false }`
[INFO] [stderr]     Updating crates.io index
[INFO] [stderr]      Locking 45 packages to latest compatible versions
[INFO] running `Command { std: CARGO_HOME="/workspace/cargo-home" RUSTUP_HOME="/workspace/rustup-home" "/workspace/cargo-home/bin/cargo" "+1.83.0" "fetch" "--manifest-path" "Cargo.toml", kill_on_drop: false }`
[INFO] [stderr]  Downloading crates ...
[INFO] [stderr]   Downloaded daachorse v1.0.0
[INFO] [stderr]   Downloaded liblinear v1.0.0
[INFO] [stderr]   Downloaded parsnip v0.3.0
[INFO] running `Command { std: "docker" "create" "-v" "/var/lib/crater-agent-workspace/builds/worker-1-tc1/target:/opt/rustwide/target:rw,Z" "-v" "/var/lib/crater-agent-workspace/builds/worker-1-tc1/source:/opt/rustwide/workdir:ro,Z" "-v" "/var/lib/crater-agent-workspace/cargo-home:/opt/rustwide/cargo-home:ro,Z" "-v" "/var/lib/crater-agent-workspace/rustup-home:/opt/rustwide/rustup-home:ro,Z" "-e" "SOURCE_DIR=/opt/rustwide/workdir" "-e" "CARGO_TARGET_DIR=/opt/rustwide/target" "-e" "CARGO_HOME=/opt/rustwide/cargo-home" "-e" "RUSTUP_HOME=/opt/rustwide/rustup-home" "-w" "/opt/rustwide/workdir" "-m" "1610612736" "--user" "0:0" "--network" "none" "ghcr.io/rust-lang/crates-build-env/linux@sha256:f3a9d4ad9d972b27faf3965f35b62e55ba32bbce8f20bc8fe909558a86702fde" "/opt/rustwide/cargo-home/bin/cargo" "+1.83.0" "metadata" "--no-deps" "--format-version=1", kill_on_drop: false }`
[INFO] [stdout] 5faf2ff0183fcef953d87f1f086ddda702b2bf21a4478dbd1427b1ed476838aa
[INFO] running `Command { std: "docker" "start" "-a" "5faf2ff0183fcef953d87f1f086ddda702b2bf21a4478dbd1427b1ed476838aa", kill_on_drop: false }`
[INFO] running `Command { std: "docker" "inspect" "5faf2ff0183fcef953d87f1f086ddda702b2bf21a4478dbd1427b1ed476838aa", kill_on_drop: false }`
[INFO] running `Command { std: "docker" "rm" "-f" "5faf2ff0183fcef953d87f1f086ddda702b2bf21a4478dbd1427b1ed476838aa", kill_on_drop: false }`
[INFO] [stdout] 5faf2ff0183fcef953d87f1f086ddda702b2bf21a4478dbd1427b1ed476838aa
[INFO] running `Command { std: "docker" "create" "-v" "/var/lib/crater-agent-workspace/builds/worker-1-tc1/target:/opt/rustwide/target:rw,Z" "-v" "/var/lib/crater-agent-workspace/builds/worker-1-tc1/source:/opt/rustwide/workdir:ro,Z" "-v" "/var/lib/crater-agent-workspace/cargo-home:/opt/rustwide/cargo-home:ro,Z" "-v" "/var/lib/crater-agent-workspace/rustup-home:/opt/rustwide/rustup-home:ro,Z" "-e" "SOURCE_DIR=/opt/rustwide/workdir" "-e" "CARGO_TARGET_DIR=/opt/rustwide/target" "-e" "CARGO_INCREMENTAL=0" "-e" "RUST_BACKTRACE=full" "-e" "RUSTFLAGS=--cap-lints=warn" "-e" "RUSTDOCFLAGS=--cap-lints=warn" "-e" "CARGO_HOME=/opt/rustwide/cargo-home" "-e" "RUSTUP_HOME=/opt/rustwide/rustup-home" "-w" "/opt/rustwide/workdir" "-m" "1610612736" "--user" "0:0" "--network" "none" "ghcr.io/rust-lang/crates-build-env/linux@sha256:f3a9d4ad9d972b27faf3965f35b62e55ba32bbce8f20bc8fe909558a86702fde" "/opt/rustwide/cargo-home/bin/cargo" "+1.83.0" "build" "--frozen" "--message-format=json", kill_on_drop: false }`
[INFO] [stdout] f03d35dfbe053dd2990e230010e170c999806493584c169f7a444443f40df1b1
[INFO] running `Command { std: "docker" "start" "-a" "f03d35dfbe053dd2990e230010e170c999806493584c169f7a444443f40df1b1", kill_on_drop: false }`
[INFO] [stderr]    Compiling virtue v0.0.13
[INFO] [stderr]    Compiling equivalent v1.0.1
[INFO] [stderr]    Compiling foldhash v0.1.3
[INFO] [stderr]    Compiling allocator-api2 v0.2.21
[INFO] [stderr]    Compiling daachorse v1.0.0
[INFO] [stderr]    Compiling hashbrown v0.15.2
[INFO] [stderr]    Compiling bincode_derive v2.0.0-rc.3
[INFO] [stderr]    Compiling bincode v2.0.0-rc.3
[INFO] [stderr]    Compiling vaporetto v0.6.4 (/opt/rustwide/workdir)
[INFO] [stderr]     Finished `dev` profile [unoptimized + debuginfo] target(s) in 4.92s
[INFO] running `Command { std: "docker" "inspect" "f03d35dfbe053dd2990e230010e170c999806493584c169f7a444443f40df1b1", kill_on_drop: false }`
[INFO] running `Command { std: "docker" "rm" "-f" "f03d35dfbe053dd2990e230010e170c999806493584c169f7a444443f40df1b1", kill_on_drop: false }`
[INFO] [stdout] f03d35dfbe053dd2990e230010e170c999806493584c169f7a444443f40df1b1
[INFO] running `Command { std: "docker" "create" "-v" "/var/lib/crater-agent-workspace/builds/worker-1-tc1/target:/opt/rustwide/target:rw,Z" "-v" "/var/lib/crater-agent-workspace/builds/worker-1-tc1/source:/opt/rustwide/workdir:ro,Z" "-v" "/var/lib/crater-agent-workspace/cargo-home:/opt/rustwide/cargo-home:ro,Z" "-v" "/var/lib/crater-agent-workspace/rustup-home:/opt/rustwide/rustup-home:ro,Z" "-e" "SOURCE_DIR=/opt/rustwide/workdir" "-e" "CARGO_TARGET_DIR=/opt/rustwide/target" "-e" "CARGO_INCREMENTAL=0" "-e" "RUST_BACKTRACE=full" "-e" "RUSTFLAGS=--cap-lints=warn" "-e" "RUSTDOCFLAGS=--cap-lints=warn" "-e" "CARGO_HOME=/opt/rustwide/cargo-home" "-e" "RUSTUP_HOME=/opt/rustwide/rustup-home" "-w" "/opt/rustwide/workdir" "-m" "1610612736" "--user" "0:0" "--network" "none" "ghcr.io/rust-lang/crates-build-env/linux@sha256:f3a9d4ad9d972b27faf3965f35b62e55ba32bbce8f20bc8fe909558a86702fde" "/opt/rustwide/cargo-home/bin/cargo" "+1.83.0" "test" "--frozen" "--no-run" "--message-format=json", kill_on_drop: false }`
[INFO] [stdout] 595d5bac89a779d86111f053695bd116e03db5e2922a6062c61d5181a258cbce
[INFO] running `Command { std: "docker" "start" "-a" "595d5bac89a779d86111f053695bd116e03db5e2922a6062c61d5181a258cbce", kill_on_drop: false }`
[INFO] [stderr]    Compiling vaporetto v0.6.4 (/opt/rustwide/workdir)
[INFO] [stderr]     Finished `test` profile [unoptimized + debuginfo] target(s) in 3.28s
[INFO] running `Command { std: "docker" "inspect" "595d5bac89a779d86111f053695bd116e03db5e2922a6062c61d5181a258cbce", kill_on_drop: false }`
[INFO] running `Command { std: "docker" "rm" "-f" "595d5bac89a779d86111f053695bd116e03db5e2922a6062c61d5181a258cbce", kill_on_drop: false }`
[INFO] [stdout] 595d5bac89a779d86111f053695bd116e03db5e2922a6062c61d5181a258cbce
[INFO] running `Command { std: "docker" "create" "-v" "/var/lib/crater-agent-workspace/builds/worker-1-tc1/target:/opt/rustwide/target:rw,Z" "-v" "/var/lib/crater-agent-workspace/builds/worker-1-tc1/source:/opt/rustwide/workdir:ro,Z" "-v" "/var/lib/crater-agent-workspace/cargo-home:/opt/rustwide/cargo-home:ro,Z" "-v" "/var/lib/crater-agent-workspace/rustup-home:/opt/rustwide/rustup-home:ro,Z" "-e" "SOURCE_DIR=/opt/rustwide/workdir" "-e" "CARGO_TARGET_DIR=/opt/rustwide/target" "-e" "CARGO_INCREMENTAL=0" "-e" "RUST_BACKTRACE=full" "-e" "RUSTFLAGS=--cap-lints=warn" "-e" "RUSTDOCFLAGS=--cap-lints=warn" "-e" "CARGO_HOME=/opt/rustwide/cargo-home" "-e" "RUSTUP_HOME=/opt/rustwide/rustup-home" "-w" "/opt/rustwide/workdir" "-m" "1610612736" "--user" "0:0" "--network" "none" "ghcr.io/rust-lang/crates-build-env/linux@sha256:f3a9d4ad9d972b27faf3965f35b62e55ba32bbce8f20bc8fe909558a86702fde" "/opt/rustwide/cargo-home/bin/cargo" "+1.83.0" "test" "--frozen", kill_on_drop: false }`
[INFO] [stdout] 0151d83a6db92594b775fdf19ae7bfd9620b429ba471f8f254d9523e3e648382
[INFO] running `Command { std: "docker" "start" "-a" "0151d83a6db92594b775fdf19ae7bfd9620b429ba471f8f254d9523e3e648382", kill_on_drop: false }`
[INFO] [stderr]     Finished `test` profile [unoptimized + debuginfo] target(s) in 0.03s
[INFO] [stdout] 
[INFO] [stderr]      Running unittests src/lib.rs (/opt/rustwide/target/debug/deps/vaporetto-0078952541c010fb)
[INFO] [stdout] running 75 tests
[INFO] [stdout] test char_scorer::tests::test_add_scores_2 ... ok
[INFO] [stdout] test char_scorer::tests::test_add_scores_with_tags ... ok
[INFO] [stdout] test char_scorer::tests::test_weight_merger ... ok
[INFO] [stdout] test predictor::tests::test_positional_weight_add_assign_3 ... ok
[INFO] [stdout] test predictor::tests::test_positional_weight_add_assign_7 ... ok
[INFO] [stdout] test predictor::tests::test_positional_weight_add_assign_6 ... ok
[INFO] [stdout] test predictor::tests::test_positional_weight_add_assign_8 ... ok
[INFO] [stdout] test sentence::tests::test_sentence_from_partial_annotation_empty ... ok
[INFO] [stdout] test sentence::tests::test_sentence_from_partial_annotation_invalid_length ... ok
[INFO] [stdout] test char_scorer::tests::test_add_scores_1 ... ok
[INFO] [stdout] test predictor::tests::test_positional_weight_add_assign_1 ... ok
[INFO] [stdout] test char_scorer::tests::test_add_scores_3 ... ok
[INFO] [stdout] test predictor::tests::test_positional_weight_add_assign_2 ... ok
[INFO] [stdout] test predictor::tests::test_positional_weight_add_assign_4 ... ok
[INFO] [stdout] test predictor::tests::test_predict_tags ... ok
[INFO] [stdout] test predictor::tests::test_positional_weight_add_assign_5 ... ok
[INFO] [stdout] test sentence::tests::test_sentence_from_partial_annotation_invalid_boundary_character ... ok
[INFO] [stdout] test sentence::tests::test_sentence_from_partial_annotation_one ... ok
[INFO] [stdout] test sentence::tests::test_sentence_from_raw ... ok
[INFO] [stdout] test sentence::tests::test_sentence_from_raw_empty ... ok
[INFO] [stdout] test sentence::tests::test_sentence_from_raw_null ... ok
[INFO] [stdout] test sentence::tests::test_sentence_from_raw_one ... ok
[INFO] [stdout] test sentence::tests::test_sentence_from_tokenized ... ok
[INFO] [stdout] test sentence::tests::test_sentence_from_tokenized_empty ... ok
[INFO] [stdout] test sentence::tests::test_sentence_from_tokenized_end_with_space ... ok
[INFO] [stdout] test sentence::tests::test_sentence_from_tokenized_escape_slash ... ok
[INFO] [stdout] test sentence::tests::test_sentence_from_tokenized_null ... ok
[INFO] [stdout] test sentence::tests::test_sentence_from_tokenized_one ... ok
[INFO] [stdout] test sentence::tests::test_sentence_from_tokenized_start_with_space ... ok
[INFO] [stdout] test sentence::tests::test_sentence_from_tokenized_two_spaces ... ok
[INFO] [stdout] test sentence::tests::test_sentence_from_tokenized_with_escape_backslash ... ok
[INFO] [stdout] test sentence::tests::test_sentence_from_tokenized_with_escape_whitespace ... ok
[INFO] [stdout] test sentence::tests::test_sentence_from_tokenized_with_tags_empty_slashes ... ok
[INFO] [stdout] test sentence::tests::test_sentence_to_tokenized_string ... ok
[INFO] [stdout] test sentence::tests::test_sentence_from_tokenized_with_tags_two_slashes ... ok
[INFO] [stdout] test sentence::tests::test_sentence_to_tokenized_string_escape ... ok
[INFO] [stdout] test sentence::tests::test_sentence_to_tokenized_string_with_tags ... ok
[INFO] [stdout] test sentence::tests::test_sentence_to_tokenized_vec ... ok
[INFO] [stdout] test sentence::tests::test_sentence_to_tokenized_vec_unknown ... ok
[INFO] [stdout] test sentence::tests::test_sentence_update_partial_annotation_invalid_boundary_character ... ok
[INFO] [stdout] test sentence::tests::test_sentence_update_partial_annotation_empty ... ok
[INFO] [stdout] test sentence::tests::test_sentence_to_tokenized_vec_with_tags ... ok
[INFO] [stdout] test sentence::tests::test_sentence_from_tokenized_with_tags ... ok
[INFO] [stdout] test sentence::tests::test_sentence_to_tokenized_string_unknown ... ok
[INFO] [stdout] test sentence::tests::test_sentence_update_partial_annotation_null ... ok
[INFO] [stdout] test sentence::tests::test_sentence_update_raw ... ok
[INFO] [stdout] test sentence::tests::test_sentence_update_raw_null ... ok
[INFO] [stdout] test sentence::tests::test_sentence_update_raw_one ... ok
[INFO] [stdout] test sentence::tests::test_sentence_update_tokenized ... ok
[INFO] [stdout] test sentence::tests::test_sentence_update_tokenized_empty ... ok
[INFO] [stdout] test sentence::tests::test_sentence_update_tokenized_empty_slashes ... ok
[INFO] [stdout] test sentence::tests::test_sentence_update_tokenized_end_with_space ... ok
[INFO] [stdout] test sentence::tests::test_sentence_update_partial_annotation_invalid_length ... ok
[INFO] [stdout] test sentence::tests::test_sentence_update_raw_empty ... ok
[INFO] [stdout] test sentence::tests::test_sentence_update_tokenized_escape_slash ... ok
[INFO] [stdout] test sentence::tests::test_sentence_update_tokenized_null ... ok
[INFO] [stdout] test sentence::tests::test_sentence_update_partial_annotation_one ... ok
[INFO] [stdout] test sentence::tests::test_sentence_update_tokenized_two_slashes ... ok
[INFO] [stdout] test type_scorer::tests::test_add_scores_with_tags ... ok
[INFO] [stdout] test sentence::tests::test_sentence_update_tokenized_with_escape_backslash ... ok
[INFO] [stdout] test sentence::tests::test_sentence_from_partial_annotation_null ... ok
[INFO] [stdout] test sentence::tests::test_sentence_update_tokenized_escape_whitespace ... ok
[INFO] [stdout] test sentence::tests::test_sentence_update_tokenized_two_spaces ... ok
[INFO] [stdout] test sentence::tests::test_sentence_update_tokenized_with_tags ... ok
[INFO] [stdout] test type_scorer::tests::test_add_scores_cache_2 ... ok
[INFO] [stdout] test sentence::tests::test_sentence_update_tokenized_one ... ok
[INFO] [stdout] test sentence::tests::test_sentence_update_tokenized_start_with_space ... ok
[INFO] [stdout] test type_scorer::tests::test_add_scores ... ok
[INFO] [stdout] test type_scorer::tests::test_weight_merger ... ok
[INFO] [stdout] test predictor::tests::test_serialization_tags ... ok
[INFO] [stdout] test predictor::tests::test_predict_boundaries ... ok
[INFO] [stdout] test predictor::tests::test_fill_tags_unsupported - should panic ... ok
[INFO] [stdout] test predictor::tests::test_fill_tags_unsupported_overwrite_prediction - should panic ... ok
[INFO] [stdout] test type_scorer::tests::test_add_scores_cache_1 ... ok
[INFO] [stdout] test predictor::tests::test_serialization ... ok
[INFO] [stderr]    Doc-tests vaporetto
[INFO] [stdout] 
[INFO] [stdout] test result: ok. 75 passed; 0 failed; 0 ignored; 0 measured; 0 filtered out; finished in 0.74s
[INFO] [stdout] 
[INFO] [stdout] 
[INFO] [stdout] running 23 tests
[INFO] [stdout] test src/sentence.rs - sentence::Sentence<'a,'b>::from_partial_annotation (line 646) ... ok
[INFO] [stdout] test src/sentence.rs - sentence::Sentence<'a,'b>::iter_tokens (line 786) ... ok
[INFO] [stdout] test src/sentence.rs - sentence::Sentence<'a,'b>::reset_tags (line 945) ... ok
[INFO] [stdout] test src/sentence.rs - sentence::Sentence<'a,'b>::n_tags (line 1149) ... ok
[INFO] [stdout] test src/sentence.rs - sentence::Sentence<'a,'b>::from_raw (line 204) ... ok
[INFO] [stdout] test src/sentence.rs - sentence::Sentence<'a,'b>::as_raw_text (line 770) ... ok
[INFO] [stdout] test src/sentence.rs - sentence::Sentence<'a,'b>::default (line 107) ... ok
[INFO] [stdout] test src/sentence.rs - sentence::Sentence<'a,'b>::char_types (line 972) ... ok
[INFO] [stdout] test src/sentence.rs - sentence::Sentence<'a,'b>::from_tokenized (line 419) ... ok
[INFO] [stdout] test src/sentence.rs - sentence::CharacterType::get_type (line 44) ... ok
[INFO] [stdout] test src/sentence.rs - sentence::Sentence<'a,'b>::boundaries (line 996) ... ok
[INFO] [stdout] test src/sentence.rs - sentence::Sentence<'a,'b>::boundaries_mut (line 1019) ... ok
[INFO] [stdout] test src/lib.rs - (line 8) ... FAILED
[INFO] [stdout] test src/predictor.rs - predictor::Predictor (line 403) ... FAILED
[INFO] [stdout] test src/sentence.rs - sentence::Sentence<'a,'b>::tags (line 1051) ... ok
[INFO] [stdout] test src/predictor.rs - predictor::Predictor (line 380) ... FAILED
[INFO] [stdout] test src/sentence.rs - sentence::Sentence<'a,'b>::fill_tags (line 1108) ... FAILED
[INFO] [stdout] test src/sentence.rs - sentence::Sentence<'a,'b>::tags_mut (line 1077) ... ok
[INFO] [stdout] test src/sentence.rs - sentence::Sentence<'a,'b>::update_partial_annotation (line 720) ... ok
[INFO] [stdout] test src/sentence.rs - sentence::Sentence<'a,'b>::write_tokenized_text (line 828) ... ok
[INFO] [stdout] test src/sentence.rs - sentence::Sentence<'a,'b>::update_tokenized (line 479) ... ok
[INFO] [stdout] test src/sentence.rs - sentence::Sentence<'a,'b>::update_raw (line 254) ... ok
[INFO] [stdout] test src/sentence.rs - sentence::Sentence<'a,'b>::write_partial_annotation_text (line 887) ... ok
[INFO] [stdout] 
[INFO] [stdout] failures:
[INFO] [stdout] 
[INFO] [stdout] ---- src/lib.rs - (line 8) stdout ----
[INFO] [stdout] Test executable failed (exit status: 1).
[INFO] [stdout] 
[INFO] [stdout] stderr:
[INFO] [stdout] Error: Os { code: 2, kind: NotFound, message: "No such file or directory" }
[INFO] [stdout] 
[INFO] [stdout] 
[INFO] [stdout] ---- src/predictor.rs - predictor::Predictor (line 403) stdout ----
[INFO] [stdout] Test executable failed (exit status: 101).
[INFO] [stdout] 
[INFO] [stdout] stderr:
[INFO] [stdout] thread 'main' panicked at src/predictor.rs:9:50:
[INFO] [stdout] called `Result::unwrap()` on an `Err` value: Os { code: 2, kind: NotFound, message: "No such file or directory" }
[INFO] [stdout] stack backtrace:
[INFO] [stdout]    0:     0x625a47de45fa - std::backtrace_rs::backtrace::libunwind::trace::h5a5b8284f2d0c266
[INFO] [stdout]                                at /rustc/90b35a6239c3d8bdabc530a6a0816f7ff89a0aaf/library/std/src/../../backtrace/src/backtrace/libunwind.rs:116:5
[INFO] [stdout]    1:     0x625a47de45fa - std::backtrace_rs::backtrace::trace_unsynchronized::h76d4f1c9b0b875e3
[INFO] [stdout]                                at /rustc/90b35a6239c3d8bdabc530a6a0816f7ff89a0aaf/library/std/src/../../backtrace/src/backtrace/mod.rs:66:5
[INFO] [stdout]    2:     0x625a47de45fa - std::sys::backtrace::_print_fmt::hc4546b8364a537c6
[INFO] [stdout]                                at /rustc/90b35a6239c3d8bdabc530a6a0816f7ff89a0aaf/library/std/src/sys/backtrace.rs:66:9
[INFO] [stdout]    3:     0x625a47de45fa - <std::sys::backtrace::BacktraceLock::print::DisplayBacktrace as core::fmt::Display>::fmt::h5b6bd5631a6d1f6b
[INFO] [stdout]                                at /rustc/90b35a6239c3d8bdabc530a6a0816f7ff89a0aaf/library/std/src/sys/backtrace.rs:39:26
[INFO] [stdout]    4:     0x625a47dfffd3 - core::fmt::rt::Argument::fmt::h270f6602a2b96f62
[INFO] [stdout]                                at /rustc/90b35a6239c3d8bdabc530a6a0816f7ff89a0aaf/library/core/src/fmt/rt.rs:177:76
[INFO] [stdout]    5:     0x625a47dfffd3 - core::fmt::write::h7550c97b06c86515
[INFO] [stdout]                                at /rustc/90b35a6239c3d8bdabc530a6a0816f7ff89a0aaf/library/core/src/fmt/mod.rs:1186:21
[INFO] [stdout]    6:     0x625a47de2323 - std::io::Write::write_fmt::h7b09c64fe0be9c84
[INFO] [stdout]                                at /rustc/90b35a6239c3d8bdabc530a6a0816f7ff89a0aaf/library/std/src/io/mod.rs:1839:15
[INFO] [stdout]    7:     0x625a47de4442 - std::sys::backtrace::BacktraceLock::print::h2395ccd2c84ba3aa
[INFO] [stdout]                                at /rustc/90b35a6239c3d8bdabc530a6a0816f7ff89a0aaf/library/std/src/sys/backtrace.rs:42:9
[INFO] [stdout]    8:     0x625a47de53ec - std::panicking::default_hook::{{closure}}::he19d4c7230e07961
[INFO] [stdout]                                at /rustc/90b35a6239c3d8bdabc530a6a0816f7ff89a0aaf/library/std/src/panicking.rs:268:22
[INFO] [stdout]    9:     0x625a47de5232 - std::panicking::default_hook::hf614597d3c67bbdb
[INFO] [stdout]                                at /rustc/90b35a6239c3d8bdabc530a6a0816f7ff89a0aaf/library/std/src/panicking.rs:295:9
[INFO] [stdout]   10:     0x625a47de59c7 - std::panicking::rust_panic_with_hook::h8942133a8b252070
[INFO] [stdout]                                at /rustc/90b35a6239c3d8bdabc530a6a0816f7ff89a0aaf/library/std/src/panicking.rs:801:13
[INFO] [stdout]   11:     0x625a47de585a - std::panicking::begin_panic_handler::{{closure}}::hb5f5963570096b29
[INFO] [stdout]                                at /rustc/90b35a6239c3d8bdabc530a6a0816f7ff89a0aaf/library/std/src/panicking.rs:674:13
[INFO] [stdout]   12:     0x625a47de4ad9 - std::sys::backtrace::__rust_end_short_backtrace::h6208cedc1922feda
[INFO] [stdout]                                at /rustc/90b35a6239c3d8bdabc530a6a0816f7ff89a0aaf/library/std/src/sys/backtrace.rs:170:18
[INFO] [stdout]   13:     0x625a47de54ec - rust_begin_unwind
[INFO] [stdout]                                at /rustc/90b35a6239c3d8bdabc530a6a0816f7ff89a0aaf/library/std/src/panicking.rs:665:5
[INFO] [stdout]   14:     0x625a47cfb140 - core::panicking::panic_fmt::h0c3082644d1bf418
[INFO] [stdout]                                at /rustc/90b35a6239c3d8bdabc530a6a0816f7ff89a0aaf/library/core/src/panicking.rs:74:14
[INFO] [stdout]   15:     0x625a47cfb4b6 - core::result::unwrap_failed::hd20b4aa073bda1e2
[INFO] [stdout]                                at /rustc/90b35a6239c3d8bdabc530a6a0816f7ff89a0aaf/library/core/src/result.rs:1700:5
[INFO] [stdout]   16:     0x625a47d08d5f - rust_out::main::_doctest_main_src_predictor_rs_403_0::hae2b4309127f396c
[INFO] [stdout]   17:     0x625a47d08cf6 - rust_out::main::h86d391cc11b8a827
[INFO] [stdout]   18:     0x625a47cfc9e3 - core::ops::function::FnOnce::call_once::hd1e0b33d350e8c2e
[INFO] [stdout]   19:     0x625a47cfc726 - std::sys::backtrace::__rust_begin_short_backtrace::hb7c4fd168269da08
[INFO] [stdout]   20:     0x625a47cfc669 - std::rt::lang_start::{{closure}}::h7630186e3858a44d
[INFO] [stdout]   21:     0x625a47de074e - core::ops::function::impls::<impl core::ops::function::FnOnce<A> for &F>::call_once::hfdb85f4ee94732d3
[INFO] [stdout]                                at /rustc/90b35a6239c3d8bdabc530a6a0816f7ff89a0aaf/library/core/src/ops/function.rs:284:13
[INFO] [stdout]   22:     0x625a47de074e - std::panicking::try::do_call::h6e577310f330cbef
[INFO] [stdout]                                at /rustc/90b35a6239c3d8bdabc530a6a0816f7ff89a0aaf/library/std/src/panicking.rs:557:40
[INFO] [stdout]   23:     0x625a47de074e - std::panicking::try::ha588d438267d2645
[INFO] [stdout]                                at /rustc/90b35a6239c3d8bdabc530a6a0816f7ff89a0aaf/library/std/src/panicking.rs:520:19
[INFO] [stdout]   24:     0x625a47de074e - std::panic::catch_unwind::h429fda1e025f26d9
[INFO] [stdout]                                at /rustc/90b35a6239c3d8bdabc530a6a0816f7ff89a0aaf/library/std/src/panic.rs:358:14
[INFO] [stdout]   25:     0x625a47de074e - std::rt::lang_start_internal::{{closure}}::h7b731265e841c4bf
[INFO] [stdout]                                at /rustc/90b35a6239c3d8bdabc530a6a0816f7ff89a0aaf/library/std/src/rt.rs:174:48
[INFO] [stdout]   26:     0x625a47de074e - std::panicking::try::do_call::hc0f6a675b7ae5a36
[INFO] [stdout]                                at /rustc/90b35a6239c3d8bdabc530a6a0816f7ff89a0aaf/library/std/src/panicking.rs:557:40
[INFO] [stdout]   27:     0x625a47de074e - std::panicking::try::h4c93b7ff0671f1ff
[INFO] [stdout]                                at /rustc/90b35a6239c3d8bdabc530a6a0816f7ff89a0aaf/library/std/src/panicking.rs:520:19
[INFO] [stdout]   28:     0x625a47de074e - std::panic::catch_unwind::hcc1e154961d16ce6
[INFO] [stdout]                                at /rustc/90b35a6239c3d8bdabc530a6a0816f7ff89a0aaf/library/std/src/panic.rs:358:14
[INFO] [stdout]   29:     0x625a47de074e - std::rt::lang_start_internal::h1c66660c99c8424c
[INFO] [stdout]                                at /rustc/90b35a6239c3d8bdabc530a6a0816f7ff89a0aaf/library/std/src/rt.rs:174:20
[INFO] [stdout]   30:     0x625a47cfc647 - std::rt::lang_start::hcdb31f4834f76b8c
[INFO] [stdout]   31:     0x625a47d09265 - main
[INFO] [stdout]   32:     0x7f17a9ec4d90 - <unknown>
[INFO] [stdout]   33:     0x7f17a9ec4e40 - __libc_start_main
[INFO] [stdout]   34:     0x625a47cfb975 - _start
[INFO] [stdout]   35:                0x0 - <unknown>
[INFO] [stdout] 
[INFO] [stdout] 
[INFO] [stdout] ---- src/predictor.rs - predictor::Predictor (line 380) stdout ----
[INFO] [stdout] Test executable failed (exit status: 101).
[INFO] [stdout] 
[INFO] [stdout] stderr:
[INFO] [stdout] thread 'main' panicked at src/predictor.rs:9:46:
[INFO] [stdout] called `Result::unwrap()` on an `Err` value: Os { code: 2, kind: NotFound, message: "No such file or directory" }
[INFO] [stdout] stack backtrace:
[INFO] [stdout]    0:     0x588d454cffea - std::backtrace_rs::backtrace::libunwind::trace::h5a5b8284f2d0c266
[INFO] [stdout]                                at /rustc/90b35a6239c3d8bdabc530a6a0816f7ff89a0aaf/library/std/src/../../backtrace/src/backtrace/libunwind.rs:116:5
[INFO] [stdout]    1:     0x588d454cffea - std::backtrace_rs::backtrace::trace_unsynchronized::h76d4f1c9b0b875e3
[INFO] [stdout]                                at /rustc/90b35a6239c3d8bdabc530a6a0816f7ff89a0aaf/library/std/src/../../backtrace/src/backtrace/mod.rs:66:5
[INFO] [stdout]    2:     0x588d454cffea - std::sys::backtrace::_print_fmt::hc4546b8364a537c6
[INFO] [stdout]                                at /rustc/90b35a6239c3d8bdabc530a6a0816f7ff89a0aaf/library/std/src/sys/backtrace.rs:66:9
[INFO] [stdout]    3:     0x588d454cffea - <std::sys::backtrace::BacktraceLock::print::DisplayBacktrace as core::fmt::Display>::fmt::h5b6bd5631a6d1f6b
[INFO] [stdout]                                at /rustc/90b35a6239c3d8bdabc530a6a0816f7ff89a0aaf/library/std/src/sys/backtrace.rs:39:26
[INFO] [stdout]    4:     0x588d454eb9c3 - core::fmt::rt::Argument::fmt::h270f6602a2b96f62
[INFO] [stdout]                                at /rustc/90b35a6239c3d8bdabc530a6a0816f7ff89a0aaf/library/core/src/fmt/rt.rs:177:76
[INFO] [stdout]    5:     0x588d454eb9c3 - core::fmt::write::h7550c97b06c86515
[INFO] [stdout]                                at /rustc/90b35a6239c3d8bdabc530a6a0816f7ff89a0aaf/library/core/src/fmt/mod.rs:1186:21
[INFO] [stdout]    6:     0x588d454cdd13 - std::io::Write::write_fmt::h7b09c64fe0be9c84
[INFO] [stdout]                                at /rustc/90b35a6239c3d8bdabc530a6a0816f7ff89a0aaf/library/std/src/io/mod.rs:1839:15
[INFO] [stdout]    7:     0x588d454cfe32 - std::sys::backtrace::BacktraceLock::print::h2395ccd2c84ba3aa
[INFO] [stdout]                                at /rustc/90b35a6239c3d8bdabc530a6a0816f7ff89a0aaf/library/std/src/sys/backtrace.rs:42:9
[INFO] [stdout]    8:     0x588d454d0ddc - std::panicking::default_hook::{{closure}}::he19d4c7230e07961
[INFO] [stdout]                                at /rustc/90b35a6239c3d8bdabc530a6a0816f7ff89a0aaf/library/std/src/panicking.rs:268:22
[INFO] [stdout]    9:     0x588d454d0c22 - std::panicking::default_hook::hf614597d3c67bbdb
[INFO] [stdout]                                at /rustc/90b35a6239c3d8bdabc530a6a0816f7ff89a0aaf/library/std/src/panicking.rs:295:9
[INFO] [stdout]   10:     0x588d454d13b7 - std::panicking::rust_panic_with_hook::h8942133a8b252070
[INFO] [stdout]                                at /rustc/90b35a6239c3d8bdabc530a6a0816f7ff89a0aaf/library/std/src/panicking.rs:801:13
[INFO] [stdout]   11:     0x588d454d124a - std::panicking::begin_panic_handler::{{closure}}::hb5f5963570096b29
[INFO] [stdout]                                at /rustc/90b35a6239c3d8bdabc530a6a0816f7ff89a0aaf/library/std/src/panicking.rs:674:13
[INFO] [stdout]   12:     0x588d454d04c9 - std::sys::backtrace::__rust_end_short_backtrace::h6208cedc1922feda
[INFO] [stdout]                                at /rustc/90b35a6239c3d8bdabc530a6a0816f7ff89a0aaf/library/std/src/sys/backtrace.rs:170:18
[INFO] [stdout]   13:     0x588d454d0edc - rust_begin_unwind
[INFO] [stdout]                                at /rustc/90b35a6239c3d8bdabc530a6a0816f7ff89a0aaf/library/std/src/panicking.rs:665:5
[INFO] [stdout]   14:     0x588d453ec0e0 - core::panicking::panic_fmt::h0c3082644d1bf418
[INFO] [stdout]                                at /rustc/90b35a6239c3d8bdabc530a6a0816f7ff89a0aaf/library/core/src/panicking.rs:74:14
[INFO] [stdout]   15:     0x588d453ec456 - core::result::unwrap_failed::hd20b4aa073bda1e2
[INFO] [stdout]                                at /rustc/90b35a6239c3d8bdabc530a6a0816f7ff89a0aaf/library/core/src/result.rs:1700:5
[INFO] [stdout]   16:     0x588d453f9c6f - rust_out::main::_doctest_main_src_predictor_rs_380_0::h0436fe54a3ddd8a3
[INFO] [stdout]   17:     0x588d453f9c06 - rust_out::main::h86d391cc11b8a827
[INFO] [stdout]   18:     0x588d453ed983 - core::ops::function::FnOnce::call_once::hd1e0b33d350e8c2e
[INFO] [stdout]   19:     0x588d453ed6c6 - std::sys::backtrace::__rust_begin_short_backtrace::hb7c4fd168269da08
[INFO] [stdout]   20:     0x588d453ed609 - std::rt::lang_start::{{closure}}::h7630186e3858a44d
[INFO] [stdout]   21:     0x588d454cc13e - core::ops::function::impls::<impl core::ops::function::FnOnce<A> for &F>::call_once::hfdb85f4ee94732d3
[INFO] [stdout]                                at /rustc/90b35a6239c3d8bdabc530a6a0816f7ff89a0aaf/library/core/src/ops/function.rs:284:13
[INFO] [stdout]   22:     0x588d454cc13e - std::panicking::try::do_call::h6e577310f330cbef
[INFO] [stdout]                                at /rustc/90b35a6239c3d8bdabc530a6a0816f7ff89a0aaf/library/std/src/panicking.rs:557:40
[INFO] [stdout]   23:     0x588d454cc13e - std::panicking::try::ha588d438267d2645
[INFO] [stdout]                                at /rustc/90b35a6239c3d8bdabc530a6a0816f7ff89a0aaf/library/std/src/panicking.rs:520:19
[INFO] [stdout]   24:     0x588d454cc13e - std::panic::catch_unwind::h429fda1e025f26d9
[INFO] [stdout]                                at /rustc/90b35a6239c3d8bdabc530a6a0816f7ff89a0aaf/library/std/src/panic.rs:358:14
[INFO] [stdout]   25:     0x588d454cc13e - std::rt::lang_start_internal::{{closure}}::h7b731265e841c4bf
[INFO] [stdout]                                at /rustc/90b35a6239c3d8bdabc530a6a0816f7ff89a0aaf/library/std/src/rt.rs:174:48
[INFO] [stdout]   26:     0x588d454cc13e - std::panicking::try::do_call::hc0f6a675b7ae5a36
[INFO] [stdout]                                at /rustc/90b35a6239c3d8bdabc530a6a0816f7ff89a0aaf/library/std/src/panicking.rs:557:40
[INFO] [stdout]   27:     0x588d454cc13e - std::panicking::try::h4c93b7ff0671f1ff
[INFO] [stdout]                                at /rustc/90b35a6239c3d8bdabc530a6a0816f7ff89a0aaf/library/std/src/panicking.rs:520:19
[INFO] [stdout]   28:     0x588d454cc13e - std::panic::catch_unwind::hcc1e154961d16ce6
[INFO] [stdout]                                at /rustc/90b35a6239c3d8bdabc530a6a0816f7ff89a0aaf/library/std/src/panic.rs:358:14
[INFO] [stdout]   29:     0x588d454cc13e - std::rt::lang_start_internal::h1c66660c99c8424c
[INFO] [stdout]                                at /rustc/90b35a6239c3d8bdabc530a6a0816f7ff89a0aaf/library/std/src/rt.rs:174:20
[INFO] [stdout]   30:     0x588d453ed5e7 - std::rt::lang_start::hcdb31f4834f76b8c
[INFO] [stdout]   31:     0x588d453fa165 - main
[INFO] [stdout]   32:     0x726e3c825d90 - <unknown>
[INFO] [stdout]   33:     0x726e3c825e40 - __libc_start_main
[INFO] [stdout]   34:     0x588d453ec915 - _start
[INFO] [stdout]   35:                0x0 - <unknown>
[INFO] [stdout] 
[INFO] [stdout] 
[INFO] [stdout] ---- src/sentence.rs - sentence::Sentence<'a,'b>::fill_tags (line 1108) stdout ----
[INFO] [stdout] Test executable failed (exit status: 101).
[INFO] [stdout] 
[INFO] [stdout] stderr:
[INFO] [stdout] thread 'main' panicked at src/sentence.rs:9:46:
[INFO] [stdout] called `Result::unwrap()` on an `Err` value: Os { code: 2, kind: NotFound, message: "No such file or directory" }
[INFO] [stdout] stack backtrace:
[INFO] [stdout]    0:     0x63a1f2c2d67a - std::backtrace_rs::backtrace::libunwind::trace::h5a5b8284f2d0c266
[INFO] [stdout]                                at /rustc/90b35a6239c3d8bdabc530a6a0816f7ff89a0aaf/library/std/src/../../backtrace/src/backtrace/libunwind.rs:116:5
[INFO] [stdout]    1:     0x63a1f2c2d67a - std::backtrace_rs::backtrace::trace_unsynchronized::h76d4f1c9b0b875e3
[INFO] [stdout]                                at /rustc/90b35a6239c3d8bdabc530a6a0816f7ff89a0aaf/library/std/src/../../backtrace/src/backtrace/mod.rs:66:5
[INFO] [stdout]    2:     0x63a1f2c2d67a - std::sys::backtrace::_print_fmt::hc4546b8364a537c6
[INFO] [stdout]                                at /rustc/90b35a6239c3d8bdabc530a6a0816f7ff89a0aaf/library/std/src/sys/backtrace.rs:66:9
[INFO] [stdout]    3:     0x63a1f2c2d67a - <std::sys::backtrace::BacktraceLock::print::DisplayBacktrace as core::fmt::Display>::fmt::h5b6bd5631a6d1f6b
[INFO] [stdout]                                at /rustc/90b35a6239c3d8bdabc530a6a0816f7ff89a0aaf/library/std/src/sys/backtrace.rs:39:26
[INFO] [stdout]    4:     0x63a1f2c49053 - core::fmt::rt::Argument::fmt::h270f6602a2b96f62
[INFO] [stdout]                                at /rustc/90b35a6239c3d8bdabc530a6a0816f7ff89a0aaf/library/core/src/fmt/rt.rs:177:76
[INFO] [stdout]    5:     0x63a1f2c49053 - core::fmt::write::h7550c97b06c86515
[INFO] [stdout]                                at /rustc/90b35a6239c3d8bdabc530a6a0816f7ff89a0aaf/library/core/src/fmt/mod.rs:1186:21
[INFO] [stdout]    6:     0x63a1f2c2b3a3 - std::io::Write::write_fmt::h7b09c64fe0be9c84
[INFO] [stdout]                                at /rustc/90b35a6239c3d8bdabc530a6a0816f7ff89a0aaf/library/std/src/io/mod.rs:1839:15
[INFO] [stdout]    7:     0x63a1f2c2d4c2 - std::sys::backtrace::BacktraceLock::print::h2395ccd2c84ba3aa
[INFO] [stdout]                                at /rustc/90b35a6239c3d8bdabc530a6a0816f7ff89a0aaf/library/std/src/sys/backtrace.rs:42:9
[INFO] [stdout]    8:     0x63a1f2c2e46c - std::panicking::default_hook::{{closure}}::he19d4c7230e07961
[INFO] [stdout]                                at /rustc/90b35a6239c3d8bdabc530a6a0816f7ff89a0aaf/library/std/src/panicking.rs:268:22
[INFO] [stdout]    9:     0x63a1f2c2e2b2 - std::panicking::default_hook::hf614597d3c67bbdb
[INFO] [stdout]                                at /rustc/90b35a6239c3d8bdabc530a6a0816f7ff89a0aaf/library/std/src/panicking.rs:295:9
[INFO] [stdout]   10:     0x63a1f2c2ea47 - std::panicking::rust_panic_with_hook::h8942133a8b252070
[INFO] [stdout]                                at /rustc/90b35a6239c3d8bdabc530a6a0816f7ff89a0aaf/library/std/src/panicking.rs:801:13
[INFO] [stdout]   11:     0x63a1f2c2e8da - std::panicking::begin_panic_handler::{{closure}}::hb5f5963570096b29
[INFO] [stdout]                                at /rustc/90b35a6239c3d8bdabc530a6a0816f7ff89a0aaf/library/std/src/panicking.rs:674:13
[INFO] [stdout]   12:     0x63a1f2c2db59 - std::sys::backtrace::__rust_end_short_backtrace::h6208cedc1922feda
[INFO] [stdout]                                at /rustc/90b35a6239c3d8bdabc530a6a0816f7ff89a0aaf/library/std/src/sys/backtrace.rs:170:18
[INFO] [stdout]   13:     0x63a1f2c2e56c - rust_begin_unwind
[INFO] [stdout]                                at /rustc/90b35a6239c3d8bdabc530a6a0816f7ff89a0aaf/library/std/src/panicking.rs:665:5
[INFO] [stdout]   14:     0x63a1f2b44140 - core::panicking::panic_fmt::h0c3082644d1bf418
[INFO] [stdout]                                at /rustc/90b35a6239c3d8bdabc530a6a0816f7ff89a0aaf/library/core/src/panicking.rs:74:14
[INFO] [stdout]   15:     0x63a1f2b444b6 - core::result::unwrap_failed::hd20b4aa073bda1e2
[INFO] [stdout]                                at /rustc/90b35a6239c3d8bdabc530a6a0816f7ff89a0aaf/library/core/src/result.rs:1700:5
[INFO] [stdout]   16:     0x63a1f2b51d5f - rust_out::main::_doctest_main_src_sentence_rs_1108_0::h87e8735f3f91186e
[INFO] [stdout]   17:     0x63a1f2b51cf6 - rust_out::main::h86d391cc11b8a827
[INFO] [stdout]   18:     0x63a1f2b459e3 - core::ops::function::FnOnce::call_once::hd1e0b33d350e8c2e
[INFO] [stdout]   19:     0x63a1f2b45726 - std::sys::backtrace::__rust_begin_short_backtrace::hb7c4fd168269da08
[INFO] [stdout]   20:     0x63a1f2b45669 - std::rt::lang_start::{{closure}}::h7630186e3858a44d
[INFO] [stdout]   21:     0x63a1f2c297ce - core::ops::function::impls::<impl core::ops::function::FnOnce<A> for &F>::call_once::hfdb85f4ee94732d3
[INFO] [stdout]                                at /rustc/90b35a6239c3d8bdabc530a6a0816f7ff89a0aaf/library/core/src/ops/function.rs:284:13
[INFO] [stdout]   22:     0x63a1f2c297ce - std::panicking::try::do_call::h6e577310f330cbef
[INFO] [stdout]                                at /rustc/90b35a6239c3d8bdabc530a6a0816f7ff89a0aaf/library/std/src/panicking.rs:557:40
[INFO] [stdout]   23:     0x63a1f2c297ce - std::panicking::try::ha588d438267d2645
[INFO] [stdout]                                at /rustc/90b35a6239c3d8bdabc530a6a0816f7ff89a0aaf/library/std/src/panicking.rs:520:19
[INFO] [stdout]   24:     0x63a1f2c297ce - std::panic::catch_unwind::h429fda1e025f26d9
[INFO] [stdout]                                at /rustc/90b35a6239c3d8bdabc530a6a0816f7ff89a0aaf/library/std/src/panic.rs:358:14
[INFO] [stdout]   25:     0x63a1f2c297ce - std::rt::lang_start_internal::{{closure}}::h7b731265e841c4bf
[INFO] [stdout]                                at /rustc/90b35a6239c3d8bdabc530a6a0816f7ff89a0aaf/library/std/src/rt.rs:174:48
[INFO] [stdout]   26:     0x63a1f2c297ce - std::panicking::try::do_call::hc0f6a675b7ae5a36
[INFO] [stdout]                                at /rustc/90b35a6239c3d8bdabc530a6a0816f7ff89a0aaf/library/std/src/panicking.rs:557:40
[INFO] [stdout]   27:     0x63a1f2c297ce - std::panicking::try::h4c93b7ff0671f1ff
[INFO] [stdout]                                at /rustc/90b35a6239c3d8bdabc530a6a0816f7ff89a0aaf/library/std/src/panicking.rs:520:19
[INFO] [stdout]   28:     0x63a1f2c297ce - std::panic::catch_unwind::hcc1e154961d16ce6
[INFO] [stdout]                                at /rustc/90b35a6239c3d8bdabc530a6a0816f7ff89a0aaf/library/std/src/panic.rs:358:14
[INFO] [stdout]   29:     0x63a1f2c297ce - std::rt::lang_start_internal::h1c66660c99c8424c
[INFO] [stdout]                                at /rustc/90b35a6239c3d8bdabc530a6a0816f7ff89a0aaf/library/std/src/rt.rs:174:20
[INFO] [stdout]   30:     0x63a1f2b45647 - std::rt::lang_start::hcdb31f4834f76b8c
[INFO] [stdout]   31:     0x63a1f2b522e5 - main
[INFO] [stdout]   32:     0x7a09f6aded90 - <unknown>
[INFO] [stdout]   33:     0x7a09f6adee40 - __libc_start_main
[INFO] [stdout]   34:     0x63a1f2b44975 - _start
[INFO] [stdout]   35:                0x0 - <unknown>
[INFO] [stdout] 
[INFO] [stdout] 
[INFO] [stdout] 
[INFO] [stdout] failures:
[INFO] [stdout]     src/lib.rs - (line 8)
[INFO] [stdout]     src/predictor.rs - predictor::Predictor (line 380)
[INFO] [stdout]     src/predictor.rs - predictor::Predictor (line 403)
[INFO] [stdout]     src/sentence.rs - sentence::Sentence<'a,'b>::fill_tags (line 1108)
[INFO] [stdout] 
[INFO] [stdout] test result: FAILED. 19 passed; 4 failed; 0 ignored; 0 measured; 0 filtered out; finished in 2.01s
[INFO] [stdout] 
[INFO] [stderr] error: doctest failed, to rerun pass `--doc`
[INFO] running `Command { std: "docker" "inspect" "0151d83a6db92594b775fdf19ae7bfd9620b429ba471f8f254d9523e3e648382", kill_on_drop: false }`
[INFO] running `Command { std: "docker" "rm" "-f" "0151d83a6db92594b775fdf19ae7bfd9620b429ba471f8f254d9523e3e648382", kill_on_drop: false }`
[INFO] [stdout] 0151d83a6db92594b775fdf19ae7bfd9620b429ba471f8f254d9523e3e648382
