[INFO] fetching crate validators 0.25.3...
[INFO] testing validators-0.25.3 against beta-2024-12-08 for beta-1.84.0-4-retry
[INFO] extracting crate validators 0.25.3 into /workspace/builds/worker-5-tc2/source
[INFO] validating manifest of crates.io crate validators 0.25.3 on toolchain beta-2024-12-08
[INFO] running `Command { std: CARGO_HOME="/workspace/cargo-home" RUSTUP_HOME="/workspace/rustup-home" "/workspace/cargo-home/bin/cargo" "+beta-2024-12-08" "metadata" "--manifest-path" "Cargo.toml" "--no-deps", kill_on_drop: false }`
[INFO] started tweaking crates.io crate validators 0.25.3
[INFO] finished tweaking crates.io crate validators 0.25.3
[INFO] tweaked toml for crates.io crate validators 0.25.3 written to /workspace/builds/worker-5-tc2/source/Cargo.toml
[INFO] running `Command { std: CARGO_HOME="/workspace/cargo-home" RUSTUP_HOME="/workspace/rustup-home" "/workspace/cargo-home/bin/cargo" "+beta-2024-12-08" "generate-lockfile" "--manifest-path" "Cargo.toml", kill_on_drop: false }`
[INFO] [stderr]     Updating crates.io index
[INFO] [stderr]      Locking 257 packages to latest compatible versions
[INFO] [stderr]       Adding idna v0.5.0 (available: v1.0.3)
[INFO] running `Command { std: CARGO_HOME="/workspace/cargo-home" RUSTUP_HOME="/workspace/rustup-home" "/workspace/cargo-home/bin/cargo" "+beta-2024-12-08" "fetch" "--manifest-path" "Cargo.toml", kill_on_drop: false }`
[INFO] running `Command { std: "docker" "create" "-v" "/var/lib/crater-agent-workspace/builds/worker-5-tc2/target:/opt/rustwide/target:rw,Z" "-v" "/var/lib/crater-agent-workspace/builds/worker-5-tc2/source:/opt/rustwide/workdir:ro,Z" "-v" "/var/lib/crater-agent-workspace/cargo-home:/opt/rustwide/cargo-home:ro,Z" "-v" "/var/lib/crater-agent-workspace/rustup-home:/opt/rustwide/rustup-home:ro,Z" "-e" "SOURCE_DIR=/opt/rustwide/workdir" "-e" "CARGO_TARGET_DIR=/opt/rustwide/target" "-e" "CARGO_HOME=/opt/rustwide/cargo-home" "-e" "RUSTUP_HOME=/opt/rustwide/rustup-home" "-w" "/opt/rustwide/workdir" "-m" "1610612736" "--user" "0:0" "--network" "none" "ghcr.io/rust-lang/crates-build-env/linux@sha256:f3a9d4ad9d972b27faf3965f35b62e55ba32bbce8f20bc8fe909558a86702fde" "/opt/rustwide/cargo-home/bin/cargo" "+beta-2024-12-08" "metadata" "--no-deps" "--format-version=1", kill_on_drop: false }`
[INFO] [stdout] c552693c7a89639f874b7e4c35d96aa96da2481f5e0bb2f70a11ea952e69b403
[INFO] running `Command { std: "docker" "start" "-a" "c552693c7a89639f874b7e4c35d96aa96da2481f5e0bb2f70a11ea952e69b403", kill_on_drop: false }`
[INFO] running `Command { std: "docker" "inspect" "c552693c7a89639f874b7e4c35d96aa96da2481f5e0bb2f70a11ea952e69b403", kill_on_drop: false }`
[INFO] running `Command { std: "docker" "rm" "-f" "c552693c7a89639f874b7e4c35d96aa96da2481f5e0bb2f70a11ea952e69b403", kill_on_drop: false }`
[INFO] [stdout] c552693c7a89639f874b7e4c35d96aa96da2481f5e0bb2f70a11ea952e69b403
[INFO] running `Command { std: "docker" "create" "-v" "/var/lib/crater-agent-workspace/builds/worker-5-tc2/target:/opt/rustwide/target:rw,Z" "-v" "/var/lib/crater-agent-workspace/builds/worker-5-tc2/source:/opt/rustwide/workdir:ro,Z" "-v" "/var/lib/crater-agent-workspace/cargo-home:/opt/rustwide/cargo-home:ro,Z" "-v" "/var/lib/crater-agent-workspace/rustup-home:/opt/rustwide/rustup-home:ro,Z" "-e" "SOURCE_DIR=/opt/rustwide/workdir" "-e" "CARGO_TARGET_DIR=/opt/rustwide/target" "-e" "CARGO_INCREMENTAL=0" "-e" "RUST_BACKTRACE=full" "-e" "RUSTFLAGS=--cap-lints=warn" "-e" "RUSTDOCFLAGS=--cap-lints=warn" "-e" "CARGO_HOME=/opt/rustwide/cargo-home" "-e" "RUSTUP_HOME=/opt/rustwide/rustup-home" "-w" "/opt/rustwide/workdir" "-m" "1610612736" "--user" "0:0" "--network" "none" "ghcr.io/rust-lang/crates-build-env/linux@sha256:f3a9d4ad9d972b27faf3965f35b62e55ba32bbce8f20bc8fe909558a86702fde" "/opt/rustwide/cargo-home/bin/cargo" "+beta-2024-12-08" "build" "--frozen" "--message-format=json", kill_on_drop: false }`
[INFO] [stdout] dd3fd677478137233903c6ee06df5efcbb06a2925969682519a640bf67002c21
[INFO] running `Command { std: "docker" "start" "-a" "dd3fd677478137233903c6ee06df5efcbb06a2925969682519a640bf67002c21", kill_on_drop: false }`
[INFO] [stderr]    Compiling proc-macro2 v1.0.92
[INFO] [stderr]    Compiling unicode-ident v1.0.14
[INFO] [stderr]    Compiling memchr v2.7.4
[INFO] [stderr]    Compiling stable_deref_trait v1.2.0
[INFO] [stderr]    Compiling writeable v0.5.5
[INFO] [stderr]    Compiling serde v1.0.216
[INFO] [stderr]    Compiling regex-syntax v0.8.5
[INFO] [stderr]    Compiling litemap v0.7.4
[INFO] [stderr]    Compiling thiserror v1.0.69
[INFO] [stderr]    Compiling rustversion v1.0.18
[INFO] [stderr]    Compiling icu_locid_transform_data v1.5.0
[INFO] [stderr]    Compiling autocfg v1.4.0
[INFO] [stderr]    Compiling linked-hash-map v0.5.6
[INFO] [stderr]    Compiling heck v0.5.0
[INFO] [stderr]    Compiling icu_properties_data v1.5.0
[INFO] [stderr]    Compiling either v1.13.0
[INFO] [stderr]    Compiling minimal-lexical v0.2.1
[INFO] [stderr]    Compiling smallvec v1.13.2
[INFO] [stderr]    Compiling lru-cache v0.1.2
[INFO] [stderr]    Compiling oncemutex v0.1.1
[INFO] [stderr]    Compiling icu_normalizer_data v1.5.0
[INFO] [stderr]    Compiling regex-syntax v0.6.29
[INFO] [stderr]    Compiling utf16_iter v1.0.5
[INFO] [stderr]    Compiling utf8_iter v1.0.4
[INFO] [stderr]    Compiling write16 v1.0.0
[INFO] [stderr]    Compiling itertools v0.12.1
[INFO] [stderr]    Compiling tinyvec_macros v0.1.1
[INFO] [stderr]    Compiling aho-corasick v1.1.3
[INFO] [stderr]    Compiling quick-xml v0.31.0
[INFO] [stderr]    Compiling nom v7.1.3
[INFO] [stderr]    Compiling rust_decimal v1.36.0
[INFO] [stderr]    Compiling lazy_static v1.5.0
[INFO] [stderr]    Compiling fnv v1.0.7
[INFO] [stderr]    Compiling tinyvec v1.8.0
[INFO] [stderr]    Compiling arrayvec v0.7.6
[INFO] [stderr]    Compiling semver v1.0.24
[INFO] [stderr]    Compiling percent-encoding v2.3.1
[INFO] [stderr]    Compiling num-traits v0.2.19
[INFO] [stderr]    Compiling serde_json v1.0.133
[INFO] [stderr]    Compiling form_urlencoded v1.2.1
[INFO] [stderr]    Compiling unicase v2.8.0
[INFO] [stderr]    Compiling itoa v1.0.14
[INFO] [stderr]    Compiling utf8-width v0.1.7
[INFO] [stderr]    Compiling cow-utils v0.1.3
[INFO] [stderr]    Compiling unicode-bidi v0.3.17
[INFO] [stderr]    Compiling ryu v1.0.18
[INFO] [stderr]    Compiling str-utils v0.1.7
[INFO] [stderr]    Compiling unicode-normalization v0.1.24
[INFO] [stderr]    Compiling data-encoding v2.6.0
[INFO] [stderr]    Compiling quote v1.0.37
[INFO] [stderr]    Compiling syn v2.0.90
[INFO] [stderr]    Compiling idna v0.5.0
[INFO] [stderr]    Compiling regex-automata v0.4.9
[INFO] [stderr]    Compiling bincode v1.3.3
[INFO] [stderr]    Compiling synstructure v0.13.1
[INFO] [stderr]    Compiling zerofrom-derive v0.1.5
[INFO] [stderr]    Compiling yoke-derive v0.7.5
[INFO] [stderr]    Compiling serde_derive v1.0.216
[INFO] [stderr]    Compiling zerovec-derive v0.10.3
[INFO] [stderr]    Compiling displaydoc v0.2.5
[INFO] [stderr]    Compiling icu_provider_macros v1.5.0
[INFO] [stderr]    Compiling thiserror-impl v1.0.69
[INFO] [stderr]    Compiling strum_macros v0.26.4
[INFO] [stderr]    Compiling enum-ordinalize-derive v4.3.1
[INFO] [stderr]    Compiling enum-ordinalize v4.3.0
[INFO] [stderr]    Compiling educe v0.5.11
[INFO] [stderr]    Compiling zerofrom v0.1.5
[INFO] [stderr]    Compiling yoke v0.7.5
[INFO] [stderr]    Compiling regex v1.11.1
[INFO] [stderr]    Compiling strum v0.26.3
[INFO] [stderr]    Compiling zerovec v0.10.4
[INFO] [stderr]    Compiling regex-cache v0.2.1
[INFO] [stderr]    Compiling tinystr v0.7.6
[INFO] [stderr]    Compiling icu_collections v1.5.0
[INFO] [stderr]    Compiling icu_locid v1.5.0
[INFO] [stderr]    Compiling phonenumber v0.3.6+8.13.36
[INFO] [stderr]    Compiling icu_provider v1.5.0
[INFO] [stderr]    Compiling icu_locid_transform v1.5.0
[INFO] [stderr]    Compiling icu_properties v1.5.1
[INFO] [stderr]    Compiling validators-derive v0.25.2
[INFO] [stderr]    Compiling byte-unit v5.1.6
[INFO] [stderr]    Compiling icu_normalizer v1.5.0
[INFO] [stderr]    Compiling idna_adapter v1.2.0
[INFO] [stderr]    Compiling idna v1.0.3
[INFO] [stderr]    Compiling url v2.5.4
[INFO] [stderr]    Compiling validators v0.25.3 (/opt/rustwide/workdir)
[INFO] [stdout] warning: unexpected `cfg` condition value: `128`
[INFO] [stdout]  --> src/traits/validate_signed_integer.rs:9:11
[INFO] [stdout]   |
[INFO] [stdout] 9 |     #[cfg(target_pointer_width = "128")]
[INFO] [stdout]   |           ^^^^^^^^^^^^^^^^^^^^^^^^^^^^
[INFO] [stdout]   |
[INFO] [stdout]   = note: expected values for `target_pointer_width` are: `16`, `32`, and `64`
[INFO] [stdout]   = note: see <https://doc.rust-lang.org/nightly/rustc/check-cfg/cargo-specifics.html> for more information about checking conditional configuration
[INFO] [stdout]   = note: `#[warn(unexpected_cfgs)]` on by default
[INFO] [stdout] 
[INFO] [stdout] 
[INFO] [stdout] warning: unexpected `cfg` condition value: `128`
[INFO] [stdout]   --> src/traits/validate_signed_integer.rs:16:9
[INFO] [stdout]    |
[INFO] [stdout] 16 |         target_pointer_width = "128",
[INFO] [stdout]    |         ^^^^^^^^^^^^^^^^^^^^^^^^^^^^
[INFO] [stdout]    |
[INFO] [stdout]    = note: expected values for `target_pointer_width` are: `16`, `32`, and `64`
[INFO] [stdout]    = note: see <https://doc.rust-lang.org/nightly/rustc/check-cfg/cargo-specifics.html> for more information about checking conditional configuration
[INFO] [stdout] 
[INFO] [stdout] 
[INFO] [stdout] warning: unexpected `cfg` condition value: `8`
[INFO] [stdout]   --> src/traits/validate_signed_integer.rs:19:9
[INFO] [stdout]    |
[INFO] [stdout] 19 |         target_pointer_width = "8"
[INFO] [stdout]    |         ^^^^^^^^^^^^^^^^^^^^^^^^^^
[INFO] [stdout]    |
[INFO] [stdout]    = note: expected values for `target_pointer_width` are: `16`, `32`, and `64`
[INFO] [stdout]    = note: see <https://doc.rust-lang.org/nightly/rustc/check-cfg/cargo-specifics.html> for more information about checking conditional configuration
[INFO] [stdout] 
[INFO] [stdout] 
[INFO] [stdout] warning: unexpected `cfg` condition value: `8`
[INFO] [stdout]   --> src/traits/validate_signed_integer.rs:38:11
[INFO] [stdout]    |
[INFO] [stdout] 38 |     #[cfg(target_pointer_width = "8")]
[INFO] [stdout]    |           ^^^^^^^^^^^^^^^^^^^^^^^^^^
[INFO] [stdout]    |
[INFO] [stdout]    = note: expected values for `target_pointer_width` are: `16`, `32`, and `64`
[INFO] [stdout]    = note: see <https://doc.rust-lang.org/nightly/rustc/check-cfg/cargo-specifics.html> for more information about checking conditional configuration
[INFO] [stdout] 
[INFO] [stdout] 
[INFO] [stdout] warning: unexpected `cfg` condition value: `128`
[INFO] [stdout]   --> src/traits/validate_signed_integer.rs:64:11
[INFO] [stdout]    |
[INFO] [stdout] 64 |     #[cfg(target_pointer_width = "128")]
[INFO] [stdout]    |           ^^^^^^^^^^^^^^^^^^^^^^^^^^^^
[INFO] [stdout]    |
[INFO] [stdout]    = note: expected values for `target_pointer_width` are: `16`, `32`, and `64`
[INFO] [stdout]    = note: see <https://doc.rust-lang.org/nightly/rustc/check-cfg/cargo-specifics.html> for more information about checking conditional configuration
[INFO] [stdout] 
[INFO] [stdout] 
[INFO] [stdout] warning: unexpected `cfg` condition value: `128`
[INFO] [stdout]   --> src/traits/validate_signed_integer.rs:71:9
[INFO] [stdout]    |
[INFO] [stdout] 71 |         target_pointer_width = "128",
[INFO] [stdout]    |         ^^^^^^^^^^^^^^^^^^^^^^^^^^^^
[INFO] [stdout]    |
[INFO] [stdout]    = note: expected values for `target_pointer_width` are: `16`, `32`, and `64`
[INFO] [stdout]    = note: see <https://doc.rust-lang.org/nightly/rustc/check-cfg/cargo-specifics.html> for more information about checking conditional configuration
[INFO] [stdout] 
[INFO] [stdout] 
[INFO] [stdout] warning: unexpected `cfg` condition value: `8`
[INFO] [stdout]   --> src/traits/validate_signed_integer.rs:74:9
[INFO] [stdout]    |
[INFO] [stdout] 74 |         target_pointer_width = "8"
[INFO] [stdout]    |         ^^^^^^^^^^^^^^^^^^^^^^^^^^
[INFO] [stdout]    |
[INFO] [stdout]    = note: expected values for `target_pointer_width` are: `16`, `32`, and `64`
[INFO] [stdout]    = note: see <https://doc.rust-lang.org/nightly/rustc/check-cfg/cargo-specifics.html> for more information about checking conditional configuration
[INFO] [stdout] 
[INFO] [stdout] 
[INFO] [stdout] warning: unexpected `cfg` condition value: `8`
[INFO] [stdout]   --> src/traits/validate_signed_integer.rs:93:11
[INFO] [stdout]    |
[INFO] [stdout] 93 |     #[cfg(target_pointer_width = "8")]
[INFO] [stdout]    |           ^^^^^^^^^^^^^^^^^^^^^^^^^^
[INFO] [stdout]    |
[INFO] [stdout]    = note: expected values for `target_pointer_width` are: `16`, `32`, and `64`
[INFO] [stdout]    = note: see <https://doc.rust-lang.org/nightly/rustc/check-cfg/cargo-specifics.html> for more information about checking conditional configuration
[INFO] [stdout] 
[INFO] [stdout] 
[INFO] [stdout] warning: unexpected `cfg` condition value: `128`
[INFO] [stdout]  --> src/traits/validate_unsigned_integer.rs:9:11
[INFO] [stdout]   |
[INFO] [stdout] 9 |     #[cfg(target_pointer_width = "128")]
[INFO] [stdout]   |           ^^^^^^^^^^^^^^^^^^^^^^^^^^^^
[INFO] [stdout]   |
[INFO] [stdout]   = note: expected values for `target_pointer_width` are: `16`, `32`, and `64`
[INFO] [stdout]   = note: see <https://doc.rust-lang.org/nightly/rustc/check-cfg/cargo-specifics.html> for more information about checking conditional configuration
[INFO] [stdout] 
[INFO] [stdout] 
[INFO] [stdout] warning: unexpected `cfg` condition value: `128`
[INFO] [stdout]   --> src/traits/validate_unsigned_integer.rs:16:9
[INFO] [stdout]    |
[INFO] [stdout] 16 |         target_pointer_width = "128",
[INFO] [stdout]    |         ^^^^^^^^^^^^^^^^^^^^^^^^^^^^
[INFO] [stdout]    |
[INFO] [stdout]    = note: expected values for `target_pointer_width` are: `16`, `32`, and `64`
[INFO] [stdout]    = note: see <https://doc.rust-lang.org/nightly/rustc/check-cfg/cargo-specifics.html> for more information about checking conditional configuration
[INFO] [stdout] 
[INFO] [stdout] 
[INFO] [stdout] warning: unexpected `cfg` condition value: `8`
[INFO] [stdout]   --> src/traits/validate_unsigned_integer.rs:19:9
[INFO] [stdout]    |
[INFO] [stdout] 19 |         target_pointer_width = "8"
[INFO] [stdout]    |         ^^^^^^^^^^^^^^^^^^^^^^^^^^
[INFO] [stdout]    |
[INFO] [stdout]    = note: expected values for `target_pointer_width` are: `16`, `32`, and `64`
[INFO] [stdout]    = note: see <https://doc.rust-lang.org/nightly/rustc/check-cfg/cargo-specifics.html> for more information about checking conditional configuration
[INFO] [stdout] 
[INFO] [stdout] 
[INFO] [stdout] warning: unexpected `cfg` condition value: `8`
[INFO] [stdout]   --> src/traits/validate_unsigned_integer.rs:38:11
[INFO] [stdout]    |
[INFO] [stdout] 38 |     #[cfg(target_pointer_width = "8")]
[INFO] [stdout]    |           ^^^^^^^^^^^^^^^^^^^^^^^^^^
[INFO] [stdout]    |
[INFO] [stdout]    = note: expected values for `target_pointer_width` are: `16`, `32`, and `64`
[INFO] [stdout]    = note: see <https://doc.rust-lang.org/nightly/rustc/check-cfg/cargo-specifics.html> for more information about checking conditional configuration
[INFO] [stdout] 
[INFO] [stdout] 
[INFO] [stdout] warning: unexpected `cfg` condition value: `128`
[INFO] [stdout]   --> src/traits/validate_unsigned_integer.rs:64:11
[INFO] [stdout]    |
[INFO] [stdout] 64 |     #[cfg(target_pointer_width = "128")]
[INFO] [stdout]    |           ^^^^^^^^^^^^^^^^^^^^^^^^^^^^
[INFO] [stdout]    |
[INFO] [stdout]    = note: expected values for `target_pointer_width` are: `16`, `32`, and `64`
[INFO] [stdout]    = note: see <https://doc.rust-lang.org/nightly/rustc/check-cfg/cargo-specifics.html> for more information about checking conditional configuration
[INFO] [stdout] 
[INFO] [stdout] 
[INFO] [stdout] warning: unexpected `cfg` condition value: `128`
[INFO] [stdout]   --> src/traits/validate_unsigned_integer.rs:71:9
[INFO] [stdout]    |
[INFO] [stdout] 71 |         target_pointer_width = "128",
[INFO] [stdout]    |         ^^^^^^^^^^^^^^^^^^^^^^^^^^^^
[INFO] [stdout]    |
[INFO] [stdout]    = note: expected values for `target_pointer_width` are: `16`, `32`, and `64`
[INFO] [stdout]    = note: see <https://doc.rust-lang.org/nightly/rustc/check-cfg/cargo-specifics.html> for more information about checking conditional configuration
[INFO] [stdout] 
[INFO] [stdout] 
[INFO] [stdout] warning: unexpected `cfg` condition value: `8`
[INFO] [stdout]   --> src/traits/validate_unsigned_integer.rs:74:9
[INFO] [stdout]    |
[INFO] [stdout] 74 |         target_pointer_width = "8"
[INFO] [stdout]    |         ^^^^^^^^^^^^^^^^^^^^^^^^^^
[INFO] [stdout]    |
[INFO] [stdout]    = note: expected values for `target_pointer_width` are: `16`, `32`, and `64`
[INFO] [stdout]    = note: see <https://doc.rust-lang.org/nightly/rustc/check-cfg/cargo-specifics.html> for more information about checking conditional configuration
[INFO] [stdout] 
[INFO] [stdout] 
[INFO] [stdout] warning: unexpected `cfg` condition value: `8`
[INFO] [stdout]   --> src/traits/validate_unsigned_integer.rs:93:11
[INFO] [stdout]    |
[INFO] [stdout] 93 |     #[cfg(target_pointer_width = "8")]
[INFO] [stdout]    |           ^^^^^^^^^^^^^^^^^^^^^^^^^^
[INFO] [stdout]    |
[INFO] [stdout]    = note: expected values for `target_pointer_width` are: `16`, `32`, and `64`
[INFO] [stdout]    = note: see <https://doc.rust-lang.org/nightly/rustc/check-cfg/cargo-specifics.html> for more information about checking conditional configuration
[INFO] [stdout] 
[INFO] [stdout] 
[INFO] [stderr]     Finished `dev` profile [unoptimized + debuginfo] target(s) in 52.84s
[INFO] running `Command { std: "docker" "inspect" "dd3fd677478137233903c6ee06df5efcbb06a2925969682519a640bf67002c21", kill_on_drop: false }`
[INFO] running `Command { std: "docker" "rm" "-f" "dd3fd677478137233903c6ee06df5efcbb06a2925969682519a640bf67002c21", kill_on_drop: false }`
[INFO] [stdout] dd3fd677478137233903c6ee06df5efcbb06a2925969682519a640bf67002c21
[INFO] running `Command { std: "docker" "create" "-v" "/var/lib/crater-agent-workspace/builds/worker-5-tc2/target:/opt/rustwide/target:rw,Z" "-v" "/var/lib/crater-agent-workspace/builds/worker-5-tc2/source:/opt/rustwide/workdir:ro,Z" "-v" "/var/lib/crater-agent-workspace/cargo-home:/opt/rustwide/cargo-home:ro,Z" "-v" "/var/lib/crater-agent-workspace/rustup-home:/opt/rustwide/rustup-home:ro,Z" "-e" "SOURCE_DIR=/opt/rustwide/workdir" "-e" "CARGO_TARGET_DIR=/opt/rustwide/target" "-e" "CARGO_INCREMENTAL=0" "-e" "RUST_BACKTRACE=full" "-e" "RUSTFLAGS=--cap-lints=warn" "-e" "RUSTDOCFLAGS=--cap-lints=warn" "-e" "CARGO_HOME=/opt/rustwide/cargo-home" "-e" "RUSTUP_HOME=/opt/rustwide/rustup-home" "-w" "/opt/rustwide/workdir" "-m" "1610612736" "--user" "0:0" "--network" "none" "ghcr.io/rust-lang/crates-build-env/linux@sha256:f3a9d4ad9d972b27faf3965f35b62e55ba32bbce8f20bc8fe909558a86702fde" "/opt/rustwide/cargo-home/bin/cargo" "+beta-2024-12-08" "test" "--frozen" "--no-run" "--message-format=json", kill_on_drop: false }`
[INFO] [stdout] 6ce26cca6a44d67fe11d9e805ba2fba0becd7748f60d9fe2223bdd0e1d502632
[INFO] running `Command { std: "docker" "start" "-a" "6ce26cca6a44d67fe11d9e805ba2fba0becd7748f60d9fe2223bdd0e1d502632", kill_on_drop: false }`
[INFO] [stderr]    Compiling once_cell v1.20.2
[INFO] [stdout] warning: unexpected `cfg` condition value: `128`
[INFO] [stdout]  --> src/traits/validate_signed_integer.rs:9:11
[INFO] [stdout]   |
[INFO] [stdout] 9 |     #[cfg(target_pointer_width = "128")]
[INFO] [stdout]   |           ^^^^^^^^^^^^^^^^^^^^^^^^^^^^
[INFO] [stdout]   |
[INFO] [stdout]   = note: expected values for `target_pointer_width` are: `16`, `32`, and `64`
[INFO] [stdout]   = note: see <https://doc.rust-lang.org/nightly/rustc/check-cfg/cargo-specifics.html> for more information about checking conditional configuration
[INFO] [stdout]   = note: `#[warn(unexpected_cfgs)]` on by default
[INFO] [stdout] 
[INFO] [stdout] 
[INFO] [stdout] warning: unexpected `cfg` condition value: `128`
[INFO] [stdout]   --> src/traits/validate_signed_integer.rs:16:9
[INFO] [stdout]    |
[INFO] [stdout] 16 |         target_pointer_width = "128",
[INFO] [stdout]    |         ^^^^^^^^^^^^^^^^^^^^^^^^^^^^
[INFO] [stdout]    |
[INFO] [stdout]    = note: expected values for `target_pointer_width` are: `16`, `32`, and `64`
[INFO] [stdout]    = note: see <https://doc.rust-lang.org/nightly/rustc/check-cfg/cargo-specifics.html> for more information about checking conditional configuration
[INFO] [stdout] 
[INFO] [stdout] 
[INFO] [stdout] warning: unexpected `cfg` condition value: `8`
[INFO] [stdout]   --> src/traits/validate_signed_integer.rs:19:9
[INFO] [stdout]    |
[INFO] [stdout] 19 |         target_pointer_width = "8"
[INFO] [stdout]    |         ^^^^^^^^^^^^^^^^^^^^^^^^^^
[INFO] [stdout]    |
[INFO] [stdout]    = note: expected values for `target_pointer_width` are: `16`, `32`, and `64`
[INFO] [stdout]    = note: see <https://doc.rust-lang.org/nightly/rustc/check-cfg/cargo-specifics.html> for more information about checking conditional configuration
[INFO] [stdout] 
[INFO] [stdout] 
[INFO] [stdout] warning: unexpected `cfg` condition value: `8`
[INFO] [stdout]   --> src/traits/validate_signed_integer.rs:38:11
[INFO] [stdout]    |
[INFO] [stdout] 38 |     #[cfg(target_pointer_width = "8")]
[INFO] [stdout]    |           ^^^^^^^^^^^^^^^^^^^^^^^^^^
[INFO] [stdout]    |
[INFO] [stdout]    = note: expected values for `target_pointer_width` are: `16`, `32`, and `64`
[INFO] [stdout]    = note: see <https://doc.rust-lang.org/nightly/rustc/check-cfg/cargo-specifics.html> for more information about checking conditional configuration
[INFO] [stdout] 
[INFO] [stdout] 
[INFO] [stdout] warning: unexpected `cfg` condition value: `128`
[INFO] [stdout]   --> src/traits/validate_signed_integer.rs:64:11
[INFO] [stdout]    |
[INFO] [stdout] 64 |     #[cfg(target_pointer_width = "128")]
[INFO] [stdout]    |           ^^^^^^^^^^^^^^^^^^^^^^^^^^^^
[INFO] [stdout]    |
[INFO] [stdout]    = note: expected values for `target_pointer_width` are: `16`, `32`, and `64`
[INFO] [stdout]    = note: see <https://doc.rust-lang.org/nightly/rustc/check-cfg/cargo-specifics.html> for more information about checking conditional configuration
[INFO] [stdout] 
[INFO] [stdout] 
[INFO] [stdout] warning: unexpected `cfg` condition value: `128`
[INFO] [stdout]   --> src/traits/validate_signed_integer.rs:71:9
[INFO] [stdout]    |
[INFO] [stdout] 71 |         target_pointer_width = "128",
[INFO] [stdout]    |         ^^^^^^^^^^^^^^^^^^^^^^^^^^^^
[INFO] [stdout]    |
[INFO] [stdout]    = note: expected values for `target_pointer_width` are: `16`, `32`, and `64`
[INFO] [stdout]    = note: see <https://doc.rust-lang.org/nightly/rustc/check-cfg/cargo-specifics.html> for more information about checking conditional configuration
[INFO] [stdout] 
[INFO] [stdout] 
[INFO] [stdout] warning: unexpected `cfg` condition value: `8`
[INFO] [stdout]   --> src/traits/validate_signed_integer.rs:74:9
[INFO] [stdout]    |
[INFO] [stdout] 74 |         target_pointer_width = "8"
[INFO] [stdout]    |         ^^^^^^^^^^^^^^^^^^^^^^^^^^
[INFO] [stdout]    |
[INFO] [stdout]    = note: expected values for `target_pointer_width` are: `16`, `32`, and `64`
[INFO] [stdout]    = note: see <https://doc.rust-lang.org/nightly/rustc/check-cfg/cargo-specifics.html> for more information about checking conditional configuration
[INFO] [stdout] 
[INFO] [stdout] 
[INFO] [stdout] warning: unexpected `cfg` condition value: `8`
[INFO] [stdout]   --> src/traits/validate_signed_integer.rs:93:11
[INFO] [stdout]    |
[INFO] [stdout] 93 |     #[cfg(target_pointer_width = "8")]
[INFO] [stdout]    |           ^^^^^^^^^^^^^^^^^^^^^^^^^^
[INFO] [stdout]    |
[INFO] [stdout]    = note: expected values for `target_pointer_width` are: `16`, `32`, and `64`
[INFO] [stdout]    = note: see <https://doc.rust-lang.org/nightly/rustc/check-cfg/cargo-specifics.html> for more information about checking conditional configuration
[INFO] [stdout] 
[INFO] [stdout] 
[INFO] [stdout] warning: unexpected `cfg` condition value: `128`
[INFO] [stdout]  --> src/traits/validate_unsigned_integer.rs:9:11
[INFO] [stdout]   |
[INFO] [stdout] 9 |     #[cfg(target_pointer_width = "128")]
[INFO] [stdout]   |           ^^^^^^^^^^^^^^^^^^^^^^^^^^^^
[INFO] [stdout]   |
[INFO] [stdout]   = note: expected values for `target_pointer_width` are: `16`, `32`, and `64`
[INFO] [stdout]   = note: see <https://doc.rust-lang.org/nightly/rustc/check-cfg/cargo-specifics.html> for more information about checking conditional configuration
[INFO] [stdout] 
[INFO] [stdout] 
[INFO] [stdout] warning: unexpected `cfg` condition value: `128`
[INFO] [stdout]   --> src/traits/validate_unsigned_integer.rs:16:9
[INFO] [stdout]    |
[INFO] [stdout] 16 |         target_pointer_width = "128",
[INFO] [stdout]    |         ^^^^^^^^^^^^^^^^^^^^^^^^^^^^
[INFO] [stdout]    |
[INFO] [stdout]    = note: expected values for `target_pointer_width` are: `16`, `32`, and `64`
[INFO] [stdout]    = note: see <https://doc.rust-lang.org/nightly/rustc/check-cfg/cargo-specifics.html> for more information about checking conditional configuration
[INFO] [stdout] 
[INFO] [stdout] 
[INFO] [stdout] warning: unexpected `cfg` condition value: `8`
[INFO] [stdout]   --> src/traits/validate_unsigned_integer.rs:19:9
[INFO] [stdout]    |
[INFO] [stdout] 19 |         target_pointer_width = "8"
[INFO] [stdout]    |         ^^^^^^^^^^^^^^^^^^^^^^^^^^
[INFO] [stdout]    |
[INFO] [stdout]    = note: expected values for `target_pointer_width` are: `16`, `32`, and `64`
[INFO] [stdout]    = note: see <https://doc.rust-lang.org/nightly/rustc/check-cfg/cargo-specifics.html> for more information about checking conditional configuration
[INFO] [stdout] 
[INFO] [stdout] 
[INFO] [stdout] warning: unexpected `cfg` condition value: `8`
[INFO] [stdout]   --> src/traits/validate_unsigned_integer.rs:38:11
[INFO] [stdout]    |
[INFO] [stdout] 38 |     #[cfg(target_pointer_width = "8")]
[INFO] [stdout]    |           ^^^^^^^^^^^^^^^^^^^^^^^^^^
[INFO] [stdout]    |
[INFO] [stdout]    = note: expected values for `target_pointer_width` are: `16`, `32`, and `64`
[INFO] [stdout]    = note: see <https://doc.rust-lang.org/nightly/rustc/check-cfg/cargo-specifics.html> for more information about checking conditional configuration
[INFO] [stdout] 
[INFO] [stdout] 
[INFO] [stdout] warning: unexpected `cfg` condition value: `128`
[INFO] [stdout]   --> src/traits/validate_unsigned_integer.rs:64:11
[INFO] [stdout]    |
[INFO] [stdout] 64 |     #[cfg(target_pointer_width = "128")]
[INFO] [stdout]    |           ^^^^^^^^^^^^^^^^^^^^^^^^^^^^
[INFO] [stdout]    |
[INFO] [stdout]    = note: expected values for `target_pointer_width` are: `16`, `32`, and `64`
[INFO] [stdout]    = note: see <https://doc.rust-lang.org/nightly/rustc/check-cfg/cargo-specifics.html> for more information about checking conditional configuration
[INFO] [stdout] 
[INFO] [stdout] 
[INFO] [stdout] warning: unexpected `cfg` condition value: `128`
[INFO] [stdout]   --> src/traits/validate_unsigned_integer.rs:71:9
[INFO] [stdout]    |
[INFO] [stdout] 71 |         target_pointer_width = "128",
[INFO] [stdout]    |         ^^^^^^^^^^^^^^^^^^^^^^^^^^^^
[INFO] [stdout]    |
[INFO] [stdout]    = note: expected values for `target_pointer_width` are: `16`, `32`, and `64`
[INFO] [stdout]    = note: see <https://doc.rust-lang.org/nightly/rustc/check-cfg/cargo-specifics.html> for more information about checking conditional configuration
[INFO] [stdout] 
[INFO] [stdout] 
[INFO] [stdout] warning: unexpected `cfg` condition value: `8`
[INFO] [stdout]   --> src/traits/validate_unsigned_integer.rs:74:9
[INFO] [stdout]    |
[INFO] [stdout] 74 |         target_pointer_width = "8"
[INFO] [stdout]    |         ^^^^^^^^^^^^^^^^^^^^^^^^^^
[INFO] [stdout]    |
[INFO] [stdout]    = note: expected values for `target_pointer_width` are: `16`, `32`, and `64`
[INFO] [stdout]    = note: see <https://doc.rust-lang.org/nightly/rustc/check-cfg/cargo-specifics.html> for more information about checking conditional configuration
[INFO] [stdout] 
[INFO] [stdout] 
[INFO] [stdout] warning: unexpected `cfg` condition value: `8`
[INFO] [stdout]   --> src/traits/validate_unsigned_integer.rs:93:11
[INFO] [stdout]    |
[INFO] [stdout] 93 |     #[cfg(target_pointer_width = "8")]
[INFO] [stdout]    |           ^^^^^^^^^^^^^^^^^^^^^^^^^^
[INFO] [stdout]    |
[INFO] [stdout]    = note: expected values for `target_pointer_width` are: `16`, `32`, and `64`
[INFO] [stdout]    = note: see <https://doc.rust-lang.org/nightly/rustc/check-cfg/cargo-specifics.html> for more information about checking conditional configuration
[INFO] [stdout] 
[INFO] [stdout] 
[INFO] [stderr]    Compiling validators v0.25.3 (/opt/rustwide/workdir)
[INFO] [stdout] warning: unexpected `cfg` condition value: `128`
[INFO] [stdout]  --> src/traits/validate_signed_integer.rs:9:11
[INFO] [stdout]   |
[INFO] [stdout] 9 |     #[cfg(target_pointer_width = "128")]
[INFO] [stdout]   |           ^^^^^^^^^^^^^^^^^^^^^^^^^^^^
[INFO] [stdout]   |
[INFO] [stdout]   = note: expected values for `target_pointer_width` are: `16`, `32`, and `64`
[INFO] [stdout]   = note: see <https://doc.rust-lang.org/nightly/rustc/check-cfg/cargo-specifics.html> for more information about checking conditional configuration
[INFO] [stdout]   = note: `#[warn(unexpected_cfgs)]` on by default
[INFO] [stdout] 
[INFO] [stdout] 
[INFO] [stdout] warning: unexpected `cfg` condition value: `128`
[INFO] [stdout]   --> src/traits/validate_signed_integer.rs:16:9
[INFO] [stdout]    |
[INFO] [stdout] 16 |         target_pointer_width = "128",
[INFO] [stdout]    |         ^^^^^^^^^^^^^^^^^^^^^^^^^^^^
[INFO] [stdout]    |
[INFO] [stdout]    = note: expected values for `target_pointer_width` are: `16`, `32`, and `64`
[INFO] [stdout]    = note: see <https://doc.rust-lang.org/nightly/rustc/check-cfg/cargo-specifics.html> for more information about checking conditional configuration
[INFO] [stdout] 
[INFO] [stdout] 
[INFO] [stdout] warning: unexpected `cfg` condition value: `8`
[INFO] [stdout]   --> src/traits/validate_signed_integer.rs:19:9
[INFO] [stdout]    |
[INFO] [stdout] 19 |         target_pointer_width = "8"
[INFO] [stdout]    |         ^^^^^^^^^^^^^^^^^^^^^^^^^^
[INFO] [stdout]    |
[INFO] [stdout]    = note: expected values for `target_pointer_width` are: `16`, `32`, and `64`
[INFO] [stdout]    = note: see <https://doc.rust-lang.org/nightly/rustc/check-cfg/cargo-specifics.html> for more information about checking conditional configuration
[INFO] [stdout] 
[INFO] [stdout] 
[INFO] [stdout] warning: unexpected `cfg` condition value: `8`
[INFO] [stdout]   --> src/traits/validate_signed_integer.rs:38:11
[INFO] [stdout]    |
[INFO] [stdout] 38 |     #[cfg(target_pointer_width = "8")]
[INFO] [stdout]    |           ^^^^^^^^^^^^^^^^^^^^^^^^^^
[INFO] [stdout]    |
[INFO] [stdout]    = note: expected values for `target_pointer_width` are: `16`, `32`, and `64`
[INFO] [stdout]    = note: see <https://doc.rust-lang.org/nightly/rustc/check-cfg/cargo-specifics.html> for more information about checking conditional configuration
[INFO] [stdout] 
[INFO] [stdout] 
[INFO] [stdout] warning: unexpected `cfg` condition value: `128`
[INFO] [stdout]   --> src/traits/validate_signed_integer.rs:64:11
[INFO] [stdout]    |
[INFO] [stdout] 64 |     #[cfg(target_pointer_width = "128")]
[INFO] [stdout]    |           ^^^^^^^^^^^^^^^^^^^^^^^^^^^^
[INFO] [stdout]    |
[INFO] [stdout]    = note: expected values for `target_pointer_width` are: `16`, `32`, and `64`
[INFO] [stdout]    = note: see <https://doc.rust-lang.org/nightly/rustc/check-cfg/cargo-specifics.html> for more information about checking conditional configuration
[INFO] [stdout] 
[INFO] [stdout] 
[INFO] [stdout] warning: unexpected `cfg` condition value: `128`
[INFO] [stdout]   --> src/traits/validate_signed_integer.rs:71:9
[INFO] [stdout]    |
[INFO] [stdout] 71 |         target_pointer_width = "128",
[INFO] [stdout]    |         ^^^^^^^^^^^^^^^^^^^^^^^^^^^^
[INFO] [stdout]    |
[INFO] [stdout]    = note: expected values for `target_pointer_width` are: `16`, `32`, and `64`
[INFO] [stdout]    = note: see <https://doc.rust-lang.org/nightly/rustc/check-cfg/cargo-specifics.html> for more information about checking conditional configuration
[INFO] [stdout] 
[INFO] [stdout] 
[INFO] [stdout] warning: unexpected `cfg` condition value: `8`
[INFO] [stdout]   --> src/traits/validate_signed_integer.rs:74:9
[INFO] [stdout]    |
[INFO] [stdout] 74 |         target_pointer_width = "8"
[INFO] [stdout]    |         ^^^^^^^^^^^^^^^^^^^^^^^^^^
[INFO] [stdout]    |
[INFO] [stdout]    = note: expected values for `target_pointer_width` are: `16`, `32`, and `64`
[INFO] [stdout]    = note: see <https://doc.rust-lang.org/nightly/rustc/check-cfg/cargo-specifics.html> for more information about checking conditional configuration
[INFO] [stdout] 
[INFO] [stdout] 
[INFO] [stdout] warning: unexpected `cfg` condition value: `8`
[INFO] [stdout]   --> src/traits/validate_signed_integer.rs:93:11
[INFO] [stdout]    |
[INFO] [stdout] 93 |     #[cfg(target_pointer_width = "8")]
[INFO] [stdout]    |           ^^^^^^^^^^^^^^^^^^^^^^^^^^
[INFO] [stdout]    |
[INFO] [stdout]    = note: expected values for `target_pointer_width` are: `16`, `32`, and `64`
[INFO] [stdout]    = note: see <https://doc.rust-lang.org/nightly/rustc/check-cfg/cargo-specifics.html> for more information about checking conditional configuration
[INFO] [stdout] 
[INFO] [stdout] 
[INFO] [stdout] warning: unexpected `cfg` condition value: `128`
[INFO] [stdout]  --> src/traits/validate_unsigned_integer.rs:9:11
[INFO] [stdout]   |
[INFO] [stdout] 9 |     #[cfg(target_pointer_width = "128")]
[INFO] [stdout]   |           ^^^^^^^^^^^^^^^^^^^^^^^^^^^^
[INFO] [stdout]   |
[INFO] [stdout]   = note: expected values for `target_pointer_width` are: `16`, `32`, and `64`
[INFO] [stdout]   = note: see <https://doc.rust-lang.org/nightly/rustc/check-cfg/cargo-specifics.html> for more information about checking conditional configuration
[INFO] [stdout] 
[INFO] [stdout] 
[INFO] [stdout] warning: unexpected `cfg` condition value: `128`
[INFO] [stdout]   --> src/traits/validate_unsigned_integer.rs:16:9
[INFO] [stdout]    |
[INFO] [stdout] 16 |         target_pointer_width = "128",
[INFO] [stdout]    |         ^^^^^^^^^^^^^^^^^^^^^^^^^^^^
[INFO] [stdout]    |
[INFO] [stdout]    = note: expected values for `target_pointer_width` are: `16`, `32`, and `64`
[INFO] [stdout]    = note: see <https://doc.rust-lang.org/nightly/rustc/check-cfg/cargo-specifics.html> for more information about checking conditional configuration
[INFO] [stdout] 
[INFO] [stdout] 
[INFO] [stdout] warning: unexpected `cfg` condition value: `8`
[INFO] [stdout]   --> src/traits/validate_unsigned_integer.rs:19:9
[INFO] [stdout]    |
[INFO] [stdout] 19 |         target_pointer_width = "8"
[INFO] [stdout]    |         ^^^^^^^^^^^^^^^^^^^^^^^^^^
[INFO] [stdout]    |
[INFO] [stdout]    = note: expected values for `target_pointer_width` are: `16`, `32`, and `64`
[INFO] [stdout]    = note: see <https://doc.rust-lang.org/nightly/rustc/check-cfg/cargo-specifics.html> for more information about checking conditional configuration
[INFO] [stdout] 
[INFO] [stdout] 
[INFO] [stdout] warning: unexpected `cfg` condition value: `8`
[INFO] [stdout]   --> src/traits/validate_unsigned_integer.rs:38:11
[INFO] [stdout]    |
[INFO] [stdout] 38 |     #[cfg(target_pointer_width = "8")]
[INFO] [stdout]    |           ^^^^^^^^^^^^^^^^^^^^^^^^^^
[INFO] [stdout]    |
[INFO] [stdout]    = note: expected values for `target_pointer_width` are: `16`, `32`, and `64`
[INFO] [stdout]    = note: see <https://doc.rust-lang.org/nightly/rustc/check-cfg/cargo-specifics.html> for more information about checking conditional configuration
[INFO] [stdout] 
[INFO] [stdout] 
[INFO] [stdout] warning: unexpected `cfg` condition value: `128`
[INFO] [stdout]   --> src/traits/validate_unsigned_integer.rs:64:11
[INFO] [stdout]    |
[INFO] [stdout] 64 |     #[cfg(target_pointer_width = "128")]
[INFO] [stdout]    |           ^^^^^^^^^^^^^^^^^^^^^^^^^^^^
[INFO] [stdout]    |
[INFO] [stdout]    = note: expected values for `target_pointer_width` are: `16`, `32`, and `64`
[INFO] [stdout]    = note: see <https://doc.rust-lang.org/nightly/rustc/check-cfg/cargo-specifics.html> for more information about checking conditional configuration
[INFO] [stdout] 
[INFO] [stdout] 
[INFO] [stdout] warning: unexpected `cfg` condition value: `128`
[INFO] [stdout]   --> src/traits/validate_unsigned_integer.rs:71:9
[INFO] [stdout]    |
[INFO] [stdout] 71 |         target_pointer_width = "128",
[INFO] [stdout]    |         ^^^^^^^^^^^^^^^^^^^^^^^^^^^^
[INFO] [stdout]    |
[INFO] [stdout]    = note: expected values for `target_pointer_width` are: `16`, `32`, and `64`
[INFO] [stdout]    = note: see <https://doc.rust-lang.org/nightly/rustc/check-cfg/cargo-specifics.html> for more information about checking conditional configuration
[INFO] [stdout] 
[INFO] [stdout] 
[INFO] [stdout] warning: unexpected `cfg` condition value: `8`
[INFO] [stdout]   --> src/traits/validate_unsigned_integer.rs:74:9
[INFO] [stdout]    |
[INFO] [stdout] 74 |         target_pointer_width = "8"
[INFO] [stdout]    |         ^^^^^^^^^^^^^^^^^^^^^^^^^^
[INFO] [stdout]    |
[INFO] [stdout]    = note: expected values for `target_pointer_width` are: `16`, `32`, and `64`
[INFO] [stdout]    = note: see <https://doc.rust-lang.org/nightly/rustc/check-cfg/cargo-specifics.html> for more information about checking conditional configuration
[INFO] [stdout] 
[INFO] [stdout] 
[INFO] [stdout] warning: unexpected `cfg` condition value: `8`
[INFO] [stdout]   --> src/traits/validate_unsigned_integer.rs:93:11
[INFO] [stdout]    |
[INFO] [stdout] 93 |     #[cfg(target_pointer_width = "8")]
[INFO] [stdout]    |           ^^^^^^^^^^^^^^^^^^^^^^^^^^
[INFO] [stdout]    |
[INFO] [stdout]    = note: expected values for `target_pointer_width` are: `16`, `32`, and `64`
[INFO] [stdout]    = note: see <https://doc.rust-lang.org/nightly/rustc/check-cfg/cargo-specifics.html> for more information about checking conditional configuration
[INFO] [stdout] 
[INFO] [stdout] 
[INFO] [stderr]     Finished `test` profile [unoptimized + debuginfo] target(s) in 1.22s
[INFO] running `Command { std: "docker" "inspect" "6ce26cca6a44d67fe11d9e805ba2fba0becd7748f60d9fe2223bdd0e1d502632", kill_on_drop: false }`
[INFO] running `Command { std: "docker" "rm" "-f" "6ce26cca6a44d67fe11d9e805ba2fba0becd7748f60d9fe2223bdd0e1d502632", kill_on_drop: false }`
[INFO] [stdout] 6ce26cca6a44d67fe11d9e805ba2fba0becd7748f60d9fe2223bdd0e1d502632
[INFO] running `Command { std: "docker" "create" "-v" "/var/lib/crater-agent-workspace/builds/worker-5-tc2/target:/opt/rustwide/target:rw,Z" "-v" "/var/lib/crater-agent-workspace/builds/worker-5-tc2/source:/opt/rustwide/workdir:ro,Z" "-v" "/var/lib/crater-agent-workspace/cargo-home:/opt/rustwide/cargo-home:ro,Z" "-v" "/var/lib/crater-agent-workspace/rustup-home:/opt/rustwide/rustup-home:ro,Z" "-e" "SOURCE_DIR=/opt/rustwide/workdir" "-e" "CARGO_TARGET_DIR=/opt/rustwide/target" "-e" "CARGO_INCREMENTAL=0" "-e" "RUST_BACKTRACE=full" "-e" "RUSTFLAGS=--cap-lints=warn" "-e" "RUSTDOCFLAGS=--cap-lints=warn" "-e" "CARGO_HOME=/opt/rustwide/cargo-home" "-e" "RUSTUP_HOME=/opt/rustwide/rustup-home" "-w" "/opt/rustwide/workdir" "-m" "1610612736" "--user" "0:0" "--network" "none" "ghcr.io/rust-lang/crates-build-env/linux@sha256:f3a9d4ad9d972b27faf3965f35b62e55ba32bbce8f20bc8fe909558a86702fde" "/opt/rustwide/cargo-home/bin/cargo" "+beta-2024-12-08" "test" "--frozen", kill_on_drop: false }`
[INFO] [stdout] 1795aced243098654e9ce50b1cc13340ea4350fc10e823417a75875e0841a296
[INFO] running `Command { std: "docker" "start" "-a" "1795aced243098654e9ce50b1cc13340ea4350fc10e823417a75875e0841a296", kill_on_drop: false }`
[INFO] [stderr] warning: unexpected `cfg` condition value: `128`
[INFO] [stderr]  --> src/traits/validate_signed_integer.rs:9:11
[INFO] [stderr]   |
[INFO] [stderr] 9 |     #[cfg(target_pointer_width = "128")]
[INFO] [stderr]   |           ^^^^^^^^^^^^^^^^^^^^^^^^^^^^
[INFO] [stderr]   |
[INFO] [stderr]   = note: expected values for `target_pointer_width` are: `16`, `32`, and `64`
[INFO] [stderr]   = note: see <https://doc.rust-lang.org/nightly/rustc/check-cfg/cargo-specifics.html> for more information about checking conditional configuration
[INFO] [stderr]   = note: `#[warn(unexpected_cfgs)]` on by default
[INFO] [stderr] 
[INFO] [stderr] warning: unexpected `cfg` condition value: `128`
[INFO] [stderr]   --> src/traits/validate_signed_integer.rs:16:9
[INFO] [stderr]    |
[INFO] [stderr] 16 |         target_pointer_width = "128",
[INFO] [stderr]    |         ^^^^^^^^^^^^^^^^^^^^^^^^^^^^
[INFO] [stderr]    |
[INFO] [stderr]    = note: expected values for `target_pointer_width` are: `16`, `32`, and `64`
[INFO] [stderr]    = note: see <https://doc.rust-lang.org/nightly/rustc/check-cfg/cargo-specifics.html> for more information about checking conditional configuration
[INFO] [stderr] 
[INFO] [stderr] warning: unexpected `cfg` condition value: `8`
[INFO] [stderr]   --> src/traits/validate_signed_integer.rs:19:9
[INFO] [stderr]    |
[INFO] [stderr] 19 |         target_pointer_width = "8"
[INFO] [stderr]    |         ^^^^^^^^^^^^^^^^^^^^^^^^^^
[INFO] [stderr]    |
[INFO] [stderr]    = note: expected values for `target_pointer_width` are: `16`, `32`, and `64`
[INFO] [stderr]    = note: see <https://doc.rust-lang.org/nightly/rustc/check-cfg/cargo-specifics.html> for more information about checking conditional configuration
[INFO] [stderr] 
[INFO] [stderr] warning: unexpected `cfg` condition value: `8`
[INFO] [stderr]   --> src/traits/validate_signed_integer.rs:38:11
[INFO] [stderr]    |
[INFO] [stderr] 38 |     #[cfg(target_pointer_width = "8")]
[INFO] [stderr]    |           ^^^^^^^^^^^^^^^^^^^^^^^^^^
[INFO] [stderr]    |
[INFO] [stderr]    = note: expected values for `target_pointer_width` are: `16`, `32`, and `64`
[INFO] [stderr]    = note: see <https://doc.rust-lang.org/nightly/rustc/check-cfg/cargo-specifics.html> for more information about checking conditional configuration
[INFO] [stderr] 
[INFO] [stderr] warning: unexpected `cfg` condition value: `128`
[INFO] [stderr]   --> src/traits/validate_signed_integer.rs:64:11
[INFO] [stderr]    |
[INFO] [stderr] 64 |     #[cfg(target_pointer_width = "128")]
[INFO] [stderr]    |           ^^^^^^^^^^^^^^^^^^^^^^^^^^^^
[INFO] [stderr]    |
[INFO] [stderr]    = note: expected values for `target_pointer_width` are: `16`, `32`, and `64`
[INFO] [stderr]    = note: see <https://doc.rust-lang.org/nightly/rustc/check-cfg/cargo-specifics.html> for more information about checking conditional configuration
[INFO] [stderr] 
[INFO] [stderr] warning: unexpected `cfg` condition value: `128`
[INFO] [stderr]   --> src/traits/validate_signed_integer.rs:71:9
[INFO] [stderr]    |
[INFO] [stderr] 71 |         target_pointer_width = "128",
[INFO] [stderr]    |         ^^^^^^^^^^^^^^^^^^^^^^^^^^^^
[INFO] [stderr]    |
[INFO] [stderr]    = note: expected values for `target_pointer_width` are: `16`, `32`, and `64`
[INFO] [stderr]    = note: see <https://doc.rust-lang.org/nightly/rustc/check-cfg/cargo-specifics.html> for more information about checking conditional configuration
[INFO] [stderr] 
[INFO] [stderr] warning: unexpected `cfg` condition value: `8`
[INFO] [stderr]   --> src/traits/validate_signed_integer.rs:74:9
[INFO] [stderr]    |
[INFO] [stderr] 74 |         target_pointer_width = "8"
[INFO] [stderr]    |         ^^^^^^^^^^^^^^^^^^^^^^^^^^
[INFO] [stderr]    |
[INFO] [stderr]    = note: expected values for `target_pointer_width` are: `16`, `32`, and `64`
[INFO] [stderr]    = note: see <https://doc.rust-lang.org/nightly/rustc/check-cfg/cargo-specifics.html> for more information about checking conditional configuration
[INFO] [stderr] 
[INFO] [stderr] warning: unexpected `cfg` condition value: `8`
[INFO] [stderr]   --> src/traits/validate_signed_integer.rs:93:11
[INFO] [stderr]    |
[INFO] [stderr] 93 |     #[cfg(target_pointer_width = "8")]
[INFO] [stderr]    |           ^^^^^^^^^^^^^^^^^^^^^^^^^^
[INFO] [stderr]    |
[INFO] [stderr]    = note: expected values for `target_pointer_width` are: `16`, `32`, and `64`
[INFO] [stderr]    = note: see <https://doc.rust-lang.org/nightly/rustc/check-cfg/cargo-specifics.html> for more information about checking conditional configuration
[INFO] [stderr] 
[INFO] [stderr] warning: unexpected `cfg` condition value: `128`
[INFO] [stderr]  --> src/traits/validate_unsigned_integer.rs:9:11
[INFO] [stderr]   |
[INFO] [stderr] 9 |     #[cfg(target_pointer_width = "128")]
[INFO] [stderr]   |           ^^^^^^^^^^^^^^^^^^^^^^^^^^^^
[INFO] [stderr]   |
[INFO] [stderr]   = note: expected values for `target_pointer_width` are: `16`, `32`, and `64`
[INFO] [stderr]   = note: see <https://doc.rust-lang.org/nightly/rustc/check-cfg/cargo-specifics.html> for more information about checking conditional configuration
[INFO] [stderr] 
[INFO] [stderr] warning: unexpected `cfg` condition value: `128`
[INFO] [stderr]   --> src/traits/validate_unsigned_integer.rs:16:9
[INFO] [stderr]    |
[INFO] [stderr] 16 |         target_pointer_width = "128",
[INFO] [stderr]    |         ^^^^^^^^^^^^^^^^^^^^^^^^^^^^
[INFO] [stderr]    |
[INFO] [stderr]    = note: expected values for `target_pointer_width` are: `16`, `32`, and `64`
[INFO] [stderr]    = note: see <https://doc.rust-lang.org/nightly/rustc/check-cfg/cargo-specifics.html> for more information about checking conditional configuration
[INFO] [stderr] 
[INFO] [stderr] warning: unexpected `cfg` condition value: `8`
[INFO] [stderr]   --> src/traits/validate_unsigned_integer.rs:19:9
[INFO] [stderr]    |
[INFO] [stderr] 19 |         target_pointer_width = "8"
[INFO] [stderr]    |         ^^^^^^^^^^^^^^^^^^^^^^^^^^
[INFO] [stderr]    |
[INFO] [stderr]    = note: expected values for `target_pointer_width` are: `16`, `32`, and `64`
[INFO] [stderr]    = note: see <https://doc.rust-lang.org/nightly/rustc/check-cfg/cargo-specifics.html> for more information about checking conditional configuration
[INFO] [stderr] 
[INFO] [stderr] warning: unexpected `cfg` condition value: `8`
[INFO] [stderr]   --> src/traits/validate_unsigned_integer.rs:38:11
[INFO] [stderr]    |
[INFO] [stderr] 38 |     #[cfg(target_pointer_width = "8")]
[INFO] [stderr]    |           ^^^^^^^^^^^^^^^^^^^^^^^^^^
[INFO] [stderr]    |
[INFO] [stderr]    = note: expected values for `target_pointer_width` are: `16`, `32`, and `64`
[INFO] [stderr]    = note: see <https://doc.rust-lang.org/nightly/rustc/check-cfg/cargo-specifics.html> for more information about checking conditional configuration
[INFO] [stderr] 
[INFO] [stderr] warning: unexpected `cfg` condition value: `128`
[INFO] [stderr]   --> src/traits/validate_unsigned_integer.rs:64:11
[INFO] [stderr]    |
[INFO] [stderr] 64 |     #[cfg(target_pointer_width = "128")]
[INFO] [stderr]    |           ^^^^^^^^^^^^^^^^^^^^^^^^^^^^
[INFO] [stderr]    |
[INFO] [stderr]    = note: expected values for `target_pointer_width` are: `16`, `32`, and `64`
[INFO] [stderr]    = note: see <https://doc.rust-lang.org/nightly/rustc/check-cfg/cargo-specifics.html> for more information about checking conditional configuration
[INFO] [stderr] 
[INFO] [stderr] warning: unexpected `cfg` condition value: `128`
[INFO] [stderr]   --> src/traits/validate_unsigned_integer.rs:71:9
[INFO] [stderr]    |
[INFO] [stderr] 71 |         target_pointer_width = "128",
[INFO] [stderr]    |         ^^^^^^^^^^^^^^^^^^^^^^^^^^^^
[INFO] [stderr]    |
[INFO] [stderr]    = note: expected values for `target_pointer_width` are: `16`, `32`, and `64`
[INFO] [stderr]    = note: see <https://doc.rust-lang.org/nightly/rustc/check-cfg/cargo-specifics.html> for more information about checking conditional configuration
[INFO] [stderr] 
[INFO] [stderr] warning: unexpected `cfg` condition value: `8`
[INFO] [stderr]   --> src/traits/validate_unsigned_integer.rs:74:9
[INFO] [stderr]    |
[INFO] [stderr] 74 |         target_pointer_width = "8"
[INFO] [stderr]    |         ^^^^^^^^^^^^^^^^^^^^^^^^^^
[INFO] [stderr]    |
[INFO] [stderr]    = note: expected values for `target_pointer_width` are: `16`, `32`, and `64`
[INFO] [stderr]    = note: see <https://doc.rust-lang.org/nightly/rustc/check-cfg/cargo-specifics.html> for more information about checking conditional configuration
[INFO] [stderr] 
[INFO] [stderr] warning: unexpected `cfg` condition value: `8`
[INFO] [stderr]   --> src/traits/validate_unsigned_integer.rs:93:11
[INFO] [stderr]    |
[INFO] [stderr] 93 |     #[cfg(target_pointer_width = "8")]
[INFO] [stderr]    |           ^^^^^^^^^^^^^^^^^^^^^^^^^^
[INFO] [stderr]    |
[INFO] [stderr]    = note: expected values for `target_pointer_width` are: `16`, `32`, and `64`
[INFO] [stderr]    = note: see <https://doc.rust-lang.org/nightly/rustc/check-cfg/cargo-specifics.html> for more information about checking conditional configuration
[INFO] [stderr] 
[INFO] [stderr] warning: `validators` (lib) generated 16 warnings
[INFO] [stderr] warning: `validators` (lib test) generated 16 warnings (16 duplicates)
[INFO] [stderr]     Finished `test` profile [unoptimized + debuginfo] target(s) in 0.16s
[INFO] [stderr]      Running unittests src/lib.rs (/opt/rustwide/target/debug/deps/validators-7432ae6d28c8e888)
[INFO] [stdout] 
[INFO] [stdout] running 0 tests
[INFO] [stderr]    Doc-tests validators
[INFO] [stdout] 
[INFO] [stdout] test result: ok. 0 passed; 0 failed; 0 ignored; 0 measured; 0 filtered out; finished in 0.00s
[INFO] [stdout] 
[INFO] [stdout] 
[INFO] [stdout] running 35 tests
[INFO] [stdout] test src/lib.rs - (line 24) ... ok
[INFO] [stdout] test src/lib.rs - (line 162) ... FAILED
[INFO] [stdout] test src/lib.rs - (line 298) ... FAILED
[INFO] [stdout] test src/lib.rs - (line 232) ... FAILED
[INFO] [stdout] test src/lib.rs - (line 323) ... FAILED
[INFO] [stdout] test src/lib.rs - (line 102) ... ok
[INFO] [stdout] test src/lib.rs - (line 491) ... ok
[INFO] [stdout] test src/lib.rs - (line 142) ... ok
[INFO] [stdout] test src/lib.rs - (line 471) ... ok
[INFO] [stdout] test src/lib.rs - (line 122) ... ok
[INFO] [stdout] test src/lib.rs - (line 261) ... ok
[INFO] [stdout] test src/lib.rs - (line 42) ... ok
[INFO] [stdout] test src/lib.rs - (line 443) ... ok
[INFO] [stdout] test src/lib.rs - (line 531) ... ok
[INFO] [stdout] test src/lib.rs - (line 647) ... ok
[INFO] [stdout] test src/lib.rs - (line 685) ... ok
[INFO] [stdout] test src/lib.rs - (line 734) ... ok
[INFO] [stdout] test src/lib.rs - (line 713) ... ok
[INFO] [stdout] test src/lib.rs - (line 666) ... ok
[INFO] [stdout] test src/lib.rs - (line 419) ... ok
[INFO] [stdout] test src/lib.rs - (line 183) ... ok
[INFO] [stdout] test src/lib.rs - (line 372) ... ok
[INFO] [stdout] test src/lib.rs - (line 396) ... ok
[INFO] [stdout] test src/lib.rs - (line 822) ... ok
[INFO] [stdout] test src/lib.rs - (line 797) ... ok
[INFO] [stdout] test src/lib.rs - (line 62) ... ok
[INFO] [stdout] test src/lib.rs - (line 512) ... ok
[INFO] [stdout] test src/lib.rs - prelude (line 898) ... ok
[INFO] [stdout] test src/lib.rs - (line 347) ... ok
[INFO] [stdout] test src/lib.rs - (line 211) ... ok
[INFO] [stdout] test src/lib.rs - (line 82) ... ok
[INFO] [stdout] test src/lib.rs - (line 774) ... ok
[INFO] [stdout] test src/lib.rs - (line 754) ... ok
[INFO] [stdout] test src/lib.rs - (line 601) ... ok
[INFO] [stdout] test src/lib.rs - (line 560) ... ok
[INFO] [stdout] 
[INFO] [stdout] failures:
[INFO] [stdout] 
[INFO] [stdout] ---- src/lib.rs - (line 162) stdout ----
[INFO] [stdout] error: linking with `cc` failed: exit status: 1
[INFO] [stdout]   |
[INFO] [stdout]   = note: LC_ALL="C" PATH="/opt/rustwide/rustup-home/toolchains/beta-2024-12-08-x86_64-unknown-linux-gnu/lib/rustlib/x86_64-unknown-linux-gnu/bin:/opt/rustwide/cargo-home/bin:/usr/local/sbin:/usr/local/bin:/usr/sbin:/usr/bin:/sbin:/bin" VSLANG="1033" "cc" "-m64" "/tmp/rustcF0sOBJ/symbols.o" "/tmp/rustdoctesteuSLsh/rust_out.rust_out.9242fac72db2cd11-cgu.0.rcgu.o" "/tmp/rustdoctesteuSLsh/rust_out.2hl2tb9xdtge7mguxzn2q1kvi.rcgu.o" "-Wl,--as-needed" "-Wl,-Bstatic" "/opt/rustwide/target/debug/deps/libvalidators-44b4296fe09e8632.rlib" "/opt/rustwide/target/debug/deps/liburl-34b996d530b2e112.rlib" "/opt/rustwide/target/debug/deps/libidna-c2562fc76146e15e.rlib" "/opt/rustwide/target/debug/deps/libidna_adapter-287bdcc46a14e69b.rlib" "/opt/rustwide/target/debug/deps/libicu_normalizer-7deff6e08e09a602.rlib" "/opt/rustwide/target/debug/deps/libicu_normalizer_data-d3c2725a089a2467.rlib" "/opt/rustwide/target/debug/deps/libwrite16-d15e33f2b3b5e6d8.rlib" "/opt/rustwide/target/debug/deps/libutf8_iter-d5e8daeaacfd8f95.rlib" "/opt/rustwide/target/debug/deps/libutf16_iter-9749a04129eccc81.rlib" "/opt/rustwide/target/debug/deps/libsmallvec-53fd8ee9edcafbcd.rlib" "/opt/rustwide/target/debug/deps/libicu_properties-ac0ad5ea51012884.rlib" "/opt/rustwide/target/debug/deps/libicu_properties_data-8db115c81033ba3a.rlib" "/opt/rustwide/target/debug/deps/libicu_locid_transform-9bb67294349dda70.rlib" "/opt/rustwide/target/debug/deps/libicu_locid_transform_data-b75aeb662448ba61.rlib" "/opt/rustwide/target/debug/deps/libicu_collections-b350a14b4cfd51cc.rlib" "/opt/rustwide/target/debug/deps/libicu_provider-70ae0be0a55eff63.rlib" "/opt/rustwide/target/debug/deps/libicu_locid-16d46d901985ba87.rlib" "/opt/rustwide/target/debug/deps/liblitemap-f4f1c45b9b1b6474.rlib" "/opt/rustwide/target/debug/deps/libtinystr-78418df95369f065.rlib" "/opt/rustwide/target/debug/deps/libzerovec-9afc6b344bfd5437.rlib" "/opt/rustwide/target/debug/deps/libwriteable-d425da3f2cf37998.rlib" "/opt/rustwide/target/debug/deps/libyoke-a6765ba404d5af5f.rlib" "/opt/rustwide/target/debug/deps/libzerofrom-5a402d1ee5177609.rlib" "/opt/rustwide/target/debug/deps/libstable_deref_trait-8e22d1dc883a4bb5.rlib" "/opt/rustwide/target/debug/deps/libform_urlencoded-225480349c93ac62.rlib" "/opt/rustwide/target/debug/deps/libpercent_encoding-0e0b8bd7b8462710.rlib" "/opt/rustwide/target/debug/deps/libstr_utils-fb87201bbfb2ffb7.rlib" "/opt/rustwide/target/debug/deps/libunicase-d1a771ead37b59d1.rlib" "/opt/rustwide/target/debug/deps/libcow_utils-52cc04dc1fe5cbff.rlib" "/opt/rustwide/target/debug/deps/libserde_json-21372f219bb70ad6.rlib" "/opt/rustwide/target/debug/deps/libitoa-87633a66effadcdd.rlib" "/opt/rustwide/target/debug/deps/libryu-6e02dac7c3b6be75.rlib" "/opt/rustwide/target/debug/deps/libsemver-2d75f7d07e48873f.rlib" "/opt/rustwide/target/debug/deps/libphonenumber-29a20867e38c26e9.rlib" "/opt/rustwide/target/debug/deps/liblazy_static-34736fcc74b41a53.rlib" "/opt/rustwide/target/debug/deps/libnom-4ba0b09e9ddc1505.rlib" "/opt/rustwide/target/debug/deps/libitertools-09dcaf901a701312.rlib" "/opt/rustwide/target/debug/deps/libeither-5adc936c7a206324.rlib" "/opt/rustwide/target/debug/deps/libstrum-1cc0b32931536898.rlib" "/opt/rustwide/target/debug/deps/libquick_xml-e22bf86effdaa9a9.rlib" "/opt/rustwide/target/debug/deps/libfnv-953831fe314029b4.rlib" "/opt/rustwide/target/debug/deps/libbincode-28251886bd7a788b.rlib" "/opt/rustwide/target/debug/deps/libregex_cache-c88d5bfca24b13c9.rlib" "/opt/rustwide/target/debug/deps/liboncemutex-a4ce1ecb71104555.rlib" "/opt/rustwide/target/debug/deps/liblru_cache-a931b4435704fdf9.rlib" "/opt/rustwide/target/debug/deps/liblinked_hash_map-c72d2a5c234fbd7a.rlib" "/opt/rustwide/target/debug/deps/libregex_syntax-0ebc1de550429e3a.rlib" "/opt/rustwide/target/debug/deps/libregex-efe1db66ebfa54c7.rlib" "/opt/rustwide/target/debug/deps/libregex_automata-877ebb2ba0bf5ace.rlib" "/opt/rustwide/target/debug/deps/libaho_corasick-b7cbf506a5c4f18e.rlib" "/opt/rustwide/target/debug/deps/libmemchr-412d53cbfea52259.rlib" "/opt/rustwide/target/debug/deps/libregex_syntax-68a2118807cc42f7.rlib" "/opt/rustwide/target/debug/deps/libthiserror-47d1907d71bbc382.rlib" "/opt/rustwide/target/debug/deps/libidna-da2ec77fbad4cae1.rlib" "/opt/rustwide/target/debug/deps/libunicode_normalization-507a58b0722f1647.rlib" "/opt/rustwide/target/debug/deps/libtinyvec-d87fde7a6a546b49.rlib" "/opt/rustwide/target/debug/deps/libtinyvec_macros-333661e3b238a9a3.rlib" "/opt/rustwide/target/debug/deps/libunicode_bidi-2b73248709eb6338.rlib" "/opt/rustwide/target/debug/deps/libdata_encoding-3c64aab06f8f58a8.rlib" "/opt/rustwide/target/debug/deps/libbyte_unit-92311cacfcef455e.rlib" "/opt/rustwide/target/debug/deps/libutf8_width-e798724b9096e7c2.rlib" "/opt/rustwide/target/debug/deps/libserde-d004a7fa9d47a5a8.rlib" "/opt/rustwide/target/debug/deps/librust_decimal-679a13aebef4dfbf.rlib" "/opt/rustwide/target/debug/deps/libarrayvec-2345a7739ace1ed7.rlib" "/opt/rustwide/target/debug/deps/libnum_traits-de3d38f117f82dea.rlib" "/opt/rustwide/rustup-home/toolchains/beta-2024-12-08-x86_64-unknown-linux-gnu/lib/rustlib/x86_64-unknown-linux-gnu/lib/libstd-02dc84f49135b6b8.rlib" "/opt/rustwide/rustup-home/toolchains/beta-2024-12-08-x86_64-unknown-linux-gnu/lib/rustlib/x86_64-unknown-linux-gnu/lib/libpanic_unwind-a8f45b397fae3f81.rlib" "/opt/rustwide/rustup-home/toolchains/beta-2024-12-08-x86_64-unknown-linux-gnu/lib/rustlib/x86_64-unknown-linux-gnu/lib/libobject-089607133c180609.rlib" "/opt/rustwide/rustup-home/toolchains/beta-2024-12-08-x86_64-unknown-linux-gnu/lib/rustlib/x86_64-unknown-linux-gnu/lib/libmemchr-fc89f091bcd86cbb.rlib" "/opt/rustwide/rustup-home/toolchains/beta-2024-12-08-x86_64-unknown-linux-gnu/lib/rustlib/x86_64-unknown-linux-gnu/lib/libaddr2line-5a60949f01c7340c.rlib" "/opt/rustwide/rustup-home/toolchains/beta-2024-12-08-x86_64-unknown-linux-gnu/lib/rustlib/x86_64-unknown-linux-gnu/lib/libgimli-d29e6a55ca253c8c.rlib" "/opt/rustwide/rustup-home/toolchains/beta-2024-12-08-x86_64-unknown-linux-gnu/lib/rustlib/x86_64-unknown-linux-gnu/lib/librustc_demangle-273c078d5f65de7a.rlib" "/opt/rustwide/rustup-home/toolchains/beta-2024-12-08-x86_64-unknown-linux-gnu/lib/rustlib/x86_64-unknown-linux-gnu/lib/libstd_detect-413c950ffbdd4454.rlib" "/opt/rustwide/rustup-home/toolchains/beta-2024-12-08-x86_64-unknown-linux-gnu/lib/rustlib/x86_64-unknown-linux-gnu/lib/libhashbrown-1853c0976a1d88a6.rlib" "/opt/rustwide/rustup-home/toolchains/beta-2024-12-08-x86_64-unknown-linux-gnu/lib/rustlib/x86_64-unknown-linux-gnu/lib/librustc_std_workspace_alloc-ccb3384ddacb0f9e.rlib" "/opt/rustwide/rustup-home/toolchains/beta-2024-12-08-x86_64-unknown-linux-gnu/lib/rustlib/x86_64-unknown-linux-gnu/lib/libminiz_oxide-0b901dfb0ca849e0.rlib" "/opt/rustwide/rustup-home/toolchains/beta-2024-12-08-x86_64-unknown-linux-gnu/lib/rustlib/x86_64-unknown-linux-gnu/lib/libadler-eebeb8d7c64543ad.rlib" "/opt/rustwide/rustup-home/toolchains/beta-2024-12-08-x86_64-unknown-linux-gnu/lib/rustlib/x86_64-unknown-linux-gnu/lib/libunwind-4723ef81d6079867.rlib" "/opt/rustwide/rustup-home/toolchains/beta-2024-12-08-x86_64-unknown-linux-gnu/lib/rustlib/x86_64-unknown-linux-gnu/lib/libcfg_if-54442f8b422f5a54.rlib" "/opt/rustwide/rustup-home/toolchains/beta-2024-12-08-x86_64-unknown-linux-gnu/lib/rustlib/x86_64-unknown-linux-gnu/lib/liblibc-e0bbe034b5282553.rlib" "/opt/rustwide/rustup-home/toolchains/beta-2024-12-08-x86_64-unknown-linux-gnu/lib/rustlib/x86_64-unknown-linux-gnu/lib/liballoc-d0febb68c1c37b90.rlib" "/opt/rustwide/rustup-home/toolchains/beta-2024-12-08-x86_64-unknown-linux-gnu/lib/rustlib/x86_64-unknown-linux-gnu/lib/librustc_std_workspace_core-4cf833632aafa84c.rlib" "/opt/rustwide/rustup-home/toolchains/beta-2024-12-08-x86_64-unknown-linux-gnu/lib/rustlib/x86_64-unknown-linux-gnu/lib/libcore-65c2c6d2d6ae570b.rlib" "/opt/rustwide/rustup-home/toolchains/beta-2024-12-08-x86_64-unknown-linux-gnu/lib/rustlib/x86_64-unknown-linux-gnu/lib/libcompiler_builtins-97929cee0dcfe424.rlib" "-Wl,-Bdynamic" "-lgcc_s" "-lutil" "-lrt" "-lpthread" "-lm" "-ldl" "-lc" "-Wl,--eh-frame-hdr" "-Wl,-z,noexecstack" "-L" "/opt/rustwide/rustup-home/toolchains/beta-2024-12-08-x86_64-unknown-linux-gnu/lib/rustlib/x86_64-unknown-linux-gnu/lib" "-o" "/tmp/rustdoctesteuSLsh/rust_out" "-Wl,--gc-sections" "-pie" "-Wl,-z,relro,-z,now" "-nodefaultlibs"
[INFO] [stdout]   = note: collect2: fatal error: ld terminated with signal 9 [Killed]
[INFO] [stdout]           compilation terminated.
[INFO] [stdout]           
[INFO] [stdout] 
[INFO] [stdout] error: aborting due to 1 previous error
[INFO] [stdout] 
[INFO] [stdout] Couldn't compile the test.
[INFO] [stdout] ---- src/lib.rs - (line 298) stdout ----
[INFO] [stdout] error: linking with `cc` failed: exit status: 1
[INFO] [stdout]   |
[INFO] [stdout]   = note: LC_ALL="C" PATH="/opt/rustwide/rustup-home/toolchains/beta-2024-12-08-x86_64-unknown-linux-gnu/lib/rustlib/x86_64-unknown-linux-gnu/bin:/opt/rustwide/cargo-home/bin:/usr/local/sbin:/usr/local/bin:/usr/sbin:/usr/bin:/sbin:/bin" VSLANG="1033" "cc" "-m64" "/tmp/rustcp4hiqv/symbols.o" "/tmp/rustdoctesttmu7Gd/rust_out.rust_out.9242fac72db2cd11-cgu.0.rcgu.o" "/tmp/rustdoctesttmu7Gd/rust_out.2hl2tb9xdtge7mguxzn2q1kvi.rcgu.o" "-Wl,--as-needed" "-Wl,-Bstatic" "/opt/rustwide/target/debug/deps/libvalidators-44b4296fe09e8632.rlib" "/opt/rustwide/target/debug/deps/liburl-34b996d530b2e112.rlib" "/opt/rustwide/target/debug/deps/libidna-c2562fc76146e15e.rlib" "/opt/rustwide/target/debug/deps/libidna_adapter-287bdcc46a14e69b.rlib" "/opt/rustwide/target/debug/deps/libicu_normalizer-7deff6e08e09a602.rlib" "/opt/rustwide/target/debug/deps/libicu_normalizer_data-d3c2725a089a2467.rlib" "/opt/rustwide/target/debug/deps/libwrite16-d15e33f2b3b5e6d8.rlib" "/opt/rustwide/target/debug/deps/libutf8_iter-d5e8daeaacfd8f95.rlib" "/opt/rustwide/target/debug/deps/libutf16_iter-9749a04129eccc81.rlib" "/opt/rustwide/target/debug/deps/libsmallvec-53fd8ee9edcafbcd.rlib" "/opt/rustwide/target/debug/deps/libicu_properties-ac0ad5ea51012884.rlib" "/opt/rustwide/target/debug/deps/libicu_properties_data-8db115c81033ba3a.rlib" "/opt/rustwide/target/debug/deps/libicu_locid_transform-9bb67294349dda70.rlib" "/opt/rustwide/target/debug/deps/libicu_locid_transform_data-b75aeb662448ba61.rlib" "/opt/rustwide/target/debug/deps/libicu_collections-b350a14b4cfd51cc.rlib" "/opt/rustwide/target/debug/deps/libicu_provider-70ae0be0a55eff63.rlib" "/opt/rustwide/target/debug/deps/libicu_locid-16d46d901985ba87.rlib" "/opt/rustwide/target/debug/deps/liblitemap-f4f1c45b9b1b6474.rlib" "/opt/rustwide/target/debug/deps/libtinystr-78418df95369f065.rlib" "/opt/rustwide/target/debug/deps/libzerovec-9afc6b344bfd5437.rlib" "/opt/rustwide/target/debug/deps/libwriteable-d425da3f2cf37998.rlib" "/opt/rustwide/target/debug/deps/libyoke-a6765ba404d5af5f.rlib" "/opt/rustwide/target/debug/deps/libzerofrom-5a402d1ee5177609.rlib" "/opt/rustwide/target/debug/deps/libstable_deref_trait-8e22d1dc883a4bb5.rlib" "/opt/rustwide/target/debug/deps/libform_urlencoded-225480349c93ac62.rlib" "/opt/rustwide/target/debug/deps/libpercent_encoding-0e0b8bd7b8462710.rlib" "/opt/rustwide/target/debug/deps/libstr_utils-fb87201bbfb2ffb7.rlib" "/opt/rustwide/target/debug/deps/libunicase-d1a771ead37b59d1.rlib" "/opt/rustwide/target/debug/deps/libcow_utils-52cc04dc1fe5cbff.rlib" "/opt/rustwide/target/debug/deps/libserde_json-21372f219bb70ad6.rlib" "/opt/rustwide/target/debug/deps/libitoa-87633a66effadcdd.rlib" "/opt/rustwide/target/debug/deps/libryu-6e02dac7c3b6be75.rlib" "/opt/rustwide/target/debug/deps/libsemver-2d75f7d07e48873f.rlib" "/opt/rustwide/target/debug/deps/libphonenumber-29a20867e38c26e9.rlib" "/opt/rustwide/target/debug/deps/liblazy_static-34736fcc74b41a53.rlib" "/opt/rustwide/target/debug/deps/libnom-4ba0b09e9ddc1505.rlib" "/opt/rustwide/target/debug/deps/libitertools-09dcaf901a701312.rlib" "/opt/rustwide/target/debug/deps/libeither-5adc936c7a206324.rlib" "/opt/rustwide/target/debug/deps/libstrum-1cc0b32931536898.rlib" "/opt/rustwide/target/debug/deps/libquick_xml-e22bf86effdaa9a9.rlib" "/opt/rustwide/target/debug/deps/libfnv-953831fe314029b4.rlib" "/opt/rustwide/target/debug/deps/libbincode-28251886bd7a788b.rlib" "/opt/rustwide/target/debug/deps/libregex_cache-c88d5bfca24b13c9.rlib" "/opt/rustwide/target/debug/deps/liboncemutex-a4ce1ecb71104555.rlib" "/opt/rustwide/target/debug/deps/liblru_cache-a931b4435704fdf9.rlib" "/opt/rustwide/target/debug/deps/liblinked_hash_map-c72d2a5c234fbd7a.rlib" "/opt/rustwide/target/debug/deps/libregex_syntax-0ebc1de550429e3a.rlib" "/opt/rustwide/target/debug/deps/libregex-efe1db66ebfa54c7.rlib" "/opt/rustwide/target/debug/deps/libregex_automata-877ebb2ba0bf5ace.rlib" "/opt/rustwide/target/debug/deps/libaho_corasick-b7cbf506a5c4f18e.rlib" "/opt/rustwide/target/debug/deps/libmemchr-412d53cbfea52259.rlib" "/opt/rustwide/target/debug/deps/libregex_syntax-68a2118807cc42f7.rlib" "/opt/rustwide/target/debug/deps/libthiserror-47d1907d71bbc382.rlib" "/opt/rustwide/target/debug/deps/libidna-da2ec77fbad4cae1.rlib" "/opt/rustwide/target/debug/deps/libunicode_normalization-507a58b0722f1647.rlib" "/opt/rustwide/target/debug/deps/libtinyvec-d87fde7a6a546b49.rlib" "/opt/rustwide/target/debug/deps/libtinyvec_macros-333661e3b238a9a3.rlib" "/opt/rustwide/target/debug/deps/libunicode_bidi-2b73248709eb6338.rlib" "/opt/rustwide/target/debug/deps/libdata_encoding-3c64aab06f8f58a8.rlib" "/opt/rustwide/target/debug/deps/libbyte_unit-92311cacfcef455e.rlib" "/opt/rustwide/target/debug/deps/libutf8_width-e798724b9096e7c2.rlib" "/opt/rustwide/target/debug/deps/libserde-d004a7fa9d47a5a8.rlib" "/opt/rustwide/target/debug/deps/librust_decimal-679a13aebef4dfbf.rlib" "/opt/rustwide/target/debug/deps/libarrayvec-2345a7739ace1ed7.rlib" "/opt/rustwide/target/debug/deps/libnum_traits-de3d38f117f82dea.rlib" "/opt/rustwide/rustup-home/toolchains/beta-2024-12-08-x86_64-unknown-linux-gnu/lib/rustlib/x86_64-unknown-linux-gnu/lib/libstd-02dc84f49135b6b8.rlib" "/opt/rustwide/rustup-home/toolchains/beta-2024-12-08-x86_64-unknown-linux-gnu/lib/rustlib/x86_64-unknown-linux-gnu/lib/libpanic_unwind-a8f45b397fae3f81.rlib" "/opt/rustwide/rustup-home/toolchains/beta-2024-12-08-x86_64-unknown-linux-gnu/lib/rustlib/x86_64-unknown-linux-gnu/lib/libobject-089607133c180609.rlib" "/opt/rustwide/rustup-home/toolchains/beta-2024-12-08-x86_64-unknown-linux-gnu/lib/rustlib/x86_64-unknown-linux-gnu/lib/libmemchr-fc89f091bcd86cbb.rlib" "/opt/rustwide/rustup-home/toolchains/beta-2024-12-08-x86_64-unknown-linux-gnu/lib/rustlib/x86_64-unknown-linux-gnu/lib/libaddr2line-5a60949f01c7340c.rlib" "/opt/rustwide/rustup-home/toolchains/beta-2024-12-08-x86_64-unknown-linux-gnu/lib/rustlib/x86_64-unknown-linux-gnu/lib/libgimli-d29e6a55ca253c8c.rlib" "/opt/rustwide/rustup-home/toolchains/beta-2024-12-08-x86_64-unknown-linux-gnu/lib/rustlib/x86_64-unknown-linux-gnu/lib/librustc_demangle-273c078d5f65de7a.rlib" "/opt/rustwide/rustup-home/toolchains/beta-2024-12-08-x86_64-unknown-linux-gnu/lib/rustlib/x86_64-unknown-linux-gnu/lib/libstd_detect-413c950ffbdd4454.rlib" "/opt/rustwide/rustup-home/toolchains/beta-2024-12-08-x86_64-unknown-linux-gnu/lib/rustlib/x86_64-unknown-linux-gnu/lib/libhashbrown-1853c0976a1d88a6.rlib" "/opt/rustwide/rustup-home/toolchains/beta-2024-12-08-x86_64-unknown-linux-gnu/lib/rustlib/x86_64-unknown-linux-gnu/lib/librustc_std_workspace_alloc-ccb3384ddacb0f9e.rlib" "/opt/rustwide/rustup-home/toolchains/beta-2024-12-08-x86_64-unknown-linux-gnu/lib/rustlib/x86_64-unknown-linux-gnu/lib/libminiz_oxide-0b901dfb0ca849e0.rlib" "/opt/rustwide/rustup-home/toolchains/beta-2024-12-08-x86_64-unknown-linux-gnu/lib/rustlib/x86_64-unknown-linux-gnu/lib/libadler-eebeb8d7c64543ad.rlib" "/opt/rustwide/rustup-home/toolchains/beta-2024-12-08-x86_64-unknown-linux-gnu/lib/rustlib/x86_64-unknown-linux-gnu/lib/libunwind-4723ef81d6079867.rlib" "/opt/rustwide/rustup-home/toolchains/beta-2024-12-08-x86_64-unknown-linux-gnu/lib/rustlib/x86_64-unknown-linux-gnu/lib/libcfg_if-54442f8b422f5a54.rlib" "/opt/rustwide/rustup-home/toolchains/beta-2024-12-08-x86_64-unknown-linux-gnu/lib/rustlib/x86_64-unknown-linux-gnu/lib/liblibc-e0bbe034b5282553.rlib" "/opt/rustwide/rustup-home/toolchains/beta-2024-12-08-x86_64-unknown-linux-gnu/lib/rustlib/x86_64-unknown-linux-gnu/lib/liballoc-d0febb68c1c37b90.rlib" "/opt/rustwide/rustup-home/toolchains/beta-2024-12-08-x86_64-unknown-linux-gnu/lib/rustlib/x86_64-unknown-linux-gnu/lib/librustc_std_workspace_core-4cf833632aafa84c.rlib" "/opt/rustwide/rustup-home/toolchains/beta-2024-12-08-x86_64-unknown-linux-gnu/lib/rustlib/x86_64-unknown-linux-gnu/lib/libcore-65c2c6d2d6ae570b.rlib" "/opt/rustwide/rustup-home/toolchains/beta-2024-12-08-x86_64-unknown-linux-gnu/lib/rustlib/x86_64-unknown-linux-gnu/lib/libcompiler_builtins-97929cee0dcfe424.rlib" "-Wl,-Bdynamic" "-lgcc_s" "-lutil" "-lrt" "-lpthread" "-lm" "-ldl" "-lc" "-Wl,--eh-frame-hdr" "-Wl,-z,noexecstack" "-L" "/opt/rustwide/rustup-home/toolchains/beta-2024-12-08-x86_64-unknown-linux-gnu/lib/rustlib/x86_64-unknown-linux-gnu/lib" "-o" "/tmp/rustdoctesttmu7Gd/rust_out" "-Wl,--gc-sections" "-pie" "-Wl,-z,relro,-z,now" "-nodefaultlibs"
[INFO] [stdout]   = note: collect2: fatal error: ld terminated with signal 9 [Killed]
[INFO] [stdout]           compilation terminated.
[INFO] [stdout]           
[INFO] [stdout] 
[INFO] [stdout] error: aborting due to 1 previous error
[INFO] [stdout] 
[INFO] [stdout] Couldn't compile the test.
[INFO] [stdout] ---- src/lib.rs - (line 232) stdout ----
[INFO] [stdout] error: linking with `cc` failed: exit status: 1
[INFO] [stdout]   |
[INFO] [stdout]   = note: LC_ALL="C" PATH="/opt/rustwide/rustup-home/toolchains/beta-2024-12-08-x86_64-unknown-linux-gnu/lib/rustlib/x86_64-unknown-linux-gnu/bin:/opt/rustwide/cargo-home/bin:/usr/local/sbin:/usr/local/bin:/usr/sbin:/usr/bin:/sbin:/bin" VSLANG="1033" "cc" "-m64" "/tmp/rustcTsLtQ5/symbols.o" "/tmp/rustdoctestTrF7O8/rust_out.rust_out.9242fac72db2cd11-cgu.0.rcgu.o" "/tmp/rustdoctestTrF7O8/rust_out.2hl2tb9xdtge7mguxzn2q1kvi.rcgu.o" "-Wl,--as-needed" "-Wl,-Bstatic" "/opt/rustwide/target/debug/deps/libvalidators-44b4296fe09e8632.rlib" "/opt/rustwide/target/debug/deps/liburl-34b996d530b2e112.rlib" "/opt/rustwide/target/debug/deps/libidna-c2562fc76146e15e.rlib" "/opt/rustwide/target/debug/deps/libidna_adapter-287bdcc46a14e69b.rlib" "/opt/rustwide/target/debug/deps/libicu_normalizer-7deff6e08e09a602.rlib" "/opt/rustwide/target/debug/deps/libicu_normalizer_data-d3c2725a089a2467.rlib" "/opt/rustwide/target/debug/deps/libwrite16-d15e33f2b3b5e6d8.rlib" "/opt/rustwide/target/debug/deps/libutf8_iter-d5e8daeaacfd8f95.rlib" "/opt/rustwide/target/debug/deps/libutf16_iter-9749a04129eccc81.rlib" "/opt/rustwide/target/debug/deps/libsmallvec-53fd8ee9edcafbcd.rlib" "/opt/rustwide/target/debug/deps/libicu_properties-ac0ad5ea51012884.rlib" "/opt/rustwide/target/debug/deps/libicu_properties_data-8db115c81033ba3a.rlib" "/opt/rustwide/target/debug/deps/libicu_locid_transform-9bb67294349dda70.rlib" "/opt/rustwide/target/debug/deps/libicu_locid_transform_data-b75aeb662448ba61.rlib" "/opt/rustwide/target/debug/deps/libicu_collections-b350a14b4cfd51cc.rlib" "/opt/rustwide/target/debug/deps/libicu_provider-70ae0be0a55eff63.rlib" "/opt/rustwide/target/debug/deps/libicu_locid-16d46d901985ba87.rlib" "/opt/rustwide/target/debug/deps/liblitemap-f4f1c45b9b1b6474.rlib" "/opt/rustwide/target/debug/deps/libtinystr-78418df95369f065.rlib" "/opt/rustwide/target/debug/deps/libzerovec-9afc6b344bfd5437.rlib" "/opt/rustwide/target/debug/deps/libwriteable-d425da3f2cf37998.rlib" "/opt/rustwide/target/debug/deps/libyoke-a6765ba404d5af5f.rlib" "/opt/rustwide/target/debug/deps/libzerofrom-5a402d1ee5177609.rlib" "/opt/rustwide/target/debug/deps/libstable_deref_trait-8e22d1dc883a4bb5.rlib" "/opt/rustwide/target/debug/deps/libform_urlencoded-225480349c93ac62.rlib" "/opt/rustwide/target/debug/deps/libpercent_encoding-0e0b8bd7b8462710.rlib" "/opt/rustwide/target/debug/deps/libstr_utils-fb87201bbfb2ffb7.rlib" "/opt/rustwide/target/debug/deps/libunicase-d1a771ead37b59d1.rlib" "/opt/rustwide/target/debug/deps/libcow_utils-52cc04dc1fe5cbff.rlib" "/opt/rustwide/target/debug/deps/libserde_json-21372f219bb70ad6.rlib" "/opt/rustwide/target/debug/deps/libitoa-87633a66effadcdd.rlib" "/opt/rustwide/target/debug/deps/libryu-6e02dac7c3b6be75.rlib" "/opt/rustwide/target/debug/deps/libsemver-2d75f7d07e48873f.rlib" "/opt/rustwide/target/debug/deps/libphonenumber-29a20867e38c26e9.rlib" "/opt/rustwide/target/debug/deps/liblazy_static-34736fcc74b41a53.rlib" "/opt/rustwide/target/debug/deps/libnom-4ba0b09e9ddc1505.rlib" "/opt/rustwide/target/debug/deps/libitertools-09dcaf901a701312.rlib" "/opt/rustwide/target/debug/deps/libeither-5adc936c7a206324.rlib" "/opt/rustwide/target/debug/deps/libstrum-1cc0b32931536898.rlib" "/opt/rustwide/target/debug/deps/libquick_xml-e22bf86effdaa9a9.rlib" "/opt/rustwide/target/debug/deps/libfnv-953831fe314029b4.rlib" "/opt/rustwide/target/debug/deps/libbincode-28251886bd7a788b.rlib" "/opt/rustwide/target/debug/deps/libregex_cache-c88d5bfca24b13c9.rlib" "/opt/rustwide/target/debug/deps/liboncemutex-a4ce1ecb71104555.rlib" "/opt/rustwide/target/debug/deps/liblru_cache-a931b4435704fdf9.rlib" "/opt/rustwide/target/debug/deps/liblinked_hash_map-c72d2a5c234fbd7a.rlib" "/opt/rustwide/target/debug/deps/libregex_syntax-0ebc1de550429e3a.rlib" "/opt/rustwide/target/debug/deps/libregex-efe1db66ebfa54c7.rlib" "/opt/rustwide/target/debug/deps/libregex_automata-877ebb2ba0bf5ace.rlib" "/opt/rustwide/target/debug/deps/libaho_corasick-b7cbf506a5c4f18e.rlib" "/opt/rustwide/target/debug/deps/libmemchr-412d53cbfea52259.rlib" "/opt/rustwide/target/debug/deps/libregex_syntax-68a2118807cc42f7.rlib" "/opt/rustwide/target/debug/deps/libthiserror-47d1907d71bbc382.rlib" "/opt/rustwide/target/debug/deps/libidna-da2ec77fbad4cae1.rlib" "/opt/rustwide/target/debug/deps/libunicode_normalization-507a58b0722f1647.rlib" "/opt/rustwide/target/debug/deps/libtinyvec-d87fde7a6a546b49.rlib" "/opt/rustwide/target/debug/deps/libtinyvec_macros-333661e3b238a9a3.rlib" "/opt/rustwide/target/debug/deps/libunicode_bidi-2b73248709eb6338.rlib" "/opt/rustwide/target/debug/deps/libdata_encoding-3c64aab06f8f58a8.rlib" "/opt/rustwide/target/debug/deps/libbyte_unit-92311cacfcef455e.rlib" "/opt/rustwide/target/debug/deps/libutf8_width-e798724b9096e7c2.rlib" "/opt/rustwide/target/debug/deps/libserde-d004a7fa9d47a5a8.rlib" "/opt/rustwide/target/debug/deps/librust_decimal-679a13aebef4dfbf.rlib" "/opt/rustwide/target/debug/deps/libarrayvec-2345a7739ace1ed7.rlib" "/opt/rustwide/target/debug/deps/libnum_traits-de3d38f117f82dea.rlib" "/opt/rustwide/rustup-home/toolchains/beta-2024-12-08-x86_64-unknown-linux-gnu/lib/rustlib/x86_64-unknown-linux-gnu/lib/libstd-02dc84f49135b6b8.rlib" "/opt/rustwide/rustup-home/toolchains/beta-2024-12-08-x86_64-unknown-linux-gnu/lib/rustlib/x86_64-unknown-linux-gnu/lib/libpanic_unwind-a8f45b397fae3f81.rlib" "/opt/rustwide/rustup-home/toolchains/beta-2024-12-08-x86_64-unknown-linux-gnu/lib/rustlib/x86_64-unknown-linux-gnu/lib/libobject-089607133c180609.rlib" "/opt/rustwide/rustup-home/toolchains/beta-2024-12-08-x86_64-unknown-linux-gnu/lib/rustlib/x86_64-unknown-linux-gnu/lib/libmemchr-fc89f091bcd86cbb.rlib" "/opt/rustwide/rustup-home/toolchains/beta-2024-12-08-x86_64-unknown-linux-gnu/lib/rustlib/x86_64-unknown-linux-gnu/lib/libaddr2line-5a60949f01c7340c.rlib" "/opt/rustwide/rustup-home/toolchains/beta-2024-12-08-x86_64-unknown-linux-gnu/lib/rustlib/x86_64-unknown-linux-gnu/lib/libgimli-d29e6a55ca253c8c.rlib" "/opt/rustwide/rustup-home/toolchains/beta-2024-12-08-x86_64-unknown-linux-gnu/lib/rustlib/x86_64-unknown-linux-gnu/lib/librustc_demangle-273c078d5f65de7a.rlib" "/opt/rustwide/rustup-home/toolchains/beta-2024-12-08-x86_64-unknown-linux-gnu/lib/rustlib/x86_64-unknown-linux-gnu/lib/libstd_detect-413c950ffbdd4454.rlib" "/opt/rustwide/rustup-home/toolchains/beta-2024-12-08-x86_64-unknown-linux-gnu/lib/rustlib/x86_64-unknown-linux-gnu/lib/libhashbrown-1853c0976a1d88a6.rlib" "/opt/rustwide/rustup-home/toolchains/beta-2024-12-08-x86_64-unknown-linux-gnu/lib/rustlib/x86_64-unknown-linux-gnu/lib/librustc_std_workspace_alloc-ccb3384ddacb0f9e.rlib" "/opt/rustwide/rustup-home/toolchains/beta-2024-12-08-x86_64-unknown-linux-gnu/lib/rustlib/x86_64-unknown-linux-gnu/lib/libminiz_oxide-0b901dfb0ca849e0.rlib" "/opt/rustwide/rustup-home/toolchains/beta-2024-12-08-x86_64-unknown-linux-gnu/lib/rustlib/x86_64-unknown-linux-gnu/lib/libadler-eebeb8d7c64543ad.rlib" "/opt/rustwide/rustup-home/toolchains/beta-2024-12-08-x86_64-unknown-linux-gnu/lib/rustlib/x86_64-unknown-linux-gnu/lib/libunwind-4723ef81d6079867.rlib" "/opt/rustwide/rustup-home/toolchains/beta-2024-12-08-x86_64-unknown-linux-gnu/lib/rustlib/x86_64-unknown-linux-gnu/lib/libcfg_if-54442f8b422f5a54.rlib" "/opt/rustwide/rustup-home/toolchains/beta-2024-12-08-x86_64-unknown-linux-gnu/lib/rustlib/x86_64-unknown-linux-gnu/lib/liblibc-e0bbe034b5282553.rlib" "/opt/rustwide/rustup-home/toolchains/beta-2024-12-08-x86_64-unknown-linux-gnu/lib/rustlib/x86_64-unknown-linux-gnu/lib/liballoc-d0febb68c1c37b90.rlib" "/opt/rustwide/rustup-home/toolchains/beta-2024-12-08-x86_64-unknown-linux-gnu/lib/rustlib/x86_64-unknown-linux-gnu/lib/librustc_std_workspace_core-4cf833632aafa84c.rlib" "/opt/rustwide/rustup-home/toolchains/beta-2024-12-08-x86_64-unknown-linux-gnu/lib/rustlib/x86_64-unknown-linux-gnu/lib/libcore-65c2c6d2d6ae570b.rlib" "/opt/rustwide/rustup-home/toolchains/beta-2024-12-08-x86_64-unknown-linux-gnu/lib/rustlib/x86_64-unknown-linux-gnu/lib/libcompiler_builtins-97929cee0dcfe424.rlib" "-Wl,-Bdynamic" "-lgcc_s" "-lutil" "-lrt" "-lpthread" "-lm" "-ldl" "-lc" "-Wl,--eh-frame-hdr" "-Wl,-z,noexecstack" "-L" "/opt/rustwide/rustup-home/toolchains/beta-2024-12-08-x86_64-unknown-linux-gnu/lib/rustlib/x86_64-unknown-linux-gnu/lib" "-o" "/tmp/rustdoctestTrF7O8/rust_out" "-Wl,--gc-sections" "-pie" "-Wl,-z,relro,-z,now" "-nodefaultlibs"
[INFO] [stdout]   = note: collect2: fatal error: ld terminated with signal 9 [Killed]
[INFO] [stdout]           compilation terminated.
[INFO] [stdout]           
[INFO] [stdout] 
[INFO] [stdout] error: aborting due to 1 previous error
[INFO] [stdout] 
[INFO] [stdout] Couldn't compile the test.
[INFO] [stdout] ---- src/lib.rs - (line 323) stdout ----
[INFO] [stdout] error: linking with `cc` failed: exit status: 1
[INFO] [stdout]   |
[INFO] [stdout]   = note: LC_ALL="C" PATH="/opt/rustwide/rustup-home/toolchains/beta-2024-12-08-x86_64-unknown-linux-gnu/lib/rustlib/x86_64-unknown-linux-gnu/bin:/opt/rustwide/cargo-home/bin:/usr/local/sbin:/usr/local/bin:/usr/sbin:/usr/bin:/sbin:/bin" VSLANG="1033" "cc" "-m64" "/tmp/rustct03GmR/symbols.o" "/tmp/rustdoctestmnXVH9/rust_out.rust_out.9242fac72db2cd11-cgu.0.rcgu.o" "/tmp/rustdoctestmnXVH9/rust_out.2hl2tb9xdtge7mguxzn2q1kvi.rcgu.o" "-Wl,--as-needed" "-Wl,-Bstatic" "/opt/rustwide/target/debug/deps/libvalidators-44b4296fe09e8632.rlib" "/opt/rustwide/target/debug/deps/liburl-34b996d530b2e112.rlib" "/opt/rustwide/target/debug/deps/libidna-c2562fc76146e15e.rlib" "/opt/rustwide/target/debug/deps/libidna_adapter-287bdcc46a14e69b.rlib" "/opt/rustwide/target/debug/deps/libicu_normalizer-7deff6e08e09a602.rlib" "/opt/rustwide/target/debug/deps/libicu_normalizer_data-d3c2725a089a2467.rlib" "/opt/rustwide/target/debug/deps/libwrite16-d15e33f2b3b5e6d8.rlib" "/opt/rustwide/target/debug/deps/libutf8_iter-d5e8daeaacfd8f95.rlib" "/opt/rustwide/target/debug/deps/libutf16_iter-9749a04129eccc81.rlib" "/opt/rustwide/target/debug/deps/libsmallvec-53fd8ee9edcafbcd.rlib" "/opt/rustwide/target/debug/deps/libicu_properties-ac0ad5ea51012884.rlib" "/opt/rustwide/target/debug/deps/libicu_properties_data-8db115c81033ba3a.rlib" "/opt/rustwide/target/debug/deps/libicu_locid_transform-9bb67294349dda70.rlib" "/opt/rustwide/target/debug/deps/libicu_locid_transform_data-b75aeb662448ba61.rlib" "/opt/rustwide/target/debug/deps/libicu_collections-b350a14b4cfd51cc.rlib" "/opt/rustwide/target/debug/deps/libicu_provider-70ae0be0a55eff63.rlib" "/opt/rustwide/target/debug/deps/libicu_locid-16d46d901985ba87.rlib" "/opt/rustwide/target/debug/deps/liblitemap-f4f1c45b9b1b6474.rlib" "/opt/rustwide/target/debug/deps/libtinystr-78418df95369f065.rlib" "/opt/rustwide/target/debug/deps/libzerovec-9afc6b344bfd5437.rlib" "/opt/rustwide/target/debug/deps/libwriteable-d425da3f2cf37998.rlib" "/opt/rustwide/target/debug/deps/libyoke-a6765ba404d5af5f.rlib" "/opt/rustwide/target/debug/deps/libzerofrom-5a402d1ee5177609.rlib" "/opt/rustwide/target/debug/deps/libstable_deref_trait-8e22d1dc883a4bb5.rlib" "/opt/rustwide/target/debug/deps/libform_urlencoded-225480349c93ac62.rlib" "/opt/rustwide/target/debug/deps/libpercent_encoding-0e0b8bd7b8462710.rlib" "/opt/rustwide/target/debug/deps/libstr_utils-fb87201bbfb2ffb7.rlib" "/opt/rustwide/target/debug/deps/libunicase-d1a771ead37b59d1.rlib" "/opt/rustwide/target/debug/deps/libcow_utils-52cc04dc1fe5cbff.rlib" "/opt/rustwide/target/debug/deps/libserde_json-21372f219bb70ad6.rlib" "/opt/rustwide/target/debug/deps/libitoa-87633a66effadcdd.rlib" "/opt/rustwide/target/debug/deps/libryu-6e02dac7c3b6be75.rlib" "/opt/rustwide/target/debug/deps/libsemver-2d75f7d07e48873f.rlib" "/opt/rustwide/target/debug/deps/libphonenumber-29a20867e38c26e9.rlib" "/opt/rustwide/target/debug/deps/liblazy_static-34736fcc74b41a53.rlib" "/opt/rustwide/target/debug/deps/libnom-4ba0b09e9ddc1505.rlib" "/opt/rustwide/target/debug/deps/libitertools-09dcaf901a701312.rlib" "/opt/rustwide/target/debug/deps/libeither-5adc936c7a206324.rlib" "/opt/rustwide/target/debug/deps/libstrum-1cc0b32931536898.rlib" "/opt/rustwide/target/debug/deps/libquick_xml-e22bf86effdaa9a9.rlib" "/opt/rustwide/target/debug/deps/libfnv-953831fe314029b4.rlib" "/opt/rustwide/target/debug/deps/libbincode-28251886bd7a788b.rlib" "/opt/rustwide/target/debug/deps/libregex_cache-c88d5bfca24b13c9.rlib" "/opt/rustwide/target/debug/deps/liboncemutex-a4ce1ecb71104555.rlib" "/opt/rustwide/target/debug/deps/liblru_cache-a931b4435704fdf9.rlib" "/opt/rustwide/target/debug/deps/liblinked_hash_map-c72d2a5c234fbd7a.rlib" "/opt/rustwide/target/debug/deps/libregex_syntax-0ebc1de550429e3a.rlib" "/opt/rustwide/target/debug/deps/libregex-efe1db66ebfa54c7.rlib" "/opt/rustwide/target/debug/deps/libregex_automata-877ebb2ba0bf5ace.rlib" "/opt/rustwide/target/debug/deps/libaho_corasick-b7cbf506a5c4f18e.rlib" "/opt/rustwide/target/debug/deps/libmemchr-412d53cbfea52259.rlib" "/opt/rustwide/target/debug/deps/libregex_syntax-68a2118807cc42f7.rlib" "/opt/rustwide/target/debug/deps/libthiserror-47d1907d71bbc382.rlib" "/opt/rustwide/target/debug/deps/libidna-da2ec77fbad4cae1.rlib" "/opt/rustwide/target/debug/deps/libunicode_normalization-507a58b0722f1647.rlib" "/opt/rustwide/target/debug/deps/libtinyvec-d87fde7a6a546b49.rlib" "/opt/rustwide/target/debug/deps/libtinyvec_macros-333661e3b238a9a3.rlib" "/opt/rustwide/target/debug/deps/libunicode_bidi-2b73248709eb6338.rlib" "/opt/rustwide/target/debug/deps/libdata_encoding-3c64aab06f8f58a8.rlib" "/opt/rustwide/target/debug/deps/libbyte_unit-92311cacfcef455e.rlib" "/opt/rustwide/target/debug/deps/libutf8_width-e798724b9096e7c2.rlib" "/opt/rustwide/target/debug/deps/libserde-d004a7fa9d47a5a8.rlib" "/opt/rustwide/target/debug/deps/librust_decimal-679a13aebef4dfbf.rlib" "/opt/rustwide/target/debug/deps/libarrayvec-2345a7739ace1ed7.rlib" "/opt/rustwide/target/debug/deps/libnum_traits-de3d38f117f82dea.rlib" "/opt/rustwide/rustup-home/toolchains/beta-2024-12-08-x86_64-unknown-linux-gnu/lib/rustlib/x86_64-unknown-linux-gnu/lib/libstd-02dc84f49135b6b8.rlib" "/opt/rustwide/rustup-home/toolchains/beta-2024-12-08-x86_64-unknown-linux-gnu/lib/rustlib/x86_64-unknown-linux-gnu/lib/libpanic_unwind-a8f45b397fae3f81.rlib" "/opt/rustwide/rustup-home/toolchains/beta-2024-12-08-x86_64-unknown-linux-gnu/lib/rustlib/x86_64-unknown-linux-gnu/lib/libobject-089607133c180609.rlib" "/opt/rustwide/rustup-home/toolchains/beta-2024-12-08-x86_64-unknown-linux-gnu/lib/rustlib/x86_64-unknown-linux-gnu/lib/libmemchr-fc89f091bcd86cbb.rlib" "/opt/rustwide/rustup-home/toolchains/beta-2024-12-08-x86_64-unknown-linux-gnu/lib/rustlib/x86_64-unknown-linux-gnu/lib/libaddr2line-5a60949f01c7340c.rlib" "/opt/rustwide/rustup-home/toolchains/beta-2024-12-08-x86_64-unknown-linux-gnu/lib/rustlib/x86_64-unknown-linux-gnu/lib/libgimli-d29e6a55ca253c8c.rlib" "/opt/rustwide/rustup-home/toolchains/beta-2024-12-08-x86_64-unknown-linux-gnu/lib/rustlib/x86_64-unknown-linux-gnu/lib/librustc_demangle-273c078d5f65de7a.rlib" "/opt/rustwide/rustup-home/toolchains/beta-2024-12-08-x86_64-unknown-linux-gnu/lib/rustlib/x86_64-unknown-linux-gnu/lib/libstd_detect-413c950ffbdd4454.rlib" "/opt/rustwide/rustup-home/toolchains/beta-2024-12-08-x86_64-unknown-linux-gnu/lib/rustlib/x86_64-unknown-linux-gnu/lib/libhashbrown-1853c0976a1d88a6.rlib" "/opt/rustwide/rustup-home/toolchains/beta-2024-12-08-x86_64-unknown-linux-gnu/lib/rustlib/x86_64-unknown-linux-gnu/lib/librustc_std_workspace_alloc-ccb3384ddacb0f9e.rlib" "/opt/rustwide/rustup-home/toolchains/beta-2024-12-08-x86_64-unknown-linux-gnu/lib/rustlib/x86_64-unknown-linux-gnu/lib/libminiz_oxide-0b901dfb0ca849e0.rlib" "/opt/rustwide/rustup-home/toolchains/beta-2024-12-08-x86_64-unknown-linux-gnu/lib/rustlib/x86_64-unknown-linux-gnu/lib/libadler-eebeb8d7c64543ad.rlib" "/opt/rustwide/rustup-home/toolchains/beta-2024-12-08-x86_64-unknown-linux-gnu/lib/rustlib/x86_64-unknown-linux-gnu/lib/libunwind-4723ef81d6079867.rlib" "/opt/rustwide/rustup-home/toolchains/beta-2024-12-08-x86_64-unknown-linux-gnu/lib/rustlib/x86_64-unknown-linux-gnu/lib/libcfg_if-54442f8b422f5a54.rlib" "/opt/rustwide/rustup-home/toolchains/beta-2024-12-08-x86_64-unknown-linux-gnu/lib/rustlib/x86_64-unknown-linux-gnu/lib/liblibc-e0bbe034b5282553.rlib" "/opt/rustwide/rustup-home/toolchains/beta-2024-12-08-x86_64-unknown-linux-gnu/lib/rustlib/x86_64-unknown-linux-gnu/lib/liballoc-d0febb68c1c37b90.rlib" "/opt/rustwide/rustup-home/toolchains/beta-2024-12-08-x86_64-unknown-linux-gnu/lib/rustlib/x86_64-unknown-linux-gnu/lib/librustc_std_workspace_core-4cf833632aafa84c.rlib" "/opt/rustwide/rustup-home/toolchains/beta-2024-12-08-x86_64-unknown-linux-gnu/lib/rustlib/x86_64-unknown-linux-gnu/lib/libcore-65c2c6d2d6ae570b.rlib" "/opt/rustwide/rustup-home/toolchains/beta-2024-12-08-x86_64-unknown-linux-gnu/lib/rustlib/x86_64-unknown-linux-gnu/lib/libcompiler_builtins-97929cee0dcfe424.rlib" "-Wl,-Bdynamic" "-lgcc_s" "-lutil" "-lrt" "-lpthread" "-lm" "-ldl" "-lc" "-Wl,--eh-frame-hdr" "-Wl,-z,noexecstack" "-L" "/opt/rustwide/rustup-home/toolchains/beta-2024-12-08-x86_64-unknown-linux-gnu/lib/rustlib/x86_64-unknown-linux-gnu/lib" "-o" "/tmp/rustdoctestmnXVH9/rust_out" "-Wl,--gc-sections" "-pie" "-Wl,-z,relro,-z,now" "-nodefaultlibs"
[INFO] [stdout]   = note: collect2: fatal error: ld terminated with signal 9 [Killed]
[INFO] [stdout]           compilation terminated.
[INFO] [stdout]           
[INFO] [stdout] 
[INFO] [stdout] error: aborting due to 1 previous error
[INFO] [stdout] 
[INFO] [stdout] Couldn't compile the test.
[INFO] [stdout] 
[INFO] [stdout] failures:
[INFO] [stdout]     src/lib.rs - (line 162)
[INFO] [stdout]     src/lib.rs - (line 232)
[INFO] [stdout]     src/lib.rs - (line 298)
[INFO] [stdout]     src/lib.rs - (line 323)
[INFO] [stdout] 
[INFO] [stdout] test result: FAILED. 31 passed; 4 failed; 0 ignored; 0 measured; 0 filtered out; finished in 12.94s
[INFO] [stdout] 
[INFO] [stderr] error: doctest failed, to rerun pass `--doc`
[INFO] running `Command { std: "docker" "inspect" "1795aced243098654e9ce50b1cc13340ea4350fc10e823417a75875e0841a296", kill_on_drop: false }`
[INFO] running `Command { std: "docker" "rm" "-f" "1795aced243098654e9ce50b1cc13340ea4350fc10e823417a75875e0841a296", kill_on_drop: false }`
[INFO] [stdout] 1795aced243098654e9ce50b1cc13340ea4350fc10e823417a75875e0841a296
