[INFO] fetching crate valhalla-client 0.1.1...
[INFO] testing valhalla-client-0.1.1 against beta-2024-12-08 for beta-1.84.0-4-retry
[INFO] extracting crate valhalla-client 0.1.1 into /workspace/builds/worker-1-tc2/source
[INFO] validating manifest of crates.io crate valhalla-client 0.1.1 on toolchain beta-2024-12-08
[INFO] running `Command { std: CARGO_HOME="/workspace/cargo-home" RUSTUP_HOME="/workspace/rustup-home" "/workspace/cargo-home/bin/cargo" "+beta-2024-12-08" "metadata" "--manifest-path" "Cargo.toml" "--no-deps", kill_on_drop: false }`
[INFO] started tweaking crates.io crate valhalla-client 0.1.1
[INFO] finished tweaking crates.io crate valhalla-client 0.1.1
[INFO] tweaked toml for crates.io crate valhalla-client 0.1.1 written to /workspace/builds/worker-1-tc2/source/Cargo.toml
[INFO] running `Command { std: CARGO_HOME="/workspace/cargo-home" RUSTUP_HOME="/workspace/rustup-home" "/workspace/cargo-home/bin/cargo" "+beta-2024-12-08" "generate-lockfile" "--manifest-path" "Cargo.toml", kill_on_drop: false }`
[INFO] [stderr]     Updating crates.io index
[INFO] [stderr]      Locking 166 packages to latest compatible versions
[INFO] [stderr]       Adding gpx v0.9.1 (available: v0.10.0)
[INFO] [stderr]       Adding reqwest v0.11.27 (available: v0.12.9)
[INFO] running `Command { std: CARGO_HOME="/workspace/cargo-home" RUSTUP_HOME="/workspace/rustup-home" "/workspace/cargo-home/bin/cargo" "+beta-2024-12-08" "fetch" "--manifest-path" "Cargo.toml", kill_on_drop: false }`
[INFO] running `Command { std: "docker" "create" "-v" "/var/lib/crater-agent-workspace/builds/worker-1-tc2/target:/opt/rustwide/target:rw,Z" "-v" "/var/lib/crater-agent-workspace/builds/worker-1-tc2/source:/opt/rustwide/workdir:ro,Z" "-v" "/var/lib/crater-agent-workspace/cargo-home:/opt/rustwide/cargo-home:ro,Z" "-v" "/var/lib/crater-agent-workspace/rustup-home:/opt/rustwide/rustup-home:ro,Z" "-e" "SOURCE_DIR=/opt/rustwide/workdir" "-e" "CARGO_TARGET_DIR=/opt/rustwide/target" "-e" "CARGO_HOME=/opt/rustwide/cargo-home" "-e" "RUSTUP_HOME=/opt/rustwide/rustup-home" "-w" "/opt/rustwide/workdir" "-m" "1610612736" "--user" "0:0" "--network" "none" "ghcr.io/rust-lang/crates-build-env/linux@sha256:f3a9d4ad9d972b27faf3965f35b62e55ba32bbce8f20bc8fe909558a86702fde" "/opt/rustwide/cargo-home/bin/cargo" "+beta-2024-12-08" "metadata" "--no-deps" "--format-version=1", kill_on_drop: false }`
[INFO] [stdout] 5a2c0f8f30475499c6e9a9617c41be0d40a9c4ade87739b518ce87c491f073ec
[INFO] running `Command { std: "docker" "start" "-a" "5a2c0f8f30475499c6e9a9617c41be0d40a9c4ade87739b518ce87c491f073ec", kill_on_drop: false }`
[INFO] running `Command { std: "docker" "inspect" "5a2c0f8f30475499c6e9a9617c41be0d40a9c4ade87739b518ce87c491f073ec", kill_on_drop: false }`
[INFO] running `Command { std: "docker" "rm" "-f" "5a2c0f8f30475499c6e9a9617c41be0d40a9c4ade87739b518ce87c491f073ec", kill_on_drop: false }`
[INFO] [stdout] 5a2c0f8f30475499c6e9a9617c41be0d40a9c4ade87739b518ce87c491f073ec
[INFO] running `Command { std: "docker" "create" "-v" "/var/lib/crater-agent-workspace/builds/worker-1-tc2/target:/opt/rustwide/target:rw,Z" "-v" "/var/lib/crater-agent-workspace/builds/worker-1-tc2/source:/opt/rustwide/workdir:ro,Z" "-v" "/var/lib/crater-agent-workspace/cargo-home:/opt/rustwide/cargo-home:ro,Z" "-v" "/var/lib/crater-agent-workspace/rustup-home:/opt/rustwide/rustup-home:ro,Z" "-e" "SOURCE_DIR=/opt/rustwide/workdir" "-e" "CARGO_TARGET_DIR=/opt/rustwide/target" "-e" "CARGO_INCREMENTAL=0" "-e" "RUST_BACKTRACE=full" "-e" "RUSTFLAGS=--cap-lints=warn" "-e" "RUSTDOCFLAGS=--cap-lints=warn" "-e" "CARGO_HOME=/opt/rustwide/cargo-home" "-e" "RUSTUP_HOME=/opt/rustwide/rustup-home" "-w" "/opt/rustwide/workdir" "-m" "1610612736" "--user" "0:0" "--network" "none" "ghcr.io/rust-lang/crates-build-env/linux@sha256:f3a9d4ad9d972b27faf3965f35b62e55ba32bbce8f20bc8fe909558a86702fde" "/opt/rustwide/cargo-home/bin/cargo" "+beta-2024-12-08" "build" "--frozen" "--message-format=json", kill_on_drop: false }`
[INFO] [stdout] bc8a9af88eda4c7e6da03ffbeff4ecc8a9c582f2bfd8534e18b199c5c1a5fb70
[INFO] running `Command { std: "docker" "start" "-a" "bc8a9af88eda4c7e6da03ffbeff4ecc8a9c582f2bfd8534e18b199c5c1a5fb70", kill_on_drop: false }`
[INFO] [stderr]    Compiling proc-macro2 v1.0.92
[INFO] [stderr]    Compiling unicode-ident v1.0.14
[INFO] [stderr]    Compiling libc v0.2.168
[INFO] [stderr]    Compiling stable_deref_trait v1.2.0
[INFO] [stderr]    Compiling autocfg v1.4.0
[INFO] [stderr]    Compiling shlex v1.3.0
[INFO] [stderr]    Compiling pin-project-lite v0.2.15
[INFO] [stderr]    Compiling vcpkg v0.2.15
[INFO] [stderr]    Compiling itoa v1.0.14
[INFO] [stderr]    Compiling memchr v2.7.4
[INFO] [stderr]    Compiling pkg-config v0.3.31
[INFO] [stderr]    Compiling once_cell v1.20.2
[INFO] [stderr]    Compiling bytes v1.9.0
[INFO] [stderr]    Compiling cfg-if v1.0.0
[INFO] [stderr]    Compiling writeable v0.5.5
[INFO] [stderr]    Compiling litemap v0.7.4
[INFO] [stderr]    Compiling icu_locid_transform_data v1.5.0
[INFO] [stderr]    Compiling futures-core v0.3.31
[INFO] [stderr]    Compiling openssl v0.10.68
[INFO] [stderr]    Compiling icu_properties_data v1.5.0
[INFO] [stderr]    Compiling foreign-types-shared v0.1.1
[INFO] [stderr]    Compiling fnv v1.0.7
[INFO] [stderr]    Compiling cc v1.2.4
[INFO] [stderr]    Compiling foreign-types v0.3.2
[INFO] [stderr]    Compiling hashbrown v0.15.2
[INFO] [stderr]    Compiling utf16_iter v1.0.5
[INFO] [stderr]    Compiling tracing-core v0.1.33
[INFO] [stderr]    Compiling utf8_iter v1.0.4
[INFO] [stderr]    Compiling httparse v1.9.5
[INFO] [stderr]    Compiling libm v0.2.11
[INFO] [stderr]    Compiling pin-utils v0.1.0
[INFO] [stderr]    Compiling serde v1.0.216
[INFO] [stderr]    Compiling smallvec v1.13.2
[INFO] [stderr]    Compiling equivalent v1.0.1
[INFO] [stderr]    Compiling futures-io v0.3.31
[INFO] [stderr]    Compiling futures-task v0.3.31
[INFO] [stderr]    Compiling futures-sink v0.3.31
[INFO] [stderr]    Compiling slab v0.4.9
[INFO] [stderr]    Compiling write16 v1.0.0
[INFO] [stderr]    Compiling icu_normalizer_data v1.5.0
[INFO] [stderr]    Compiling native-tls v0.2.12
[INFO] [stderr]    Compiling bitflags v2.6.0
[INFO] [stderr]    Compiling http v0.2.12
[INFO] [stderr]    Compiling num-traits v0.2.19
[INFO] [stderr]    Compiling indexmap v2.7.0
[INFO] [stderr]    Compiling percent-encoding v2.3.1
[INFO] [stderr]    Compiling adler2 v2.0.0
[INFO] [stderr]    Compiling log v0.4.22
[INFO] [stderr]    Compiling try-lock v0.2.5
[INFO] [stderr]    Compiling openssl-probe v0.1.5
[INFO] [stderr]    Compiling tracing v0.1.41
[INFO] [stderr]    Compiling gimli v0.31.1
[INFO] [stderr]    Compiling version_check v0.9.5
[INFO] [stderr]    Compiling want v0.3.1
[INFO] [stderr]    Compiling form_urlencoded v1.2.1
[INFO] [stderr]    Compiling miniz_oxide v0.8.0
[INFO] [stderr]    Compiling object v0.36.5
[INFO] [stderr]    Compiling quote v1.0.37
[INFO] [stderr]    Compiling futures-util v0.3.31
[INFO] [stderr]    Compiling error-chain v0.12.4
[INFO] [stderr]    Compiling syn v2.0.90
[INFO] [stderr]    Compiling futures-channel v0.3.31
[INFO] [stderr]    Compiling rustc-demangle v0.1.24
[INFO] [stderr]    Compiling tower-service v0.3.3
[INFO] [stderr]    Compiling ryu v1.0.18
[INFO] [stderr]    Compiling powerfmt v0.2.0
[INFO] [stderr]    Compiling thiserror v1.0.69
[INFO] [stderr]    Compiling socket2 v0.5.8
[INFO] [stderr]    Compiling mio v1.0.3
[INFO] [stderr]    Compiling httpdate v1.0.3
[INFO] [stderr]    Compiling http-body v0.4.6
[INFO] [stderr]    Compiling serde_json v1.0.133
[INFO] [stderr]    Compiling deranged v0.3.11
[INFO] [stderr]    Compiling num-conv v0.1.0
[INFO] [stderr]    Compiling base64 v0.21.7
[INFO] [stderr]    Compiling time-core v0.1.2
[INFO] [stderr]    Compiling encoding_rs v0.8.35
[INFO] [stderr]    Compiling sync_wrapper v0.1.2
[INFO] [stderr]    Compiling xml-rs v0.8.24
[INFO] [stderr]    Compiling mime v0.3.17
[INFO] [stderr]    Compiling tokio v1.42.0
[INFO] [stderr]    Compiling rustls-pemfile v1.0.4
[INFO] [stderr]    Compiling ipnet v2.10.1
[INFO] [stderr]    Compiling assert_approx_eq v1.1.0
[INFO] [stderr]    Compiling openssl-sys v0.9.104
[INFO] [stderr]    Compiling time v0.3.37
[INFO] [stderr]    Compiling geo-types v0.7.14
[INFO] [stderr]    Compiling addr2line v0.24.2
[INFO] [stderr]    Compiling backtrace v0.3.74
[INFO] [stderr]    Compiling synstructure v0.13.1
[INFO] [stderr]    Compiling zerovec-derive v0.10.3
[INFO] [stderr]    Compiling displaydoc v0.2.5
[INFO] [stderr]    Compiling icu_provider_macros v1.5.0
[INFO] [stderr]    Compiling openssl-macros v0.1.1
[INFO] [stderr]    Compiling serde_derive v1.0.216
[INFO] [stderr]    Compiling thiserror-impl v1.0.69
[INFO] [stderr]    Compiling serde_repr v0.1.19
[INFO] [stderr]    Compiling zerofrom-derive v0.1.5
[INFO] [stderr]    Compiling yoke-derive v0.7.5
[INFO] [stderr]    Compiling tokio-util v0.7.13
[INFO] [stderr]    Compiling h2 v0.3.26
[INFO] [stderr]    Compiling gpx v0.9.1
[INFO] [stderr]    Compiling zerofrom v0.1.5
[INFO] [stderr]    Compiling yoke v0.7.5
[INFO] [stderr]    Compiling zerovec v0.10.4
[INFO] [stderr]    Compiling tinystr v0.7.6
[INFO] [stderr]    Compiling icu_collections v1.5.0
[INFO] [stderr]    Compiling icu_locid v1.5.0
[INFO] [stderr]    Compiling hyper v0.14.31
[INFO] [stderr]    Compiling tokio-native-tls v0.3.1
[INFO] [stderr]    Compiling icu_provider v1.5.0
[INFO] [stderr]    Compiling icu_locid_transform v1.5.0
[INFO] [stderr]    Compiling icu_properties v1.5.1
[INFO] [stderr]    Compiling hyper-tls v0.5.0
[INFO] [stderr]    Compiling serde_urlencoded v0.7.1
[INFO] [stderr]    Compiling icu_normalizer v1.5.0
[INFO] [stderr]    Compiling idna_adapter v1.2.0
[INFO] [stderr]    Compiling idna v1.0.3
[INFO] [stderr]    Compiling url v2.5.4
[INFO] [stderr]    Compiling reqwest v0.11.27
[INFO] [stderr]    Compiling valhalla-client v0.1.1 (/opt/rustwide/workdir)
[INFO] [stderr]     Finished `dev` profile [unoptimized + debuginfo] target(s) in 51.61s
[INFO] running `Command { std: "docker" "inspect" "bc8a9af88eda4c7e6da03ffbeff4ecc8a9c582f2bfd8534e18b199c5c1a5fb70", kill_on_drop: false }`
[INFO] running `Command { std: "docker" "rm" "-f" "bc8a9af88eda4c7e6da03ffbeff4ecc8a9c582f2bfd8534e18b199c5c1a5fb70", kill_on_drop: false }`
[INFO] [stdout] bc8a9af88eda4c7e6da03ffbeff4ecc8a9c582f2bfd8534e18b199c5c1a5fb70
[INFO] running `Command { std: "docker" "create" "-v" "/var/lib/crater-agent-workspace/builds/worker-1-tc2/target:/opt/rustwide/target:rw,Z" "-v" "/var/lib/crater-agent-workspace/builds/worker-1-tc2/source:/opt/rustwide/workdir:ro,Z" "-v" "/var/lib/crater-agent-workspace/cargo-home:/opt/rustwide/cargo-home:ro,Z" "-v" "/var/lib/crater-agent-workspace/rustup-home:/opt/rustwide/rustup-home:ro,Z" "-e" "SOURCE_DIR=/opt/rustwide/workdir" "-e" "CARGO_TARGET_DIR=/opt/rustwide/target" "-e" "CARGO_INCREMENTAL=0" "-e" "RUST_BACKTRACE=full" "-e" "RUSTFLAGS=--cap-lints=warn" "-e" "RUSTDOCFLAGS=--cap-lints=warn" "-e" "CARGO_HOME=/opt/rustwide/cargo-home" "-e" "RUSTUP_HOME=/opt/rustwide/rustup-home" "-w" "/opt/rustwide/workdir" "-m" "1610612736" "--user" "0:0" "--network" "none" "ghcr.io/rust-lang/crates-build-env/linux@sha256:f3a9d4ad9d972b27faf3965f35b62e55ba32bbce8f20bc8fe909558a86702fde" "/opt/rustwide/cargo-home/bin/cargo" "+beta-2024-12-08" "test" "--frozen" "--no-run" "--message-format=json", kill_on_drop: false }`
[INFO] [stdout] dc2b9618cc36e1407426824178369d247a81bf7fb90f9266f867acc4ee75b4a4
[INFO] running `Command { std: "docker" "start" "-a" "dc2b9618cc36e1407426824178369d247a81bf7fb90f9266f867acc4ee75b4a4", kill_on_drop: false }`
[INFO] [stderr]    Compiling valhalla-client v0.1.1 (/opt/rustwide/workdir)
[INFO] [stderr]     Finished `test` profile [unoptimized + debuginfo] target(s) in 1.50s
[INFO] running `Command { std: "docker" "inspect" "dc2b9618cc36e1407426824178369d247a81bf7fb90f9266f867acc4ee75b4a4", kill_on_drop: false }`
[INFO] running `Command { std: "docker" "rm" "-f" "dc2b9618cc36e1407426824178369d247a81bf7fb90f9266f867acc4ee75b4a4", kill_on_drop: false }`
[INFO] [stdout] dc2b9618cc36e1407426824178369d247a81bf7fb90f9266f867acc4ee75b4a4
[INFO] running `Command { std: "docker" "create" "-v" "/var/lib/crater-agent-workspace/builds/worker-1-tc2/target:/opt/rustwide/target:rw,Z" "-v" "/var/lib/crater-agent-workspace/builds/worker-1-tc2/source:/opt/rustwide/workdir:ro,Z" "-v" "/var/lib/crater-agent-workspace/cargo-home:/opt/rustwide/cargo-home:ro,Z" "-v" "/var/lib/crater-agent-workspace/rustup-home:/opt/rustwide/rustup-home:ro,Z" "-e" "SOURCE_DIR=/opt/rustwide/workdir" "-e" "CARGO_TARGET_DIR=/opt/rustwide/target" "-e" "CARGO_INCREMENTAL=0" "-e" "RUST_BACKTRACE=full" "-e" "RUSTFLAGS=--cap-lints=warn" "-e" "RUSTDOCFLAGS=--cap-lints=warn" "-e" "CARGO_HOME=/opt/rustwide/cargo-home" "-e" "RUSTUP_HOME=/opt/rustwide/rustup-home" "-w" "/opt/rustwide/workdir" "-m" "1610612736" "--user" "0:0" "--network" "none" "ghcr.io/rust-lang/crates-build-env/linux@sha256:f3a9d4ad9d972b27faf3965f35b62e55ba32bbce8f20bc8fe909558a86702fde" "/opt/rustwide/cargo-home/bin/cargo" "+beta-2024-12-08" "test" "--frozen", kill_on_drop: false }`
[INFO] [stdout] a6535a594dcca2e1f4bba8dc0d8c507ddb01d4ad56b8f9eb483686f082aca35b
[INFO] running `Command { std: "docker" "start" "-a" "a6535a594dcca2e1f4bba8dc0d8c507ddb01d4ad56b8f9eb483686f082aca35b", kill_on_drop: false }`
[INFO] [stderr]     Finished `test` profile [unoptimized + debuginfo] target(s) in 0.17s
[INFO] [stderr]      Running unittests src/lib.rs (/opt/rustwide/target/debug/deps/valhalla_client-fbb2f0ee1205c8c9)
[INFO] [stdout] 
[INFO] [stdout] running 0 tests
[INFO] [stdout] 
[INFO] [stdout] test result: ok. 0 passed; 0 failed; 0 ignored; 0 measured; 0 filtered out; finished in 0.00s
[INFO] [stdout] 
[INFO] [stderr]    Doc-tests valhalla_client
[INFO] [stdout] 
[INFO] [stdout] running 1 test
[INFO] [stdout] test src/lib.rs - (line 7) ... FAILED
[INFO] [stdout] 
[INFO] [stdout] failures:
[INFO] [stdout] 
[INFO] [stdout] ---- src/lib.rs - (line 7) stdout ----
[INFO] [stdout] Test executable failed (exit status: 101).
[INFO] [stdout] 
[INFO] [stdout] stderr:
[INFO] [stdout] thread 'main' panicked at src/lib.rs:14:41:
[INFO] [stdout] called `Result::unwrap()` on an `Err` value: Reqwest(reqwest::Error { kind: Request, url: Url { scheme: "https", cannot_be_a_base: false, username: "", password: None, host: Some(Domain("valhalla1.openstreetmap.de")), port: None, path: "/route", query: None, fragment: None }, source: hyper::Error(Connect, ConnectError("dns error", Custom { kind: Uncategorized, error: "failed to lookup address information: Temporary failure in name resolution" })) })
[INFO] [stdout] stack backtrace:
[INFO] [stdout]    0:     0x5da0e4913b5a - std::backtrace_rs::backtrace::libunwind::trace::h8810477743020387
[INFO] [stdout]                                at /rustc/202008a1b8de96d2e5b6bc02d379db03a877d34d/library/std/src/../../backtrace/src/backtrace/libunwind.rs:116:5
[INFO] [stdout]    1:     0x5da0e4913b5a - std::backtrace_rs::backtrace::trace_unsynchronized::h3aa55355dd6c54a6
[INFO] [stdout]                                at /rustc/202008a1b8de96d2e5b6bc02d379db03a877d34d/library/std/src/../../backtrace/src/backtrace/mod.rs:66:5
[INFO] [stdout]    2:     0x5da0e4913b5a - std::sys::backtrace::_print_fmt::h8588b0f62410823f
[INFO] [stdout]                                at /rustc/202008a1b8de96d2e5b6bc02d379db03a877d34d/library/std/src/sys/backtrace.rs:66:9
[INFO] [stdout]    3:     0x5da0e4913b5a - <std::sys::backtrace::BacktraceLock::print::DisplayBacktrace as core::fmt::Display>::fmt::h98c26ac25ffe89bb
[INFO] [stdout]                                at /rustc/202008a1b8de96d2e5b6bc02d379db03a877d34d/library/std/src/sys/backtrace.rs:39:26
[INFO] [stdout]    4:     0x5da0e4937923 - core::fmt::rt::Argument::fmt::hf95377f4aebd453b
[INFO] [stdout]                                at /rustc/202008a1b8de96d2e5b6bc02d379db03a877d34d/library/core/src/fmt/rt.rs:177:76
[INFO] [stdout]    5:     0x5da0e4937923 - core::fmt::write::h0dd5f6e2238c7982
[INFO] [stdout]                                at /rustc/202008a1b8de96d2e5b6bc02d379db03a877d34d/library/core/src/fmt/mod.rs:1189:21
[INFO] [stdout]    6:     0x5da0e4910b43 - std::io::Write::write_fmt::hc00bff0a88e08857
[INFO] [stdout]                                at /rustc/202008a1b8de96d2e5b6bc02d379db03a877d34d/library/std/src/io/mod.rs:1884:15
[INFO] [stdout]    7:     0x5da0e49139a2 - std::sys::backtrace::BacktraceLock::print::h5c19c1c038ee186d
[INFO] [stdout]                                at /rustc/202008a1b8de96d2e5b6bc02d379db03a877d34d/library/std/src/sys/backtrace.rs:42:9
[INFO] [stdout]    8:     0x5da0e491496c - std::panicking::default_hook::{{closure}}::h77172f079a1fcb13
[INFO] [stdout]                                at /rustc/202008a1b8de96d2e5b6bc02d379db03a877d34d/library/std/src/panicking.rs:268:22
[INFO] [stdout]    9:     0x5da0e49147b2 - std::panicking::default_hook::he5f8e3b203ccddba
[INFO] [stdout]                                at /rustc/202008a1b8de96d2e5b6bc02d379db03a877d34d/library/std/src/panicking.rs:295:9
[INFO] [stdout]   10:     0x5da0e4914f47 - std::panicking::rust_panic_with_hook::h53863d4e9018df39
[INFO] [stdout]                                at /rustc/202008a1b8de96d2e5b6bc02d379db03a877d34d/library/std/src/panicking.rs:801:13
[INFO] [stdout]   11:     0x5da0e4914dda - std::panicking::begin_panic_handler::{{closure}}::h67280e6fa0757873
[INFO] [stdout]                                at /rustc/202008a1b8de96d2e5b6bc02d379db03a877d34d/library/std/src/panicking.rs:674:13
[INFO] [stdout]   12:     0x5da0e4914039 - std::sys::backtrace::__rust_end_short_backtrace::h1dac3f54d6fbbeb2
[INFO] [stdout]                                at /rustc/202008a1b8de96d2e5b6bc02d379db03a877d34d/library/std/src/sys/backtrace.rs:170:18
[INFO] [stdout]   13:     0x5da0e4914a6c - rust_begin_unwind
[INFO] [stdout]                                at /rustc/202008a1b8de96d2e5b6bc02d379db03a877d34d/library/std/src/panicking.rs:665:5
[INFO] [stdout]   14:     0x5da0e4481d90 - core::panicking::panic_fmt::h6792bd1b2bf01041
[INFO] [stdout]                                at /rustc/202008a1b8de96d2e5b6bc02d379db03a877d34d/library/core/src/panicking.rs:76:14
[INFO] [stdout]   15:     0x5da0e4482216 - core::result::unwrap_failed::h05e0602ed34287c5
[INFO] [stdout]                                at /rustc/202008a1b8de96d2e5b6bc02d379db03a877d34d/library/core/src/result.rs:1699:5
[INFO] [stdout]   16:     0x5da0e4485f7b - rust_out::main::_doctest_main_src_lib_rs_7_0::h313824086591d90a
[INFO] [stdout]   17:     0x5da0e4485b46 - rust_out::main::h57eefffa92e38ed0
[INFO] [stdout]   18:     0x5da0e44830f3 - core::ops::function::FnOnce::call_once::hcb3872443a25b5b7
[INFO] [stdout]   19:     0x5da0e4482826 - std::sys::backtrace::__rust_begin_short_backtrace::hb8f53f53663d2e9e
[INFO] [stdout]   20:     0x5da0e4482809 - std::rt::lang_start::{{closure}}::h0d6bdb8cb611c7e9
[INFO] [stdout]   21:     0x5da0e490d557 - core::ops::function::impls::<impl core::ops::function::FnOnce<A> for &F>::call_once::hba2470d01d3f5e41
[INFO] [stdout]                                at /rustc/202008a1b8de96d2e5b6bc02d379db03a877d34d/library/core/src/ops/function.rs:284:13
[INFO] [stdout]   22:     0x5da0e490d557 - std::panicking::try::do_call::hc063fb73159aab72
[INFO] [stdout]                                at /rustc/202008a1b8de96d2e5b6bc02d379db03a877d34d/library/std/src/panicking.rs:557:40
[INFO] [stdout]   23:     0x5da0e490d557 - std::panicking::try::h2767c6d245d3a3bb
[INFO] [stdout]                                at /rustc/202008a1b8de96d2e5b6bc02d379db03a877d34d/library/std/src/panicking.rs:520:19
[INFO] [stdout]   24:     0x5da0e490d557 - std::panic::catch_unwind::h061c6ef75790da63
[INFO] [stdout]                                at /rustc/202008a1b8de96d2e5b6bc02d379db03a877d34d/library/std/src/panic.rs:358:14
[INFO] [stdout]   25:     0x5da0e490d557 - std::rt::lang_start_internal::{{closure}}::h5c5e35b11a4b8c4e
[INFO] [stdout]                                at /rustc/202008a1b8de96d2e5b6bc02d379db03a877d34d/library/std/src/rt.rs:174:48
[INFO] [stdout]   26:     0x5da0e490d557 - std::panicking::try::do_call::h705e99690a8109cc
[INFO] [stdout]                                at /rustc/202008a1b8de96d2e5b6bc02d379db03a877d34d/library/std/src/panicking.rs:557:40
[INFO] [stdout]   27:     0x5da0e490d557 - std::panicking::try::he5f4452754ed9a34
[INFO] [stdout]                                at /rustc/202008a1b8de96d2e5b6bc02d379db03a877d34d/library/std/src/panicking.rs:520:19
[INFO] [stdout]   28:     0x5da0e490d557 - std::panic::catch_unwind::h5db61b3bcbe883e5
[INFO] [stdout]                                at /rustc/202008a1b8de96d2e5b6bc02d379db03a877d34d/library/std/src/panic.rs:358:14
[INFO] [stdout]   29:     0x5da0e490d557 - std::rt::lang_start_internal::h81da9b59bab665c6
[INFO] [stdout]                                at /rustc/202008a1b8de96d2e5b6bc02d379db03a877d34d/library/std/src/rt.rs:174:20
[INFO] [stdout]   30:     0x5da0e44827e7 - std::rt::lang_start::h2798034e47ddebf9
[INFO] [stdout]   31:     0x5da0e44861e5 - main
[INFO] [stdout]   32:     0x7accd75f8d90 - <unknown>
[INFO] [stdout]   33:     0x7accd75f8e40 - __libc_start_main
[INFO] [stdout]   34:     0x5da0e44826f5 - _start
[INFO] [stdout]   35:                0x0 - <unknown>
[INFO] [stdout] 
[INFO] [stdout] 
[INFO] [stdout] 
[INFO] [stdout] failures:
[INFO] [stdout]     src/lib.rs - (line 7)
[INFO] [stdout] 
[INFO] [stdout] test result: FAILED. 0 passed; 1 failed; 0 ignored; 0 measured; 0 filtered out; finished in 3.53s
[INFO] [stdout] 
[INFO] [stderr] error: doctest failed, to rerun pass `--doc`
[INFO] running `Command { std: "docker" "inspect" "a6535a594dcca2e1f4bba8dc0d8c507ddb01d4ad56b8f9eb483686f082aca35b", kill_on_drop: false }`
[INFO] running `Command { std: "docker" "rm" "-f" "a6535a594dcca2e1f4bba8dc0d8c507ddb01d4ad56b8f9eb483686f082aca35b", kill_on_drop: false }`
[INFO] [stdout] a6535a594dcca2e1f4bba8dc0d8c507ddb01d4ad56b8f9eb483686f082aca35b
