[INFO] fetching crate va108xx-hal 0.8.0...
[INFO] testing va108xx-hal-0.8.0 against 1.83.0 for beta-1.84.0-4-retry
[INFO] extracting crate va108xx-hal 0.8.0 into /workspace/builds/worker-5-tc1/source
[INFO] validating manifest of crates.io crate va108xx-hal 0.8.0 on toolchain 1.83.0
[INFO] running `Command { std: CARGO_HOME="/workspace/cargo-home" RUSTUP_HOME="/workspace/rustup-home" "/workspace/cargo-home/bin/cargo" "+1.83.0" "metadata" "--manifest-path" "Cargo.toml" "--no-deps", kill_on_drop: false }`
[INFO] removed /workspace/builds/worker-5-tc1/source/.cargo/config.toml
[INFO] started tweaking crates.io crate va108xx-hal 0.8.0
[INFO] finished tweaking crates.io crate va108xx-hal 0.8.0
[INFO] tweaked toml for crates.io crate va108xx-hal 0.8.0 written to /workspace/builds/worker-5-tc1/source/Cargo.toml
[INFO] running `Command { std: CARGO_HOME="/workspace/cargo-home" RUSTUP_HOME="/workspace/rustup-home" "/workspace/cargo-home/bin/cargo" "+1.83.0" "generate-lockfile" "--manifest-path" "Cargo.toml", kill_on_drop: false }`
[INFO] [stderr]     Updating crates.io index
[INFO] [stderr]      Locking 37 packages to latest compatible versions
[INFO] [stderr]       Adding delegate v0.12.0 (available: v0.13.1)
[INFO] running `Command { std: CARGO_HOME="/workspace/cargo-home" RUSTUP_HOME="/workspace/rustup-home" "/workspace/cargo-home/bin/cargo" "+1.83.0" "fetch" "--manifest-path" "Cargo.toml", kill_on_drop: false }`
[INFO] [stderr]  Downloading crates ...
[INFO] [stderr]   Downloaded va108xx v0.3.0
[INFO] running `Command { std: "docker" "create" "-v" "/var/lib/crater-agent-workspace/builds/worker-5-tc1/target:/opt/rustwide/target:rw,Z" "-v" "/var/lib/crater-agent-workspace/builds/worker-5-tc1/source:/opt/rustwide/workdir:ro,Z" "-v" "/var/lib/crater-agent-workspace/cargo-home:/opt/rustwide/cargo-home:ro,Z" "-v" "/var/lib/crater-agent-workspace/rustup-home:/opt/rustwide/rustup-home:ro,Z" "-e" "SOURCE_DIR=/opt/rustwide/workdir" "-e" "CARGO_TARGET_DIR=/opt/rustwide/target" "-e" "CARGO_HOME=/opt/rustwide/cargo-home" "-e" "RUSTUP_HOME=/opt/rustwide/rustup-home" "-w" "/opt/rustwide/workdir" "-m" "1610612736" "--user" "0:0" "--network" "none" "ghcr.io/rust-lang/crates-build-env/linux@sha256:f3a9d4ad9d972b27faf3965f35b62e55ba32bbce8f20bc8fe909558a86702fde" "/opt/rustwide/cargo-home/bin/cargo" "+1.83.0" "metadata" "--no-deps" "--format-version=1", kill_on_drop: false }`
[INFO] [stdout] 8dfe03052c524f48f37dd60138459390b75852c6b07509d23849e32b54acb624
[INFO] running `Command { std: "docker" "start" "-a" "8dfe03052c524f48f37dd60138459390b75852c6b07509d23849e32b54acb624", kill_on_drop: false }`
[INFO] running `Command { std: "docker" "inspect" "8dfe03052c524f48f37dd60138459390b75852c6b07509d23849e32b54acb624", kill_on_drop: false }`
[INFO] running `Command { std: "docker" "rm" "-f" "8dfe03052c524f48f37dd60138459390b75852c6b07509d23849e32b54acb624", kill_on_drop: false }`
[INFO] [stdout] 8dfe03052c524f48f37dd60138459390b75852c6b07509d23849e32b54acb624
[INFO] running `Command { std: "docker" "create" "-v" "/var/lib/crater-agent-workspace/builds/worker-5-tc1/target:/opt/rustwide/target:rw,Z" "-v" "/var/lib/crater-agent-workspace/builds/worker-5-tc1/source:/opt/rustwide/workdir:ro,Z" "-v" "/var/lib/crater-agent-workspace/cargo-home:/opt/rustwide/cargo-home:ro,Z" "-v" "/var/lib/crater-agent-workspace/rustup-home:/opt/rustwide/rustup-home:ro,Z" "-e" "SOURCE_DIR=/opt/rustwide/workdir" "-e" "CARGO_TARGET_DIR=/opt/rustwide/target" "-e" "CARGO_INCREMENTAL=0" "-e" "RUST_BACKTRACE=full" "-e" "RUSTFLAGS=--cap-lints=warn" "-e" "RUSTDOCFLAGS=--cap-lints=warn" "-e" "CARGO_HOME=/opt/rustwide/cargo-home" "-e" "RUSTUP_HOME=/opt/rustwide/rustup-home" "-w" "/opt/rustwide/workdir" "-m" "1610612736" "--user" "0:0" "--network" "none" "ghcr.io/rust-lang/crates-build-env/linux@sha256:f3a9d4ad9d972b27faf3965f35b62e55ba32bbce8f20bc8fe909558a86702fde" "/opt/rustwide/cargo-home/bin/cargo" "+1.83.0" "build" "--frozen" "--message-format=json", kill_on_drop: false }`
[INFO] [stdout] 5ea40c6720553f84bb23e858346e3a3385f4e772c4f79dab725cbab4b5dc4eec
[INFO] running `Command { std: "docker" "start" "-a" "5ea40c6720553f84bb23e858346e3a3385f4e772c4f79dab725cbab4b5dc4eec", kill_on_drop: false }`
[INFO] [stderr]    Compiling proc-macro2 v1.0.92
[INFO] [stderr]    Compiling semver-parser v0.7.0
[INFO] [stderr]    Compiling unicode-ident v1.0.14
[INFO] [stderr]    Compiling nb v1.1.0
[INFO] [stderr]    Compiling cortex-m v0.7.7
[INFO] [stderr]    Compiling cortex-m-rt v0.7.5
[INFO] [stderr]    Compiling void v1.0.2
[INFO] [stderr]    Compiling vcell v0.1.3
[INFO] [stderr]    Compiling va108xx v0.3.0
[INFO] [stderr]    Compiling critical-section v1.2.0
[INFO] [stderr]    Compiling paste v1.0.15
[INFO] [stderr]    Compiling typenum v1.17.0
[INFO] [stderr]    Compiling bitfield v0.13.2
[INFO] [stderr]    Compiling gcd v2.3.0
[INFO] [stderr]    Compiling embedded-hal v1.0.0
[INFO] [stderr]    Compiling embedded-io v0.6.1
[INFO] [stderr]    Compiling volatile-register v0.2.2
[INFO] [stderr]    Compiling nb v0.1.3
[INFO] [stderr]    Compiling embedded-hal v0.2.7
[INFO] [stderr]    Compiling fugit v0.3.7
[INFO] [stderr]    Compiling once_cell v1.20.2
[INFO] [stderr]    Compiling semver v0.9.0
[INFO] [stderr]    Compiling embedded-hal-nb v1.0.0
[INFO] [stderr]    Compiling rustc_version v0.2.3
[INFO] [stderr]    Compiling bare-metal v0.2.5
[INFO] [stderr]    Compiling quote v1.0.37
[INFO] [stderr]    Compiling syn v2.0.90
[INFO] [stderr]    Compiling cortex-m-rt-macros v0.7.5
[INFO] [stderr]    Compiling delegate v0.12.0
[INFO] [stderr]    Compiling va108xx-hal v0.8.0 (/opt/rustwide/workdir)
[INFO] [stderr]     Finished `dev` profile [unoptimized + debuginfo] target(s) in 7.81s
[INFO] running `Command { std: "docker" "inspect" "5ea40c6720553f84bb23e858346e3a3385f4e772c4f79dab725cbab4b5dc4eec", kill_on_drop: false }`
[INFO] running `Command { std: "docker" "rm" "-f" "5ea40c6720553f84bb23e858346e3a3385f4e772c4f79dab725cbab4b5dc4eec", kill_on_drop: false }`
[INFO] [stdout] 5ea40c6720553f84bb23e858346e3a3385f4e772c4f79dab725cbab4b5dc4eec
[INFO] running `Command { std: "docker" "create" "-v" "/var/lib/crater-agent-workspace/builds/worker-5-tc1/target:/opt/rustwide/target:rw,Z" "-v" "/var/lib/crater-agent-workspace/builds/worker-5-tc1/source:/opt/rustwide/workdir:ro,Z" "-v" "/var/lib/crater-agent-workspace/cargo-home:/opt/rustwide/cargo-home:ro,Z" "-v" "/var/lib/crater-agent-workspace/rustup-home:/opt/rustwide/rustup-home:ro,Z" "-e" "SOURCE_DIR=/opt/rustwide/workdir" "-e" "CARGO_TARGET_DIR=/opt/rustwide/target" "-e" "CARGO_INCREMENTAL=0" "-e" "RUST_BACKTRACE=full" "-e" "RUSTFLAGS=--cap-lints=warn" "-e" "RUSTDOCFLAGS=--cap-lints=warn" "-e" "CARGO_HOME=/opt/rustwide/cargo-home" "-e" "RUSTUP_HOME=/opt/rustwide/rustup-home" "-w" "/opt/rustwide/workdir" "-m" "1610612736" "--user" "0:0" "--network" "none" "ghcr.io/rust-lang/crates-build-env/linux@sha256:f3a9d4ad9d972b27faf3965f35b62e55ba32bbce8f20bc8fe909558a86702fde" "/opt/rustwide/cargo-home/bin/cargo" "+1.83.0" "test" "--frozen" "--no-run" "--message-format=json", kill_on_drop: false }`
[INFO] [stdout] 41d076f1bfcb7d9bc7da92172182ebc07c934fa1f463c6d74a774d9a4052f184
[INFO] running `Command { std: "docker" "start" "-a" "41d076f1bfcb7d9bc7da92172182ebc07c934fa1f463c6d74a774d9a4052f184", kill_on_drop: false }`
[INFO] [stderr]    Compiling va108xx-hal v0.8.0 (/opt/rustwide/workdir)
[INFO] [stderr]     Finished `test` profile [unoptimized + debuginfo] target(s) in 0.99s
[INFO] running `Command { std: "docker" "inspect" "41d076f1bfcb7d9bc7da92172182ebc07c934fa1f463c6d74a774d9a4052f184", kill_on_drop: false }`
[INFO] running `Command { std: "docker" "rm" "-f" "41d076f1bfcb7d9bc7da92172182ebc07c934fa1f463c6d74a774d9a4052f184", kill_on_drop: false }`
[INFO] [stdout] 41d076f1bfcb7d9bc7da92172182ebc07c934fa1f463c6d74a774d9a4052f184
[INFO] running `Command { std: "docker" "create" "-v" "/var/lib/crater-agent-workspace/builds/worker-5-tc1/target:/opt/rustwide/target:rw,Z" "-v" "/var/lib/crater-agent-workspace/builds/worker-5-tc1/source:/opt/rustwide/workdir:ro,Z" "-v" "/var/lib/crater-agent-workspace/cargo-home:/opt/rustwide/cargo-home:ro,Z" "-v" "/var/lib/crater-agent-workspace/rustup-home:/opt/rustwide/rustup-home:ro,Z" "-e" "SOURCE_DIR=/opt/rustwide/workdir" "-e" "CARGO_TARGET_DIR=/opt/rustwide/target" "-e" "CARGO_INCREMENTAL=0" "-e" "RUST_BACKTRACE=full" "-e" "RUSTFLAGS=--cap-lints=warn" "-e" "RUSTDOCFLAGS=--cap-lints=warn" "-e" "CARGO_HOME=/opt/rustwide/cargo-home" "-e" "RUSTUP_HOME=/opt/rustwide/rustup-home" "-w" "/opt/rustwide/workdir" "-m" "1610612736" "--user" "0:0" "--network" "none" "ghcr.io/rust-lang/crates-build-env/linux@sha256:f3a9d4ad9d972b27faf3965f35b62e55ba32bbce8f20bc8fe909558a86702fde" "/opt/rustwide/cargo-home/bin/cargo" "+1.83.0" "test" "--frozen", kill_on_drop: false }`
[INFO] [stdout] 422ef4d390b72988a54b4a403a96b580ade8f52abd61b7ce93bd9035325c97d2
[INFO] running `Command { std: "docker" "start" "-a" "422ef4d390b72988a54b4a403a96b580ade8f52abd61b7ce93bd9035325c97d2", kill_on_drop: false }`
[INFO] [stderr]     Finished `test` profile [unoptimized + debuginfo] target(s) in 0.04s
[INFO] [stderr]      Running unittests src/lib.rs (/opt/rustwide/target/debug/deps/va108xx_hal-f77f249940f63a0b)
[INFO] [stdout] 
[INFO] [stdout] running 0 tests
[INFO] [stdout] 
[INFO] [stdout] test result: ok. 0 passed; 0 failed; 0 ignored; 0 measured; 0 filtered out; finished in 0.00s
[INFO] [stdout] 
[INFO] [stderr]    Doc-tests va108xx_hal
[INFO] [stdout] 
[INFO] [stdout] running 8 tests
[INFO] [stdout] test src/typelevel.rs - typelevel::Is (line 63) ... ignored
[INFO] [stdout] test src/typelevel.rs - typelevel::Is (line 70) ... ignored
[INFO] [stdout] test src/gpio/dynpin.rs - gpio::dynpin (line 17) ... FAILED
[INFO] [stdout] test src/gpio/dynpin.rs - gpio::dynpin (line 25) ... FAILED
[INFO] [stdout] test src/gpio/dynpin.rs - gpio::dynpin (line 41) ... FAILED
[INFO] [stdout] test src/gpio/pin.rs - gpio::pin (line 59) - compile ... FAILED
[INFO] [stdout] test src/gpio/pin.rs - gpio::pin (line 52) ... FAILED
[INFO] [stdout] test src/gpio/pin.rs - gpio::pin (line 22) ... FAILED
[INFO] [stdout] 
[INFO] [stdout] failures:
[INFO] [stdout] 
[INFO] [stdout] ---- src/gpio/dynpin.rs - gpio::dynpin (line 17) stdout ----
[INFO] [stdout] error[E0412]: cannot find type `DynPin` in this scope
[INFO] [stdout]  --> src/gpio/dynpin.rs:19:10
[INFO] [stdout]   |
[INFO] [stdout] 4 | let pa0: DynPin = pins.pa0.into();
[INFO] [stdout]   |          ^^^^^^ not found in this scope
[INFO] [stdout]   |
[INFO] [stdout] help: consider importing this struct
[INFO] [stdout]   |
[INFO] [stdout] 3 + use va108xx_hal::gpio::DynPin;
[INFO] [stdout]   |
[INFO] [stdout] 
[INFO] [stdout] error[E0425]: cannot find value `pins` in this scope
[INFO] [stdout]  --> src/gpio/dynpin.rs:19:19
[INFO] [stdout]   |
[INFO] [stdout] 4 | let pa0: DynPin = pins.pa0.into();
[INFO] [stdout]   |                   ^^^^ not found in this scope
[INFO] [stdout] 
[INFO] [stdout] error: aborting due to 2 previous errors
[INFO] [stdout] 
[INFO] [stdout] Some errors have detailed explanations: E0412, E0425.
[INFO] [stdout] For more information about an error, try `rustc --explain E0412`.
[INFO] [stdout] Couldn't compile the test.
[INFO] [stdout] ---- src/gpio/dynpin.rs - gpio::dynpin (line 25) stdout ----
[INFO] [stdout] error[E0425]: cannot find value `pa0` in this scope
[INFO] [stdout]  --> src/gpio/dynpin.rs:27:1
[INFO] [stdout]   |
[INFO] [stdout] 4 | pa0.into_floating_input();
[INFO] [stdout]   | ^^^ not found in this scope
[INFO] [stdout] 
[INFO] [stdout] error[E0425]: cannot find value `pa0` in this scope
[INFO] [stdout]  --> src/gpio/dynpin.rs:29:1
[INFO] [stdout]   |
[INFO] [stdout] 6 | pa0.into_mode(DYN_FLOATING_INPUT);
[INFO] [stdout]   | ^^^ not found in this scope
[INFO] [stdout] 
[INFO] [stdout] error[E0425]: cannot find value `DYN_FLOATING_INPUT` in this scope
[INFO] [stdout]  --> src/gpio/dynpin.rs:29:15
[INFO] [stdout]   |
[INFO] [stdout] 6 | pa0.into_mode(DYN_FLOATING_INPUT);
[INFO] [stdout]   |               ^^^^^^^^^^^^^^^^^^ not found in this scope
[INFO] [stdout]   |
[INFO] [stdout] help: consider importing this constant
[INFO] [stdout]   |
[INFO] [stdout] 3 + use va108xx_hal::gpio::DYN_FLOATING_INPUT;
[INFO] [stdout]   |
[INFO] [stdout] 
[INFO] [stdout] error: aborting due to 3 previous errors
[INFO] [stdout] 
[INFO] [stdout] For more information about this error, try `rustc --explain E0425`.
[INFO] [stdout] Couldn't compile the test.
[INFO] [stdout] ---- src/gpio/dynpin.rs - gpio::dynpin (line 41) stdout ----
[INFO] [stdout] error[E0412]: cannot find type `DynPin` in this scope
[INFO] [stdout]  --> src/gpio/dynpin.rs:43:10
[INFO] [stdout]   |
[INFO] [stdout] 4 | let pa0: DynPin = pins.pa0.into();
[INFO] [stdout]   |          ^^^^^^ not found in this scope
[INFO] [stdout]   |
[INFO] [stdout] help: consider importing this struct
[INFO] [stdout]   |
[INFO] [stdout] 3 + use va108xx_hal::gpio::DynPin;
[INFO] [stdout]   |
[INFO] [stdout] 
[INFO] [stdout] error[E0425]: cannot find value `pins` in this scope
[INFO] [stdout]  --> src/gpio/dynpin.rs:43:19
[INFO] [stdout]   |
[INFO] [stdout] 4 | let pa0: DynPin = pins.pa0.into();
[INFO] [stdout]   |                   ^^^^ not found in this scope
[INFO] [stdout] 
[INFO] [stdout] error[E0412]: cannot find type `Pin` in this scope
[INFO] [stdout]  --> src/gpio/dynpin.rs:47:10
[INFO] [stdout]   |
[INFO] [stdout] 8 | let pa0: Pin<PA0, FloatingInput> = pa0.try_into().unwrap();
[INFO] [stdout]   |          ^^^ not found in this scope
[INFO] [stdout]   |
[INFO] [stdout] help: consider importing one of these structs
[INFO] [stdout]   |
[INFO] [stdout] 3 + use std::pin::Pin;
[INFO] [stdout]   |
[INFO] [stdout] 3 + use va108xx_hal::gpio::Pin;
[INFO] [stdout]   |
[INFO] [stdout] 
[INFO] [stdout] error[E0412]: cannot find type `PA0` in this scope
[INFO] [stdout]  --> src/gpio/dynpin.rs:47:14
[INFO] [stdout]   |
[INFO] [stdout] 8 | let pa0: Pin<PA0, FloatingInput> = pa0.try_into().unwrap();
[INFO] [stdout]   |              ^^^ not found in this scope
[INFO] [stdout]   |
[INFO] [stdout] help: consider importing this enum
[INFO] [stdout]   |
[INFO] [stdout] 3 + use va108xx_hal::gpio::PA0;
[INFO] [stdout]   |
[INFO] [stdout] 
[INFO] [stdout] error[E0412]: cannot find type `FloatingInput` in this scope
[INFO] [stdout]  --> src/gpio/dynpin.rs:47:19
[INFO] [stdout]   |
[INFO] [stdout] 8 | let pa0: Pin<PA0, FloatingInput> = pa0.try_into().unwrap();
[INFO] [stdout]   |                   ^^^^^^^^^^^^^ not found in this scope
[INFO] [stdout]   |
[INFO] [stdout] help: you might be missing a type parameter
[INFO] [stdout]   |
[INFO] [stdout] 3 | fn main() { #[allow(non_snake_case)] fn _doctest_main_src_gpio_dynpin_rs_41_0<FloatingInput>() {
[INFO] [stdout]   |                                                                              +++++++++++++++
[INFO] [stdout] 
[INFO] [stdout] error: aborting due to 5 previous errors
[INFO] [stdout] 
[INFO] [stdout] Some errors have detailed explanations: E0412, E0425.
[INFO] [stdout] For more information about an error, try `rustc --explain E0412`.
[INFO] [stdout] Couldn't compile the test.
[INFO] [stdout] ---- src/gpio/pin.rs - gpio::pin (line 59) stdout ----
[INFO] [stdout] error[E0425]: cannot find value `pinsa` in this scope
[INFO] [stdout]  --> src/gpio/pin.rs:61:11
[INFO] [stdout]   |
[INFO] [stdout] 4 | let pa0 = pinsa.pa0.into_floating_input();
[INFO] [stdout]   |           ^^^^^ not found in this scope
[INFO] [stdout] 
[INFO] [stdout] error[E0425]: cannot find value `pinsa` in this scope
[INFO] [stdout]  --> src/gpio/pin.rs:63:11
[INFO] [stdout]   |
[INFO] [stdout] 6 | let pa0 = pinsa.pa0.into_mode::<FloatingInput>();
[INFO] [stdout]   |           ^^^^^ not found in this scope
[INFO] [stdout] 
[INFO] [stdout] error[E0412]: cannot find type `FloatingInput` in this scope
[INFO] [stdout]  --> src/gpio/pin.rs:63:33
[INFO] [stdout]   |
[INFO] [stdout] 6 | let pa0 = pinsa.pa0.into_mode::<FloatingInput>();
[INFO] [stdout]   |                                 ^^^^^^^^^^^^^ not found in this scope
[INFO] [stdout]   |
[INFO] [stdout] help: you might be missing a type parameter
[INFO] [stdout]   |
[INFO] [stdout] 3 | fn main() { #[allow(non_snake_case)] fn _doctest_main_src_gpio_pin_rs_59_0<FloatingInput>() {
[INFO] [stdout]   |                                                                           +++++++++++++++
[INFO] [stdout] 
[INFO] [stdout] error[E0412]: cannot find type `Pin` in this scope
[INFO] [stdout]  --> src/gpio/pin.rs:65:10
[INFO] [stdout]   |
[INFO] [stdout] 8 | let pa0: Pin<PA0, FloatingInput> = pinsa.pa27.into();
[INFO] [stdout]   |          ^^^ not found in this scope
[INFO] [stdout]   |
[INFO] [stdout] help: consider importing one of these structs
[INFO] [stdout]   |
[INFO] [stdout] 3 + use std::pin::Pin;
[INFO] [stdout]   |
[INFO] [stdout] 3 + use va108xx_hal::gpio::Pin;
[INFO] [stdout]   |
[INFO] [stdout] 
[INFO] [stdout] error[E0412]: cannot find type `PA0` in this scope
[INFO] [stdout]  --> src/gpio/pin.rs:65:14
[INFO] [stdout]   |
[INFO] [stdout] 8 | let pa0: Pin<PA0, FloatingInput> = pinsa.pa27.into();
[INFO] [stdout]   |              ^^^ not found in this scope
[INFO] [stdout]   |
[INFO] [stdout] help: consider importing this enum
[INFO] [stdout]   |
[INFO] [stdout] 3 + use va108xx_hal::gpio::PA0;
[INFO] [stdout]   |
[INFO] [stdout] 
[INFO] [stdout] error[E0412]: cannot find type `FloatingInput` in this scope
[INFO] [stdout]  --> src/gpio/pin.rs:65:19
[INFO] [stdout]   |
[INFO] [stdout] 8 | let pa0: Pin<PA0, FloatingInput> = pinsa.pa27.into();
[INFO] [stdout]   |                   ^^^^^^^^^^^^^ not found in this scope
[INFO] [stdout]   |
[INFO] [stdout] help: you might be missing a type parameter
[INFO] [stdout]   |
[INFO] [stdout] 3 | fn main() { #[allow(non_snake_case)] fn _doctest_main_src_gpio_pin_rs_59_0<FloatingInput>() {
[INFO] [stdout]   |                                                                           +++++++++++++++
[INFO] [stdout] 
[INFO] [stdout] error[E0425]: cannot find value `pinsa` in this scope
[INFO] [stdout]  --> src/gpio/pin.rs:65:36
[INFO] [stdout]   |
[INFO] [stdout] 8 | let pa0: Pin<PA0, FloatingInput> = pinsa.pa27.into();
[INFO] [stdout]   |                                    ^^^^^ not found in this scope
[INFO] [stdout] 
[INFO] [stdout] error: aborting due to 7 previous errors
[INFO] [stdout] 
[INFO] [stdout] Some errors have detailed explanations: E0412, E0425.
[INFO] [stdout] For more information about an error, try `rustc --explain E0412`.
[INFO] [stdout] Couldn't compile the test.
[INFO] [stdout] ---- src/gpio/pin.rs - gpio::pin (line 52) stdout ----
[INFO] [stdout] error[E0433]: failed to resolve: use of undeclared type `Peripherals`
[INFO] [stdout]  --> src/gpio/pin.rs:53:23
[INFO] [stdout]   |
[INFO] [stdout] 3 | let mut peripherals = Peripherals::take().unwrap();
[INFO] [stdout]   |                       ^^^^^^^^^^^ use of undeclared type `Peripherals`
[INFO] [stdout]   |
[INFO] [stdout] help: consider importing one of these structs
[INFO] [stdout]   |
[INFO] [stdout] 2 + use cortex_m::Peripherals;
[INFO] [stdout]   |
[INFO] [stdout] 2 + use va108xx::Peripherals;
[INFO] [stdout]   |
[INFO] [stdout] 
[INFO] [stdout] error[E0433]: failed to resolve: use of undeclared type `PinsA`
[INFO] [stdout]  --> src/gpio/pin.rs:54:13
[INFO] [stdout]   |
[INFO] [stdout] 4 | let pinsa = PinsA::new(peripherals.PORT);
[INFO] [stdout]   |             ^^^^^ use of undeclared type `PinsA`
[INFO] [stdout]   |
[INFO] [stdout] help: consider importing this struct
[INFO] [stdout]   |
[INFO] [stdout] 2 + use va108xx_hal::gpio::PinsA;
[INFO] [stdout]   |
[INFO] [stdout] 
[INFO] [stdout] error: aborting due to 2 previous errors
[INFO] [stdout] 
[INFO] [stdout] For more information about this error, try `rustc --explain E0433`.
[INFO] [stdout] Couldn't compile the test.
[INFO] [stdout] ---- src/gpio/pin.rs - gpio::pin (line 22) stdout ----
[INFO] [stdout] error[E0405]: cannot find trait `PinId` in this scope
[INFO] [stdout]  --> src/gpio/pin.rs:25:8
[INFO] [stdout]   |
[INFO] [stdout] 5 |     I: PinId,
[INFO] [stdout]   |        ^^^^^ not found in this scope
[INFO] [stdout]   |
[INFO] [stdout] help: consider importing this trait
[INFO] [stdout]   |
[INFO] [stdout] 2 + use va108xx_hal::pwm::PinId;
[INFO] [stdout]   |
[INFO] [stdout] 
[INFO] [stdout] error[E0405]: cannot find trait `PinMode` in this scope
[INFO] [stdout]  --> src/gpio/pin.rs:26:8
[INFO] [stdout]   |
[INFO] [stdout] 6 |     M: PinMode,
[INFO] [stdout]   |        ^^^^^^^ not found in this scope
[INFO] [stdout]   |
[INFO] [stdout] help: consider importing this trait
[INFO] [stdout]   |
[INFO] [stdout] 2 + use va108xx_hal::gpio::PinMode;
[INFO] [stdout]   |
[INFO] [stdout] 
[INFO] [stdout] error: aborting due to 2 previous errors
[INFO] [stdout] 
[INFO] [stdout] For more information about this error, try `rustc --explain E0405`.
[INFO] [stdout] Couldn't compile the test.
[INFO] [stdout] 
[INFO] [stdout] failures:
[INFO] [stdout]     src/gpio/dynpin.rs - gpio::dynpin (line 17)
[INFO] [stdout]     src/gpio/dynpin.rs - gpio::dynpin (line 25)
[INFO] [stdout]     src/gpio/dynpin.rs - gpio::dynpin (line 41)
[INFO] [stdout]     src/gpio/pin.rs - gpio::pin (line 22)
[INFO] [stdout]     src/gpio/pin.rs - gpio::pin (line 52)
[INFO] [stdout]     src/gpio/pin.rs - gpio::pin (line 59)
[INFO] [stdout] 
[INFO] [stdout] test result: FAILED. 0 passed; 6 failed; 2 ignored; 0 measured; 0 filtered out; finished in 0.20s
[INFO] [stdout] 
[INFO] [stderr] error: doctest failed, to rerun pass `--doc`
[INFO] running `Command { std: "docker" "inspect" "422ef4d390b72988a54b4a403a96b580ade8f52abd61b7ce93bd9035325c97d2", kill_on_drop: false }`
[INFO] running `Command { std: "docker" "rm" "-f" "422ef4d390b72988a54b4a403a96b580ade8f52abd61b7ce93bd9035325c97d2", kill_on_drop: false }`
[INFO] [stdout] 422ef4d390b72988a54b4a403a96b580ade8f52abd61b7ce93bd9035325c97d2
