[INFO] fetching crate utf8-parser 0.1.0...
[INFO] testing utf8-parser-0.1.0 against 1.83.0 for beta-1.84.0-4-retry
[INFO] extracting crate utf8-parser 0.1.0 into /workspace/builds/worker-7-tc1/source
[INFO] validating manifest of crates.io crate utf8-parser 0.1.0 on toolchain 1.83.0
[INFO] running `Command { std: CARGO_HOME="/workspace/cargo-home" RUSTUP_HOME="/workspace/rustup-home" "/workspace/cargo-home/bin/cargo" "+1.83.0" "metadata" "--manifest-path" "Cargo.toml" "--no-deps", kill_on_drop: false }`
[INFO] started tweaking crates.io crate utf8-parser 0.1.0
[INFO] finished tweaking crates.io crate utf8-parser 0.1.0
[INFO] tweaked toml for crates.io crate utf8-parser 0.1.0 written to /workspace/builds/worker-7-tc1/source/Cargo.toml
[INFO] running `Command { std: CARGO_HOME="/workspace/cargo-home" RUSTUP_HOME="/workspace/rustup-home" "/workspace/cargo-home/bin/cargo" "+1.83.0" "generate-lockfile" "--manifest-path" "Cargo.toml", kill_on_drop: false }`
[INFO] [stderr]     Updating crates.io index
[INFO] [stderr]      Locking 15 packages to latest compatible versions
[INFO] running `Command { std: CARGO_HOME="/workspace/cargo-home" RUSTUP_HOME="/workspace/rustup-home" "/workspace/cargo-home/bin/cargo" "+1.83.0" "fetch" "--manifest-path" "Cargo.toml", kill_on_drop: false }`
[INFO] running `Command { std: "docker" "create" "-v" "/var/lib/crater-agent-workspace/builds/worker-7-tc1/target:/opt/rustwide/target:rw,Z" "-v" "/var/lib/crater-agent-workspace/builds/worker-7-tc1/source:/opt/rustwide/workdir:ro,Z" "-v" "/var/lib/crater-agent-workspace/cargo-home:/opt/rustwide/cargo-home:ro,Z" "-v" "/var/lib/crater-agent-workspace/rustup-home:/opt/rustwide/rustup-home:ro,Z" "-e" "SOURCE_DIR=/opt/rustwide/workdir" "-e" "CARGO_TARGET_DIR=/opt/rustwide/target" "-e" "CARGO_HOME=/opt/rustwide/cargo-home" "-e" "RUSTUP_HOME=/opt/rustwide/rustup-home" "-w" "/opt/rustwide/workdir" "-m" "1610612736" "--user" "0:0" "--network" "none" "ghcr.io/rust-lang/crates-build-env/linux@sha256:f3a9d4ad9d972b27faf3965f35b62e55ba32bbce8f20bc8fe909558a86702fde" "/opt/rustwide/cargo-home/bin/cargo" "+1.83.0" "metadata" "--no-deps" "--format-version=1", kill_on_drop: false }`
[INFO] [stdout] df6d713a2124f6d13f5caea7e43abc4d0a257eb657486242b53c47b02e26ca10
[INFO] running `Command { std: "docker" "start" "-a" "df6d713a2124f6d13f5caea7e43abc4d0a257eb657486242b53c47b02e26ca10", kill_on_drop: false }`
[INFO] running `Command { std: "docker" "inspect" "df6d713a2124f6d13f5caea7e43abc4d0a257eb657486242b53c47b02e26ca10", kill_on_drop: false }`
[INFO] running `Command { std: "docker" "rm" "-f" "df6d713a2124f6d13f5caea7e43abc4d0a257eb657486242b53c47b02e26ca10", kill_on_drop: false }`
[INFO] [stdout] df6d713a2124f6d13f5caea7e43abc4d0a257eb657486242b53c47b02e26ca10
[INFO] running `Command { std: "docker" "create" "-v" "/var/lib/crater-agent-workspace/builds/worker-7-tc1/target:/opt/rustwide/target:rw,Z" "-v" "/var/lib/crater-agent-workspace/builds/worker-7-tc1/source:/opt/rustwide/workdir:ro,Z" "-v" "/var/lib/crater-agent-workspace/cargo-home:/opt/rustwide/cargo-home:ro,Z" "-v" "/var/lib/crater-agent-workspace/rustup-home:/opt/rustwide/rustup-home:ro,Z" "-e" "SOURCE_DIR=/opt/rustwide/workdir" "-e" "CARGO_TARGET_DIR=/opt/rustwide/target" "-e" "CARGO_INCREMENTAL=0" "-e" "RUST_BACKTRACE=full" "-e" "RUSTFLAGS=--cap-lints=warn" "-e" "RUSTDOCFLAGS=--cap-lints=warn" "-e" "CARGO_HOME=/opt/rustwide/cargo-home" "-e" "RUSTUP_HOME=/opt/rustwide/rustup-home" "-w" "/opt/rustwide/workdir" "-m" "1610612736" "--user" "0:0" "--network" "none" "ghcr.io/rust-lang/crates-build-env/linux@sha256:f3a9d4ad9d972b27faf3965f35b62e55ba32bbce8f20bc8fe909558a86702fde" "/opt/rustwide/cargo-home/bin/cargo" "+1.83.0" "build" "--frozen" "--message-format=json", kill_on_drop: false }`
[INFO] [stdout] df20f4126a9ed51d2aacb79a9f07efe309bf4bdec69c9dd1d8daf51460bdc754
[INFO] running `Command { std: "docker" "start" "-a" "df20f4126a9ed51d2aacb79a9f07efe309bf4bdec69c9dd1d8daf51460bdc754", kill_on_drop: false }`
[INFO] [stderr]    Compiling utf8-parser v0.1.0 (/opt/rustwide/workdir)
[INFO] [stderr]     Finished `dev` profile [unoptimized + debuginfo] target(s) in 0.27s
[INFO] running `Command { std: "docker" "inspect" "df20f4126a9ed51d2aacb79a9f07efe309bf4bdec69c9dd1d8daf51460bdc754", kill_on_drop: false }`
[INFO] running `Command { std: "docker" "rm" "-f" "df20f4126a9ed51d2aacb79a9f07efe309bf4bdec69c9dd1d8daf51460bdc754", kill_on_drop: false }`
[INFO] [stdout] df20f4126a9ed51d2aacb79a9f07efe309bf4bdec69c9dd1d8daf51460bdc754
[INFO] running `Command { std: "docker" "create" "-v" "/var/lib/crater-agent-workspace/builds/worker-7-tc1/target:/opt/rustwide/target:rw,Z" "-v" "/var/lib/crater-agent-workspace/builds/worker-7-tc1/source:/opt/rustwide/workdir:ro,Z" "-v" "/var/lib/crater-agent-workspace/cargo-home:/opt/rustwide/cargo-home:ro,Z" "-v" "/var/lib/crater-agent-workspace/rustup-home:/opt/rustwide/rustup-home:ro,Z" "-e" "SOURCE_DIR=/opt/rustwide/workdir" "-e" "CARGO_TARGET_DIR=/opt/rustwide/target" "-e" "CARGO_INCREMENTAL=0" "-e" "RUST_BACKTRACE=full" "-e" "RUSTFLAGS=--cap-lints=warn" "-e" "RUSTDOCFLAGS=--cap-lints=warn" "-e" "CARGO_HOME=/opt/rustwide/cargo-home" "-e" "RUSTUP_HOME=/opt/rustwide/rustup-home" "-w" "/opt/rustwide/workdir" "-m" "1610612736" "--user" "0:0" "--network" "none" "ghcr.io/rust-lang/crates-build-env/linux@sha256:f3a9d4ad9d972b27faf3965f35b62e55ba32bbce8f20bc8fe909558a86702fde" "/opt/rustwide/cargo-home/bin/cargo" "+1.83.0" "test" "--frozen" "--no-run" "--message-format=json", kill_on_drop: false }`
[INFO] [stdout] 0601e53e57c4fe74ae763b8e03ec56dd5cfa7f011161ad0a2bf286a7c35d2104
[INFO] running `Command { std: "docker" "start" "-a" "0601e53e57c4fe74ae763b8e03ec56dd5cfa7f011161ad0a2bf286a7c35d2104", kill_on_drop: false }`
[INFO] [stderr]    Compiling proc-macro2 v1.0.92
[INFO] [stderr]    Compiling unicode-ident v1.0.14
[INFO] [stderr]    Compiling libc v0.2.168
[INFO] [stderr]    Compiling cfg-if v1.0.0
[INFO] [stderr]    Compiling byteorder v1.5.0
[INFO] [stderr]    Compiling quote v1.0.37
[INFO] [stderr]    Compiling getrandom v0.2.15
[INFO] [stderr]    Compiling syn v2.0.90
[INFO] [stderr]    Compiling rand_core v0.6.4
[INFO] [stderr]    Compiling zerocopy-derive v0.7.35
[INFO] [stderr]    Compiling zerocopy v0.7.35
[INFO] [stderr]    Compiling ppv-lite86 v0.2.20
[INFO] [stderr]    Compiling rand_chacha v0.3.1
[INFO] [stderr]    Compiling rand v0.8.5
[INFO] [stderr]    Compiling utf8-parser v0.1.0 (/opt/rustwide/workdir)
[INFO] [stderr]     Finished `test` profile [unoptimized + debuginfo] target(s) in 9.40s
[INFO] running `Command { std: "docker" "inspect" "0601e53e57c4fe74ae763b8e03ec56dd5cfa7f011161ad0a2bf286a7c35d2104", kill_on_drop: false }`
[INFO] running `Command { std: "docker" "rm" "-f" "0601e53e57c4fe74ae763b8e03ec56dd5cfa7f011161ad0a2bf286a7c35d2104", kill_on_drop: false }`
[INFO] [stdout] 0601e53e57c4fe74ae763b8e03ec56dd5cfa7f011161ad0a2bf286a7c35d2104
[INFO] running `Command { std: "docker" "create" "-v" "/var/lib/crater-agent-workspace/builds/worker-7-tc1/target:/opt/rustwide/target:rw,Z" "-v" "/var/lib/crater-agent-workspace/builds/worker-7-tc1/source:/opt/rustwide/workdir:ro,Z" "-v" "/var/lib/crater-agent-workspace/cargo-home:/opt/rustwide/cargo-home:ro,Z" "-v" "/var/lib/crater-agent-workspace/rustup-home:/opt/rustwide/rustup-home:ro,Z" "-e" "SOURCE_DIR=/opt/rustwide/workdir" "-e" "CARGO_TARGET_DIR=/opt/rustwide/target" "-e" "CARGO_INCREMENTAL=0" "-e" "RUST_BACKTRACE=full" "-e" "RUSTFLAGS=--cap-lints=warn" "-e" "RUSTDOCFLAGS=--cap-lints=warn" "-e" "CARGO_HOME=/opt/rustwide/cargo-home" "-e" "RUSTUP_HOME=/opt/rustwide/rustup-home" "-w" "/opt/rustwide/workdir" "-m" "1610612736" "--user" "0:0" "--network" "none" "ghcr.io/rust-lang/crates-build-env/linux@sha256:f3a9d4ad9d972b27faf3965f35b62e55ba32bbce8f20bc8fe909558a86702fde" "/opt/rustwide/cargo-home/bin/cargo" "+1.83.0" "test" "--frozen", kill_on_drop: false }`
[INFO] [stdout] 4538c70ada84589a02ecdfd729c80d79871a33364c1644003e7595491cd8de77
[INFO] running `Command { std: "docker" "start" "-a" "4538c70ada84589a02ecdfd729c80d79871a33364c1644003e7595491cd8de77", kill_on_drop: false }`
[INFO] [stderr]     Finished `test` profile [unoptimized + debuginfo] target(s) in 0.03s
[INFO] [stderr]      Running unittests src/lib.rs (/opt/rustwide/target/debug/deps/utf8_parser-b495b813d2492777)
[INFO] [stdout] 
[INFO] [stdout] running 8 tests
[INFO] [stdout] test tests::basic ... ok
[INFO] [stdout] test tests::conversion ... ok
[INFO] [stdout] test tests::error_on_overlong_encodings ... ok
[INFO] [stdout] test tests::parse_ascii_stream ... ok
[INFO] [stdout] test tests::parse_emoji_stream ... ok
[INFO] [stdout] test tests::reset_state_after_error ... ok
[INFO] [stdout] test tests::random_ascii_dont_error ... ok
[INFO] [stdout] test tests::random_input_dont_panic ... ok
[INFO] [stdout] 
[INFO] [stdout] test result: ok. 8 passed; 0 failed; 0 ignored; 0 measured; 0 filtered out; finished in 0.57s
[INFO] [stdout] 
[INFO] [stderr]    Doc-tests utf8_parser
[INFO] [stdout] 
[INFO] [stdout] running 3 tests
[INFO] [stdout] test src/lib.rs - Utf8ByteType (line 21) ... FAILED
[INFO] [stdout] test src/lib.rs - Utf8Parser (line 149) ... FAILED
[INFO] [stdout] test src/../README.md - (line 12) ... ok
[INFO] [stdout] 
[INFO] [stdout] failures:
[INFO] [stdout] 
[INFO] [stdout] ---- src/lib.rs - Utf8ByteType (line 21) stdout ----
[INFO] [stdout] error[E0601]: `main` function not found in crate `rust_out`
[INFO] [stdout]   --> src/lib.rs:33:2
[INFO] [stdout]    |
[INFO] [stdout] 14 | }
[INFO] [stdout]    |  ^ consider adding a `main` function to `src/lib.rs`
[INFO] [stdout] 
[INFO] [stdout] error: aborting due to 1 previous error
[INFO] [stdout] 
[INFO] [stdout] For more information about this error, try `rustc --explain E0601`.
[INFO] [stdout] Couldn't compile the test.
[INFO] [stdout] ---- src/lib.rs - Utf8Parser (line 149) stdout ----
[INFO] [stdout] error[E0601]: `main` function not found in crate `rust_out`
[INFO] [stdout]   --> src/lib.rs:162:2
[INFO] [stdout]    |
[INFO] [stdout] 15 | }
[INFO] [stdout]    |  ^ consider adding a `main` function to `src/lib.rs`
[INFO] [stdout] 
[INFO] [stdout] error: aborting due to 1 previous error
[INFO] [stdout] 
[INFO] [stdout] For more information about this error, try `rustc --explain E0601`.
[INFO] [stdout] Couldn't compile the test.
[INFO] [stdout] 
[INFO] [stdout] failures:
[INFO] [stdout]     src/lib.rs - Utf8ByteType (line 21)
[INFO] [stdout]     src/lib.rs - Utf8Parser (line 149)
[INFO] [stdout] 
[INFO] [stdout] test result: FAILED. 1 passed; 2 failed; 0 ignored; 0 measured; 0 filtered out; finished in 0.30s
[INFO] [stdout] 
[INFO] [stderr] error: doctest failed, to rerun pass `--doc`
[INFO] running `Command { std: "docker" "inspect" "4538c70ada84589a02ecdfd729c80d79871a33364c1644003e7595491cd8de77", kill_on_drop: false }`
[INFO] running `Command { std: "docker" "rm" "-f" "4538c70ada84589a02ecdfd729c80d79871a33364c1644003e7595491cd8de77", kill_on_drop: false }`
[INFO] [stdout] 4538c70ada84589a02ecdfd729c80d79871a33364c1644003e7595491cd8de77
