[INFO] fetching crate utapi-rs 0.1.2...
[INFO] testing utapi-rs-0.1.2 against beta-2024-12-08 for beta-1.84.0-4-retry
[INFO] extracting crate utapi-rs 0.1.2 into /workspace/builds/worker-3-tc2/source
[INFO] validating manifest of crates.io crate utapi-rs 0.1.2 on toolchain beta-2024-12-08
[INFO] running `Command { std: CARGO_HOME="/workspace/cargo-home" RUSTUP_HOME="/workspace/rustup-home" "/workspace/cargo-home/bin/cargo" "+beta-2024-12-08" "metadata" "--manifest-path" "Cargo.toml" "--no-deps", kill_on_drop: false }`
[INFO] started tweaking crates.io crate utapi-rs 0.1.2
[INFO] finished tweaking crates.io crate utapi-rs 0.1.2
[INFO] tweaked toml for crates.io crate utapi-rs 0.1.2 written to /workspace/builds/worker-3-tc2/source/Cargo.toml
[INFO] running `Command { std: CARGO_HOME="/workspace/cargo-home" RUSTUP_HOME="/workspace/rustup-home" "/workspace/cargo-home/bin/cargo" "+beta-2024-12-08" "generate-lockfile" "--manifest-path" "Cargo.toml", kill_on_drop: false }`
[INFO] [stderr]     Updating crates.io index
[INFO] [stderr]      Locking 184 packages to latest compatible versions
[INFO] [stderr]       Adding reqwest v0.11.27 (available: v0.12.9)
[INFO] running `Command { std: CARGO_HOME="/workspace/cargo-home" RUSTUP_HOME="/workspace/rustup-home" "/workspace/cargo-home/bin/cargo" "+beta-2024-12-08" "fetch" "--manifest-path" "Cargo.toml", kill_on_drop: false }`
[INFO] running `Command { std: "docker" "create" "-v" "/var/lib/crater-agent-workspace/builds/worker-3-tc2/target:/opt/rustwide/target:rw,Z" "-v" "/var/lib/crater-agent-workspace/builds/worker-3-tc2/source:/opt/rustwide/workdir:ro,Z" "-v" "/var/lib/crater-agent-workspace/cargo-home:/opt/rustwide/cargo-home:ro,Z" "-v" "/var/lib/crater-agent-workspace/rustup-home:/opt/rustwide/rustup-home:ro,Z" "-e" "SOURCE_DIR=/opt/rustwide/workdir" "-e" "CARGO_TARGET_DIR=/opt/rustwide/target" "-e" "CARGO_HOME=/opt/rustwide/cargo-home" "-e" "RUSTUP_HOME=/opt/rustwide/rustup-home" "-w" "/opt/rustwide/workdir" "-m" "1610612736" "--user" "0:0" "--network" "none" "ghcr.io/rust-lang/crates-build-env/linux@sha256:f3a9d4ad9d972b27faf3965f35b62e55ba32bbce8f20bc8fe909558a86702fde" "/opt/rustwide/cargo-home/bin/cargo" "+beta-2024-12-08" "metadata" "--no-deps" "--format-version=1", kill_on_drop: false }`
[INFO] [stdout] c8d01cba8bddeed7e26b4017dde15780561e4c096832a3ca909af26d30eb6129
[INFO] running `Command { std: "docker" "start" "-a" "c8d01cba8bddeed7e26b4017dde15780561e4c096832a3ca909af26d30eb6129", kill_on_drop: false }`
[INFO] running `Command { std: "docker" "inspect" "c8d01cba8bddeed7e26b4017dde15780561e4c096832a3ca909af26d30eb6129", kill_on_drop: false }`
[INFO] running `Command { std: "docker" "rm" "-f" "c8d01cba8bddeed7e26b4017dde15780561e4c096832a3ca909af26d30eb6129", kill_on_drop: false }`
[INFO] [stdout] c8d01cba8bddeed7e26b4017dde15780561e4c096832a3ca909af26d30eb6129
[INFO] running `Command { std: "docker" "create" "-v" "/var/lib/crater-agent-workspace/builds/worker-3-tc2/target:/opt/rustwide/target:rw,Z" "-v" "/var/lib/crater-agent-workspace/builds/worker-3-tc2/source:/opt/rustwide/workdir:ro,Z" "-v" "/var/lib/crater-agent-workspace/cargo-home:/opt/rustwide/cargo-home:ro,Z" "-v" "/var/lib/crater-agent-workspace/rustup-home:/opt/rustwide/rustup-home:ro,Z" "-e" "SOURCE_DIR=/opt/rustwide/workdir" "-e" "CARGO_TARGET_DIR=/opt/rustwide/target" "-e" "CARGO_INCREMENTAL=0" "-e" "RUST_BACKTRACE=full" "-e" "RUSTFLAGS=--cap-lints=warn" "-e" "RUSTDOCFLAGS=--cap-lints=warn" "-e" "CARGO_HOME=/opt/rustwide/cargo-home" "-e" "RUSTUP_HOME=/opt/rustwide/rustup-home" "-w" "/opt/rustwide/workdir" "-m" "1610612736" "--user" "0:0" "--network" "none" "ghcr.io/rust-lang/crates-build-env/linux@sha256:f3a9d4ad9d972b27faf3965f35b62e55ba32bbce8f20bc8fe909558a86702fde" "/opt/rustwide/cargo-home/bin/cargo" "+beta-2024-12-08" "build" "--frozen" "--message-format=json", kill_on_drop: false }`
[INFO] [stdout] f4acd309ba6910e4a78378521ef6e7fa122ae4167b828c097634a83e54a638b7
[INFO] running `Command { std: "docker" "start" "-a" "f4acd309ba6910e4a78378521ef6e7fa122ae4167b828c097634a83e54a638b7", kill_on_drop: false }`
[INFO] [stderr]    Compiling proc-macro2 v1.0.92
[INFO] [stderr]    Compiling unicode-ident v1.0.14
[INFO] [stderr]    Compiling libc v0.2.168
[INFO] [stderr]    Compiling cfg-if v1.0.0
[INFO] [stderr]    Compiling shlex v1.3.0
[INFO] [stderr]    Compiling autocfg v1.4.0
[INFO] [stderr]    Compiling smallvec v1.13.2
[INFO] [stderr]    Compiling pin-project-lite v0.2.15
[INFO] [stderr]    Compiling stable_deref_trait v1.2.0
[INFO] [stderr]    Compiling parking_lot_core v0.9.10
[INFO] [stderr]    Compiling bytes v1.9.0
[INFO] [stderr]    Compiling scopeguard v1.2.0
[INFO] [stderr]    Compiling futures-core v0.3.31
[INFO] [stderr]    Compiling once_cell v1.20.2
[INFO] [stderr]    Compiling pkg-config v0.3.31
[INFO] [stderr]    Compiling vcpkg v0.2.15
[INFO] [stderr]    Compiling futures-sink v0.3.31
[INFO] [stderr]    Compiling memchr v2.7.4
[INFO] [stderr]    Compiling itoa v1.0.14
[INFO] [stderr]    Compiling litemap v0.7.4
[INFO] [stderr]    Compiling writeable v0.5.5
[INFO] [stderr]    Compiling futures-channel v0.3.31
[INFO] [stderr]    Compiling pin-utils v0.1.0
[INFO] [stderr]    Compiling cc v1.2.4
[INFO] [stderr]    Compiling futures-task v0.3.31
[INFO] [stderr]    Compiling futures-io v0.3.31
[INFO] [stderr]    Compiling icu_locid_transform_data v1.5.0
[INFO] [stderr]    Compiling spin v0.9.8
[INFO] [stderr]    Compiling fnv v1.0.7
[INFO] [stderr]    Compiling log v0.4.22
[INFO] [stderr]    Compiling untrusted v0.9.0
[INFO] [stderr]    Compiling tracing-core v0.1.33
[INFO] [stderr]    Compiling http v0.2.12
[INFO] [stderr]    Compiling httparse v1.9.5
[INFO] [stderr]    Compiling equivalent v1.0.1
[INFO] [stderr]    Compiling hashbrown v0.15.2
[INFO] [stderr]    Compiling openssl v0.10.68
[INFO] [stderr]    Compiling icu_properties_data v1.5.0
[INFO] [stderr]    Compiling foreign-types-shared v0.1.1
[INFO] [stderr]    Compiling serde v1.0.216
[INFO] [stderr]    Compiling lock_api v0.4.12
[INFO] [stderr]    Compiling slab v0.4.9
[INFO] [stderr]    Compiling tracing v0.1.41
[INFO] [stderr]    Compiling foreign-types v0.3.2
[INFO] [stderr]    Compiling icu_normalizer_data v1.5.0
[INFO] [stderr]    Compiling try-lock v0.2.5
[INFO] [stderr]    Compiling utf16_iter v1.0.5
[INFO] [stderr]    Compiling getrandom v0.2.15
[INFO] [stderr]    Compiling signal-hook-registry v1.4.2
[INFO] [stderr]    Compiling socket2 v0.5.8
[INFO] [stderr]    Compiling mio v1.0.3
[INFO] [stderr]    Compiling quote v1.0.37
[INFO] [stderr]    Compiling utf8_iter v1.0.4
[INFO] [stderr]    Compiling indexmap v2.7.0
[INFO] [stderr]    Compiling bitflags v2.6.0
[INFO] [stderr]    Compiling rustls v0.21.12
[INFO] [stderr]    Compiling syn v2.0.90
[INFO] [stderr]    Compiling parking_lot v0.12.3
[INFO] [stderr]    Compiling write16 v1.0.0
[INFO] [stderr]    Compiling native-tls v0.2.12
[INFO] [stderr]    Compiling want v0.3.1
[INFO] [stderr]    Compiling unicase v2.8.0
[INFO] [stderr]    Compiling percent-encoding v2.3.1
[INFO] [stderr]    Compiling tower-service v0.3.3
[INFO] [stderr]    Compiling byteorder v1.5.0
[INFO] [stderr]    Compiling openssl-probe v0.1.5
[INFO] [stderr]    Compiling httpdate v1.0.3
[INFO] [stderr]    Compiling ryu v1.0.18
[INFO] [stderr]    Compiling serde_json v1.0.133
[INFO] [stderr]    Compiling rand_core v0.6.4
[INFO] [stderr]    Compiling form_urlencoded v1.2.1
[INFO] [stderr]    Compiling base64 v0.21.7
[INFO] [stderr]    Compiling mime_guess v2.0.5
[INFO] [stderr]    Compiling anyhow v1.0.94
[INFO] [stderr]    Compiling mime v0.3.17
[INFO] [stderr]    Compiling encoding_rs v0.8.35
[INFO] [stderr]    Compiling webpki-roots v0.25.4
[INFO] [stderr]    Compiling sync_wrapper v0.1.2
[INFO] [stderr]    Compiling ipnet v2.10.1
[INFO] [stderr]    Compiling filesize v0.2.0
[INFO] [stderr]    Compiling rustls-pemfile v1.0.4
[INFO] [stderr]    Compiling http-body v0.4.6
[INFO] [stderr]    Compiling ring v0.17.8
[INFO] [stderr]    Compiling openssl-sys v0.9.104
[INFO] [stderr]    Compiling synstructure v0.13.1
[INFO] [stderr]    Compiling zerofrom-derive v0.1.5
[INFO] [stderr]    Compiling yoke-derive v0.7.5
[INFO] [stderr]    Compiling zerovec-derive v0.10.3
[INFO] [stderr]    Compiling displaydoc v0.2.5
[INFO] [stderr]    Compiling tokio-macros v2.4.0
[INFO] [stderr]    Compiling futures-macro v0.3.31
[INFO] [stderr]    Compiling icu_provider_macros v1.5.0
[INFO] [stderr]    Compiling serde_derive v1.0.216
[INFO] [stderr]    Compiling openssl-macros v0.1.1
[INFO] [stderr]    Compiling zerocopy-derive v0.7.35
[INFO] [stderr]    Compiling tokio v1.42.0
[INFO] [stderr]    Compiling zerocopy v0.7.35
[INFO] [stderr]    Compiling futures-util v0.3.31
[INFO] [stderr]    Compiling zerofrom v0.1.5
[INFO] [stderr]    Compiling yoke v0.7.5
[INFO] [stderr]    Compiling zerovec v0.10.4
[INFO] [stderr]    Compiling sct v0.7.1
[INFO] [stderr]    Compiling rustls-webpki v0.101.7
[INFO] [stderr]    Compiling ppv-lite86 v0.2.20
[INFO] [stderr]    Compiling rand_chacha v0.3.1
[INFO] [stderr]    Compiling tinystr v0.7.6
[INFO] [stderr]    Compiling icu_collections v1.5.0
[INFO] [stderr]    Compiling icu_locid v1.5.0
[INFO] [stderr]    Compiling rand v0.8.5
[INFO] [stderr]    Compiling icu_provider v1.5.0
[INFO] [stderr]    Compiling icu_locid_transform v1.5.0
[INFO] [stderr]    Compiling futures-executor v0.3.31
[INFO] [stderr]    Compiling futures v0.3.31
[INFO] [stderr]    Compiling icu_properties v1.5.1
[INFO] [stderr]    Compiling tokio-util v0.7.13
[INFO] [stderr]    Compiling tokio-rustls v0.24.1
[INFO] [stderr]    Compiling tokio-native-tls v0.3.1
[INFO] [stderr]    Compiling serde_urlencoded v0.7.1
[INFO] [stderr]    Compiling uuid v1.11.0
[INFO] [stderr]    Compiling h2 v0.3.26
[INFO] [stderr]    Compiling icu_normalizer v1.5.0
[INFO] [stderr]    Compiling idna_adapter v1.2.0
[INFO] [stderr]    Compiling idna v1.0.3
[INFO] [stderr]    Compiling url v2.5.4
[INFO] [stderr]    Compiling hyper v0.14.31
[INFO] [stderr]    Compiling hyper-tls v0.5.0
[INFO] [stderr]    Compiling hyper-rustls v0.24.2
[INFO] [stderr]    Compiling reqwest v0.11.27
[INFO] [stderr]    Compiling utapi-rs v0.1.2 (/opt/rustwide/workdir)
[INFO] [stderr]     Finished `dev` profile [unoptimized + debuginfo] target(s) in 35.87s
[INFO] running `Command { std: "docker" "inspect" "f4acd309ba6910e4a78378521ef6e7fa122ae4167b828c097634a83e54a638b7", kill_on_drop: false }`
[INFO] running `Command { std: "docker" "rm" "-f" "f4acd309ba6910e4a78378521ef6e7fa122ae4167b828c097634a83e54a638b7", kill_on_drop: false }`
[INFO] [stdout] f4acd309ba6910e4a78378521ef6e7fa122ae4167b828c097634a83e54a638b7
[INFO] running `Command { std: "docker" "create" "-v" "/var/lib/crater-agent-workspace/builds/worker-3-tc2/target:/opt/rustwide/target:rw,Z" "-v" "/var/lib/crater-agent-workspace/builds/worker-3-tc2/source:/opt/rustwide/workdir:ro,Z" "-v" "/var/lib/crater-agent-workspace/cargo-home:/opt/rustwide/cargo-home:ro,Z" "-v" "/var/lib/crater-agent-workspace/rustup-home:/opt/rustwide/rustup-home:ro,Z" "-e" "SOURCE_DIR=/opt/rustwide/workdir" "-e" "CARGO_TARGET_DIR=/opt/rustwide/target" "-e" "CARGO_INCREMENTAL=0" "-e" "RUST_BACKTRACE=full" "-e" "RUSTFLAGS=--cap-lints=warn" "-e" "RUSTDOCFLAGS=--cap-lints=warn" "-e" "CARGO_HOME=/opt/rustwide/cargo-home" "-e" "RUSTUP_HOME=/opt/rustwide/rustup-home" "-w" "/opt/rustwide/workdir" "-m" "1610612736" "--user" "0:0" "--network" "none" "ghcr.io/rust-lang/crates-build-env/linux@sha256:f3a9d4ad9d972b27faf3965f35b62e55ba32bbce8f20bc8fe909558a86702fde" "/opt/rustwide/cargo-home/bin/cargo" "+beta-2024-12-08" "test" "--frozen" "--no-run" "--message-format=json", kill_on_drop: false }`
[INFO] [stdout] 867f3bc9d1438232f8cd4c695a7fb16808faeb1d4f59f2e7da3bcfe5e0709cbd
[INFO] running `Command { std: "docker" "start" "-a" "867f3bc9d1438232f8cd4c695a7fb16808faeb1d4f59f2e7da3bcfe5e0709cbd", kill_on_drop: false }`
[INFO] [stderr]    Compiling utapi-rs v0.1.2 (/opt/rustwide/workdir)
[INFO] [stderr]     Finished `test` profile [unoptimized + debuginfo] target(s) in 1.26s
[INFO] running `Command { std: "docker" "inspect" "867f3bc9d1438232f8cd4c695a7fb16808faeb1d4f59f2e7da3bcfe5e0709cbd", kill_on_drop: false }`
[INFO] running `Command { std: "docker" "rm" "-f" "867f3bc9d1438232f8cd4c695a7fb16808faeb1d4f59f2e7da3bcfe5e0709cbd", kill_on_drop: false }`
[INFO] [stdout] 867f3bc9d1438232f8cd4c695a7fb16808faeb1d4f59f2e7da3bcfe5e0709cbd
[INFO] running `Command { std: "docker" "create" "-v" "/var/lib/crater-agent-workspace/builds/worker-3-tc2/target:/opt/rustwide/target:rw,Z" "-v" "/var/lib/crater-agent-workspace/builds/worker-3-tc2/source:/opt/rustwide/workdir:ro,Z" "-v" "/var/lib/crater-agent-workspace/cargo-home:/opt/rustwide/cargo-home:ro,Z" "-v" "/var/lib/crater-agent-workspace/rustup-home:/opt/rustwide/rustup-home:ro,Z" "-e" "SOURCE_DIR=/opt/rustwide/workdir" "-e" "CARGO_TARGET_DIR=/opt/rustwide/target" "-e" "CARGO_INCREMENTAL=0" "-e" "RUST_BACKTRACE=full" "-e" "RUSTFLAGS=--cap-lints=warn" "-e" "RUSTDOCFLAGS=--cap-lints=warn" "-e" "CARGO_HOME=/opt/rustwide/cargo-home" "-e" "RUSTUP_HOME=/opt/rustwide/rustup-home" "-w" "/opt/rustwide/workdir" "-m" "1610612736" "--user" "0:0" "--network" "none" "ghcr.io/rust-lang/crates-build-env/linux@sha256:f3a9d4ad9d972b27faf3965f35b62e55ba32bbce8f20bc8fe909558a86702fde" "/opt/rustwide/cargo-home/bin/cargo" "+beta-2024-12-08" "test" "--frozen", kill_on_drop: false }`
[INFO] [stdout] 4e293b1a519c5dd711d7869b640c83ef372d59185539bd8d7ac75cbb35d49eeb
[INFO] running `Command { std: "docker" "start" "-a" "4e293b1a519c5dd711d7869b640c83ef372d59185539bd8d7ac75cbb35d49eeb", kill_on_drop: false }`
[INFO] [stderr]     Finished `test` profile [unoptimized + debuginfo] target(s) in 0.17s
[INFO] [stderr]      Running unittests src/lib.rs (/opt/rustwide/target/debug/deps/utapi_rs-ec3f6d7cf146999f)
[INFO] [stdout] 
[INFO] [stderr]    Doc-tests utapi_rs
[INFO] [stdout] running 0 tests
[INFO] [stdout] 
[INFO] [stdout] test result: ok. 0 passed; 0 failed; 0 ignored; 0 measured; 0 filtered out; finished in 0.00s
[INFO] [stdout] 
[INFO] [stdout] 
[INFO] [stdout] running 14 tests
[INFO] [stdout] test src/config.rs - config::UploadthingConfigBuilder::user_agent (line 269) ... FAILED
[INFO] [stdout] test src/utapi.rs - utapi::UtApi::new (line 51) ... FAILED
[INFO] [stdout] test src/config.rs - config::UploadthingConfig::builder (line 174) ... FAILED
[INFO] [stdout] test src/config.rs - config::UploadthingConfigBuilder::api_key (line 293) ... FAILED
[INFO] [stdout] test src/config.rs - config::UploadthingConfigBuilder::host (line 253) ... FAILED
[INFO] [stdout] test src/config.rs - config::UploadthingConfig::default (line 204) ... FAILED
[INFO] [stdout] test src/config.rs - config::ApiKey::default (line 83) ... FAILED
[INFO] [stdout] test src/config.rs - config::ApiKey::fmt (line 137) ... FAILED
[INFO] [stdout] test src/utapi.rs - utapi::UtApi::from_config (line 94) ... FAILED
[INFO] [stdout] test src/config.rs - config::UploadthingConfigBuilder::version (line 316) ... FAILED
[INFO] [stdout] test src/config.rs - config::ApiKey::from_str (line 106) ... FAILED
[INFO] [stdout] test src/config.rs - config::UploadthingConfigBuilder::build (line 330) ... FAILED
[INFO] [stdout] test src/config.rs - config::UploadthingConfig::new (line 158) ... FAILED
[INFO] [stdout] test src/config.rs - config::ApiKey::from_env (line 56) ... FAILED
[INFO] [stdout] 
[INFO] [stdout] failures:
[INFO] [stdout] 
[INFO] [stdout] ---- src/config.rs - config::UploadthingConfigBuilder::user_agent (line 269) stdout ----
[INFO] [stdout] error[E0433]: failed to resolve: use of undeclared type `UploadthingConfigBuilder`
[INFO] [stdout]  --> src/config.rs:270:15
[INFO] [stdout]   |
[INFO] [stdout] 3 | let builder = UploadthingConfigBuilder::new().user_agent("MyUploader/1.0");
[INFO] [stdout]   |               ^^^^^^^^^^^^^^^^^^^^^^^^ use of undeclared type `UploadthingConfigBuilder`
[INFO] [stdout]   |
[INFO] [stdout] help: consider importing this struct
[INFO] [stdout]   |
[INFO] [stdout] 2 + use utapi_rs::config::UploadthingConfigBuilder;
[INFO] [stdout]   |
[INFO] [stdout] 
[INFO] [stdout] error: aborting due to 1 previous error
[INFO] [stdout] 
[INFO] [stdout] For more information about this error, try `rustc --explain E0433`.
[INFO] [stdout] Couldn't compile the test.
[INFO] [stdout] ---- src/utapi.rs - utapi::UtApi::new (line 51) stdout ----
[INFO] [stdout] error[E0433]: failed to resolve: use of undeclared type `UtApi`
[INFO] [stdout]  --> src/utapi.rs:53:20
[INFO] [stdout]   |
[INFO] [stdout] 4 | let api_with_key = UtApi::new(Some("your_api_key".to_string()));
[INFO] [stdout]   |                    ^^^^^ use of undeclared type `UtApi`
[INFO] [stdout]   |
[INFO] [stdout] help: consider importing this struct
[INFO] [stdout]   |
[INFO] [stdout] 3 + use utapi_rs::UtApi;
[INFO] [stdout]   |
[INFO] [stdout] 
[INFO] [stdout] error[E0433]: failed to resolve: use of undeclared type `UtApi`
[INFO] [stdout]  --> src/utapi.rs:56:24
[INFO] [stdout]   |
[INFO] [stdout] 7 | let api_with_env_key = UtApi::new(None);
[INFO] [stdout]   |                        ^^^^^ use of undeclared type `UtApi`
[INFO] [stdout]   |
[INFO] [stdout] help: consider importing this struct
[INFO] [stdout]   |
[INFO] [stdout] 3 + use utapi_rs::UtApi;
[INFO] [stdout]   |
[INFO] [stdout] 
[INFO] [stdout] error: aborting due to 2 previous errors
[INFO] [stdout] 
[INFO] [stdout] For more information about this error, try `rustc --explain E0433`.
[INFO] [stdout] Couldn't compile the test.
[INFO] [stdout] ---- src/config.rs - config::UploadthingConfig::builder (line 174) stdout ----
[INFO] [stdout] error[E0433]: failed to resolve: use of undeclared type `UploadthingConfig`
[INFO] [stdout]  --> src/config.rs:175:15
[INFO] [stdout]   |
[INFO] [stdout] 3 | let builder = UploadthingConfig::builder();
[INFO] [stdout]   |               ^^^^^^^^^^^^^^^^^ use of undeclared type `UploadthingConfig`
[INFO] [stdout]   |
[INFO] [stdout] help: consider importing this struct
[INFO] [stdout]   |
[INFO] [stdout] 2 + use utapi_rs::config::UploadthingConfig;
[INFO] [stdout]   |
[INFO] [stdout] 
[INFO] [stdout] error: aborting due to 1 previous error
[INFO] [stdout] 
[INFO] [stdout] For more information about this error, try `rustc --explain E0433`.
[INFO] [stdout] Couldn't compile the test.
[INFO] [stdout] ---- src/config.rs - config::UploadthingConfigBuilder::api_key (line 293) stdout ----
[INFO] [stdout] error[E0433]: failed to resolve: use of undeclared type `UploadthingConfigBuilder`
[INFO] [stdout]  --> src/config.rs:294:15
[INFO] [stdout]   |
[INFO] [stdout] 3 | let builder = UploadthingConfigBuilder::new().api_key("your_api_key");
[INFO] [stdout]   |               ^^^^^^^^^^^^^^^^^^^^^^^^ use of undeclared type `UploadthingConfigBuilder`
[INFO] [stdout]   |
[INFO] [stdout] help: consider importing this struct
[INFO] [stdout]   |
[INFO] [stdout] 2 + use utapi_rs::config::UploadthingConfigBuilder;
[INFO] [stdout]   |
[INFO] [stdout] 
[INFO] [stdout] error: aborting due to 1 previous error
[INFO] [stdout] 
[INFO] [stdout] For more information about this error, try `rustc --explain E0433`.
[INFO] [stdout] Couldn't compile the test.
[INFO] [stdout] ---- src/config.rs - config::UploadthingConfigBuilder::host (line 253) stdout ----
[INFO] [stdout] error[E0433]: failed to resolve: use of undeclared type `UploadthingConfigBuilder`
[INFO] [stdout]  --> src/config.rs:254:15
[INFO] [stdout]   |
[INFO] [stdout] 3 | let builder = UploadthingConfigBuilder::new().host("https://example.com");
[INFO] [stdout]   |               ^^^^^^^^^^^^^^^^^^^^^^^^ use of undeclared type `UploadthingConfigBuilder`
[INFO] [stdout]   |
[INFO] [stdout] help: consider importing this struct
[INFO] [stdout]   |
[INFO] [stdout] 2 + use utapi_rs::config::UploadthingConfigBuilder;
[INFO] [stdout]   |
[INFO] [stdout] 
[INFO] [stdout] error: aborting due to 1 previous error
[INFO] [stdout] 
[INFO] [stdout] For more information about this error, try `rustc --explain E0433`.
[INFO] [stdout] Couldn't compile the test.
[INFO] [stdout] ---- src/config.rs - config::UploadthingConfig::default (line 204) stdout ----
[INFO] [stdout] error[E0433]: failed to resolve: use of undeclared type `UploadthingConfig`
[INFO] [stdout]  --> src/config.rs:205:22
[INFO] [stdout]   |
[INFO] [stdout] 3 | let default_config = UploadthingConfig::default();
[INFO] [stdout]   |                      ^^^^^^^^^^^^^^^^^ use of undeclared type `UploadthingConfig`
[INFO] [stdout]   |
[INFO] [stdout] help: consider importing this struct
[INFO] [stdout]   |
[INFO] [stdout] 2 + use utapi_rs::config::UploadthingConfig;
[INFO] [stdout]   |
[INFO] [stdout] 
[INFO] [stdout] error: aborting due to 1 previous error
[INFO] [stdout] 
[INFO] [stdout] For more information about this error, try `rustc --explain E0433`.
[INFO] [stdout] Couldn't compile the test.
[INFO] [stdout] ---- src/config.rs - config::ApiKey::default (line 83) stdout ----
[INFO] [stdout] error[E0433]: failed to resolve: use of undeclared type `ApiKey`
[INFO] [stdout]  --> src/config.rs:85:15
[INFO] [stdout]   |
[INFO] [stdout] 4 | let api_key = ApiKey::default();
[INFO] [stdout]   |               ^^^^^^ use of undeclared type `ApiKey`
[INFO] [stdout]   |
[INFO] [stdout] help: consider importing this struct
[INFO] [stdout]   |
[INFO] [stdout] 3 + use utapi_rs::config::ApiKey;
[INFO] [stdout]   |
[INFO] [stdout] 
[INFO] [stdout] error: aborting due to 1 previous error
[INFO] [stdout] 
[INFO] [stdout] For more information about this error, try `rustc --explain E0433`.
[INFO] [stdout] Couldn't compile the test.
[INFO] [stdout] ---- src/config.rs - config::ApiKey::fmt (line 137) stdout ----
[INFO] [stdout] error[E0422]: cannot find struct, variant or union type `ApiKey` in this scope
[INFO] [stdout]  --> src/config.rs:138:15
[INFO] [stdout]   |
[INFO] [stdout] 3 | let api_key = ApiKey {
[INFO] [stdout]   |               ^^^^^^ not found in this scope
[INFO] [stdout]   |
[INFO] [stdout] help: consider importing this struct
[INFO] [stdout]   |
[INFO] [stdout] 2 + use utapi_rs::config::ApiKey;
[INFO] [stdout]   |
[INFO] [stdout] 
[INFO] [stdout] error: aborting due to 1 previous error
[INFO] [stdout] 
[INFO] [stdout] For more information about this error, try `rustc --explain E0422`.
[INFO] [stdout] Couldn't compile the test.
[INFO] [stdout] ---- src/utapi.rs - utapi::UtApi::from_config (line 94) stdout ----
[INFO] [stdout] error[E0433]: failed to resolve: use of undeclared type `UploadthingConfig`
[INFO] [stdout]  --> src/utapi.rs:95:14
[INFO] [stdout]   |
[INFO] [stdout] 3 | let config = UploadthingConfig::builder().api_key("your_api_key").build();
[INFO] [stdout]   |              ^^^^^^^^^^^^^^^^^ use of undeclared type `UploadthingConfig`
[INFO] [stdout]   |
[INFO] [stdout] help: consider importing this struct
[INFO] [stdout]   |
[INFO] [stdout] 2 + use utapi_rs::config::UploadthingConfig;
[INFO] [stdout]   |
[INFO] [stdout] 
[INFO] [stdout] error[E0433]: failed to resolve: use of undeclared type `UtApi`
[INFO] [stdout]  --> src/utapi.rs:96:11
[INFO] [stdout]   |
[INFO] [stdout] 4 | let api = UtApi::from_config(config);
[INFO] [stdout]   |           ^^^^^ use of undeclared type `UtApi`
[INFO] [stdout]   |
[INFO] [stdout] help: consider importing this struct
[INFO] [stdout]   |
[INFO] [stdout] 2 + use utapi_rs::UtApi;
[INFO] [stdout]   |
[INFO] [stdout] 
[INFO] [stdout] error: aborting due to 2 previous errors
[INFO] [stdout] 
[INFO] [stdout] For more information about this error, try `rustc --explain E0433`.
[INFO] [stdout] Couldn't compile the test.
[INFO] [stdout] ---- src/config.rs - config::UploadthingConfigBuilder::version (line 316) stdout ----
[INFO] [stdout] error[E0433]: failed to resolve: use of undeclared type `UploadthingConfigBuilder`
[INFO] [stdout]  --> src/config.rs:317:15
[INFO] [stdout]   |
[INFO] [stdout] 3 | let builder = UploadthingConfigBuilder::new().version("2.0.0");
[INFO] [stdout]   |               ^^^^^^^^^^^^^^^^^^^^^^^^ use of undeclared type `UploadthingConfigBuilder`
[INFO] [stdout]   |
[INFO] [stdout] help: consider importing this struct
[INFO] [stdout]   |
[INFO] [stdout] 2 + use utapi_rs::config::UploadthingConfigBuilder;
[INFO] [stdout]   |
[INFO] [stdout] 
[INFO] [stdout] error: aborting due to 1 previous error
[INFO] [stdout] 
[INFO] [stdout] For more information about this error, try `rustc --explain E0433`.
[INFO] [stdout] Couldn't compile the test.
[INFO] [stdout] ---- src/config.rs - config::ApiKey::from_str (line 106) stdout ----
[INFO] [stdout] error[E0412]: cannot find type `ApiKey` in this scope
[INFO] [stdout]  --> src/config.rs:107:14
[INFO] [stdout]   |
[INFO] [stdout] 3 | let api_key: ApiKey = "Bearer:secret123".parse().unwrap();
[INFO] [stdout]   |              ^^^^^^ not found in this scope
[INFO] [stdout]   |
[INFO] [stdout] help: consider importing this struct
[INFO] [stdout]   |
[INFO] [stdout] 2 + use utapi_rs::config::ApiKey;
[INFO] [stdout]   |
[INFO] [stdout] 
[INFO] [stdout] error[E0412]: cannot find type `ApiKey` in this scope
[INFO] [stdout]  --> src/config.rs:111:14
[INFO] [stdout]   |
[INFO] [stdout] 7 | let api_key: ApiKey = "secret123".parse().unwrap();
[INFO] [stdout]   |              ^^^^^^ not found in this scope
[INFO] [stdout]   |
[INFO] [stdout] help: consider importing this struct
[INFO] [stdout]   |
[INFO] [stdout] 2 + use utapi_rs::config::ApiKey;
[INFO] [stdout]   |
[INFO] [stdout] 
[INFO] [stdout] error: aborting due to 2 previous errors
[INFO] [stdout] 
[INFO] [stdout] For more information about this error, try `rustc --explain E0412`.
[INFO] [stdout] Couldn't compile the test.
[INFO] [stdout] ---- src/config.rs - config::UploadthingConfigBuilder::build (line 330) stdout ----
[INFO] [stdout] error[E0433]: failed to resolve: use of undeclared type `UploadthingConfigBuilder`
[INFO] [stdout]  --> src/config.rs:331:14
[INFO] [stdout]   |
[INFO] [stdout] 3 | let config = UploadthingConfigBuilder::new()
[INFO] [stdout]   |              ^^^^^^^^^^^^^^^^^^^^^^^^ use of undeclared type `UploadthingConfigBuilder`
[INFO] [stdout]   |
[INFO] [stdout] help: consider importing this struct
[INFO] [stdout]   |
[INFO] [stdout] 2 + use utapi_rs::config::UploadthingConfigBuilder;
[INFO] [stdout]   |
[INFO] [stdout] 
[INFO] [stdout] error: aborting due to 1 previous error
[INFO] [stdout] 
[INFO] [stdout] For more information about this error, try `rustc --explain E0433`.
[INFO] [stdout] Couldn't compile the test.
[INFO] [stdout] ---- src/config.rs - config::UploadthingConfig::new (line 158) stdout ----
[INFO] [stdout] error[E0433]: failed to resolve: use of undeclared type `UploadthingConfig`
[INFO] [stdout]  --> src/config.rs:159:14
[INFO] [stdout]   |
[INFO] [stdout] 3 | let config = UploadthingConfig::new();
[INFO] [stdout]   |              ^^^^^^^^^^^^^^^^^ use of undeclared type `UploadthingConfig`
[INFO] [stdout]   |
[INFO] [stdout] help: consider importing this struct
[INFO] [stdout]   |
[INFO] [stdout] 2 + use utapi_rs::config::UploadthingConfig;
[INFO] [stdout]   |
[INFO] [stdout] 
[INFO] [stdout] error: aborting due to 1 previous error
[INFO] [stdout] 
[INFO] [stdout] For more information about this error, try `rustc --explain E0433`.
[INFO] [stdout] Couldn't compile the test.
[INFO] [stdout] ---- src/config.rs - config::ApiKey::from_env (line 56) stdout ----
[INFO] [stdout] error[E0433]: failed to resolve: use of undeclared type `ApiKey`
[INFO] [stdout]  --> src/config.rs:58:15
[INFO] [stdout]   |
[INFO] [stdout] 4 | let api_key = ApiKey::from_env().unwrap();
[INFO] [stdout]   |               ^^^^^^ use of undeclared type `ApiKey`
[INFO] [stdout]   |
[INFO] [stdout] help: consider importing this struct
[INFO] [stdout]   |
[INFO] [stdout] 3 + use utapi_rs::config::ApiKey;
[INFO] [stdout]   |
[INFO] [stdout] 
[INFO] [stdout] error: aborting due to 1 previous error
[INFO] [stdout] 
[INFO] [stdout] For more information about this error, try `rustc --explain E0433`.
[INFO] [stdout] Couldn't compile the test.
[INFO] [stdout] 
[INFO] [stdout] failures:
[INFO] [stdout]     src/config.rs - config::ApiKey::default (line 83)
[INFO] [stdout]     src/config.rs - config::ApiKey::fmt (line 137)
[INFO] [stdout]     src/config.rs - config::ApiKey::from_env (line 56)
[INFO] [stdout]     src/config.rs - config::ApiKey::from_str (line 106)
[INFO] [stdout]     src/config.rs - config::UploadthingConfig::builder (line 174)
[INFO] [stdout]     src/config.rs - config::UploadthingConfig::default (line 204)
[INFO] [stdout]     src/config.rs - config::UploadthingConfig::new (line 158)
[INFO] [stdout]     src/config.rs - config::UploadthingConfigBuilder::api_key (line 293)
[INFO] [stdout]     src/config.rs - config::UploadthingConfigBuilder::build (line 330)
[INFO] [stdout]     src/config.rs - config::UploadthingConfigBuilder::host (line 253)
[INFO] [stdout]     src/config.rs - config::UploadthingConfigBuilder::user_agent (line 269)
[INFO] [stdout]     src/config.rs - config::UploadthingConfigBuilder::version (line 316)
[INFO] [stdout]     src/utapi.rs - utapi::UtApi::from_config (line 94)
[INFO] [stdout]     src/utapi.rs - utapi::UtApi::new (line 51)
[INFO] [stdout] 
[INFO] [stdout] test result: FAILED. 0 passed; 14 failed; 0 ignored; 0 measured; 0 filtered out; finished in 0.46s
[INFO] [stdout] 
[INFO] [stderr] error: doctest failed, to rerun pass `--doc`
[INFO] running `Command { std: "docker" "inspect" "4e293b1a519c5dd711d7869b640c83ef372d59185539bd8d7ac75cbb35d49eeb", kill_on_drop: false }`
[INFO] running `Command { std: "docker" "rm" "-f" "4e293b1a519c5dd711d7869b640c83ef372d59185539bd8d7ac75cbb35d49eeb", kill_on_drop: false }`
[INFO] [stdout] 4e293b1a519c5dd711d7869b640c83ef372d59185539bd8d7ac75cbb35d49eeb
