[INFO] fetching crate username 0.2.0...
[INFO] testing username-0.2.0 against 1.83.0 for beta-1.84.0-4-retry
[INFO] extracting crate username 0.2.0 into /workspace/builds/worker-1-tc1/source
[INFO] validating manifest of crates.io crate username 0.2.0 on toolchain 1.83.0
[INFO] running `Command { std: CARGO_HOME="/workspace/cargo-home" RUSTUP_HOME="/workspace/rustup-home" "/workspace/cargo-home/bin/cargo" "+1.83.0" "metadata" "--manifest-path" "Cargo.toml" "--no-deps", kill_on_drop: false }`
[INFO] started tweaking crates.io crate username 0.2.0
[INFO] finished tweaking crates.io crate username 0.2.0
[INFO] tweaked toml for crates.io crate username 0.2.0 written to /workspace/builds/worker-1-tc1/source/Cargo.toml
[INFO] running `Command { std: CARGO_HOME="/workspace/cargo-home" RUSTUP_HOME="/workspace/rustup-home" "/workspace/cargo-home/bin/cargo" "+1.83.0" "generate-lockfile" "--manifest-path" "Cargo.toml", kill_on_drop: false }`
[INFO] [stderr]     Updating crates.io index
[INFO] [stderr]      Locking 3 packages to latest compatible versions
[INFO] [stderr]       Adding winapi v0.2.8 (available: v0.3.9)
[INFO] running `Command { std: CARGO_HOME="/workspace/cargo-home" RUSTUP_HOME="/workspace/rustup-home" "/workspace/cargo-home/bin/cargo" "+1.83.0" "fetch" "--manifest-path" "Cargo.toml", kill_on_drop: false }`
[INFO] [stderr] warning: no edition set: defaulting to the 2015 edition while the latest is 2021
[INFO] running `Command { std: "docker" "create" "-v" "/var/lib/crater-agent-workspace/builds/worker-1-tc1/target:/opt/rustwide/target:rw,Z" "-v" "/var/lib/crater-agent-workspace/builds/worker-1-tc1/source:/opt/rustwide/workdir:ro,Z" "-v" "/var/lib/crater-agent-workspace/cargo-home:/opt/rustwide/cargo-home:ro,Z" "-v" "/var/lib/crater-agent-workspace/rustup-home:/opt/rustwide/rustup-home:ro,Z" "-e" "SOURCE_DIR=/opt/rustwide/workdir" "-e" "CARGO_TARGET_DIR=/opt/rustwide/target" "-e" "CARGO_HOME=/opt/rustwide/cargo-home" "-e" "RUSTUP_HOME=/opt/rustwide/rustup-home" "-w" "/opt/rustwide/workdir" "-m" "1610612736" "--user" "0:0" "--network" "none" "ghcr.io/rust-lang/crates-build-env/linux@sha256:f3a9d4ad9d972b27faf3965f35b62e55ba32bbce8f20bc8fe909558a86702fde" "/opt/rustwide/cargo-home/bin/cargo" "+1.83.0" "metadata" "--no-deps" "--format-version=1", kill_on_drop: false }`
[INFO] [stdout] c8825b2c7b859121cd5778c36abab5f0852808b75fa30d6681d00b3858202a05
[INFO] running `Command { std: "docker" "start" "-a" "c8825b2c7b859121cd5778c36abab5f0852808b75fa30d6681d00b3858202a05", kill_on_drop: false }`
[INFO] running `Command { std: "docker" "inspect" "c8825b2c7b859121cd5778c36abab5f0852808b75fa30d6681d00b3858202a05", kill_on_drop: false }`
[INFO] running `Command { std: "docker" "rm" "-f" "c8825b2c7b859121cd5778c36abab5f0852808b75fa30d6681d00b3858202a05", kill_on_drop: false }`
[INFO] [stdout] c8825b2c7b859121cd5778c36abab5f0852808b75fa30d6681d00b3858202a05
[INFO] running `Command { std: "docker" "create" "-v" "/var/lib/crater-agent-workspace/builds/worker-1-tc1/target:/opt/rustwide/target:rw,Z" "-v" "/var/lib/crater-agent-workspace/builds/worker-1-tc1/source:/opt/rustwide/workdir:ro,Z" "-v" "/var/lib/crater-agent-workspace/cargo-home:/opt/rustwide/cargo-home:ro,Z" "-v" "/var/lib/crater-agent-workspace/rustup-home:/opt/rustwide/rustup-home:ro,Z" "-e" "SOURCE_DIR=/opt/rustwide/workdir" "-e" "CARGO_TARGET_DIR=/opt/rustwide/target" "-e" "CARGO_INCREMENTAL=0" "-e" "RUST_BACKTRACE=full" "-e" "RUSTFLAGS=--cap-lints=warn" "-e" "RUSTDOCFLAGS=--cap-lints=warn" "-e" "CARGO_HOME=/opt/rustwide/cargo-home" "-e" "RUSTUP_HOME=/opt/rustwide/rustup-home" "-w" "/opt/rustwide/workdir" "-m" "1610612736" "--user" "0:0" "--network" "none" "ghcr.io/rust-lang/crates-build-env/linux@sha256:f3a9d4ad9d972b27faf3965f35b62e55ba32bbce8f20bc8fe909558a86702fde" "/opt/rustwide/cargo-home/bin/cargo" "+1.83.0" "build" "--frozen" "--message-format=json", kill_on_drop: false }`
[INFO] [stdout] 377d36fddbc3760d18e05e0fc55f0ea894f38ee1c247b0d4a77781882145433b
[INFO] running `Command { std: "docker" "start" "-a" "377d36fddbc3760d18e05e0fc55f0ea894f38ee1c247b0d4a77781882145433b", kill_on_drop: false }`
[INFO] [stderr] warning: no edition set: defaulting to the 2015 edition while the latest is 2021
[INFO] [stderr]    Compiling username v0.2.0 (/opt/rustwide/workdir)
[INFO] [stdout] warning: use of deprecated macro `try`: use the `?` operator instead
[INFO] [stdout]   --> src/lib.rs:68:8
[INFO] [stdout]    |
[INFO] [stdout] 68 |     Ok(try!(std::env::var("LOGNAME")))
[INFO] [stdout]    |        ^^^
[INFO] [stdout]    |
[INFO] [stdout]    = note: `#[warn(deprecated)]` on by default
[INFO] [stdout] 
[INFO] [stdout] 
[INFO] [stdout] warning: trait objects without an explicit `dyn` are deprecated
[INFO] [stdout]   --> src/lib.rs:36:32
[INFO] [stdout]    |
[INFO] [stdout] 36 |     fn cause(&self) -> Option<&std::error::Error> {
[INFO] [stdout]    |                                ^^^^^^^^^^^^^^^^^
[INFO] [stdout]    |
[INFO] [stdout]    = warning: this is accepted in the current edition (Rust 2015) but is a hard error in Rust 2021!
[INFO] [stdout]    = note: for more information, see <https://doc.rust-lang.org/nightly/edition-guide/rust-2021/warnings-promoted-to-error.html>
[INFO] [stdout]    = note: `#[warn(bare_trait_objects)]` on by default
[INFO] [stdout] help: if this is a dyn-compatible trait, use `dyn`
[INFO] [stdout]    |
[INFO] [stdout] 36 |     fn cause(&self) -> Option<&dyn std::error::Error> {
[INFO] [stdout]    |                                +++
[INFO] [stdout] 
[INFO] [stdout] 
[INFO] [stdout] warning: use of deprecated method `std::error::Error::description`: use the Display impl or to_string()
[INFO] [stdout]   --> src/lib.rs:26:30
[INFO] [stdout]    |
[INFO] [stdout] 26 |         write!(f, "{}", self.description())
[INFO] [stdout]    |                              ^^^^^^^^^^^
[INFO] [stdout] 
[INFO] [stdout] 
[INFO] [stdout] warning: use of deprecated method `std::error::Error::description`: use the Display impl or to_string()
[INFO] [stdout]   --> src/lib.rs:32:35
[INFO] [stdout]    |
[INFO] [stdout] 32 |             Error::IO(ref e) => e.description(),
[INFO] [stdout]    |                                   ^^^^^^^^^^^
[INFO] [stdout] 
[INFO] [stdout] 
[INFO] [stdout] warning: use of deprecated method `std::error::Error::description`: use the Display impl or to_string()
[INFO] [stdout]   --> src/lib.rs:33:36
[INFO] [stdout]    |
[INFO] [stdout] 33 |             Error::Var(ref e) => e.description(),
[INFO] [stdout]    |                                    ^^^^^^^^^^^
[INFO] [stdout] 
[INFO] [stdout] 
[INFO] [stderr]     Finished `dev` profile [unoptimized + debuginfo] target(s) in 0.23s
[INFO] running `Command { std: "docker" "inspect" "377d36fddbc3760d18e05e0fc55f0ea894f38ee1c247b0d4a77781882145433b", kill_on_drop: false }`
[INFO] running `Command { std: "docker" "rm" "-f" "377d36fddbc3760d18e05e0fc55f0ea894f38ee1c247b0d4a77781882145433b", kill_on_drop: false }`
[INFO] [stdout] 377d36fddbc3760d18e05e0fc55f0ea894f38ee1c247b0d4a77781882145433b
[INFO] running `Command { std: "docker" "create" "-v" "/var/lib/crater-agent-workspace/builds/worker-1-tc1/target:/opt/rustwide/target:rw,Z" "-v" "/var/lib/crater-agent-workspace/builds/worker-1-tc1/source:/opt/rustwide/workdir:ro,Z" "-v" "/var/lib/crater-agent-workspace/cargo-home:/opt/rustwide/cargo-home:ro,Z" "-v" "/var/lib/crater-agent-workspace/rustup-home:/opt/rustwide/rustup-home:ro,Z" "-e" "SOURCE_DIR=/opt/rustwide/workdir" "-e" "CARGO_TARGET_DIR=/opt/rustwide/target" "-e" "CARGO_INCREMENTAL=0" "-e" "RUST_BACKTRACE=full" "-e" "RUSTFLAGS=--cap-lints=warn" "-e" "RUSTDOCFLAGS=--cap-lints=warn" "-e" "CARGO_HOME=/opt/rustwide/cargo-home" "-e" "RUSTUP_HOME=/opt/rustwide/rustup-home" "-w" "/opt/rustwide/workdir" "-m" "1610612736" "--user" "0:0" "--network" "none" "ghcr.io/rust-lang/crates-build-env/linux@sha256:f3a9d4ad9d972b27faf3965f35b62e55ba32bbce8f20bc8fe909558a86702fde" "/opt/rustwide/cargo-home/bin/cargo" "+1.83.0" "test" "--frozen" "--no-run" "--message-format=json", kill_on_drop: false }`
[INFO] [stdout] ddeb9e48f193fb24f3e75dcdbfdea9fe885b483bd4c038016ff12cf829ddd5ba
[INFO] running `Command { std: "docker" "start" "-a" "ddeb9e48f193fb24f3e75dcdbfdea9fe885b483bd4c038016ff12cf829ddd5ba", kill_on_drop: false }`
[INFO] [stderr] warning: no edition set: defaulting to the 2015 edition while the latest is 2021
[INFO] [stderr]    Compiling username v0.2.0 (/opt/rustwide/workdir)
[INFO] [stdout] warning: use of deprecated macro `try`: use the `?` operator instead
[INFO] [stdout]   --> src/lib.rs:68:8
[INFO] [stdout]    |
[INFO] [stdout] 68 |     Ok(try!(std::env::var("LOGNAME")))
[INFO] [stdout]    |        ^^^
[INFO] [stdout]    |
[INFO] [stdout]    = note: `#[warn(deprecated)]` on by default
[INFO] [stdout] 
[INFO] [stdout] 
[INFO] [stdout] warning: trait objects without an explicit `dyn` are deprecated
[INFO] [stdout]   --> src/lib.rs:36:32
[INFO] [stdout]    |
[INFO] [stdout] 36 |     fn cause(&self) -> Option<&std::error::Error> {
[INFO] [stdout]    |                                ^^^^^^^^^^^^^^^^^
[INFO] [stdout]    |
[INFO] [stdout]    = warning: this is accepted in the current edition (Rust 2015) but is a hard error in Rust 2021!
[INFO] [stdout]    = note: for more information, see <https://doc.rust-lang.org/nightly/edition-guide/rust-2021/warnings-promoted-to-error.html>
[INFO] [stdout]    = note: `#[warn(bare_trait_objects)]` on by default
[INFO] [stdout] help: if this is a dyn-compatible trait, use `dyn`
[INFO] [stdout]    |
[INFO] [stdout] 36 |     fn cause(&self) -> Option<&dyn std::error::Error> {
[INFO] [stdout]    |                                +++
[INFO] [stdout] 
[INFO] [stdout] 
[INFO] [stdout] warning: use of deprecated method `std::error::Error::description`: use the Display impl or to_string()
[INFO] [stdout]   --> src/lib.rs:26:30
[INFO] [stdout]    |
[INFO] [stdout] 26 |         write!(f, "{}", self.description())
[INFO] [stdout]    |                              ^^^^^^^^^^^
[INFO] [stdout] 
[INFO] [stdout] 
[INFO] [stdout] warning: use of deprecated method `std::error::Error::description`: use the Display impl or to_string()
[INFO] [stdout]   --> src/lib.rs:32:35
[INFO] [stdout]    |
[INFO] [stdout] 32 |             Error::IO(ref e) => e.description(),
[INFO] [stdout]    |                                   ^^^^^^^^^^^
[INFO] [stdout] 
[INFO] [stdout] 
[INFO] [stdout] warning: use of deprecated method `std::error::Error::description`: use the Display impl or to_string()
[INFO] [stdout]   --> src/lib.rs:33:36
[INFO] [stdout]    |
[INFO] [stdout] 33 |             Error::Var(ref e) => e.description(),
[INFO] [stdout]    |                                    ^^^^^^^^^^^
[INFO] [stdout] 
[INFO] [stdout] 
[INFO] [stdout] warning: use of deprecated macro `try`: use the `?` operator instead
[INFO] [stdout]   --> src/lib.rs:68:8
[INFO] [stdout]    |
[INFO] [stdout] 68 |     Ok(try!(std::env::var("LOGNAME")))
[INFO] [stdout]    |        ^^^
[INFO] [stdout]    |
[INFO] [stdout]    = note: `#[warn(deprecated)]` on by default
[INFO] [stdout] 
[INFO] [stdout] 
[INFO] [stdout] warning: trait objects without an explicit `dyn` are deprecated
[INFO] [stdout]   --> src/lib.rs:36:32
[INFO] [stdout]    |
[INFO] [stdout] 36 |     fn cause(&self) -> Option<&std::error::Error> {
[INFO] [stdout]    |                                ^^^^^^^^^^^^^^^^^
[INFO] [stdout]    |
[INFO] [stdout]    = warning: this is accepted in the current edition (Rust 2015) but is a hard error in Rust 2021!
[INFO] [stdout]    = note: for more information, see <https://doc.rust-lang.org/nightly/edition-guide/rust-2021/warnings-promoted-to-error.html>
[INFO] [stdout]    = note: `#[warn(bare_trait_objects)]` on by default
[INFO] [stdout] help: if this is a dyn-compatible trait, use `dyn`
[INFO] [stdout]    |
[INFO] [stdout] 36 |     fn cause(&self) -> Option<&dyn std::error::Error> {
[INFO] [stdout]    |                                +++
[INFO] [stdout] 
[INFO] [stdout] 
[INFO] [stdout] warning: use of deprecated method `std::error::Error::description`: use the Display impl or to_string()
[INFO] [stdout]   --> src/lib.rs:26:30
[INFO] [stdout]    |
[INFO] [stdout] 26 |         write!(f, "{}", self.description())
[INFO] [stdout]    |                              ^^^^^^^^^^^
[INFO] [stdout] 
[INFO] [stdout] 
[INFO] [stdout] warning: use of deprecated method `std::error::Error::description`: use the Display impl or to_string()
[INFO] [stdout]   --> src/lib.rs:32:35
[INFO] [stdout]    |
[INFO] [stdout] 32 |             Error::IO(ref e) => e.description(),
[INFO] [stdout]    |                                   ^^^^^^^^^^^
[INFO] [stdout] 
[INFO] [stdout] 
[INFO] [stdout] warning: use of deprecated method `std::error::Error::description`: use the Display impl or to_string()
[INFO] [stdout]   --> src/lib.rs:33:36
[INFO] [stdout]    |
[INFO] [stdout] 33 |             Error::Var(ref e) => e.description(),
[INFO] [stdout]    |                                    ^^^^^^^^^^^
[INFO] [stdout] 
[INFO] [stdout] 
[INFO] [stderr]     Finished `test` profile [unoptimized + debuginfo] target(s) in 0.52s
[INFO] running `Command { std: "docker" "inspect" "ddeb9e48f193fb24f3e75dcdbfdea9fe885b483bd4c038016ff12cf829ddd5ba", kill_on_drop: false }`
[INFO] running `Command { std: "docker" "rm" "-f" "ddeb9e48f193fb24f3e75dcdbfdea9fe885b483bd4c038016ff12cf829ddd5ba", kill_on_drop: false }`
[INFO] [stdout] ddeb9e48f193fb24f3e75dcdbfdea9fe885b483bd4c038016ff12cf829ddd5ba
[INFO] running `Command { std: "docker" "create" "-v" "/var/lib/crater-agent-workspace/builds/worker-1-tc1/target:/opt/rustwide/target:rw,Z" "-v" "/var/lib/crater-agent-workspace/builds/worker-1-tc1/source:/opt/rustwide/workdir:ro,Z" "-v" "/var/lib/crater-agent-workspace/cargo-home:/opt/rustwide/cargo-home:ro,Z" "-v" "/var/lib/crater-agent-workspace/rustup-home:/opt/rustwide/rustup-home:ro,Z" "-e" "SOURCE_DIR=/opt/rustwide/workdir" "-e" "CARGO_TARGET_DIR=/opt/rustwide/target" "-e" "CARGO_INCREMENTAL=0" "-e" "RUST_BACKTRACE=full" "-e" "RUSTFLAGS=--cap-lints=warn" "-e" "RUSTDOCFLAGS=--cap-lints=warn" "-e" "CARGO_HOME=/opt/rustwide/cargo-home" "-e" "RUSTUP_HOME=/opt/rustwide/rustup-home" "-w" "/opt/rustwide/workdir" "-m" "1610612736" "--user" "0:0" "--network" "none" "ghcr.io/rust-lang/crates-build-env/linux@sha256:f3a9d4ad9d972b27faf3965f35b62e55ba32bbce8f20bc8fe909558a86702fde" "/opt/rustwide/cargo-home/bin/cargo" "+1.83.0" "test" "--frozen", kill_on_drop: false }`
[INFO] [stdout] 483399276ad9e16f20875f189d37a03559a98525a04489fc419c616eb62cf864
[INFO] running `Command { std: "docker" "start" "-a" "483399276ad9e16f20875f189d37a03559a98525a04489fc419c616eb62cf864", kill_on_drop: false }`
[INFO] [stderr] warning: no edition set: defaulting to the 2015 edition while the latest is 2021
[INFO] [stderr] warning: use of deprecated macro `try`: use the `?` operator instead
[INFO] [stderr]   --> src/lib.rs:68:8
[INFO] [stderr]    |
[INFO] [stderr] 68 |     Ok(try!(std::env::var("LOGNAME")))
[INFO] [stderr]    |        ^^^
[INFO] [stderr]    |
[INFO] [stderr]    = note: `#[warn(deprecated)]` on by default
[INFO] [stderr] 
[INFO] [stderr] warning: trait objects without an explicit `dyn` are deprecated
[INFO] [stderr]   --> src/lib.rs:36:32
[INFO] [stderr]    |
[INFO] [stderr] 36 |     fn cause(&self) -> Option<&std::error::Error> {
[INFO] [stderr]    |                                ^^^^^^^^^^^^^^^^^
[INFO] [stderr]    |
[INFO] [stderr]    = warning: this is accepted in the current edition (Rust 2015) but is a hard error in Rust 2021!
[INFO] [stderr]    = note: for more information, see <https://doc.rust-lang.org/nightly/edition-guide/rust-2021/warnings-promoted-to-error.html>
[INFO] [stderr]    = note: `#[warn(bare_trait_objects)]` on by default
[INFO] [stderr] help: if this is a dyn-compatible trait, use `dyn`
[INFO] [stderr]    |
[INFO] [stderr] 36 |     fn cause(&self) -> Option<&dyn std::error::Error> {
[INFO] [stderr]    |                                +++
[INFO] [stderr] 
[INFO] [stderr] warning: use of deprecated method `std::error::Error::description`: use the Display impl or to_string()
[INFO] [stderr]   --> src/lib.rs:26:30
[INFO] [stderr]    |
[INFO] [stderr] 26 |         write!(f, "{}", self.description())
[INFO] [stderr]    |                              ^^^^^^^^^^^
[INFO] [stderr] 
[INFO] [stderr] warning: use of deprecated method `std::error::Error::description`: use the Display impl or to_string()
[INFO] [stderr]   --> src/lib.rs:32:35
[INFO] [stderr]    |
[INFO] [stderr] 32 |             Error::IO(ref e) => e.description(),
[INFO] [stderr]    |                                   ^^^^^^^^^^^
[INFO] [stderr] 
[INFO] [stderr] warning: use of deprecated method `std::error::Error::description`: use the Display impl or to_string()
[INFO] [stderr]   --> src/lib.rs:33:36
[INFO] [stderr]    |
[INFO] [stderr] 33 |             Error::Var(ref e) => e.description(),
[INFO] [stderr]    |                                    ^^^^^^^^^^^
[INFO] [stderr] 
[INFO] [stderr] warning: `username` (lib) generated 5 warnings (run `cargo fix --lib -p username` to apply 1 suggestion)
[INFO] [stderr] warning: `username` (lib test) generated 5 warnings (5 duplicates)
[INFO] [stderr]     Finished `test` profile [unoptimized + debuginfo] target(s) in 0.02s
[INFO] [stderr]      Running unittests src/lib.rs (/opt/rustwide/target/debug/deps/username-7391988114d2254c)
[INFO] [stdout] 
[INFO] [stdout] running 0 tests
[INFO] [stdout] 
[INFO] [stdout] test result: ok. 0 passed; 0 failed; 0 ignored; 0 measured; 0 filtered out; finished in 0.00s
[INFO] [stdout] 
[INFO] [stderr]    Doc-tests username
[INFO] [stdout] 
[INFO] [stdout] running 1 test
[INFO] [stdout] test src/lib.rs - (line 3) ... FAILED
[INFO] [stdout] 
[INFO] [stdout] failures:
[INFO] [stdout] 
[INFO] [stdout] ---- src/lib.rs - (line 3) stdout ----
[INFO] [stdout] error[E0433]: failed to resolve: use of undeclared crate or module `user`
[INFO] [stdout]  --> src/lib.rs:4:15
[INFO] [stdout]   |
[INFO] [stdout] 3 | println!("{}",user::get_user_name().unwrap())
[INFO] [stdout]   |               ^^^^ use of undeclared crate or module `user`
[INFO] [stdout] 
[INFO] [stdout] error: aborting due to 1 previous error
[INFO] [stdout] 
[INFO] [stdout] For more information about this error, try `rustc --explain E0433`.
[INFO] [stdout] Couldn't compile the test.
[INFO] [stdout] 
[INFO] [stdout] failures:
[INFO] [stdout]     src/lib.rs - (line 3)
[INFO] [stdout] 
[INFO] [stdout] test result: FAILED. 0 passed; 1 failed; 0 ignored; 0 measured; 0 filtered out; finished in 0.07s
[INFO] [stdout] 
[INFO] [stderr] error: doctest failed, to rerun pass `--doc`
[INFO] running `Command { std: "docker" "inspect" "483399276ad9e16f20875f189d37a03559a98525a04489fc419c616eb62cf864", kill_on_drop: false }`
[INFO] running `Command { std: "docker" "rm" "-f" "483399276ad9e16f20875f189d37a03559a98525a04489fc419c616eb62cf864", kill_on_drop: false }`
[INFO] [stdout] 483399276ad9e16f20875f189d37a03559a98525a04489fc419c616eb62cf864
