[INFO] fetching crate usbd-webusb 1.0.2...
[INFO] testing usbd-webusb-1.0.2 against beta-2024-12-08 for beta-1.84.0-4-retry
[INFO] extracting crate usbd-webusb 1.0.2 into /workspace/builds/worker-3-tc2/source
[INFO] validating manifest of crates.io crate usbd-webusb 1.0.2 on toolchain beta-2024-12-08
[INFO] running `Command { std: CARGO_HOME="/workspace/cargo-home" RUSTUP_HOME="/workspace/rustup-home" "/workspace/cargo-home/bin/cargo" "+beta-2024-12-08" "metadata" "--manifest-path" "Cargo.toml" "--no-deps", kill_on_drop: false }`
[INFO] started tweaking crates.io crate usbd-webusb 1.0.2
[INFO] finished tweaking crates.io crate usbd-webusb 1.0.2
[INFO] tweaked toml for crates.io crate usbd-webusb 1.0.2 written to /workspace/builds/worker-3-tc2/source/Cargo.toml
[INFO] running `Command { std: CARGO_HOME="/workspace/cargo-home" RUSTUP_HOME="/workspace/rustup-home" "/workspace/cargo-home/bin/cargo" "+beta-2024-12-08" "generate-lockfile" "--manifest-path" "Cargo.toml", kill_on_drop: false }`
[INFO] [stderr]     Updating crates.io index
[INFO] [stderr]      Locking 1 package to latest compatible version
[INFO] [stderr]       Adding usb-device v0.2.9 (available: v0.3.2)
[INFO] running `Command { std: CARGO_HOME="/workspace/cargo-home" RUSTUP_HOME="/workspace/rustup-home" "/workspace/cargo-home/bin/cargo" "+beta-2024-12-08" "fetch" "--manifest-path" "Cargo.toml", kill_on_drop: false }`
[INFO] running `Command { std: "docker" "create" "-v" "/var/lib/crater-agent-workspace/builds/worker-3-tc2/target:/opt/rustwide/target:rw,Z" "-v" "/var/lib/crater-agent-workspace/builds/worker-3-tc2/source:/opt/rustwide/workdir:ro,Z" "-v" "/var/lib/crater-agent-workspace/cargo-home:/opt/rustwide/cargo-home:ro,Z" "-v" "/var/lib/crater-agent-workspace/rustup-home:/opt/rustwide/rustup-home:ro,Z" "-e" "SOURCE_DIR=/opt/rustwide/workdir" "-e" "CARGO_TARGET_DIR=/opt/rustwide/target" "-e" "CARGO_HOME=/opt/rustwide/cargo-home" "-e" "RUSTUP_HOME=/opt/rustwide/rustup-home" "-w" "/opt/rustwide/workdir" "-m" "1610612736" "--user" "0:0" "--network" "none" "ghcr.io/rust-lang/crates-build-env/linux@sha256:f3a9d4ad9d972b27faf3965f35b62e55ba32bbce8f20bc8fe909558a86702fde" "/opt/rustwide/cargo-home/bin/cargo" "+beta-2024-12-08" "metadata" "--no-deps" "--format-version=1", kill_on_drop: false }`
[INFO] [stdout] be68347b09bafd9bc32af4e417e890eea6a1d0328b3f01bf8f6da33723e69c69
[INFO] running `Command { std: "docker" "start" "-a" "be68347b09bafd9bc32af4e417e890eea6a1d0328b3f01bf8f6da33723e69c69", kill_on_drop: false }`
[INFO] running `Command { std: "docker" "inspect" "be68347b09bafd9bc32af4e417e890eea6a1d0328b3f01bf8f6da33723e69c69", kill_on_drop: false }`
[INFO] running `Command { std: "docker" "rm" "-f" "be68347b09bafd9bc32af4e417e890eea6a1d0328b3f01bf8f6da33723e69c69", kill_on_drop: false }`
[INFO] [stdout] be68347b09bafd9bc32af4e417e890eea6a1d0328b3f01bf8f6da33723e69c69
[INFO] running `Command { std: "docker" "create" "-v" "/var/lib/crater-agent-workspace/builds/worker-3-tc2/target:/opt/rustwide/target:rw,Z" "-v" "/var/lib/crater-agent-workspace/builds/worker-3-tc2/source:/opt/rustwide/workdir:ro,Z" "-v" "/var/lib/crater-agent-workspace/cargo-home:/opt/rustwide/cargo-home:ro,Z" "-v" "/var/lib/crater-agent-workspace/rustup-home:/opt/rustwide/rustup-home:ro,Z" "-e" "SOURCE_DIR=/opt/rustwide/workdir" "-e" "CARGO_TARGET_DIR=/opt/rustwide/target" "-e" "CARGO_INCREMENTAL=0" "-e" "RUST_BACKTRACE=full" "-e" "RUSTFLAGS=--cap-lints=warn" "-e" "RUSTDOCFLAGS=--cap-lints=warn" "-e" "CARGO_HOME=/opt/rustwide/cargo-home" "-e" "RUSTUP_HOME=/opt/rustwide/rustup-home" "-w" "/opt/rustwide/workdir" "-m" "1610612736" "--user" "0:0" "--network" "none" "ghcr.io/rust-lang/crates-build-env/linux@sha256:f3a9d4ad9d972b27faf3965f35b62e55ba32bbce8f20bc8fe909558a86702fde" "/opt/rustwide/cargo-home/bin/cargo" "+beta-2024-12-08" "build" "--frozen" "--message-format=json", kill_on_drop: false }`
[INFO] [stdout] 02226741ba3a3d904cdf0d48f92ace52004f61f84b23370c2c053d3f47d50f95
[INFO] running `Command { std: "docker" "start" "-a" "02226741ba3a3d904cdf0d48f92ace52004f61f84b23370c2c053d3f47d50f95", kill_on_drop: false }`
[INFO] [stderr]    Compiling usb-device v0.2.9
[INFO] [stderr]    Compiling usbd-webusb v1.0.2 (/opt/rustwide/workdir)
[INFO] [stderr]     Finished `dev` profile [unoptimized + debuginfo] target(s) in 0.53s
[INFO] running `Command { std: "docker" "inspect" "02226741ba3a3d904cdf0d48f92ace52004f61f84b23370c2c053d3f47d50f95", kill_on_drop: false }`
[INFO] running `Command { std: "docker" "rm" "-f" "02226741ba3a3d904cdf0d48f92ace52004f61f84b23370c2c053d3f47d50f95", kill_on_drop: false }`
[INFO] [stdout] 02226741ba3a3d904cdf0d48f92ace52004f61f84b23370c2c053d3f47d50f95
[INFO] running `Command { std: "docker" "create" "-v" "/var/lib/crater-agent-workspace/builds/worker-3-tc2/target:/opt/rustwide/target:rw,Z" "-v" "/var/lib/crater-agent-workspace/builds/worker-3-tc2/source:/opt/rustwide/workdir:ro,Z" "-v" "/var/lib/crater-agent-workspace/cargo-home:/opt/rustwide/cargo-home:ro,Z" "-v" "/var/lib/crater-agent-workspace/rustup-home:/opt/rustwide/rustup-home:ro,Z" "-e" "SOURCE_DIR=/opt/rustwide/workdir" "-e" "CARGO_TARGET_DIR=/opt/rustwide/target" "-e" "CARGO_INCREMENTAL=0" "-e" "RUST_BACKTRACE=full" "-e" "RUSTFLAGS=--cap-lints=warn" "-e" "RUSTDOCFLAGS=--cap-lints=warn" "-e" "CARGO_HOME=/opt/rustwide/cargo-home" "-e" "RUSTUP_HOME=/opt/rustwide/rustup-home" "-w" "/opt/rustwide/workdir" "-m" "1610612736" "--user" "0:0" "--network" "none" "ghcr.io/rust-lang/crates-build-env/linux@sha256:f3a9d4ad9d972b27faf3965f35b62e55ba32bbce8f20bc8fe909558a86702fde" "/opt/rustwide/cargo-home/bin/cargo" "+beta-2024-12-08" "test" "--frozen" "--no-run" "--message-format=json", kill_on_drop: false }`
[INFO] [stdout] 8497e0df3da6ec2f88dfd15d5962199edfcface9ac3f9125e736904d0ec331c9
[INFO] running `Command { std: "docker" "start" "-a" "8497e0df3da6ec2f88dfd15d5962199edfcface9ac3f9125e736904d0ec331c9", kill_on_drop: false }`
[INFO] [stderr]    Compiling usbd-webusb v1.0.2 (/opt/rustwide/workdir)
[INFO] [stderr]     Finished `test` profile [unoptimized + debuginfo] target(s) in 0.44s
[INFO] running `Command { std: "docker" "inspect" "8497e0df3da6ec2f88dfd15d5962199edfcface9ac3f9125e736904d0ec331c9", kill_on_drop: false }`
[INFO] running `Command { std: "docker" "rm" "-f" "8497e0df3da6ec2f88dfd15d5962199edfcface9ac3f9125e736904d0ec331c9", kill_on_drop: false }`
[INFO] [stdout] 8497e0df3da6ec2f88dfd15d5962199edfcface9ac3f9125e736904d0ec331c9
[INFO] running `Command { std: "docker" "create" "-v" "/var/lib/crater-agent-workspace/builds/worker-3-tc2/target:/opt/rustwide/target:rw,Z" "-v" "/var/lib/crater-agent-workspace/builds/worker-3-tc2/source:/opt/rustwide/workdir:ro,Z" "-v" "/var/lib/crater-agent-workspace/cargo-home:/opt/rustwide/cargo-home:ro,Z" "-v" "/var/lib/crater-agent-workspace/rustup-home:/opt/rustwide/rustup-home:ro,Z" "-e" "SOURCE_DIR=/opt/rustwide/workdir" "-e" "CARGO_TARGET_DIR=/opt/rustwide/target" "-e" "CARGO_INCREMENTAL=0" "-e" "RUST_BACKTRACE=full" "-e" "RUSTFLAGS=--cap-lints=warn" "-e" "RUSTDOCFLAGS=--cap-lints=warn" "-e" "CARGO_HOME=/opt/rustwide/cargo-home" "-e" "RUSTUP_HOME=/opt/rustwide/rustup-home" "-w" "/opt/rustwide/workdir" "-m" "1610612736" "--user" "0:0" "--network" "none" "ghcr.io/rust-lang/crates-build-env/linux@sha256:f3a9d4ad9d972b27faf3965f35b62e55ba32bbce8f20bc8fe909558a86702fde" "/opt/rustwide/cargo-home/bin/cargo" "+beta-2024-12-08" "test" "--frozen", kill_on_drop: false }`
[INFO] [stdout] 38f6c7e37133dc7d285870a0cb6acbd5f15f2aa939f8cc1d211428f3167824e4
[INFO] running `Command { std: "docker" "start" "-a" "38f6c7e37133dc7d285870a0cb6acbd5f15f2aa939f8cc1d211428f3167824e4", kill_on_drop: false }`
[INFO] [stderr]     Finished `test` profile [unoptimized + debuginfo] target(s) in 0.01s
[INFO] [stderr]      Running unittests src/lib.rs (/opt/rustwide/target/debug/deps/usbd_webusb-4d9ca1678967833b)
[INFO] [stdout] 
[INFO] [stdout] running 0 tests
[INFO] [stdout] 
[INFO] [stdout] test result: ok. 0 passed; 0 failed; 0 ignored; 0 measured; 0 filtered out; finished in 0.00s
[INFO] [stdout] 
[INFO] [stderr]    Doc-tests usbd_webusb
[INFO] [stdout] 
[INFO] [stdout] running 1 test
[INFO] [stdout] test src/lib.rs - (line 10) ... FAILED
[INFO] [stdout] 
[INFO] [stdout] failures:
[INFO] [stdout] 
[INFO] [stdout] ---- src/lib.rs - (line 10) stdout ----
[INFO] [stdout] error[E0425]: cannot find value `usb_bus` in this scope
[INFO] [stdout]  --> src/lib.rs:16:25
[INFO] [stdout]   |
[INFO] [stdout] 9 | let wusb = WebUsb::new(&usb_bus, url_scheme::HTTPS, "google.com");
[INFO] [stdout]   |                         ^^^^^^^ not found in this scope
[INFO] [stdout] 
[INFO] [stdout] error[E0433]: failed to resolve: use of undeclared type `UsbDeviceBuilder`
[INFO] [stdout]   --> src/lib.rs:17:19
[INFO] [stdout]    |
[INFO] [stdout] 10 | let mut usb_dev = UsbDeviceBuilder::new(&usb_bus, UsbVidPid(0x16c0, 0x27dd))
[INFO] [stdout]    |                   ^^^^^^^^^^^^^^^^ use of undeclared type `UsbDeviceBuilder`
[INFO] [stdout]    |
[INFO] [stdout] help: consider importing this struct
[INFO] [stdout]    |
[INFO] [stdout] 2  + use usb_device::prelude::UsbDeviceBuilder;
[INFO] [stdout]    |
[INFO] [stdout] 
[INFO] [stdout] error[E0425]: cannot find value `usb_bus` in this scope
[INFO] [stdout]   --> src/lib.rs:17:42
[INFO] [stdout]    |
[INFO] [stdout] 10 | let mut usb_dev = UsbDeviceBuilder::new(&usb_bus, UsbVidPid(0x16c0, 0x27dd))
[INFO] [stdout]    |                                          ^^^^^^^ not found in this scope
[INFO] [stdout] 
[INFO] [stdout] error[E0425]: cannot find function, tuple struct or tuple variant `UsbVidPid` in this scope
[INFO] [stdout]   --> src/lib.rs:17:51
[INFO] [stdout]    |
[INFO] [stdout] 10 | let mut usb_dev = UsbDeviceBuilder::new(&usb_bus, UsbVidPid(0x16c0, 0x27dd))
[INFO] [stdout]    |                                                   ^^^^^^^^^ not found in this scope
[INFO] [stdout]    |
[INFO] [stdout] help: consider importing this tuple struct
[INFO] [stdout]    |
[INFO] [stdout] 2  + use usb_device::prelude::UsbVidPid;
[INFO] [stdout]    |
[INFO] [stdout] 
[INFO] [stdout] error: aborting due to 4 previous errors
[INFO] [stdout] 
[INFO] [stdout] Some errors have detailed explanations: E0425, E0433.
[INFO] [stdout] For more information about an error, try `rustc --explain E0425`.
[INFO] [stdout] Couldn't compile the test.
[INFO] [stdout] 
[INFO] [stdout] failures:
[INFO] [stdout]     src/lib.rs - (line 10)
[INFO] [stdout] 
[INFO] [stdout] test result: FAILED. 0 passed; 1 failed; 0 ignored; 0 measured; 0 filtered out; finished in 0.13s
[INFO] [stdout] 
[INFO] [stderr] error: doctest failed, to rerun pass `--doc`
[INFO] running `Command { std: "docker" "inspect" "38f6c7e37133dc7d285870a0cb6acbd5f15f2aa939f8cc1d211428f3167824e4", kill_on_drop: false }`
[INFO] running `Command { std: "docker" "rm" "-f" "38f6c7e37133dc7d285870a0cb6acbd5f15f2aa939f8cc1d211428f3167824e4", kill_on_drop: false }`
[INFO] [stdout] 38f6c7e37133dc7d285870a0cb6acbd5f15f2aa939f8cc1d211428f3167824e4
