[INFO] fetching crate us_address_parser 0.1.4...
[INFO] testing us_address_parser-0.1.4 against 1.83.0 for beta-1.84.0-4-retry
[INFO] extracting crate us_address_parser 0.1.4 into /workspace/builds/worker-2-tc1/source
[INFO] validating manifest of crates.io crate us_address_parser 0.1.4 on toolchain 1.83.0
[INFO] running `Command { std: CARGO_HOME="/workspace/cargo-home" RUSTUP_HOME="/workspace/rustup-home" "/workspace/cargo-home/bin/cargo" "+1.83.0" "metadata" "--manifest-path" "Cargo.toml" "--no-deps", kill_on_drop: false }`
[INFO] started tweaking crates.io crate us_address_parser 0.1.4
[INFO] finished tweaking crates.io crate us_address_parser 0.1.4
[INFO] tweaked toml for crates.io crate us_address_parser 0.1.4 written to /workspace/builds/worker-2-tc1/source/Cargo.toml
[INFO] crate crates.io crate us_address_parser 0.1.4 already has a lockfile, it will not be regenerated
[INFO] running `Command { std: CARGO_HOME="/workspace/cargo-home" RUSTUP_HOME="/workspace/rustup-home" "/workspace/cargo-home/bin/cargo" "+1.83.0" "fetch" "--manifest-path" "Cargo.toml", kill_on_drop: false }`
[INFO] running `Command { std: "docker" "create" "-v" "/var/lib/crater-agent-workspace/builds/worker-2-tc1/target:/opt/rustwide/target:rw,Z" "-v" "/var/lib/crater-agent-workspace/builds/worker-2-tc1/source:/opt/rustwide/workdir:ro,Z" "-v" "/var/lib/crater-agent-workspace/cargo-home:/opt/rustwide/cargo-home:ro,Z" "-v" "/var/lib/crater-agent-workspace/rustup-home:/opt/rustwide/rustup-home:ro,Z" "-e" "SOURCE_DIR=/opt/rustwide/workdir" "-e" "CARGO_TARGET_DIR=/opt/rustwide/target" "-e" "CARGO_HOME=/opt/rustwide/cargo-home" "-e" "RUSTUP_HOME=/opt/rustwide/rustup-home" "-w" "/opt/rustwide/workdir" "-m" "1610612736" "--user" "0:0" "--network" "none" "ghcr.io/rust-lang/crates-build-env/linux@sha256:f3a9d4ad9d972b27faf3965f35b62e55ba32bbce8f20bc8fe909558a86702fde" "/opt/rustwide/cargo-home/bin/cargo" "+1.83.0" "metadata" "--no-deps" "--format-version=1", kill_on_drop: false }`
[INFO] [stdout] decf69daa2c898eacdb856aa68f126ded3ba5693708b58493f63e4756ce2c883
[INFO] running `Command { std: "docker" "start" "-a" "decf69daa2c898eacdb856aa68f126ded3ba5693708b58493f63e4756ce2c883", kill_on_drop: false }`
[INFO] running `Command { std: "docker" "inspect" "decf69daa2c898eacdb856aa68f126ded3ba5693708b58493f63e4756ce2c883", kill_on_drop: false }`
[INFO] running `Command { std: "docker" "rm" "-f" "decf69daa2c898eacdb856aa68f126ded3ba5693708b58493f63e4756ce2c883", kill_on_drop: false }`
[INFO] [stdout] decf69daa2c898eacdb856aa68f126ded3ba5693708b58493f63e4756ce2c883
[INFO] running `Command { std: "docker" "create" "-v" "/var/lib/crater-agent-workspace/builds/worker-2-tc1/target:/opt/rustwide/target:rw,Z" "-v" "/var/lib/crater-agent-workspace/builds/worker-2-tc1/source:/opt/rustwide/workdir:ro,Z" "-v" "/var/lib/crater-agent-workspace/cargo-home:/opt/rustwide/cargo-home:ro,Z" "-v" "/var/lib/crater-agent-workspace/rustup-home:/opt/rustwide/rustup-home:ro,Z" "-e" "SOURCE_DIR=/opt/rustwide/workdir" "-e" "CARGO_TARGET_DIR=/opt/rustwide/target" "-e" "CARGO_INCREMENTAL=0" "-e" "RUST_BACKTRACE=full" "-e" "RUSTFLAGS=--cap-lints=warn" "-e" "RUSTDOCFLAGS=--cap-lints=warn" "-e" "CARGO_HOME=/opt/rustwide/cargo-home" "-e" "RUSTUP_HOME=/opt/rustwide/rustup-home" "-w" "/opt/rustwide/workdir" "-m" "1610612736" "--user" "0:0" "--network" "none" "ghcr.io/rust-lang/crates-build-env/linux@sha256:f3a9d4ad9d972b27faf3965f35b62e55ba32bbce8f20bc8fe909558a86702fde" "/opt/rustwide/cargo-home/bin/cargo" "+1.83.0" "build" "--frozen" "--message-format=json", kill_on_drop: false }`
[INFO] [stdout] aa57674284c6fb93e0f49418a765476fdfeb6eafd7a94a56498be961492e84a0
[INFO] running `Command { std: "docker" "start" "-a" "aa57674284c6fb93e0f49418a765476fdfeb6eafd7a94a56498be961492e84a0", kill_on_drop: false }`
[INFO] [stderr]    Compiling memchr v2.7.4
[INFO] [stderr]    Compiling regex-syntax v0.8.4
[INFO] [stderr]    Compiling once_cell v1.19.0
[INFO] [stderr]    Compiling aho-corasick v1.1.3
[INFO] [stderr]    Compiling regex-automata v0.4.7
[INFO] [stderr]    Compiling regex v1.10.6
[INFO] [stderr]    Compiling us_address_parser v0.1.4 (/opt/rustwide/workdir)
[INFO] [stderr]     Finished `dev` profile [unoptimized + debuginfo] target(s) in 13.25s
[INFO] running `Command { std: "docker" "inspect" "aa57674284c6fb93e0f49418a765476fdfeb6eafd7a94a56498be961492e84a0", kill_on_drop: false }`
[INFO] running `Command { std: "docker" "rm" "-f" "aa57674284c6fb93e0f49418a765476fdfeb6eafd7a94a56498be961492e84a0", kill_on_drop: false }`
[INFO] [stdout] aa57674284c6fb93e0f49418a765476fdfeb6eafd7a94a56498be961492e84a0
[INFO] running `Command { std: "docker" "create" "-v" "/var/lib/crater-agent-workspace/builds/worker-2-tc1/target:/opt/rustwide/target:rw,Z" "-v" "/var/lib/crater-agent-workspace/builds/worker-2-tc1/source:/opt/rustwide/workdir:ro,Z" "-v" "/var/lib/crater-agent-workspace/cargo-home:/opt/rustwide/cargo-home:ro,Z" "-v" "/var/lib/crater-agent-workspace/rustup-home:/opt/rustwide/rustup-home:ro,Z" "-e" "SOURCE_DIR=/opt/rustwide/workdir" "-e" "CARGO_TARGET_DIR=/opt/rustwide/target" "-e" "CARGO_INCREMENTAL=0" "-e" "RUST_BACKTRACE=full" "-e" "RUSTFLAGS=--cap-lints=warn" "-e" "RUSTDOCFLAGS=--cap-lints=warn" "-e" "CARGO_HOME=/opt/rustwide/cargo-home" "-e" "RUSTUP_HOME=/opt/rustwide/rustup-home" "-w" "/opt/rustwide/workdir" "-m" "1610612736" "--user" "0:0" "--network" "none" "ghcr.io/rust-lang/crates-build-env/linux@sha256:f3a9d4ad9d972b27faf3965f35b62e55ba32bbce8f20bc8fe909558a86702fde" "/opt/rustwide/cargo-home/bin/cargo" "+1.83.0" "test" "--frozen" "--no-run" "--message-format=json", kill_on_drop: false }`
[INFO] [stdout] b253e14485d9df9e416c0e79751b00fb4ce9d5e7ef1fa2eb5b25ba0e797fc688
[INFO] running `Command { std: "docker" "start" "-a" "b253e14485d9df9e416c0e79751b00fb4ce9d5e7ef1fa2eb5b25ba0e797fc688", kill_on_drop: false }`
[INFO] [stderr]    Compiling us_address_parser v0.1.4 (/opt/rustwide/workdir)
[INFO] [stderr]     Finished `test` profile [unoptimized + debuginfo] target(s) in 1.29s
[INFO] running `Command { std: "docker" "inspect" "b253e14485d9df9e416c0e79751b00fb4ce9d5e7ef1fa2eb5b25ba0e797fc688", kill_on_drop: false }`
[INFO] running `Command { std: "docker" "rm" "-f" "b253e14485d9df9e416c0e79751b00fb4ce9d5e7ef1fa2eb5b25ba0e797fc688", kill_on_drop: false }`
[INFO] [stdout] b253e14485d9df9e416c0e79751b00fb4ce9d5e7ef1fa2eb5b25ba0e797fc688
[INFO] running `Command { std: "docker" "create" "-v" "/var/lib/crater-agent-workspace/builds/worker-2-tc1/target:/opt/rustwide/target:rw,Z" "-v" "/var/lib/crater-agent-workspace/builds/worker-2-tc1/source:/opt/rustwide/workdir:ro,Z" "-v" "/var/lib/crater-agent-workspace/cargo-home:/opt/rustwide/cargo-home:ro,Z" "-v" "/var/lib/crater-agent-workspace/rustup-home:/opt/rustwide/rustup-home:ro,Z" "-e" "SOURCE_DIR=/opt/rustwide/workdir" "-e" "CARGO_TARGET_DIR=/opt/rustwide/target" "-e" "CARGO_INCREMENTAL=0" "-e" "RUST_BACKTRACE=full" "-e" "RUSTFLAGS=--cap-lints=warn" "-e" "RUSTDOCFLAGS=--cap-lints=warn" "-e" "CARGO_HOME=/opt/rustwide/cargo-home" "-e" "RUSTUP_HOME=/opt/rustwide/rustup-home" "-w" "/opt/rustwide/workdir" "-m" "1610612736" "--user" "0:0" "--network" "none" "ghcr.io/rust-lang/crates-build-env/linux@sha256:f3a9d4ad9d972b27faf3965f35b62e55ba32bbce8f20bc8fe909558a86702fde" "/opt/rustwide/cargo-home/bin/cargo" "+1.83.0" "test" "--frozen", kill_on_drop: false }`
[INFO] [stdout] 829229e4523cd8a11192f5ea831eb4fba6bde5012686d54e2a8ce9757c503839
[INFO] running `Command { std: "docker" "start" "-a" "829229e4523cd8a11192f5ea831eb4fba6bde5012686d54e2a8ce9757c503839", kill_on_drop: false }`
[INFO] [stderr]     Finished `test` profile [unoptimized + debuginfo] target(s) in 0.02s
[INFO] [stderr]      Running unittests src/lib.rs (/opt/rustwide/target/debug/deps/us_address_parser-fc3f6ea262069ed5)
[INFO] [stdout] 
[INFO] [stdout] running 0 tests
[INFO] [stderr]    Doc-tests us_address_parser
[INFO] [stdout] 
[INFO] [stdout] test result: ok. 0 passed; 0 failed; 0 ignored; 0 measured; 0 filtered out; finished in 0.00s
[INFO] [stdout] 
[INFO] [stdout] 
[INFO] [stdout] running 2 tests
[INFO] [stdout] test src/lib.rs - AddressParsing (line 19) ... FAILED
[INFO] [stdout] test src/parse/mod.rs - parse::Address::street_name (line 37) ... FAILED
[INFO] [stdout] 
[INFO] [stdout] failures:
[INFO] [stdout] 
[INFO] [stdout] ---- src/lib.rs - AddressParsing (line 19) stdout ----
[INFO] [stdout] error[E0405]: cannot find trait `AddressParsing` in this scope
[INFO] [stdout]   --> src/lib.rs:27:6
[INFO] [stdout]    |
[INFO] [stdout] 11 | impl AddressParsing for CustomerInfo {
[INFO] [stdout]    |      ^^^^^^^^^^^^^^ not found in this scope
[INFO] [stdout]    |
[INFO] [stdout] help: consider importing this trait
[INFO] [stdout]    |
[INFO] [stdout] 2  + use us_address_parser::AddressParsing;
[INFO] [stdout]    |
[INFO] [stdout] 
[INFO] [stdout] error[E0412]: cannot find type `Address` in this scope
[INFO] [stdout]   --> src/lib.rs:28:28
[INFO] [stdout]    |
[INFO] [stdout] 12 |    fn parse_addr(&self) -> Address {
[INFO] [stdout]    |                            ^^^^^^^ not found in this scope
[INFO] [stdout]    |
[INFO] [stdout] help: consider importing this struct
[INFO] [stdout]    |
[INFO] [stdout] 2  + use us_address_parser::Address;
[INFO] [stdout]    |
[INFO] [stdout] 
[INFO] [stdout] error: aborting due to 2 previous errors
[INFO] [stdout] 
[INFO] [stdout] Some errors have detailed explanations: E0405, E0412.
[INFO] [stdout] For more information about an error, try `rustc --explain E0405`.
[INFO] [stdout] Couldn't compile the test.
[INFO] [stdout] ---- src/parse/mod.rs - parse::Address::street_name (line 37) stdout ----
[INFO] [stdout] error[E0425]: cannot find value `address` in this scope
[INFO] [stdout]  --> src/parse/mod.rs:38:1
[INFO] [stdout]   |
[INFO] [stdout] 3 | address
[INFO] [stdout]   | ^^^^^^^ not found in this scope
[INFO] [stdout] 
[INFO] [stdout] error[E0425]: cannot find value `full_address` in this scope
[INFO] [stdout]  --> src/parse/mod.rs:39:16
[INFO] [stdout]   |
[INFO] [stdout] 4 |    .street_no(&full_address)
[INFO] [stdout]   |                ^^^^^^^^^^^^ not found in this scope
[INFO] [stdout] 
[INFO] [stdout] error[E0425]: cannot find value `full_address` in this scope
[INFO] [stdout]  --> src/parse/mod.rs:40:18
[INFO] [stdout]   |
[INFO] [stdout] 5 |    .directional(&full_address)
[INFO] [stdout]   |                  ^^^^^^^^^^^^ not found in this scope
[INFO] [stdout] 
[INFO] [stdout] error[E0425]: cannot find value `full_address` in this scope
[INFO] [stdout]  --> src/parse/mod.rs:41:18
[INFO] [stdout]   |
[INFO] [stdout] 6 |    .street_type(&full_address)
[INFO] [stdout]   |                  ^^^^^^^^^^^^ not found in this scope
[INFO] [stdout] 
[INFO] [stdout] error[E0425]: cannot find value `full_address` in this scope
[INFO] [stdout]  --> src/parse/mod.rs:42:23
[INFO] [stdout]   |
[INFO] [stdout] 7 |    .unit_type_and_no(&full_address)
[INFO] [stdout]   |                       ^^^^^^^^^^^^ not found in this scope
[INFO] [stdout] 
[INFO] [stdout] error[E0425]: cannot find value `full_address` in this scope
[INFO] [stdout]  --> src/parse/mod.rs:43:18
[INFO] [stdout]   |
[INFO] [stdout] 8 |    .street_name(&full_address)
[INFO] [stdout]   |                  ^^^^^^^^^^^^ not found in this scope
[INFO] [stdout] 
[INFO] [stdout] error: aborting due to 6 previous errors
[INFO] [stdout] 
[INFO] [stdout] For more information about this error, try `rustc --explain E0425`.
[INFO] [stdout] Couldn't compile the test.
[INFO] [stdout] 
[INFO] [stdout] failures:
[INFO] [stdout]     src/lib.rs - AddressParsing (line 19)
[INFO] [stdout]     src/parse/mod.rs - parse::Address::street_name (line 37)
[INFO] [stdout] 
[INFO] [stdout] test result: FAILED. 0 passed; 2 failed; 0 ignored; 0 measured; 0 filtered out; finished in 0.15s
[INFO] [stdout] 
[INFO] [stderr] error: doctest failed, to rerun pass `--doc`
[INFO] running `Command { std: "docker" "inspect" "829229e4523cd8a11192f5ea831eb4fba6bde5012686d54e2a8ce9757c503839", kill_on_drop: false }`
[INFO] running `Command { std: "docker" "rm" "-f" "829229e4523cd8a11192f5ea831eb4fba6bde5012686d54e2a8ce9757c503839", kill_on_drop: false }`
[INFO] [stdout] 829229e4523cd8a11192f5ea831eb4fba6bde5012686d54e2a8ce9757c503839
