[INFO] fetching crate upload_to_crate_io 0.1.0...
[INFO] testing upload_to_crate_io-0.1.0 against beta-2024-12-08 for beta-1.84.0-4-retry
[INFO] extracting crate upload_to_crate_io 0.1.0 into /workspace/builds/worker-0-tc2/source
[INFO] validating manifest of crates.io crate upload_to_crate_io 0.1.0 on toolchain beta-2024-12-08
[INFO] running `Command { std: CARGO_HOME="/workspace/cargo-home" RUSTUP_HOME="/workspace/rustup-home" "/workspace/cargo-home/bin/cargo" "+beta-2024-12-08" "metadata" "--manifest-path" "Cargo.toml" "--no-deps", kill_on_drop: false }`
[INFO] started tweaking crates.io crate upload_to_crate_io 0.1.0
[INFO] finished tweaking crates.io crate upload_to_crate_io 0.1.0
[INFO] tweaked toml for crates.io crate upload_to_crate_io 0.1.0 written to /workspace/builds/worker-0-tc2/source/Cargo.toml
[INFO] running `Command { std: CARGO_HOME="/workspace/cargo-home" RUSTUP_HOME="/workspace/rustup-home" "/workspace/cargo-home/bin/cargo" "+beta-2024-12-08" "generate-lockfile" "--manifest-path" "Cargo.toml", kill_on_drop: false }`
[INFO] running `Command { std: CARGO_HOME="/workspace/cargo-home" RUSTUP_HOME="/workspace/rustup-home" "/workspace/cargo-home/bin/cargo" "+beta-2024-12-08" "fetch" "--manifest-path" "Cargo.toml", kill_on_drop: false }`
[INFO] running `Command { std: "docker" "create" "-v" "/var/lib/crater-agent-workspace/builds/worker-0-tc2/target:/opt/rustwide/target:rw,Z" "-v" "/var/lib/crater-agent-workspace/builds/worker-0-tc2/source:/opt/rustwide/workdir:ro,Z" "-v" "/var/lib/crater-agent-workspace/cargo-home:/opt/rustwide/cargo-home:ro,Z" "-v" "/var/lib/crater-agent-workspace/rustup-home:/opt/rustwide/rustup-home:ro,Z" "-e" "SOURCE_DIR=/opt/rustwide/workdir" "-e" "CARGO_TARGET_DIR=/opt/rustwide/target" "-e" "CARGO_HOME=/opt/rustwide/cargo-home" "-e" "RUSTUP_HOME=/opt/rustwide/rustup-home" "-w" "/opt/rustwide/workdir" "-m" "1610612736" "--user" "0:0" "--network" "none" "ghcr.io/rust-lang/crates-build-env/linux@sha256:f3a9d4ad9d972b27faf3965f35b62e55ba32bbce8f20bc8fe909558a86702fde" "/opt/rustwide/cargo-home/bin/cargo" "+beta-2024-12-08" "metadata" "--no-deps" "--format-version=1", kill_on_drop: false }`
[INFO] [stdout] 8c8b8ff8cf8f7cb9c6aea800b6249ff521ea6735db709fb4f296ff303955ca9d
[INFO] running `Command { std: "docker" "start" "-a" "8c8b8ff8cf8f7cb9c6aea800b6249ff521ea6735db709fb4f296ff303955ca9d", kill_on_drop: false }`
[INFO] running `Command { std: "docker" "inspect" "8c8b8ff8cf8f7cb9c6aea800b6249ff521ea6735db709fb4f296ff303955ca9d", kill_on_drop: false }`
[INFO] running `Command { std: "docker" "rm" "-f" "8c8b8ff8cf8f7cb9c6aea800b6249ff521ea6735db709fb4f296ff303955ca9d", kill_on_drop: false }`
[INFO] [stdout] 8c8b8ff8cf8f7cb9c6aea800b6249ff521ea6735db709fb4f296ff303955ca9d
[INFO] running `Command { std: "docker" "create" "-v" "/var/lib/crater-agent-workspace/builds/worker-0-tc2/target:/opt/rustwide/target:rw,Z" "-v" "/var/lib/crater-agent-workspace/builds/worker-0-tc2/source:/opt/rustwide/workdir:ro,Z" "-v" "/var/lib/crater-agent-workspace/cargo-home:/opt/rustwide/cargo-home:ro,Z" "-v" "/var/lib/crater-agent-workspace/rustup-home:/opt/rustwide/rustup-home:ro,Z" "-e" "SOURCE_DIR=/opt/rustwide/workdir" "-e" "CARGO_TARGET_DIR=/opt/rustwide/target" "-e" "CARGO_INCREMENTAL=0" "-e" "RUST_BACKTRACE=full" "-e" "RUSTFLAGS=--cap-lints=warn" "-e" "RUSTDOCFLAGS=--cap-lints=warn" "-e" "CARGO_HOME=/opt/rustwide/cargo-home" "-e" "RUSTUP_HOME=/opt/rustwide/rustup-home" "-w" "/opt/rustwide/workdir" "-m" "1610612736" "--user" "0:0" "--network" "none" "ghcr.io/rust-lang/crates-build-env/linux@sha256:f3a9d4ad9d972b27faf3965f35b62e55ba32bbce8f20bc8fe909558a86702fde" "/opt/rustwide/cargo-home/bin/cargo" "+beta-2024-12-08" "build" "--frozen" "--message-format=json", kill_on_drop: false }`
[INFO] [stdout] 88bef71947cf1563a6f735cc03998b470f3c2ffe4ccf4d5d3f7cc2011b281414
[INFO] running `Command { std: "docker" "start" "-a" "88bef71947cf1563a6f735cc03998b470f3c2ffe4ccf4d5d3f7cc2011b281414", kill_on_drop: false }`
[INFO] [stderr]    Compiling upload_to_crate_io v0.1.0 (/opt/rustwide/workdir)
[INFO] [stdout] warning: module `MathShapes` should have a snake case name
[INFO] [stdout]  --> src/lib.rs:6:5
[INFO] [stdout]   |
[INFO] [stdout] 6 | mod MathShapes{
[INFO] [stdout]   |     ^^^^^^^^^^ help: convert the identifier to snake case: `math_shapes`
[INFO] [stdout]   |
[INFO] [stdout]   = note: `#[warn(non_snake_case)]` on by default
[INFO] [stdout] 
[INFO] [stdout] 
[INFO] [stderr]     Finished `dev` profile [unoptimized + debuginfo] target(s) in 0.18s
[INFO] running `Command { std: "docker" "inspect" "88bef71947cf1563a6f735cc03998b470f3c2ffe4ccf4d5d3f7cc2011b281414", kill_on_drop: false }`
[INFO] running `Command { std: "docker" "rm" "-f" "88bef71947cf1563a6f735cc03998b470f3c2ffe4ccf4d5d3f7cc2011b281414", kill_on_drop: false }`
[INFO] [stdout] 88bef71947cf1563a6f735cc03998b470f3c2ffe4ccf4d5d3f7cc2011b281414
[INFO] running `Command { std: "docker" "create" "-v" "/var/lib/crater-agent-workspace/builds/worker-0-tc2/target:/opt/rustwide/target:rw,Z" "-v" "/var/lib/crater-agent-workspace/builds/worker-0-tc2/source:/opt/rustwide/workdir:ro,Z" "-v" "/var/lib/crater-agent-workspace/cargo-home:/opt/rustwide/cargo-home:ro,Z" "-v" "/var/lib/crater-agent-workspace/rustup-home:/opt/rustwide/rustup-home:ro,Z" "-e" "SOURCE_DIR=/opt/rustwide/workdir" "-e" "CARGO_TARGET_DIR=/opt/rustwide/target" "-e" "CARGO_INCREMENTAL=0" "-e" "RUST_BACKTRACE=full" "-e" "RUSTFLAGS=--cap-lints=warn" "-e" "RUSTDOCFLAGS=--cap-lints=warn" "-e" "CARGO_HOME=/opt/rustwide/cargo-home" "-e" "RUSTUP_HOME=/opt/rustwide/rustup-home" "-w" "/opt/rustwide/workdir" "-m" "1610612736" "--user" "0:0" "--network" "none" "ghcr.io/rust-lang/crates-build-env/linux@sha256:f3a9d4ad9d972b27faf3965f35b62e55ba32bbce8f20bc8fe909558a86702fde" "/opt/rustwide/cargo-home/bin/cargo" "+beta-2024-12-08" "test" "--frozen" "--no-run" "--message-format=json", kill_on_drop: false }`
[INFO] [stdout] 28c6e0216faa873cce5bbf8d4ad8a41cb274b0dcf88330b3b424436627549f34
[INFO] running `Command { std: "docker" "start" "-a" "28c6e0216faa873cce5bbf8d4ad8a41cb274b0dcf88330b3b424436627549f34", kill_on_drop: false }`
[INFO] [stderr]    Compiling upload_to_crate_io v0.1.0 (/opt/rustwide/workdir)
[INFO] [stdout] warning: module `MathShapes` should have a snake case name
[INFO] [stdout]  --> src/lib.rs:6:5
[INFO] [stdout]   |
[INFO] [stdout] 6 | mod MathShapes{
[INFO] [stdout]   |     ^^^^^^^^^^ help: convert the identifier to snake case: `math_shapes`
[INFO] [stdout]   |
[INFO] [stdout]   = note: `#[warn(non_snake_case)]` on by default
[INFO] [stdout] 
[INFO] [stdout] 
[INFO] [stdout] warning: module `MathShapes` should have a snake case name
[INFO] [stdout]  --> src/lib.rs:6:5
[INFO] [stdout]   |
[INFO] [stdout] 6 | mod MathShapes{
[INFO] [stdout]   |     ^^^^^^^^^^ help: convert the identifier to snake case: `math_shapes`
[INFO] [stdout]   |
[INFO] [stdout]   = note: `#[warn(non_snake_case)]` on by default
[INFO] [stdout] 
[INFO] [stdout] 
[INFO] [stderr]     Finished `test` profile [unoptimized + debuginfo] target(s) in 0.32s
[INFO] running `Command { std: "docker" "inspect" "28c6e0216faa873cce5bbf8d4ad8a41cb274b0dcf88330b3b424436627549f34", kill_on_drop: false }`
[INFO] running `Command { std: "docker" "rm" "-f" "28c6e0216faa873cce5bbf8d4ad8a41cb274b0dcf88330b3b424436627549f34", kill_on_drop: false }`
[INFO] [stdout] 28c6e0216faa873cce5bbf8d4ad8a41cb274b0dcf88330b3b424436627549f34
[INFO] running `Command { std: "docker" "create" "-v" "/var/lib/crater-agent-workspace/builds/worker-0-tc2/target:/opt/rustwide/target:rw,Z" "-v" "/var/lib/crater-agent-workspace/builds/worker-0-tc2/source:/opt/rustwide/workdir:ro,Z" "-v" "/var/lib/crater-agent-workspace/cargo-home:/opt/rustwide/cargo-home:ro,Z" "-v" "/var/lib/crater-agent-workspace/rustup-home:/opt/rustwide/rustup-home:ro,Z" "-e" "SOURCE_DIR=/opt/rustwide/workdir" "-e" "CARGO_TARGET_DIR=/opt/rustwide/target" "-e" "CARGO_INCREMENTAL=0" "-e" "RUST_BACKTRACE=full" "-e" "RUSTFLAGS=--cap-lints=warn" "-e" "RUSTDOCFLAGS=--cap-lints=warn" "-e" "CARGO_HOME=/opt/rustwide/cargo-home" "-e" "RUSTUP_HOME=/opt/rustwide/rustup-home" "-w" "/opt/rustwide/workdir" "-m" "1610612736" "--user" "0:0" "--network" "none" "ghcr.io/rust-lang/crates-build-env/linux@sha256:f3a9d4ad9d972b27faf3965f35b62e55ba32bbce8f20bc8fe909558a86702fde" "/opt/rustwide/cargo-home/bin/cargo" "+beta-2024-12-08" "test" "--frozen", kill_on_drop: false }`
[INFO] [stdout] e76bbdbbe1e8ac2b1bb004a75078ab61725981828bf5d4186ebef8b06372a6ce
[INFO] running `Command { std: "docker" "start" "-a" "e76bbdbbe1e8ac2b1bb004a75078ab61725981828bf5d4186ebef8b06372a6ce", kill_on_drop: false }`
[INFO] [stderr] warning: module `MathShapes` should have a snake case name
[INFO] [stderr]  --> src/lib.rs:6:5
[INFO] [stderr]   |
[INFO] [stderr] 6 | mod MathShapes{
[INFO] [stderr]   |     ^^^^^^^^^^ help: convert the identifier to snake case: `math_shapes`
[INFO] [stderr]   |
[INFO] [stderr]   = note: `#[warn(non_snake_case)]` on by default
[INFO] [stderr] 
[INFO] [stderr] warning: `upload_to_crate_io` (lib) generated 1 warning
[INFO] [stderr] warning: `upload_to_crate_io` (lib test) generated 1 warning (1 duplicate)
[INFO] [stderr]     Finished `test` profile [unoptimized + debuginfo] target(s) in 0.02s
[INFO] [stderr]      Running unittests src/lib.rs (/opt/rustwide/target/debug/deps/upload_to_crate_io-4f75de52bf703e15)
[INFO] [stderr]    Doc-tests upload_to_crate_io
[INFO] [stdout] 
[INFO] [stdout] running 0 tests
[INFO] [stdout] 
[INFO] [stdout] test result: ok. 0 passed; 0 failed; 0 ignored; 0 measured; 0 filtered out; finished in 0.00s
[INFO] [stdout] 
[INFO] [stdout] 
[INFO] [stdout] running 1 test
[INFO] [stdout] test src/lib.rs - MathShapes::Circle::calc (line 20) ... FAILED
[INFO] [stdout] 
[INFO] [stdout] failures:
[INFO] [stdout] 
[INFO] [stdout] ---- src/lib.rs - MathShapes::Circle::calc (line 20) stdout ----
[INFO] [stdout] error: format argument must be a string literal
[INFO] [stdout]  --> src/lib.rs:22:10
[INFO] [stdout]   |
[INFO] [stdout] 4 | println!({},circle.calc());
[INFO] [stdout]   |          ^^
[INFO] [stdout]   |
[INFO] [stdout] help: you might be missing a string literal to format with
[INFO] [stdout]   |
[INFO] [stdout] 4 | println!("{:?} {}", {},circle.calc());
[INFO] [stdout]   |          ++++++++++
[INFO] [stdout] 
[INFO] [stdout] error[E0422]: cannot find struct, variant or union type `Circle` in this scope
[INFO] [stdout]  --> src/lib.rs:21:13
[INFO] [stdout]   |
[INFO] [stdout] 3 | let circle =Circle{radius:10.0};
[INFO] [stdout]   |             ^^^^^^ not found in this scope
[INFO] [stdout]   |
[INFO] [stdout] help: consider importing this struct
[INFO] [stdout]   |
[INFO] [stdout] 2 + use upload_to_crate_io::Circle;
[INFO] [stdout]   |
[INFO] [stdout] 
[INFO] [stdout] error: aborting due to 2 previous errors
[INFO] [stdout] 
[INFO] [stdout] For more information about this error, try `rustc --explain E0422`.
[INFO] [stdout] Couldn't compile the test.
[INFO] [stdout] 
[INFO] [stdout] failures:
[INFO] [stdout]     src/lib.rs - MathShapes::Circle::calc (line 20)
[INFO] [stdout] 
[INFO] [stdout] test result: FAILED. 0 passed; 1 failed; 0 ignored; 0 measured; 0 filtered out; finished in 0.08s
[INFO] [stdout] 
[INFO] [stderr] error: doctest failed, to rerun pass `--doc`
[INFO] running `Command { std: "docker" "inspect" "e76bbdbbe1e8ac2b1bb004a75078ab61725981828bf5d4186ebef8b06372a6ce", kill_on_drop: false }`
[INFO] running `Command { std: "docker" "rm" "-f" "e76bbdbbe1e8ac2b1bb004a75078ab61725981828bf5d4186ebef8b06372a6ce", kill_on_drop: false }`
[INFO] [stdout] e76bbdbbe1e8ac2b1bb004a75078ab61725981828bf5d4186ebef8b06372a6ce
