[INFO] fetching crate unwrap-sugar 0.1.1...
[INFO] testing unwrap-sugar-0.1.1 against beta-2024-12-08 for beta-1.84.0-4-retry
[INFO] extracting crate unwrap-sugar 0.1.1 into /workspace/builds/worker-3-tc2/source
[INFO] validating manifest of crates.io crate unwrap-sugar 0.1.1 on toolchain beta-2024-12-08
[INFO] running `Command { std: CARGO_HOME="/workspace/cargo-home" RUSTUP_HOME="/workspace/rustup-home" "/workspace/cargo-home/bin/cargo" "+beta-2024-12-08" "metadata" "--manifest-path" "Cargo.toml" "--no-deps", kill_on_drop: false }`
[INFO] started tweaking crates.io crate unwrap-sugar 0.1.1
[INFO] finished tweaking crates.io crate unwrap-sugar 0.1.1
[INFO] tweaked toml for crates.io crate unwrap-sugar 0.1.1 written to /workspace/builds/worker-3-tc2/source/Cargo.toml
[INFO] running `Command { std: CARGO_HOME="/workspace/cargo-home" RUSTUP_HOME="/workspace/rustup-home" "/workspace/cargo-home/bin/cargo" "+beta-2024-12-08" "generate-lockfile" "--manifest-path" "Cargo.toml", kill_on_drop: false }`
[INFO] running `Command { std: CARGO_HOME="/workspace/cargo-home" RUSTUP_HOME="/workspace/rustup-home" "/workspace/cargo-home/bin/cargo" "+beta-2024-12-08" "fetch" "--manifest-path" "Cargo.toml", kill_on_drop: false }`
[INFO] running `Command { std: "docker" "create" "-v" "/var/lib/crater-agent-workspace/builds/worker-3-tc2/target:/opt/rustwide/target:rw,Z" "-v" "/var/lib/crater-agent-workspace/builds/worker-3-tc2/source:/opt/rustwide/workdir:ro,Z" "-v" "/var/lib/crater-agent-workspace/cargo-home:/opt/rustwide/cargo-home:ro,Z" "-v" "/var/lib/crater-agent-workspace/rustup-home:/opt/rustwide/rustup-home:ro,Z" "-e" "SOURCE_DIR=/opt/rustwide/workdir" "-e" "CARGO_TARGET_DIR=/opt/rustwide/target" "-e" "CARGO_HOME=/opt/rustwide/cargo-home" "-e" "RUSTUP_HOME=/opt/rustwide/rustup-home" "-w" "/opt/rustwide/workdir" "-m" "1610612736" "--user" "0:0" "--network" "none" "ghcr.io/rust-lang/crates-build-env/linux@sha256:f3a9d4ad9d972b27faf3965f35b62e55ba32bbce8f20bc8fe909558a86702fde" "/opt/rustwide/cargo-home/bin/cargo" "+beta-2024-12-08" "metadata" "--no-deps" "--format-version=1", kill_on_drop: false }`
[INFO] [stdout] 32940c660e5e948c383de51b862dba4e599ea90f1504fb0832d2b70d345dbe1e
[INFO] running `Command { std: "docker" "start" "-a" "32940c660e5e948c383de51b862dba4e599ea90f1504fb0832d2b70d345dbe1e", kill_on_drop: false }`
[INFO] running `Command { std: "docker" "inspect" "32940c660e5e948c383de51b862dba4e599ea90f1504fb0832d2b70d345dbe1e", kill_on_drop: false }`
[INFO] running `Command { std: "docker" "rm" "-f" "32940c660e5e948c383de51b862dba4e599ea90f1504fb0832d2b70d345dbe1e", kill_on_drop: false }`
[INFO] [stdout] 32940c660e5e948c383de51b862dba4e599ea90f1504fb0832d2b70d345dbe1e
[INFO] running `Command { std: "docker" "create" "-v" "/var/lib/crater-agent-workspace/builds/worker-3-tc2/target:/opt/rustwide/target:rw,Z" "-v" "/var/lib/crater-agent-workspace/builds/worker-3-tc2/source:/opt/rustwide/workdir:ro,Z" "-v" "/var/lib/crater-agent-workspace/cargo-home:/opt/rustwide/cargo-home:ro,Z" "-v" "/var/lib/crater-agent-workspace/rustup-home:/opt/rustwide/rustup-home:ro,Z" "-e" "SOURCE_DIR=/opt/rustwide/workdir" "-e" "CARGO_TARGET_DIR=/opt/rustwide/target" "-e" "CARGO_INCREMENTAL=0" "-e" "RUST_BACKTRACE=full" "-e" "RUSTFLAGS=--cap-lints=warn" "-e" "RUSTDOCFLAGS=--cap-lints=warn" "-e" "CARGO_HOME=/opt/rustwide/cargo-home" "-e" "RUSTUP_HOME=/opt/rustwide/rustup-home" "-w" "/opt/rustwide/workdir" "-m" "1610612736" "--user" "0:0" "--network" "none" "ghcr.io/rust-lang/crates-build-env/linux@sha256:f3a9d4ad9d972b27faf3965f35b62e55ba32bbce8f20bc8fe909558a86702fde" "/opt/rustwide/cargo-home/bin/cargo" "+beta-2024-12-08" "build" "--frozen" "--message-format=json", kill_on_drop: false }`
[INFO] [stdout] d34e63ece8e1fd62894584a2d407289f972247aa45da92d79e41ad4415e60f65
[INFO] running `Command { std: "docker" "start" "-a" "d34e63ece8e1fd62894584a2d407289f972247aa45da92d79e41ad4415e60f65", kill_on_drop: false }`
[INFO] [stderr]    Compiling unwrap-sugar v0.1.1 (/opt/rustwide/workdir)
[INFO] [stderr]     Finished `dev` profile [unoptimized + debuginfo] target(s) in 0.11s
[INFO] running `Command { std: "docker" "inspect" "d34e63ece8e1fd62894584a2d407289f972247aa45da92d79e41ad4415e60f65", kill_on_drop: false }`
[INFO] running `Command { std: "docker" "rm" "-f" "d34e63ece8e1fd62894584a2d407289f972247aa45da92d79e41ad4415e60f65", kill_on_drop: false }`
[INFO] [stdout] d34e63ece8e1fd62894584a2d407289f972247aa45da92d79e41ad4415e60f65
[INFO] running `Command { std: "docker" "create" "-v" "/var/lib/crater-agent-workspace/builds/worker-3-tc2/target:/opt/rustwide/target:rw,Z" "-v" "/var/lib/crater-agent-workspace/builds/worker-3-tc2/source:/opt/rustwide/workdir:ro,Z" "-v" "/var/lib/crater-agent-workspace/cargo-home:/opt/rustwide/cargo-home:ro,Z" "-v" "/var/lib/crater-agent-workspace/rustup-home:/opt/rustwide/rustup-home:ro,Z" "-e" "SOURCE_DIR=/opt/rustwide/workdir" "-e" "CARGO_TARGET_DIR=/opt/rustwide/target" "-e" "CARGO_INCREMENTAL=0" "-e" "RUST_BACKTRACE=full" "-e" "RUSTFLAGS=--cap-lints=warn" "-e" "RUSTDOCFLAGS=--cap-lints=warn" "-e" "CARGO_HOME=/opt/rustwide/cargo-home" "-e" "RUSTUP_HOME=/opt/rustwide/rustup-home" "-w" "/opt/rustwide/workdir" "-m" "1610612736" "--user" "0:0" "--network" "none" "ghcr.io/rust-lang/crates-build-env/linux@sha256:f3a9d4ad9d972b27faf3965f35b62e55ba32bbce8f20bc8fe909558a86702fde" "/opt/rustwide/cargo-home/bin/cargo" "+beta-2024-12-08" "test" "--frozen" "--no-run" "--message-format=json", kill_on_drop: false }`
[INFO] [stdout] d1382ddc1301a0b6844171b322d88da2a8b54e8a108f5b9a2972f3b07934a490
[INFO] running `Command { std: "docker" "start" "-a" "d1382ddc1301a0b6844171b322d88da2a8b54e8a108f5b9a2972f3b07934a490", kill_on_drop: false }`
[INFO] [stderr]    Compiling unwrap-sugar v0.1.1 (/opt/rustwide/workdir)
[INFO] [stderr]     Finished `test` profile [unoptimized + debuginfo] target(s) in 0.46s
[INFO] running `Command { std: "docker" "inspect" "d1382ddc1301a0b6844171b322d88da2a8b54e8a108f5b9a2972f3b07934a490", kill_on_drop: false }`
[INFO] running `Command { std: "docker" "rm" "-f" "d1382ddc1301a0b6844171b322d88da2a8b54e8a108f5b9a2972f3b07934a490", kill_on_drop: false }`
[INFO] [stdout] d1382ddc1301a0b6844171b322d88da2a8b54e8a108f5b9a2972f3b07934a490
[INFO] running `Command { std: "docker" "create" "-v" "/var/lib/crater-agent-workspace/builds/worker-3-tc2/target:/opt/rustwide/target:rw,Z" "-v" "/var/lib/crater-agent-workspace/builds/worker-3-tc2/source:/opt/rustwide/workdir:ro,Z" "-v" "/var/lib/crater-agent-workspace/cargo-home:/opt/rustwide/cargo-home:ro,Z" "-v" "/var/lib/crater-agent-workspace/rustup-home:/opt/rustwide/rustup-home:ro,Z" "-e" "SOURCE_DIR=/opt/rustwide/workdir" "-e" "CARGO_TARGET_DIR=/opt/rustwide/target" "-e" "CARGO_INCREMENTAL=0" "-e" "RUST_BACKTRACE=full" "-e" "RUSTFLAGS=--cap-lints=warn" "-e" "RUSTDOCFLAGS=--cap-lints=warn" "-e" "CARGO_HOME=/opt/rustwide/cargo-home" "-e" "RUSTUP_HOME=/opt/rustwide/rustup-home" "-w" "/opt/rustwide/workdir" "-m" "1610612736" "--user" "0:0" "--network" "none" "ghcr.io/rust-lang/crates-build-env/linux@sha256:f3a9d4ad9d972b27faf3965f35b62e55ba32bbce8f20bc8fe909558a86702fde" "/opt/rustwide/cargo-home/bin/cargo" "+beta-2024-12-08" "test" "--frozen", kill_on_drop: false }`
[INFO] [stdout] 17ca230059d4509335fd73b392457e393d90d417c6977ee1ae23c6768823d12c
[INFO] running `Command { std: "docker" "start" "-a" "17ca230059d4509335fd73b392457e393d90d417c6977ee1ae23c6768823d12c", kill_on_drop: false }`
[INFO] [stderr]     Finished `test` profile [unoptimized + debuginfo] target(s) in 0.01s
[INFO] [stderr]      Running unittests src/lib.rs (/opt/rustwide/target/debug/deps/unwrap_sugar-b55153e5fc5d984e)
[INFO] [stdout] 
[INFO] [stdout] running 1 test
[INFO] [stdout] test tests::it_works ... ok
[INFO] [stdout] 
[INFO] [stderr]    Doc-tests unwrap_sugar
[INFO] [stdout] test result: ok. 1 passed; 0 failed; 0 ignored; 0 measured; 0 filtered out; finished in 0.00s
[INFO] [stdout] 
[INFO] [stdout] 
[INFO] [stdout] running 1 test
[INFO] [stdout] test src/lib.rs - (line 5) ... FAILED
[INFO] [stdout] 
[INFO] [stdout] failures:
[INFO] [stdout] 
[INFO] [stdout] ---- src/lib.rs - (line 5) stdout ----
[INFO] [stdout] error: cannot find macro `unwrap_sugar` in this scope
[INFO] [stdout]  --> src/lib.rs:7:1
[INFO] [stdout]   |
[INFO] [stdout] 5 | unwrap_sugar! {
[INFO] [stdout]   | ^^^^^^^^^^^^
[INFO] [stdout]   |
[INFO] [stdout] note: `unwrap_sugar` is imported here, but it is a crate, not a macro
[INFO] [stdout]  --> src/lib.rs:5:1
[INFO] [stdout]   |
[INFO] [stdout] 3 | extern crate r#unwrap_sugar;
[INFO] [stdout]   | ^^^^^^^^^^^^^^^^^^^^^^^^^^^^
[INFO] [stdout] help: consider importing this macro
[INFO] [stdout]   |
[INFO] [stdout] 2 + use unwrap_sugar::unwrap_sugar;
[INFO] [stdout]   |
[INFO] [stdout] 
[INFO] [stdout] error[E0425]: cannot find value `a` in this scope
[INFO] [stdout]   --> src/lib.rs:20:12
[INFO] [stdout]    |
[INFO] [stdout] 18 | assert_eq!(a, 'a');
[INFO] [stdout]    |            ^ not found in this scope
[INFO] [stdout] 
[INFO] [stdout] error[E0425]: cannot find value `b` in this scope
[INFO] [stdout]   --> src/lib.rs:21:12
[INFO] [stdout]    |
[INFO] [stdout] 19 | assert_eq!(b, 'b');
[INFO] [stdout]    |            ^ not found in this scope
[INFO] [stdout] 
[INFO] [stdout] error[E0425]: cannot find value `c` in this scope
[INFO] [stdout]   --> src/lib.rs:22:12
[INFO] [stdout]    |
[INFO] [stdout] 20 | assert_eq!(c, 'c');
[INFO] [stdout]    |            ^ not found in this scope
[INFO] [stdout] 
[INFO] [stdout] error: aborting due to 4 previous errors
[INFO] [stdout] 
[INFO] [stdout] For more information about this error, try `rustc --explain E0425`.
[INFO] [stdout] Couldn't compile the test.
[INFO] [stdout] 
[INFO] [stdout] failures:
[INFO] [stdout]     src/lib.rs - (line 5)
[INFO] [stdout] 
[INFO] [stdout] test result: FAILED. 0 passed; 1 failed; 0 ignored; 0 measured; 0 filtered out; finished in 0.10s
[INFO] [stdout] 
[INFO] [stderr] error: doctest failed, to rerun pass `--doc`
[INFO] running `Command { std: "docker" "inspect" "17ca230059d4509335fd73b392457e393d90d417c6977ee1ae23c6768823d12c", kill_on_drop: false }`
[INFO] running `Command { std: "docker" "rm" "-f" "17ca230059d4509335fd73b392457e393d90d417c6977ee1ae23c6768823d12c", kill_on_drop: false }`
[INFO] [stdout] 17ca230059d4509335fd73b392457e393d90d417c6977ee1ae23c6768823d12c
