[INFO] fetching crate unthbuf 1.0.0...
[INFO] testing unthbuf-1.0.0 against beta-2024-12-08 for beta-1.84.0-4-retry
[INFO] extracting crate unthbuf 1.0.0 into /workspace/builds/worker-3-tc2/source
[INFO] validating manifest of crates.io crate unthbuf 1.0.0 on toolchain beta-2024-12-08
[INFO] running `Command { std: CARGO_HOME="/workspace/cargo-home" RUSTUP_HOME="/workspace/rustup-home" "/workspace/cargo-home/bin/cargo" "+beta-2024-12-08" "metadata" "--manifest-path" "Cargo.toml" "--no-deps", kill_on_drop: false }`
[INFO] started tweaking crates.io crate unthbuf 1.0.0
[INFO] finished tweaking crates.io crate unthbuf 1.0.0
[INFO] tweaked toml for crates.io crate unthbuf 1.0.0 written to /workspace/builds/worker-3-tc2/source/Cargo.toml
[INFO] running `Command { std: CARGO_HOME="/workspace/cargo-home" RUSTUP_HOME="/workspace/rustup-home" "/workspace/cargo-home/bin/cargo" "+beta-2024-12-08" "generate-lockfile" "--manifest-path" "Cargo.toml", kill_on_drop: false }`
[INFO] [stderr]     Updating crates.io index
[INFO] [stderr]      Locking 15 packages to latest compatible versions
[INFO] running `Command { std: CARGO_HOME="/workspace/cargo-home" RUSTUP_HOME="/workspace/rustup-home" "/workspace/cargo-home/bin/cargo" "+beta-2024-12-08" "fetch" "--manifest-path" "Cargo.toml", kill_on_drop: false }`
[INFO] running `Command { std: "docker" "create" "-v" "/var/lib/crater-agent-workspace/builds/worker-3-tc2/target:/opt/rustwide/target:rw,Z" "-v" "/var/lib/crater-agent-workspace/builds/worker-3-tc2/source:/opt/rustwide/workdir:ro,Z" "-v" "/var/lib/crater-agent-workspace/cargo-home:/opt/rustwide/cargo-home:ro,Z" "-v" "/var/lib/crater-agent-workspace/rustup-home:/opt/rustwide/rustup-home:ro,Z" "-e" "SOURCE_DIR=/opt/rustwide/workdir" "-e" "CARGO_TARGET_DIR=/opt/rustwide/target" "-e" "CARGO_HOME=/opt/rustwide/cargo-home" "-e" "RUSTUP_HOME=/opt/rustwide/rustup-home" "-w" "/opt/rustwide/workdir" "-m" "1610612736" "--user" "0:0" "--network" "none" "ghcr.io/rust-lang/crates-build-env/linux@sha256:f3a9d4ad9d972b27faf3965f35b62e55ba32bbce8f20bc8fe909558a86702fde" "/opt/rustwide/cargo-home/bin/cargo" "+beta-2024-12-08" "metadata" "--no-deps" "--format-version=1", kill_on_drop: false }`
[INFO] [stdout] ac2def355546a70c547a55484f71873c39a38e212b43f5608f2f313434855b25
[INFO] running `Command { std: "docker" "start" "-a" "ac2def355546a70c547a55484f71873c39a38e212b43f5608f2f313434855b25", kill_on_drop: false }`
[INFO] running `Command { std: "docker" "inspect" "ac2def355546a70c547a55484f71873c39a38e212b43f5608f2f313434855b25", kill_on_drop: false }`
[INFO] running `Command { std: "docker" "rm" "-f" "ac2def355546a70c547a55484f71873c39a38e212b43f5608f2f313434855b25", kill_on_drop: false }`
[INFO] [stdout] ac2def355546a70c547a55484f71873c39a38e212b43f5608f2f313434855b25
[INFO] running `Command { std: "docker" "create" "-v" "/var/lib/crater-agent-workspace/builds/worker-3-tc2/target:/opt/rustwide/target:rw,Z" "-v" "/var/lib/crater-agent-workspace/builds/worker-3-tc2/source:/opt/rustwide/workdir:ro,Z" "-v" "/var/lib/crater-agent-workspace/cargo-home:/opt/rustwide/cargo-home:ro,Z" "-v" "/var/lib/crater-agent-workspace/rustup-home:/opt/rustwide/rustup-home:ro,Z" "-e" "SOURCE_DIR=/opt/rustwide/workdir" "-e" "CARGO_TARGET_DIR=/opt/rustwide/target" "-e" "CARGO_INCREMENTAL=0" "-e" "RUST_BACKTRACE=full" "-e" "RUSTFLAGS=--cap-lints=warn" "-e" "RUSTDOCFLAGS=--cap-lints=warn" "-e" "CARGO_HOME=/opt/rustwide/cargo-home" "-e" "RUSTUP_HOME=/opt/rustwide/rustup-home" "-w" "/opt/rustwide/workdir" "-m" "1610612736" "--user" "0:0" "--network" "none" "ghcr.io/rust-lang/crates-build-env/linux@sha256:f3a9d4ad9d972b27faf3965f35b62e55ba32bbce8f20bc8fe909558a86702fde" "/opt/rustwide/cargo-home/bin/cargo" "+beta-2024-12-08" "build" "--frozen" "--message-format=json", kill_on_drop: false }`
[INFO] [stdout] 2cc15e41abbc078c9fd20310eea781f53611a0adefcf10255e3e004ce4da97c5
[INFO] running `Command { std: "docker" "start" "-a" "2cc15e41abbc078c9fd20310eea781f53611a0adefcf10255e3e004ce4da97c5", kill_on_drop: false }`
[INFO] [stderr]    Compiling unthbuf v1.0.0 (/opt/rustwide/workdir)
[INFO] [stderr]     Finished `dev` profile [unoptimized + debuginfo] target(s) in 0.34s
[INFO] running `Command { std: "docker" "inspect" "2cc15e41abbc078c9fd20310eea781f53611a0adefcf10255e3e004ce4da97c5", kill_on_drop: false }`
[INFO] running `Command { std: "docker" "rm" "-f" "2cc15e41abbc078c9fd20310eea781f53611a0adefcf10255e3e004ce4da97c5", kill_on_drop: false }`
[INFO] [stdout] 2cc15e41abbc078c9fd20310eea781f53611a0adefcf10255e3e004ce4da97c5
[INFO] running `Command { std: "docker" "create" "-v" "/var/lib/crater-agent-workspace/builds/worker-3-tc2/target:/opt/rustwide/target:rw,Z" "-v" "/var/lib/crater-agent-workspace/builds/worker-3-tc2/source:/opt/rustwide/workdir:ro,Z" "-v" "/var/lib/crater-agent-workspace/cargo-home:/opt/rustwide/cargo-home:ro,Z" "-v" "/var/lib/crater-agent-workspace/rustup-home:/opt/rustwide/rustup-home:ro,Z" "-e" "SOURCE_DIR=/opt/rustwide/workdir" "-e" "CARGO_TARGET_DIR=/opt/rustwide/target" "-e" "CARGO_INCREMENTAL=0" "-e" "RUST_BACKTRACE=full" "-e" "RUSTFLAGS=--cap-lints=warn" "-e" "RUSTDOCFLAGS=--cap-lints=warn" "-e" "CARGO_HOME=/opt/rustwide/cargo-home" "-e" "RUSTUP_HOME=/opt/rustwide/rustup-home" "-w" "/opt/rustwide/workdir" "-m" "1610612736" "--user" "0:0" "--network" "none" "ghcr.io/rust-lang/crates-build-env/linux@sha256:f3a9d4ad9d972b27faf3965f35b62e55ba32bbce8f20bc8fe909558a86702fde" "/opt/rustwide/cargo-home/bin/cargo" "+beta-2024-12-08" "test" "--frozen" "--no-run" "--message-format=json", kill_on_drop: false }`
[INFO] [stdout] 69a81b032baa9a96ad4cd7da608706d23f04fa8ca005418c31619980faf940a6
[INFO] running `Command { std: "docker" "start" "-a" "69a81b032baa9a96ad4cd7da608706d23f04fa8ca005418c31619980faf940a6", kill_on_drop: false }`
[INFO] [stderr]    Compiling proc-macro2 v1.0.92
[INFO] [stderr]    Compiling unicode-ident v1.0.14
[INFO] [stderr]    Compiling libc v0.2.168
[INFO] [stderr]    Compiling cfg-if v1.0.0
[INFO] [stderr]    Compiling byteorder v1.5.0
[INFO] [stderr]    Compiling quote v1.0.37
[INFO] [stderr]    Compiling getrandom v0.2.15
[INFO] [stderr]    Compiling syn v2.0.90
[INFO] [stderr]    Compiling rand_core v0.6.4
[INFO] [stderr]    Compiling zerocopy-derive v0.7.35
[INFO] [stderr]    Compiling zerocopy v0.7.35
[INFO] [stderr]    Compiling ppv-lite86 v0.2.20
[INFO] [stderr]    Compiling rand_chacha v0.3.1
[INFO] [stderr]    Compiling rand v0.8.5
[INFO] [stderr]    Compiling unthbuf v1.0.0 (/opt/rustwide/workdir)
[INFO] [stdout] warning: unused import: `rand::prelude::*`
[INFO] [stdout]    --> src/tests.rs:126:9
[INFO] [stdout]     |
[INFO] [stdout] 126 |     use rand::prelude::*;
[INFO] [stdout]     |         ^^^^^^^^^^^^^^^^
[INFO] [stdout]     |
[INFO] [stdout]     = note: `#[warn(unused_imports)]` on by default
[INFO] [stdout] 
[INFO] [stdout] 
[INFO] [stdout] warning: unused variable: `rng`
[INFO] [stdout]    --> src/tests.rs:125:17
[INFO] [stdout]     |
[INFO] [stdout] 125 | fn test_indices(rng: &mut rand::prelude::StdRng) -> Vec<usize> {
[INFO] [stdout]     |                 ^^^ help: if this is intentional, prefix it with an underscore: `_rng`
[INFO] [stdout]     |
[INFO] [stdout]     = note: `#[warn(unused_variables)]` on by default
[INFO] [stdout] 
[INFO] [stdout] 
[INFO] [stdout] warning: variable does not need to be mutable
[INFO] [stdout]    --> src/tests.rs:127:9
[INFO] [stdout]     |
[INFO] [stdout] 127 |     let mut indices: Vec<usize> = (0..ITERATIONS).collect();
[INFO] [stdout]     |         ----^^^^^^^
[INFO] [stdout]     |         |
[INFO] [stdout]     |         help: remove this `mut`
[INFO] [stdout]     |
[INFO] [stdout]     = note: `#[warn(unused_mut)]` on by default
[INFO] [stdout] 
[INFO] [stdout] 
[INFO] [stderr]     Finished `test` profile [unoptimized + debuginfo] target(s) in 11.32s
[INFO] running `Command { std: "docker" "inspect" "69a81b032baa9a96ad4cd7da608706d23f04fa8ca005418c31619980faf940a6", kill_on_drop: false }`
[INFO] running `Command { std: "docker" "rm" "-f" "69a81b032baa9a96ad4cd7da608706d23f04fa8ca005418c31619980faf940a6", kill_on_drop: false }`
[INFO] [stdout] 69a81b032baa9a96ad4cd7da608706d23f04fa8ca005418c31619980faf940a6
[INFO] running `Command { std: "docker" "create" "-v" "/var/lib/crater-agent-workspace/builds/worker-3-tc2/target:/opt/rustwide/target:rw,Z" "-v" "/var/lib/crater-agent-workspace/builds/worker-3-tc2/source:/opt/rustwide/workdir:ro,Z" "-v" "/var/lib/crater-agent-workspace/cargo-home:/opt/rustwide/cargo-home:ro,Z" "-v" "/var/lib/crater-agent-workspace/rustup-home:/opt/rustwide/rustup-home:ro,Z" "-e" "SOURCE_DIR=/opt/rustwide/workdir" "-e" "CARGO_TARGET_DIR=/opt/rustwide/target" "-e" "CARGO_INCREMENTAL=0" "-e" "RUST_BACKTRACE=full" "-e" "RUSTFLAGS=--cap-lints=warn" "-e" "RUSTDOCFLAGS=--cap-lints=warn" "-e" "CARGO_HOME=/opt/rustwide/cargo-home" "-e" "RUSTUP_HOME=/opt/rustwide/rustup-home" "-w" "/opt/rustwide/workdir" "-m" "1610612736" "--user" "0:0" "--network" "none" "ghcr.io/rust-lang/crates-build-env/linux@sha256:f3a9d4ad9d972b27faf3965f35b62e55ba32bbce8f20bc8fe909558a86702fde" "/opt/rustwide/cargo-home/bin/cargo" "+beta-2024-12-08" "test" "--frozen", kill_on_drop: false }`
[INFO] [stdout] 3f521fae4c85f014f9a077d0928172e5051bd890f198dd23a7a6cae676c4332e
[INFO] running `Command { std: "docker" "start" "-a" "3f521fae4c85f014f9a077d0928172e5051bd890f198dd23a7a6cae676c4332e", kill_on_drop: false }`
[INFO] [stderr] warning: unused import: `rand::prelude::*`
[INFO] [stderr]    --> src/tests.rs:126:9
[INFO] [stderr]     |
[INFO] [stderr] 126 |     use rand::prelude::*;
[INFO] [stderr]     |         ^^^^^^^^^^^^^^^^
[INFO] [stderr]     |
[INFO] [stderr]     = note: `#[warn(unused_imports)]` on by default
[INFO] [stderr] 
[INFO] [stderr] warning: unused variable: `rng`
[INFO] [stderr]    --> src/tests.rs:125:17
[INFO] [stderr]     |
[INFO] [stderr] 125 | fn test_indices(rng: &mut rand::prelude::StdRng) -> Vec<usize> {
[INFO] [stderr]     |                 ^^^ help: if this is intentional, prefix it with an underscore: `_rng`
[INFO] [stderr]     |
[INFO] [stderr]     = note: `#[warn(unused_variables)]` on by default
[INFO] [stderr] 
[INFO] [stderr] warning: variable does not need to be mutable
[INFO] [stderr]    --> src/tests.rs:127:9
[INFO] [stderr]     |
[INFO] [stderr] 127 |     let mut indices: Vec<usize> = (0..ITERATIONS).collect();
[INFO] [stderr]     |         ----^^^^^^^
[INFO] [stderr]     |         |
[INFO] [stderr]     |         help: remove this `mut`
[INFO] [stderr]     |
[INFO] [stderr]     = note: `#[warn(unused_mut)]` on by default
[INFO] [stderr] 
[INFO] [stderr] warning: `unthbuf` (lib test) generated 3 warnings (run `cargo fix --lib -p unthbuf --tests` to apply 2 suggestions)
[INFO] [stderr]     Finished `test` profile [unoptimized + debuginfo] target(s) in 0.04s
[INFO] [stderr]      Running unittests src/lib.rs (/opt/rustwide/target/debug/deps/unthbuf-df97b0e541fc54fa)
[INFO] [stdout] 
[INFO] [stdout] running 7 tests
[INFO] [stdout] test tests::aligned_location_of ... ignored, simply prints all valid indices
[INFO] [stdout] test tests::bench_io_aligned ... ignored, benchmark
[INFO] [stdout] test tests::bench_io_baseline ... ignored, benchmark
[INFO] [stdout] test tests::bench_io_unaligned ... ignored, benchmark
[INFO] [stdout] test tests::packed_location_of ... ignored, simply prints all valid indices
[INFO] [stdout] test tests::aligned_setget ... ok
[INFO] [stdout] test tests::unaligned_setget ... ok
[INFO] [stderr]    Doc-tests unthbuf
[INFO] [stdout] 
[INFO] [stdout] test result: ok. 2 passed; 0 failed; 5 ignored; 0 measured; 0 filtered out; finished in 0.23s
[INFO] [stdout] 
[INFO] [stdout] 
[INFO] [stdout] running 1 test
[INFO] [stdout] test src/lib.rs - (line 8) ... FAILED
[INFO] [stdout] 
[INFO] [stdout] failures:
[INFO] [stdout] 
[INFO] [stdout] ---- src/lib.rs - (line 8) stdout ----
[INFO] [stdout] error[E0308]: arguments to this function are incorrect
[INFO] [stdout]    --> src/lib.rs:11:15
[INFO] [stdout]     |
[INFO] [stdout] 6   | let mut buf = UnthBuf::<AlignedLayout>::new(4096, Bits::new(5).unwrap());
[INFO] [stdout]     |               ^^^^^^^^^^^^^^^^^^^^^^^^^^^^^ ----  --------------------- expected `usize`, found `NonZero<u8>`
[INFO] [stderr] error: doctest failed, to rerun pass `--doc`
[INFO] [stdout]     |                                             |
[INFO] [stdout]     |                                             expected `NonZero<u8>`, found `{integer}`
[INFO] [stdout]     |
[INFO] [stdout] note: associated function defined here
[INFO] [stdout]    --> /opt/rustwide/workdir/src/lib.rs:140:12
[INFO] [stdout]     |
[INFO] [stdout] 140 |     pub fn new(bits: Bits, capacity: usize) -> Self {
[INFO] [stdout]     |            ^^^
[INFO] [stdout] help: swap these arguments
[INFO] [stdout]     |
[INFO] [stdout] 6   | let mut buf = UnthBuf::<AlignedLayout>::new(Bits::new(5).unwrap(), 4096);
[INFO] [stdout]     |                                            ~~~~~~~~~~~~~~~~~~~~~~~~~~~~~
[INFO] [stdout] 
[INFO] [stdout] error: aborting due to 1 previous error
[INFO] [stdout] 
[INFO] [stdout] For more information about this error, try `rustc --explain E0308`.
[INFO] [stdout] Couldn't compile the test.
[INFO] [stdout] 
[INFO] [stdout] failures:
[INFO] [stdout]     src/lib.rs - (line 8)
[INFO] [stdout] 
[INFO] [stdout] test result: FAILED. 0 passed; 1 failed; 0 ignored; 0 measured; 0 filtered out; finished in 0.09s
[INFO] [stdout] 
[INFO] running `Command { std: "docker" "inspect" "3f521fae4c85f014f9a077d0928172e5051bd890f198dd23a7a6cae676c4332e", kill_on_drop: false }`
[INFO] running `Command { std: "docker" "rm" "-f" "3f521fae4c85f014f9a077d0928172e5051bd890f198dd23a7a6cae676c4332e", kill_on_drop: false }`
[INFO] [stdout] 3f521fae4c85f014f9a077d0928172e5051bd890f198dd23a7a6cae676c4332e
