[INFO] fetching crate unsquashfs-wrapper 0.2.1...
[INFO] testing unsquashfs-wrapper-0.2.1 against beta-2024-12-08 for beta-1.84.0-4-retry
[INFO] extracting crate unsquashfs-wrapper 0.2.1 into /workspace/builds/worker-2-tc2/source
[INFO] validating manifest of crates.io crate unsquashfs-wrapper 0.2.1 on toolchain beta-2024-12-08
[INFO] running `Command { std: CARGO_HOME="/workspace/cargo-home" RUSTUP_HOME="/workspace/rustup-home" "/workspace/cargo-home/bin/cargo" "+beta-2024-12-08" "metadata" "--manifest-path" "Cargo.toml" "--no-deps", kill_on_drop: false }`
[INFO] started tweaking crates.io crate unsquashfs-wrapper 0.2.1
[INFO] finished tweaking crates.io crate unsquashfs-wrapper 0.2.1
[INFO] tweaked toml for crates.io crate unsquashfs-wrapper 0.2.1 written to /workspace/builds/worker-2-tc2/source/Cargo.toml
[INFO] crate crates.io crate unsquashfs-wrapper 0.2.1 already has a lockfile, it will not be regenerated
[INFO] running `Command { std: CARGO_HOME="/workspace/cargo-home" RUSTUP_HOME="/workspace/rustup-home" "/workspace/cargo-home/bin/cargo" "+beta-2024-12-08" "fetch" "--manifest-path" "Cargo.toml", kill_on_drop: false }`
[INFO] running `Command { std: "docker" "create" "-v" "/var/lib/crater-agent-workspace/builds/worker-2-tc2/target:/opt/rustwide/target:rw,Z" "-v" "/var/lib/crater-agent-workspace/builds/worker-2-tc2/source:/opt/rustwide/workdir:ro,Z" "-v" "/var/lib/crater-agent-workspace/cargo-home:/opt/rustwide/cargo-home:ro,Z" "-v" "/var/lib/crater-agent-workspace/rustup-home:/opt/rustwide/rustup-home:ro,Z" "-e" "SOURCE_DIR=/opt/rustwide/workdir" "-e" "CARGO_TARGET_DIR=/opt/rustwide/target" "-e" "CARGO_HOME=/opt/rustwide/cargo-home" "-e" "RUSTUP_HOME=/opt/rustwide/rustup-home" "-w" "/opt/rustwide/workdir" "-m" "1610612736" "--user" "0:0" "--network" "none" "ghcr.io/rust-lang/crates-build-env/linux@sha256:f3a9d4ad9d972b27faf3965f35b62e55ba32bbce8f20bc8fe909558a86702fde" "/opt/rustwide/cargo-home/bin/cargo" "+beta-2024-12-08" "metadata" "--no-deps" "--format-version=1", kill_on_drop: false }`
[INFO] [stdout] a472e8398e3b8c314a75f3127b822c6627b1f2c08011632dfaad5b54636ef40f
[INFO] running `Command { std: "docker" "start" "-a" "a472e8398e3b8c314a75f3127b822c6627b1f2c08011632dfaad5b54636ef40f", kill_on_drop: false }`
[INFO] running `Command { std: "docker" "inspect" "a472e8398e3b8c314a75f3127b822c6627b1f2c08011632dfaad5b54636ef40f", kill_on_drop: false }`
[INFO] running `Command { std: "docker" "rm" "-f" "a472e8398e3b8c314a75f3127b822c6627b1f2c08011632dfaad5b54636ef40f", kill_on_drop: false }`
[INFO] [stdout] a472e8398e3b8c314a75f3127b822c6627b1f2c08011632dfaad5b54636ef40f
[INFO] running `Command { std: "docker" "create" "-v" "/var/lib/crater-agent-workspace/builds/worker-2-tc2/target:/opt/rustwide/target:rw,Z" "-v" "/var/lib/crater-agent-workspace/builds/worker-2-tc2/source:/opt/rustwide/workdir:ro,Z" "-v" "/var/lib/crater-agent-workspace/cargo-home:/opt/rustwide/cargo-home:ro,Z" "-v" "/var/lib/crater-agent-workspace/rustup-home:/opt/rustwide/rustup-home:ro,Z" "-e" "SOURCE_DIR=/opt/rustwide/workdir" "-e" "CARGO_TARGET_DIR=/opt/rustwide/target" "-e" "CARGO_INCREMENTAL=0" "-e" "RUST_BACKTRACE=full" "-e" "RUSTFLAGS=--cap-lints=warn" "-e" "RUSTDOCFLAGS=--cap-lints=warn" "-e" "CARGO_HOME=/opt/rustwide/cargo-home" "-e" "RUSTUP_HOME=/opt/rustwide/rustup-home" "-w" "/opt/rustwide/workdir" "-m" "1610612736" "--user" "0:0" "--network" "none" "ghcr.io/rust-lang/crates-build-env/linux@sha256:f3a9d4ad9d972b27faf3965f35b62e55ba32bbce8f20bc8fe909558a86702fde" "/opt/rustwide/cargo-home/bin/cargo" "+beta-2024-12-08" "build" "--frozen" "--message-format=json", kill_on_drop: false }`
[INFO] [stdout] dcc0a75089afdc5d039ecf21a632301d8cbb75a64ab29e54aa61d5f1115b4ddb
[INFO] running `Command { std: "docker" "start" "-a" "dcc0a75089afdc5d039ecf21a632301d8cbb75a64ab29e54aa61d5f1115b4ddb", kill_on_drop: false }`
[INFO] [stderr]    Compiling proc-macro2 v1.0.79
[INFO] [stderr]    Compiling unicode-ident v1.0.12
[INFO] [stderr]    Compiling rustix v0.38.31
[INFO] [stderr]    Compiling linux-raw-sys v0.4.13
[INFO] [stderr]    Compiling libc v0.2.153
[INFO] [stderr]    Compiling once_cell v1.18.0
[INFO] [stderr]    Compiling bitflags v2.4.2
[INFO] [stderr]    Compiling either v1.10.0
[INFO] [stderr]    Compiling home v0.5.9
[INFO] [stderr]    Compiling pin-project-lite v0.2.13
[INFO] [stderr]    Compiling tracing-core v0.1.32
[INFO] [stderr]    Compiling quote v1.0.35
[INFO] [stderr]    Compiling syn v2.0.53
[INFO] [stderr]    Compiling which v6.0.0
[INFO] [stderr]    Compiling tracing-attributes v0.1.27
[INFO] [stderr]    Compiling tracing v0.1.40
[INFO] [stderr]    Compiling unsquashfs-wrapper v0.2.1 (/opt/rustwide/workdir)
[INFO] [stderr]     Finished `dev` profile [unoptimized + debuginfo] target(s) in 11.00s
[INFO] running `Command { std: "docker" "inspect" "dcc0a75089afdc5d039ecf21a632301d8cbb75a64ab29e54aa61d5f1115b4ddb", kill_on_drop: false }`
[INFO] running `Command { std: "docker" "rm" "-f" "dcc0a75089afdc5d039ecf21a632301d8cbb75a64ab29e54aa61d5f1115b4ddb", kill_on_drop: false }`
[INFO] [stdout] dcc0a75089afdc5d039ecf21a632301d8cbb75a64ab29e54aa61d5f1115b4ddb
[INFO] running `Command { std: "docker" "create" "-v" "/var/lib/crater-agent-workspace/builds/worker-2-tc2/target:/opt/rustwide/target:rw,Z" "-v" "/var/lib/crater-agent-workspace/builds/worker-2-tc2/source:/opt/rustwide/workdir:ro,Z" "-v" "/var/lib/crater-agent-workspace/cargo-home:/opt/rustwide/cargo-home:ro,Z" "-v" "/var/lib/crater-agent-workspace/rustup-home:/opt/rustwide/rustup-home:ro,Z" "-e" "SOURCE_DIR=/opt/rustwide/workdir" "-e" "CARGO_TARGET_DIR=/opt/rustwide/target" "-e" "CARGO_INCREMENTAL=0" "-e" "RUST_BACKTRACE=full" "-e" "RUSTFLAGS=--cap-lints=warn" "-e" "RUSTDOCFLAGS=--cap-lints=warn" "-e" "CARGO_HOME=/opt/rustwide/cargo-home" "-e" "RUSTUP_HOME=/opt/rustwide/rustup-home" "-w" "/opt/rustwide/workdir" "-m" "1610612736" "--user" "0:0" "--network" "none" "ghcr.io/rust-lang/crates-build-env/linux@sha256:f3a9d4ad9d972b27faf3965f35b62e55ba32bbce8f20bc8fe909558a86702fde" "/opt/rustwide/cargo-home/bin/cargo" "+beta-2024-12-08" "test" "--frozen" "--no-run" "--message-format=json", kill_on_drop: false }`
[INFO] [stdout] da21f69f361d1cf6417894fc795148ed1cf3d9abcbeaf6567a1a1c4850c23817
[INFO] running `Command { std: "docker" "start" "-a" "da21f69f361d1cf6417894fc795148ed1cf3d9abcbeaf6567a1a1c4850c23817", kill_on_drop: false }`
[INFO] [stderr]    Compiling unsquashfs-wrapper v0.2.1 (/opt/rustwide/workdir)
[INFO] [stderr]     Finished `test` profile [unoptimized + debuginfo] target(s) in 1.05s
[INFO] running `Command { std: "docker" "inspect" "da21f69f361d1cf6417894fc795148ed1cf3d9abcbeaf6567a1a1c4850c23817", kill_on_drop: false }`
[INFO] running `Command { std: "docker" "rm" "-f" "da21f69f361d1cf6417894fc795148ed1cf3d9abcbeaf6567a1a1c4850c23817", kill_on_drop: false }`
[INFO] [stdout] da21f69f361d1cf6417894fc795148ed1cf3d9abcbeaf6567a1a1c4850c23817
[INFO] running `Command { std: "docker" "create" "-v" "/var/lib/crater-agent-workspace/builds/worker-2-tc2/target:/opt/rustwide/target:rw,Z" "-v" "/var/lib/crater-agent-workspace/builds/worker-2-tc2/source:/opt/rustwide/workdir:ro,Z" "-v" "/var/lib/crater-agent-workspace/cargo-home:/opt/rustwide/cargo-home:ro,Z" "-v" "/var/lib/crater-agent-workspace/rustup-home:/opt/rustwide/rustup-home:ro,Z" "-e" "SOURCE_DIR=/opt/rustwide/workdir" "-e" "CARGO_TARGET_DIR=/opt/rustwide/target" "-e" "CARGO_INCREMENTAL=0" "-e" "RUST_BACKTRACE=full" "-e" "RUSTFLAGS=--cap-lints=warn" "-e" "RUSTDOCFLAGS=--cap-lints=warn" "-e" "CARGO_HOME=/opt/rustwide/cargo-home" "-e" "RUSTUP_HOME=/opt/rustwide/rustup-home" "-w" "/opt/rustwide/workdir" "-m" "1610612736" "--user" "0:0" "--network" "none" "ghcr.io/rust-lang/crates-build-env/linux@sha256:f3a9d4ad9d972b27faf3965f35b62e55ba32bbce8f20bc8fe909558a86702fde" "/opt/rustwide/cargo-home/bin/cargo" "+beta-2024-12-08" "test" "--frozen", kill_on_drop: false }`
[INFO] [stdout] 1c7bbcf7e81361d2abfeb37040c516ae70b5c64efa1695a33edd588d05fe908c
[INFO] running `Command { std: "docker" "start" "-a" "1c7bbcf7e81361d2abfeb37040c516ae70b5c64efa1695a33edd588d05fe908c", kill_on_drop: false }`
[INFO] [stderr]     Finished `test` profile [unoptimized + debuginfo] target(s) in 0.03s
[INFO] [stderr]      Running unittests src/lib.rs (/opt/rustwide/target/debug/deps/unsquashfs_wrapper-64c71e9d8d3964b0)
[INFO] [stdout] 
[INFO] [stdout] running 0 tests
[INFO] [stdout] 
[INFO] [stdout] test result: ok. 0 passed; 0 failed; 0 ignored; 0 measured; 0 filtered out; finished in 0.00s
[INFO] [stdout] 
[INFO] [stderr]    Doc-tests unsquashfs_wrapper
[INFO] [stdout] 
[INFO] [stdout] running 1 test
[INFO] [stdout] test src/lib.rs - extract (line 132) ... FAILED
[INFO] [stdout] 
[INFO] [stdout] failures:
[INFO] [stdout] 
[INFO] [stdout] ---- src/lib.rs - extract (line 132) stdout ----
[INFO] [stdout] error[E0061]: this function takes 5 arguments but 4 arguments were supplied
[INFO] [stdout]    --> src/lib.rs:135:5
[INFO] [stdout]     |
[INFO] [stdout] 5   |       unsquashfs_wrapper::extract(
[INFO] [stdout]     |  _____^^^^^^^^^^^^^^^^^^^^^^^^^^^-
[INFO] [stdout] 6   | |         "/home/saki/aosc-os_base_20230322_amd64.squashfs",
[INFO] [stdout] 7   | |         "/tmp/test",
[INFO] [stdout] 8   | |         None,
[INFO] [stdout] ...   |
[INFO] [stdout] 11  | |         },
[INFO] [stdout] 12  | |     )
[INFO] [stdout]     | |_____- argument #5 of type `Arc<AtomicBool>` is missing
[INFO] [stdout]     |
[INFO] [stdout] note: function defined here
[INFO] [stdout]    --> /opt/rustwide/workdir/src/lib.rs:145:8
[INFO] [stdout]     |
[INFO] [stdout] 145 | pub fn extract<P: AsRef<Path>, Q: AsRef<Path>, F: FnMut(i32)>(
[INFO] [stdout]     |        ^^^^^^^
[INFO] [stdout] help: provide the argument
[INFO] [stdout]     |
[INFO] [stdout] 5   ~     unsquashfs_wrapper::extract("/home/saki/aosc-os_base_20230322_amd64.squashfs", "/tmp/test", None, move |c| {
[INFO] [stdout] 6   +             dbg!(c);
[INFO] [stdout] 7   +         }, /* Arc<AtomicBool> */)
[INFO] [stdout]     |
[INFO] [stdout] 
[INFO] [stdout] error: aborting due to 1 previous error
[INFO] [stdout] 
[INFO] [stdout] For more information about this error, try `rustc --explain E0061`.
[INFO] [stdout] Couldn't compile the test.
[INFO] [stdout] 
[INFO] [stdout] failures:
[INFO] [stdout]     src/lib.rs - extract (line 132)
[INFO] [stdout] 
[INFO] [stdout] test result: FAILED. 0 passed; 1 failed; 0 ignored; 0 measured; 0 filtered out; finished in 0.13s
[INFO] [stdout] 
[INFO] [stderr] error: doctest failed, to rerun pass `--doc`
[INFO] running `Command { std: "docker" "inspect" "1c7bbcf7e81361d2abfeb37040c516ae70b5c64efa1695a33edd588d05fe908c", kill_on_drop: false }`
[INFO] running `Command { std: "docker" "rm" "-f" "1c7bbcf7e81361d2abfeb37040c516ae70b5c64efa1695a33edd588d05fe908c", kill_on_drop: false }`
[INFO] [stdout] 1c7bbcf7e81361d2abfeb37040c516ae70b5c64efa1695a33edd588d05fe908c
