[INFO] fetching crate unreal_log_parser 1.1.1...
[INFO] testing unreal_log_parser-1.1.1 against beta-2024-12-08 for beta-1.84.0-4-retry
[INFO] extracting crate unreal_log_parser 1.1.1 into /workspace/builds/worker-6-tc2/source
[INFO] validating manifest of crates.io crate unreal_log_parser 1.1.1 on toolchain beta-2024-12-08
[INFO] running `Command { std: CARGO_HOME="/workspace/cargo-home" RUSTUP_HOME="/workspace/rustup-home" "/workspace/cargo-home/bin/cargo" "+beta-2024-12-08" "metadata" "--manifest-path" "Cargo.toml" "--no-deps", kill_on_drop: false }`
[INFO] started tweaking crates.io crate unreal_log_parser 1.1.1
[INFO] removed 0 missing tests
[INFO] finished tweaking crates.io crate unreal_log_parser 1.1.1
[INFO] tweaked toml for crates.io crate unreal_log_parser 1.1.1 written to /workspace/builds/worker-6-tc2/source/Cargo.toml
[INFO] crate crates.io crate unreal_log_parser 1.1.1 already has a lockfile, it will not be regenerated
[INFO] running `Command { std: CARGO_HOME="/workspace/cargo-home" RUSTUP_HOME="/workspace/rustup-home" "/workspace/cargo-home/bin/cargo" "+beta-2024-12-08" "fetch" "--manifest-path" "Cargo.toml", kill_on_drop: false }`
[INFO] running `Command { std: "docker" "create" "-v" "/var/lib/crater-agent-workspace/builds/worker-6-tc2/target:/opt/rustwide/target:rw,Z" "-v" "/var/lib/crater-agent-workspace/builds/worker-6-tc2/source:/opt/rustwide/workdir:ro,Z" "-v" "/var/lib/crater-agent-workspace/cargo-home:/opt/rustwide/cargo-home:ro,Z" "-v" "/var/lib/crater-agent-workspace/rustup-home:/opt/rustwide/rustup-home:ro,Z" "-e" "SOURCE_DIR=/opt/rustwide/workdir" "-e" "CARGO_TARGET_DIR=/opt/rustwide/target" "-e" "CARGO_HOME=/opt/rustwide/cargo-home" "-e" "RUSTUP_HOME=/opt/rustwide/rustup-home" "-w" "/opt/rustwide/workdir" "-m" "1610612736" "--user" "0:0" "--network" "none" "ghcr.io/rust-lang/crates-build-env/linux@sha256:f3a9d4ad9d972b27faf3965f35b62e55ba32bbce8f20bc8fe909558a86702fde" "/opt/rustwide/cargo-home/bin/cargo" "+beta-2024-12-08" "metadata" "--no-deps" "--format-version=1", kill_on_drop: false }`
[INFO] [stdout] 18f020f1166e41a8f87d358fb30e4b67ec7b3c4a7c7b45fac73a60d3337de62b
[INFO] running `Command { std: "docker" "start" "-a" "18f020f1166e41a8f87d358fb30e4b67ec7b3c4a7c7b45fac73a60d3337de62b", kill_on_drop: false }`
[INFO] running `Command { std: "docker" "inspect" "18f020f1166e41a8f87d358fb30e4b67ec7b3c4a7c7b45fac73a60d3337de62b", kill_on_drop: false }`
[INFO] running `Command { std: "docker" "rm" "-f" "18f020f1166e41a8f87d358fb30e4b67ec7b3c4a7c7b45fac73a60d3337de62b", kill_on_drop: false }`
[INFO] [stdout] 18f020f1166e41a8f87d358fb30e4b67ec7b3c4a7c7b45fac73a60d3337de62b
[INFO] running `Command { std: "docker" "create" "-v" "/var/lib/crater-agent-workspace/builds/worker-6-tc2/target:/opt/rustwide/target:rw,Z" "-v" "/var/lib/crater-agent-workspace/builds/worker-6-tc2/source:/opt/rustwide/workdir:ro,Z" "-v" "/var/lib/crater-agent-workspace/cargo-home:/opt/rustwide/cargo-home:ro,Z" "-v" "/var/lib/crater-agent-workspace/rustup-home:/opt/rustwide/rustup-home:ro,Z" "-e" "SOURCE_DIR=/opt/rustwide/workdir" "-e" "CARGO_TARGET_DIR=/opt/rustwide/target" "-e" "CARGO_INCREMENTAL=0" "-e" "RUST_BACKTRACE=full" "-e" "RUSTFLAGS=--cap-lints=warn" "-e" "RUSTDOCFLAGS=--cap-lints=warn" "-e" "CARGO_HOME=/opt/rustwide/cargo-home" "-e" "RUSTUP_HOME=/opt/rustwide/rustup-home" "-w" "/opt/rustwide/workdir" "-m" "1610612736" "--user" "0:0" "--network" "none" "ghcr.io/rust-lang/crates-build-env/linux@sha256:f3a9d4ad9d972b27faf3965f35b62e55ba32bbce8f20bc8fe909558a86702fde" "/opt/rustwide/cargo-home/bin/cargo" "+beta-2024-12-08" "build" "--frozen" "--message-format=json", kill_on_drop: false }`
[INFO] [stdout] c1b468250d37ed670e8eb59173c14605033ad65ef9bf051d37b2af31af64cbbf
[INFO] running `Command { std: "docker" "start" "-a" "c1b468250d37ed670e8eb59173c14605033ad65ef9bf051d37b2af31af64cbbf", kill_on_drop: false }`
[INFO] [stderr]    Compiling proc-macro2 v1.0.89
[INFO] [stderr]    Compiling unicode-ident v1.0.13
[INFO] [stderr]    Compiling thiserror v1.0.69
[INFO] [stderr]    Compiling memchr v2.7.4
[INFO] [stderr]    Compiling ucd-trie v0.1.7
[INFO] [stderr]    Compiling utf8parse v0.2.2
[INFO] [stderr]    Compiling once_cell v1.20.2
[INFO] [stderr]    Compiling colorchoice v1.0.3
[INFO] [stderr]    Compiling is_terminal_polyfill v1.70.1
[INFO] [stderr]    Compiling anstyle-query v1.1.2
[INFO] [stderr]    Compiling anstyle v1.0.10
[INFO] [stderr]    Compiling clap_lex v0.7.3
[INFO] [stderr]    Compiling strsim v0.11.1
[INFO] [stderr]    Compiling anyhow v1.0.93
[INFO] [stderr]    Compiling anstyle-parse v0.2.6
[INFO] [stderr]    Compiling anstream v0.6.18
[INFO] [stderr]    Compiling clap_builder v4.5.21
[INFO] [stderr]    Compiling quote v1.0.37
[INFO] [stderr]    Compiling syn v2.0.87
[INFO] [stderr]    Compiling clap v4.5.21
[INFO] [stderr]    Compiling thiserror-impl v1.0.69
[INFO] [stderr]    Compiling pest v2.7.14
[INFO] [stderr]    Compiling pest_meta v2.7.14
[INFO] [stderr]    Compiling pest_generator v2.7.14
[INFO] [stderr]    Compiling pest_derive v2.7.14
[INFO] [stderr]    Compiling unreal_log_parser v1.1.1 (/opt/rustwide/workdir)
[INFO] [stderr]     Finished `dev` profile [unoptimized + debuginfo] target(s) in 14.76s
[INFO] running `Command { std: "docker" "inspect" "c1b468250d37ed670e8eb59173c14605033ad65ef9bf051d37b2af31af64cbbf", kill_on_drop: false }`
[INFO] running `Command { std: "docker" "rm" "-f" "c1b468250d37ed670e8eb59173c14605033ad65ef9bf051d37b2af31af64cbbf", kill_on_drop: false }`
[INFO] [stdout] c1b468250d37ed670e8eb59173c14605033ad65ef9bf051d37b2af31af64cbbf
[INFO] running `Command { std: "docker" "create" "-v" "/var/lib/crater-agent-workspace/builds/worker-6-tc2/target:/opt/rustwide/target:rw,Z" "-v" "/var/lib/crater-agent-workspace/builds/worker-6-tc2/source:/opt/rustwide/workdir:ro,Z" "-v" "/var/lib/crater-agent-workspace/cargo-home:/opt/rustwide/cargo-home:ro,Z" "-v" "/var/lib/crater-agent-workspace/rustup-home:/opt/rustwide/rustup-home:ro,Z" "-e" "SOURCE_DIR=/opt/rustwide/workdir" "-e" "CARGO_TARGET_DIR=/opt/rustwide/target" "-e" "CARGO_INCREMENTAL=0" "-e" "RUST_BACKTRACE=full" "-e" "RUSTFLAGS=--cap-lints=warn" "-e" "RUSTDOCFLAGS=--cap-lints=warn" "-e" "CARGO_HOME=/opt/rustwide/cargo-home" "-e" "RUSTUP_HOME=/opt/rustwide/rustup-home" "-w" "/opt/rustwide/workdir" "-m" "1610612736" "--user" "0:0" "--network" "none" "ghcr.io/rust-lang/crates-build-env/linux@sha256:f3a9d4ad9d972b27faf3965f35b62e55ba32bbce8f20bc8fe909558a86702fde" "/opt/rustwide/cargo-home/bin/cargo" "+beta-2024-12-08" "test" "--frozen" "--no-run" "--message-format=json", kill_on_drop: false }`
[INFO] [stdout] 2fb1618d02c56682577d148a2ac58d43d591196bbbde8f80dd08b795c2f95185
[INFO] running `Command { std: "docker" "start" "-a" "2fb1618d02c56682577d148a2ac58d43d591196bbbde8f80dd08b795c2f95185", kill_on_drop: false }`
[INFO] [stderr]    Compiling unreal_log_parser v1.1.1 (/opt/rustwide/workdir)
[INFO] [stderr]     Finished `test` profile [unoptimized + debuginfo] target(s) in 1.14s
[INFO] running `Command { std: "docker" "inspect" "2fb1618d02c56682577d148a2ac58d43d591196bbbde8f80dd08b795c2f95185", kill_on_drop: false }`
[INFO] running `Command { std: "docker" "rm" "-f" "2fb1618d02c56682577d148a2ac58d43d591196bbbde8f80dd08b795c2f95185", kill_on_drop: false }`
[INFO] [stdout] 2fb1618d02c56682577d148a2ac58d43d591196bbbde8f80dd08b795c2f95185
[INFO] running `Command { std: "docker" "create" "-v" "/var/lib/crater-agent-workspace/builds/worker-6-tc2/target:/opt/rustwide/target:rw,Z" "-v" "/var/lib/crater-agent-workspace/builds/worker-6-tc2/source:/opt/rustwide/workdir:ro,Z" "-v" "/var/lib/crater-agent-workspace/cargo-home:/opt/rustwide/cargo-home:ro,Z" "-v" "/var/lib/crater-agent-workspace/rustup-home:/opt/rustwide/rustup-home:ro,Z" "-e" "SOURCE_DIR=/opt/rustwide/workdir" "-e" "CARGO_TARGET_DIR=/opt/rustwide/target" "-e" "CARGO_INCREMENTAL=0" "-e" "RUST_BACKTRACE=full" "-e" "RUSTFLAGS=--cap-lints=warn" "-e" "RUSTDOCFLAGS=--cap-lints=warn" "-e" "CARGO_HOME=/opt/rustwide/cargo-home" "-e" "RUSTUP_HOME=/opt/rustwide/rustup-home" "-w" "/opt/rustwide/workdir" "-m" "1610612736" "--user" "0:0" "--network" "none" "ghcr.io/rust-lang/crates-build-env/linux@sha256:f3a9d4ad9d972b27faf3965f35b62e55ba32bbce8f20bc8fe909558a86702fde" "/opt/rustwide/cargo-home/bin/cargo" "+beta-2024-12-08" "test" "--frozen", kill_on_drop: false }`
[INFO] [stdout] adbbc7c0f9fa265fab47c32d189db53d7c46f69b40256b838750fc896048d14b
[INFO] running `Command { std: "docker" "start" "-a" "adbbc7c0f9fa265fab47c32d189db53d7c46f69b40256b838750fc896048d14b", kill_on_drop: false }`
[INFO] [stderr]     Finished `test` profile [unoptimized + debuginfo] target(s) in 0.05s
[INFO] [stderr]      Running unittests src/lib.rs (/opt/rustwide/target/debug/deps/unreal_log_parser-00ac7519917fb518)
[INFO] [stdout] 
[INFO] [stdout] running 0 tests
[INFO] [stdout] 
[INFO] [stdout] test result: ok. 0 passed; 0 failed; 0 ignored; 0 measured; 0 filtered out; finished in 0.00s
[INFO] [stdout] 
[INFO] [stderr]      Running unittests src/main.rs (/opt/rustwide/target/debug/deps/unreal_log_parser-9ac80d118da1ddf1)
[INFO] [stdout] 
[INFO] [stdout] running 0 tests
[INFO] [stdout] 
[INFO] [stdout] test result: ok. 0 passed; 0 failed; 0 ignored; 0 measured; 0 filtered out; finished in 0.00s
[INFO] [stdout] 
[INFO] [stderr]      Running tests/test.rs (/opt/rustwide/target/debug/deps/test-a8951e63a550a466)
[INFO] [stdout] 
[INFO] [stdout] running 10 tests
[INFO] [stdout] test tests::test_empty_file ... ok
[INFO] [stdout] test tests::test_file ... ok
[INFO] [stdout] test tests::test_invalid_string ... ok
[INFO] [stdout] test tests::test_invalid_timestamp ... ok
[INFO] [stdout] test tests::test_parse_log_entry_with_verbosity ... ok
[INFO] [stdout] test tests::test_parse_log_minimal ... ok
[INFO] [stdout] test tests::test_no_file ... ok
[INFO] [stdout] test tests::test_parse_log_entry_without_verbosity ... ok
[INFO] [stdout] test tests::test_invalid_verbosity ... ok
[INFO] [stdout] test tests::test_huge_file ... ok
[INFO] [stdout] 
[INFO] [stdout] test result: ok. 10 passed; 0 failed; 0 ignored; 0 measured; 0 filtered out; finished in 0.17s
[INFO] [stdout] 
[INFO] [stderr]    Doc-tests unreal_log_parser
[INFO] [stdout] 
[INFO] [stdout] running 3 tests
[INFO] [stdout] test src/lib.rs - (line 14) ... FAILED
[INFO] [stdout] test src/lib.rs - (line 104) ... FAILED
[INFO] [stdout] test src/lib.rs - (line 122) ... FAILED
[INFO] [stdout] 
[INFO] [stdout] failures:
[INFO] [stdout] 
[INFO] [stdout] ---- src/lib.rs - (line 14) stdout ----
[INFO] [stdout] error: expected one of `,`, `.`, `;`, `?`, `]`, or an operator, found `:`
[INFO] [stdout]  --> src/lib.rs:15:21
[INFO] [stdout]   |
[INFO] [stdout] 3 | [2024.04.27-12.34.56:789][  1]LogTemp: Warning: This is a warning message.
[INFO] [stdout]   |                     ^ expected one of `,`, `.`, `;`, `?`, `]`, or an operator
[INFO] [stdout]   |
[INFO] [stdout] help: you might have meant a range expression
[INFO] [stdout]   |
[INFO] [stdout] 3 | [2024.04.27-12.34.56..789][  1]LogTemp: Warning: This is a warning message.
[INFO] [stdout]   |                     ~~
[INFO] [stdout] 
[INFO] [stdout] error: aborting due to 1 previous error
[INFO] [stdout] 
[INFO] [stdout] Couldn't compile the test.
[INFO] [stdout] ---- src/lib.rs - (line 104) stdout ----
[INFO] [stdout] error: unknown start of token: \u{2192}
[INFO] [stdout]  --> src/lib.rs:105:5
[INFO] [stdout]   |
[INFO] [stdout] 3 | [1] → 1
[INFO] [stdout]   |     ^
[INFO] [stdout] 
[INFO] [stdout] error: unknown start of token: \u{2192}
[INFO] [stdout]  --> src/lib.rs:106:9
[INFO] [stdout]   |
[INFO] [stdout] 4 | [ 123 ] → 123
[INFO] [stdout]   |         ^
[INFO] [stdout] 
[INFO] [stdout] error: unknown start of token: \u{2192}
[INFO] [stdout]  --> src/lib.rs:107:9
[INFO] [stdout]   |
[INFO] [stdout] 5 | [1 2 3] → 123
[INFO] [stdout]   |         ^
[INFO] [stdout] 
[INFO] [stdout] error: expected one of `.`, `;`, `?`, `}`, or an operator, found `1`
[INFO] [stdout]  --> src/lib.rs:105:7
[INFO] [stdout]   |
[INFO] [stdout] 3 | [1] → 1
[INFO] [stdout]   |       ^ expected one of `.`, `;`, `?`, `}`, or an operator
[INFO] [stdout] 
[INFO] [stdout] error: aborting due to 4 previous errors
[INFO] [stdout] 
[INFO] [stdout] Couldn't compile the test.
[INFO] [stdout] ---- src/lib.rs - (line 122) stdout ----
[INFO] [stdout] error: expected identifier, found `:`
[INFO] [stdout]  --> src/lib.rs:123:8
[INFO] [stdout]   |
[INFO] [stdout] 3 | LogTemp:
[INFO] [stdout]   |        ^ expected identifier
[INFO] [stdout] 
[INFO] [stdout] error: aborting due to 1 previous error
[INFO] [stdout] 
[INFO] [stdout] Couldn't compile the test.
[INFO] [stdout] 
[INFO] [stdout] failures:
[INFO] [stdout]     src/lib.rs - (line 104)
[INFO] [stdout]     src/lib.rs - (line 122)
[INFO] [stdout]     src/lib.rs - (line 14)
[INFO] [stdout] 
[INFO] [stdout] test result: FAILED. 0 passed; 3 failed; 0 ignored; 0 measured; 0 filtered out; finished in 0.08s
[INFO] [stdout] 
[INFO] [stderr] error: doctest failed, to rerun pass `--doc`
[INFO] running `Command { std: "docker" "inspect" "adbbc7c0f9fa265fab47c32d189db53d7c46f69b40256b838750fc896048d14b", kill_on_drop: false }`
[INFO] running `Command { std: "docker" "rm" "-f" "adbbc7c0f9fa265fab47c32d189db53d7c46f69b40256b838750fc896048d14b", kill_on_drop: false }`
[INFO] [stdout] adbbc7c0f9fa265fab47c32d189db53d7c46f69b40256b838750fc896048d14b
