[INFO] fetching crate uniui_gui_macro 0.0.15...
[INFO] testing uniui_gui_macro-0.0.15 against beta-2024-12-08 for beta-1.84.0-4-retry
[INFO] extracting crate uniui_gui_macro 0.0.15 into /workspace/builds/worker-5-tc2/source
[INFO] validating manifest of crates.io crate uniui_gui_macro 0.0.15 on toolchain beta-2024-12-08
[INFO] running `Command { std: CARGO_HOME="/workspace/cargo-home" RUSTUP_HOME="/workspace/rustup-home" "/workspace/cargo-home/bin/cargo" "+beta-2024-12-08" "metadata" "--manifest-path" "Cargo.toml" "--no-deps", kill_on_drop: false }`
[INFO] started tweaking crates.io crate uniui_gui_macro 0.0.15
[INFO] finished tweaking crates.io crate uniui_gui_macro 0.0.15
[INFO] tweaked toml for crates.io crate uniui_gui_macro 0.0.15 written to /workspace/builds/worker-5-tc2/source/Cargo.toml
[INFO] running `Command { std: CARGO_HOME="/workspace/cargo-home" RUSTUP_HOME="/workspace/rustup-home" "/workspace/cargo-home/bin/cargo" "+beta-2024-12-08" "generate-lockfile" "--manifest-path" "Cargo.toml", kill_on_drop: false }`
[INFO] [stderr]     Blocking waiting for file lock on package cache
[INFO] [stderr]     Updating crates.io index
[INFO] [stderr]     Blocking waiting for file lock on package cache
[INFO] [stderr]      Locking 110 packages to latest compatible versions
[INFO] [stderr]       Adding syn v1.0.109 (available: v2.0.90)
[INFO] running `Command { std: CARGO_HOME="/workspace/cargo-home" RUSTUP_HOME="/workspace/rustup-home" "/workspace/cargo-home/bin/cargo" "+beta-2024-12-08" "fetch" "--manifest-path" "Cargo.toml", kill_on_drop: false }`
[INFO] [stderr]     Blocking waiting for file lock on package cache
[INFO] [stderr]     Blocking waiting for file lock on package cache
[INFO] running `Command { std: "docker" "create" "-v" "/var/lib/crater-agent-workspace/builds/worker-5-tc2/target:/opt/rustwide/target:rw,Z" "-v" "/var/lib/crater-agent-workspace/builds/worker-5-tc2/source:/opt/rustwide/workdir:ro,Z" "-v" "/var/lib/crater-agent-workspace/cargo-home:/opt/rustwide/cargo-home:ro,Z" "-v" "/var/lib/crater-agent-workspace/rustup-home:/opt/rustwide/rustup-home:ro,Z" "-e" "SOURCE_DIR=/opt/rustwide/workdir" "-e" "CARGO_TARGET_DIR=/opt/rustwide/target" "-e" "CARGO_HOME=/opt/rustwide/cargo-home" "-e" "RUSTUP_HOME=/opt/rustwide/rustup-home" "-w" "/opt/rustwide/workdir" "-m" "1610612736" "--user" "0:0" "--network" "none" "ghcr.io/rust-lang/crates-build-env/linux@sha256:f3a9d4ad9d972b27faf3965f35b62e55ba32bbce8f20bc8fe909558a86702fde" "/opt/rustwide/cargo-home/bin/cargo" "+beta-2024-12-08" "metadata" "--no-deps" "--format-version=1", kill_on_drop: false }`
[INFO] [stdout] 0a8366827d98244b51f63a7152a3c52f18df45418e32374ca488f9e1e3e13793
[INFO] running `Command { std: "docker" "start" "-a" "0a8366827d98244b51f63a7152a3c52f18df45418e32374ca488f9e1e3e13793", kill_on_drop: false }`
[INFO] running `Command { std: "docker" "inspect" "0a8366827d98244b51f63a7152a3c52f18df45418e32374ca488f9e1e3e13793", kill_on_drop: false }`
[INFO] running `Command { std: "docker" "rm" "-f" "0a8366827d98244b51f63a7152a3c52f18df45418e32374ca488f9e1e3e13793", kill_on_drop: false }`
[INFO] [stdout] 0a8366827d98244b51f63a7152a3c52f18df45418e32374ca488f9e1e3e13793
[INFO] running `Command { std: "docker" "create" "-v" "/var/lib/crater-agent-workspace/builds/worker-5-tc2/target:/opt/rustwide/target:rw,Z" "-v" "/var/lib/crater-agent-workspace/builds/worker-5-tc2/source:/opt/rustwide/workdir:ro,Z" "-v" "/var/lib/crater-agent-workspace/cargo-home:/opt/rustwide/cargo-home:ro,Z" "-v" "/var/lib/crater-agent-workspace/rustup-home:/opt/rustwide/rustup-home:ro,Z" "-e" "SOURCE_DIR=/opt/rustwide/workdir" "-e" "CARGO_TARGET_DIR=/opt/rustwide/target" "-e" "CARGO_INCREMENTAL=0" "-e" "RUST_BACKTRACE=full" "-e" "RUSTFLAGS=--cap-lints=warn" "-e" "RUSTDOCFLAGS=--cap-lints=warn" "-e" "CARGO_HOME=/opt/rustwide/cargo-home" "-e" "RUSTUP_HOME=/opt/rustwide/rustup-home" "-w" "/opt/rustwide/workdir" "-m" "1610612736" "--user" "0:0" "--network" "none" "ghcr.io/rust-lang/crates-build-env/linux@sha256:f3a9d4ad9d972b27faf3965f35b62e55ba32bbce8f20bc8fe909558a86702fde" "/opt/rustwide/cargo-home/bin/cargo" "+beta-2024-12-08" "build" "--frozen" "--message-format=json", kill_on_drop: false }`
[INFO] [stdout] 32471167d7370670ecbfe6d8f845ec616b94017030f99f8ab34f4c88af6b5d0e
[INFO] running `Command { std: "docker" "start" "-a" "32471167d7370670ecbfe6d8f845ec616b94017030f99f8ab34f4c88af6b5d0e", kill_on_drop: false }`
[INFO] [stderr]    Compiling proc-macro2 v1.0.92
[INFO] [stderr]    Compiling unicode-ident v1.0.14
[INFO] [stderr]    Compiling stable_deref_trait v1.2.0
[INFO] [stderr]    Compiling writeable v0.5.5
[INFO] [stderr]    Compiling serde v1.0.216
[INFO] [stderr]    Compiling litemap v0.7.4
[INFO] [stderr]    Compiling icu_locid_transform_data v1.5.0
[INFO] [stderr]    Compiling libc v0.2.168
[INFO] [stderr]    Compiling getrandom v0.1.16
[INFO] [stderr]    Compiling icu_properties_data v1.5.0
[INFO] [stderr]    Compiling cfg-if v1.0.0
[INFO] [stderr]    Compiling serde_json v1.0.133
[INFO] [stderr]    Compiling ryu v1.0.18
[INFO] [stderr]    Compiling smallvec v1.13.2
[INFO] [stderr]    Compiling utf16_iter v1.0.5
[INFO] [stderr]    Compiling itoa v1.0.14
[INFO] [stderr]    Compiling byteorder v1.5.0
[INFO] [stderr]    Compiling write16 v1.0.0
[INFO] [stderr]    Compiling icu_normalizer_data v1.5.0
[INFO] [stderr]    Compiling utf8_iter v1.0.4
[INFO] [stderr]    Compiling syn v1.0.109
[INFO] [stderr]    Compiling memchr v2.7.4
[INFO] [stderr]    Compiling percent-encoding v2.3.1
[INFO] [stderr]    Compiling thiserror v1.0.69
[INFO] [stderr]    Compiling log v0.4.22
[INFO] [stderr]    Compiling semver-parser v0.7.0
[INFO] [stderr]    Compiling shlex v1.3.0
[INFO] [stderr]    Compiling same-file v1.0.6
[INFO] [stderr]    Compiling pkg-config v0.3.31
[INFO] [stderr]    Compiling form_urlencoded v1.2.1
[INFO] [stderr]    Compiling walkdir v2.5.0
[INFO] [stderr]    Compiling uniui_core v0.0.4
[INFO] [stderr]    Compiling cc v1.2.4
[INFO] [stderr]    Compiling quote v1.0.37
[INFO] [stderr]    Compiling syn v2.0.90
[INFO] [stderr]    Compiling rand_core v0.5.1
[INFO] [stderr]    Compiling synstructure v0.13.1
[INFO] [stderr]    Compiling uni_components_macro v0.0.7
[INFO] [stderr]    Compiling zerofrom-derive v0.1.5
[INFO] [stderr]    Compiling yoke-derive v0.7.5
[INFO] [stderr]    Compiling zerovec-derive v0.10.3
[INFO] [stderr]    Compiling displaydoc v0.2.5
[INFO] [stderr]    Compiling serde_derive v1.0.216
[INFO] [stderr]    Compiling icu_provider_macros v1.5.0
[INFO] [stderr]    Compiling zerocopy-derive v0.7.35
[INFO] [stderr]    Compiling thiserror-impl v1.0.69
[INFO] [stderr]    Compiling zerocopy v0.7.35
[INFO] [stderr]    Compiling zerofrom v0.1.5
[INFO] [stderr]    Compiling yoke v0.7.5
[INFO] [stderr]    Compiling zerovec v0.10.4
[INFO] [stderr]    Compiling ppv-lite86 v0.2.20
[INFO] [stderr]    Compiling rand_chacha v0.2.2
[INFO] [stderr]    Compiling rand v0.7.3
[INFO] [stderr]    Compiling tinystr v0.7.6
[INFO] [stderr]    Compiling icu_collections v1.5.0
[INFO] [stderr]    Compiling icu_locid v1.5.0
[INFO] [stderr]    Compiling icu_provider v1.5.0
[INFO] [stderr]    Compiling icu_locid_transform v1.5.0
[INFO] [stderr]    Compiling icu_properties v1.5.1
[INFO] [stderr]    Compiling semver v0.10.0
[INFO] [stderr]    Compiling serde_urlencoded v0.7.1
[INFO] [stderr]    Compiling toml v0.5.11
[INFO] [stderr]    Compiling icu_normalizer v1.5.0
[INFO] [stderr]    Compiling uni_net v0.0.5
[INFO] [stderr]    Compiling cargo_metadata v0.11.4
[INFO] [stderr]    Compiling idna_adapter v1.2.0
[INFO] [stderr]    Compiling idna v1.0.3
[INFO] [stderr]    Compiling url v2.5.4
[INFO] [stderr]    Compiling uni_components v0.0.9
[INFO] [stderr]    Compiling uniui_build v0.0.15
[INFO] [stderr]    Compiling uniui_gui_macro v0.0.15 (/opt/rustwide/workdir)
[INFO] [stdout] warning: using `.clone()` on a double reference, which returns `&Attribute` instead of cloning the inner type
[INFO] [stdout]   --> src/derives/utils.rs:33:34
[INFO] [stdout]    |
[INFO] [stdout] 33 | ...                   attrs.get(0).map(|a| (f, a.clone()))
[INFO] [stdout]    |                                                 ^^^^^^^^
[INFO] [stdout]    |
[INFO] [stdout]    = note: `#[warn(suspicious_double_ref_op)]` on by default
[INFO] [stdout] 
[INFO] [stdout] 
[INFO] [stderr]     Finished `dev` profile [unoptimized + debuginfo] target(s) in 23.34s
[INFO] running `Command { std: "docker" "inspect" "32471167d7370670ecbfe6d8f845ec616b94017030f99f8ab34f4c88af6b5d0e", kill_on_drop: false }`
[INFO] running `Command { std: "docker" "rm" "-f" "32471167d7370670ecbfe6d8f845ec616b94017030f99f8ab34f4c88af6b5d0e", kill_on_drop: false }`
[INFO] [stdout] 32471167d7370670ecbfe6d8f845ec616b94017030f99f8ab34f4c88af6b5d0e
[INFO] running `Command { std: "docker" "create" "-v" "/var/lib/crater-agent-workspace/builds/worker-5-tc2/target:/opt/rustwide/target:rw,Z" "-v" "/var/lib/crater-agent-workspace/builds/worker-5-tc2/source:/opt/rustwide/workdir:ro,Z" "-v" "/var/lib/crater-agent-workspace/cargo-home:/opt/rustwide/cargo-home:ro,Z" "-v" "/var/lib/crater-agent-workspace/rustup-home:/opt/rustwide/rustup-home:ro,Z" "-e" "SOURCE_DIR=/opt/rustwide/workdir" "-e" "CARGO_TARGET_DIR=/opt/rustwide/target" "-e" "CARGO_INCREMENTAL=0" "-e" "RUST_BACKTRACE=full" "-e" "RUSTFLAGS=--cap-lints=warn" "-e" "RUSTDOCFLAGS=--cap-lints=warn" "-e" "CARGO_HOME=/opt/rustwide/cargo-home" "-e" "RUSTUP_HOME=/opt/rustwide/rustup-home" "-w" "/opt/rustwide/workdir" "-m" "1610612736" "--user" "0:0" "--network" "none" "ghcr.io/rust-lang/crates-build-env/linux@sha256:f3a9d4ad9d972b27faf3965f35b62e55ba32bbce8f20bc8fe909558a86702fde" "/opt/rustwide/cargo-home/bin/cargo" "+beta-2024-12-08" "test" "--frozen" "--no-run" "--message-format=json", kill_on_drop: false }`
[INFO] [stdout] cf6651cfc09f4243c46e2e16b146cad4755c86eba1b7f6439ec6eda190f466dd
[INFO] running `Command { std: "docker" "start" "-a" "cf6651cfc09f4243c46e2e16b146cad4755c86eba1b7f6439ec6eda190f466dd", kill_on_drop: false }`
[INFO] [stderr]    Compiling uniui_gui_macro v0.0.15 (/opt/rustwide/workdir)
[INFO] [stdout] warning: using `.clone()` on a double reference, which returns `&Attribute` instead of cloning the inner type
[INFO] [stdout]   --> src/derives/utils.rs:33:34
[INFO] [stdout]    |
[INFO] [stdout] 33 | ...                   attrs.get(0).map(|a| (f, a.clone()))
[INFO] [stdout]    |                                                 ^^^^^^^^
[INFO] [stdout]    |
[INFO] [stdout]    = note: `#[warn(suspicious_double_ref_op)]` on by default
[INFO] [stdout] 
[INFO] [stdout] 
[INFO] [stdout] warning: using `.clone()` on a double reference, which returns `&Attribute` instead of cloning the inner type
[INFO] [stdout]   --> src/derives/utils.rs:33:34
[INFO] [stdout]    |
[INFO] [stdout] 33 | ...                   attrs.get(0).map(|a| (f, a.clone()))
[INFO] [stdout]    |                                                 ^^^^^^^^
[INFO] [stdout]    |
[INFO] [stdout]    = note: `#[warn(suspicious_double_ref_op)]` on by default
[INFO] [stdout] 
[INFO] [stdout] 
[INFO] [stderr]     Finished `test` profile [unoptimized + debuginfo] target(s) in 1.14s
[INFO] running `Command { std: "docker" "inspect" "cf6651cfc09f4243c46e2e16b146cad4755c86eba1b7f6439ec6eda190f466dd", kill_on_drop: false }`
[INFO] running `Command { std: "docker" "rm" "-f" "cf6651cfc09f4243c46e2e16b146cad4755c86eba1b7f6439ec6eda190f466dd", kill_on_drop: false }`
[INFO] [stdout] cf6651cfc09f4243c46e2e16b146cad4755c86eba1b7f6439ec6eda190f466dd
[INFO] running `Command { std: "docker" "create" "-v" "/var/lib/crater-agent-workspace/builds/worker-5-tc2/target:/opt/rustwide/target:rw,Z" "-v" "/var/lib/crater-agent-workspace/builds/worker-5-tc2/source:/opt/rustwide/workdir:ro,Z" "-v" "/var/lib/crater-agent-workspace/cargo-home:/opt/rustwide/cargo-home:ro,Z" "-v" "/var/lib/crater-agent-workspace/rustup-home:/opt/rustwide/rustup-home:ro,Z" "-e" "SOURCE_DIR=/opt/rustwide/workdir" "-e" "CARGO_TARGET_DIR=/opt/rustwide/target" "-e" "CARGO_INCREMENTAL=0" "-e" "RUST_BACKTRACE=full" "-e" "RUSTFLAGS=--cap-lints=warn" "-e" "RUSTDOCFLAGS=--cap-lints=warn" "-e" "CARGO_HOME=/opt/rustwide/cargo-home" "-e" "RUSTUP_HOME=/opt/rustwide/rustup-home" "-w" "/opt/rustwide/workdir" "-m" "1610612736" "--user" "0:0" "--network" "none" "ghcr.io/rust-lang/crates-build-env/linux@sha256:f3a9d4ad9d972b27faf3965f35b62e55ba32bbce8f20bc8fe909558a86702fde" "/opt/rustwide/cargo-home/bin/cargo" "+beta-2024-12-08" "test" "--frozen", kill_on_drop: false }`
[INFO] [stdout] 4a36cf3cb3e902fd88b9b4a815176f308806f1fcf52ce4825002df994b13a813
[INFO] running `Command { std: "docker" "start" "-a" "4a36cf3cb3e902fd88b9b4a815176f308806f1fcf52ce4825002df994b13a813", kill_on_drop: false }`
[INFO] [stderr] warning: using `.clone()` on a double reference, which returns `&Attribute` instead of cloning the inner type
[INFO] [stderr]   --> src/derives/utils.rs:33:34
[INFO] [stderr]    |
[INFO] [stderr] 33 | ...                   attrs.get(0).map(|a| (f, a.clone()))
[INFO] [stderr]    |                                                 ^^^^^^^^
[INFO] [stderr]    |
[INFO] [stderr]    = note: `#[warn(suspicious_double_ref_op)]` on by default
[INFO] [stderr] 
[INFO] [stderr] warning: `uniui_gui_macro` (lib) generated 1 warning
[INFO] [stderr] warning: `uniui_gui_macro` (lib test) generated 1 warning (1 duplicate)
[INFO] [stderr]     Finished `test` profile [unoptimized + debuginfo] target(s) in 0.09s
[INFO] [stderr]      Running unittests src/lib.rs (/opt/rustwide/target/debug/deps/uniui_gui_macro-ded948fcdea01ac5)
[INFO] [stdout] 
[INFO] [stdout] running 0 tests
[INFO] [stderr]    Doc-tests uniui_gui_macro
[INFO] [stdout] 
[INFO] [stdout] test result: ok. 0 passed; 0 failed; 0 ignored; 0 measured; 0 filtered out; finished in 0.04s
[INFO] [stdout] 
[INFO] [stdout] 
[INFO] [stdout] running 6 tests
[INFO] [stdout] test src/lib.rs - u_main (line 25) ... FAILED
[INFO] [stdout] test src/lib.rs - derive_data_processor (line 52) ... FAILED
[INFO] [stdout] test src/lib.rs - derive_data_processor (line 168) ... FAILED
[INFO] [stdout] test src/lib.rs - derive_data_processor (line 86) ... FAILED
[INFO] [stdout] test src/lib.rs - derive_data_processor (line 137) ... FAILED
[INFO] [stdout] test src/lib.rs - derive_data_processor (line 119) ... FAILED
[INFO] [stdout] 
[INFO] [stdout] failures:
[INFO] [stdout] 
[INFO] [stdout] ---- src/lib.rs - u_main (line 25) stdout ----
[INFO] [stdout] error[E0433]: failed to resolve: use of undeclared crate or module `uniui_gui`
[INFO] [stdout]  --> src/lib.rs:26:3
[INFO] [stdout]   |
[INFO] [stdout] 3 | #[uniui_gui::uni_main]
[INFO] [stdout]   |   ^^^^^^^^^ use of undeclared crate or module `uniui_gui`
[INFO] [stdout] 
[INFO] [stdout] error[E0433]: failed to resolve: use of undeclared crate or module `uniui_gui`
[INFO] [stdout]  --> src/lib.rs:27:27
[INFO] [stdout]   |
[INFO] [stdout] 4 | pub fn app_main(app: &mut uniui_gui::Application) {
[INFO] [stdout]   |                           ^^^^^^^^^ use of undeclared crate or module `uniui_gui`
[INFO] [stdout]   |
[INFO] [stdout] help: there is a crate or module with a similar name
[INFO] [stdout]   |
[INFO] [stdout] 4 | pub fn app_main(app: &mut uniui_build::Application) {
[INFO] [stdout]   |                           ~~~~~~~~~~~
[INFO] [stdout] 
[INFO] [stdout] error: aborting due to 2 previous errors
[INFO] [stdout] 
[INFO] [stdout] For more information about this error, try `rustc --explain E0433`.
[INFO] [stdout] Couldn't compile the test.
[INFO] [stdout] ---- src/lib.rs - derive_data_processor (line 52) stdout ----
[INFO] [stdout] error[E0433]: failed to resolve: use of undeclared crate or module `uniui_gui`
[INFO] [stdout]  --> src/lib.rs:54:14
[INFO] [stdout]   |
[INFO] [stdout] 4 |     #[derive(uniui_gui::DataProcessor)]
[INFO] [stdout]   |              ^^^^^^^^^ use of undeclared crate or module `uniui_gui`
[INFO] [stdout] 
[INFO] [stdout] error: cannot find attribute `public_slot` in this scope
[INFO] [stdout]  --> src/lib.rs:56:11
[INFO] [stdout]   |
[INFO] [stdout] 6 |         #[public_slot]
[INFO] [stdout]   |           ^^^^^^^^^^^
[INFO] [stdout] 
[INFO] [stdout] error[E0433]: failed to resolve: use of undeclared crate or module `uniui_core`
[INFO] [stdout]  --> src/lib.rs:57:30
[INFO] [stdout]   |
[INFO] [stdout] 7 |         slot_process_string: uniui_core::SlotImpl<String>,
[INFO] [stdout]   |                              ^^^^^^^^^^ use of undeclared crate or module `uniui_core`
[INFO] [stdout] 
[INFO] [stdout] error[E0405]: cannot find trait `Slot` in this scope
[INFO] [stdout]   --> src/lib.rs:74:20
[INFO] [stdout]    |
[INFO] [stdout] 24 |     let slot: &dyn Slot<String> = string_processor.slot_process_string();
[INFO] [stdout]    |                    ^^^^ not found in this scope
[INFO] [stdout] 
[INFO] [stdout] error: aborting due to 4 previous errors
[INFO] [stdout] 
[INFO] [stdout] Some errors have detailed explanations: E0405, E0433.
[INFO] [stdout] For more information about an error, try `rustc --explain E0405`.
[INFO] [stdout] Couldn't compile the test.
[INFO] [stdout] ---- src/lib.rs - derive_data_processor (line 168) stdout ----
[INFO] [stdout] error: struct literal body without path
[INFO] [stdout]   --> src/lib.rs:177:26
[INFO] [stdout]    |
[INFO] [stdout] 11 |       pub fn new() -> Self {
[INFO] [stdout]    |  __________________________^
[INFO] [stdout] 12 | |         slot_lot_string: uniui_gui::core::SlotImpl::new(),
[INFO] [stdout] 13 | |     }
[INFO] [stdout]    | |_____^
[INFO] [stdout]    |
[INFO] [stdout] help: you might have forgotten to add the struct literal inside the block
[INFO] [stdout]    |
[INFO] [stdout] 11 ~     pub fn new() -> Self { SomeStruct {
[INFO] [stdout] 12 |         slot_lot_string: uniui_gui::core::SlotImpl::new(),
[INFO] [stdout] 13 ~     } }
[INFO] [stdout]    |
[INFO] [stdout] 
[INFO] [stdout] error[E0433]: failed to resolve: use of undeclared crate or module `log`
[INFO] [stdout]   --> src/lib.rs:183:9
[INFO] [stdout]    |
[INFO] [stdout] 17 |         log::info!("new string:{}", s);
[INFO] [stdout]    |         ^^^ use of undeclared crate or module `log`
[INFO] [stdout] 
[INFO] [stdout] error[E0433]: failed to resolve: use of undeclared crate or module `uniui_gui`
[INFO] [stdout]  --> src/lib.rs:169:10
[INFO] [stdout]   |
[INFO] [stdout] 3 | #[derive(uniui_gui::DataProcessor)]
[INFO] [stdout]   |          ^^^^^^^^^ use of undeclared crate or module `uniui_gui`
[INFO] [stdout] 
[INFO] [stdout] error: cannot find attribute `public_slot` in this scope
[INFO] [stdout]  --> src/lib.rs:171:7
[INFO] [stdout]   |
[INFO] [stdout] 5 |     #[public_slot]
[INFO] [stdout]   |       ^^^^^^^^^^^
[INFO] [stdout] 
[INFO] [stdout] error: cannot find attribute `uprocess_each_app` in this scope
[INFO] [stdout]  --> src/lib.rs:172:7
[INFO] [stdout]   |
[INFO] [stdout] 6 |     #[uprocess_each_app(log_string)]
[INFO] [stdout]   |       ^^^^^^^^^^^^^^^^^
[INFO] [stdout] 
[INFO] [stdout] error[E0433]: failed to resolve: use of undeclared crate or module `uniui_gui`
[INFO] [stdout]  --> src/lib.rs:173:22
[INFO] [stdout]   |
[INFO] [stdout] 7 |     slot_log_string: uniui_gui::core::SlotImpl<String>,
[INFO] [stdout]   |                      ^^^^^^^^^ use of undeclared crate or module `uniui_gui`
[INFO] [stdout]   |
[INFO] [stdout] help: there is a crate or module with a similar name
[INFO] [stdout]   |
[INFO] [stdout] 7 |     slot_log_string: uniui_build::core::SlotImpl<String>,
[INFO] [stdout]   |                      ~~~~~~~~~~~
[INFO] [stdout] 
[INFO] [stdout] error[E0433]: failed to resolve: use of undeclared crate or module `uniui_gui`
[INFO] [stdout]   --> src/lib.rs:182:48
[INFO] [stdout]    |
[INFO] [stdout] 16 |     fn log_string(&self, s: String, _app: &mut uniui_gui::core::Application) {
[INFO] [stdout]    |                                                ^^^^^^^^^ use of undeclared crate or module `uniui_gui`
[INFO] [stdout]    |
[INFO] [stdout] help: there is a crate or module with a similar name
[INFO] [stdout]    |
[INFO] [stdout] 16 |     fn log_string(&self, s: String, _app: &mut uniui_build::core::Application) {
[INFO] [stdout]    |                                                ~~~~~~~~~~~
[INFO] [stdout] 
[INFO] [stdout] error: aborting due to 7 previous errors
[INFO] [stdout] 
[INFO] [stdout] For more information about this error, try `rustc --explain E0433`.
[INFO] [stdout] Couldn't compile the test.
[INFO] [stdout] ---- src/lib.rs - derive_data_processor (line 86) stdout ----
[INFO] [stdout] error[E0433]: failed to resolve: use of undeclared crate or module `uniui_gui`
[INFO] [stdout]  --> src/lib.rs:88:14
[INFO] [stdout]   |
[INFO] [stdout] 4 |     #[derive(uniui_gui::DataProcessor)]
[INFO] [stdout]   |              ^^^^^^^^^ use of undeclared crate or module `uniui_gui`
[INFO] [stdout] 
[INFO] [stdout] error: cannot find attribute `public_signal` in this scope
[INFO] [stdout]  --> src/lib.rs:90:11
[INFO] [stdout]   |
[INFO] [stdout] 6 |         #[public_signal]
[INFO] [stdout]   |           ^^^^^^^^^^^^^
[INFO] [stdout] 
[INFO] [stdout] error[E0433]: failed to resolve: use of undeclared crate or module `uniui_core`
[INFO] [stdout]  --> src/lib.rs:91:28
[INFO] [stdout]   |
[INFO] [stdout] 7 |         signal_new_string: uniui_core::Signal<String>,
[INFO] [stdout]   |                            ^^^^^^^^^^ use of undeclared crate or module `uniui_core`
[INFO] [stdout] 
[INFO] [stdout] error[E0405]: cannot find trait `Slot` in this scope
[INFO] [stdout]   --> src/lib.rs:107:60
[INFO] [stdout]    |
[INFO] [stdout] 23 | fn listen_for_new_string(provider: StringProvider, s: &dyn Slot<String>) {
[INFO] [stdout]    |                                                            ^^^^ not found in this scope
[INFO] [stdout] 
[INFO] [stdout] error: aborting due to 4 previous errors
[INFO] [stdout] 
[INFO] [stdout] Some errors have detailed explanations: E0405, E0433.
[INFO] [stdout] For more information about an error, try `rustc --explain E0405`.
[INFO] [stdout] Couldn't compile the test.
[INFO] [stdout] ---- src/lib.rs - derive_data_processor (line 137) stdout ----
[INFO] [stdout] error: struct literal body without path
[INFO] [stdout]   --> src/lib.rs:146:26
[INFO] [stdout]    |
[INFO] [stdout] 11 |       pub fn new() -> Self {
[INFO] [stdout]    |  __________________________^
[INFO] [stdout] 12 | |         slot_lot_string: uniui_gui::core::SlotImpl::new(),
[INFO] [stdout] 13 | |     }
[INFO] [stdout]    | |_____^
[INFO] [stdout]    |
[INFO] [stdout] help: you might have forgotten to add the struct literal inside the block
[INFO] [stdout]    |
[INFO] [stdout] 11 ~     pub fn new() -> Self { SomeStruct {
[INFO] [stdout] 12 |         slot_lot_string: uniui_gui::core::SlotImpl::new(),
[INFO] [stdout] 13 ~     } }
[INFO] [stdout]    |
[INFO] [stdout] 
[INFO] [stdout] error[E0433]: failed to resolve: use of undeclared crate or module `log`
[INFO] [stdout]   --> src/lib.rs:152:9
[INFO] [stdout]    |
[INFO] [stdout] 17 |         log::info!("new string:{}", s);
[INFO] [stdout]    |         ^^^ use of undeclared crate or module `log`
[INFO] [stdout] 
[INFO] [stdout] error[E0433]: failed to resolve: use of undeclared crate or module `uniui_gui`
[INFO] [stdout]  --> src/lib.rs:138:10
[INFO] [stdout]   |
[INFO] [stdout] 3 | #[derive(uniui_gui::DataProcessor)]
[INFO] [stdout]   |          ^^^^^^^^^ use of undeclared crate or module `uniui_gui`
[INFO] [stdout] 
[INFO] [stdout] error: cannot find attribute `public_slot` in this scope
[INFO] [stdout]  --> src/lib.rs:140:7
[INFO] [stdout]   |
[INFO] [stdout] 5 |     #[public_slot]
[INFO] [stdout]   |       ^^^^^^^^^^^
[INFO] [stdout] 
[INFO] [stdout] error: cannot find attribute `uprocess_each` in this scope
[INFO] [stdout]  --> src/lib.rs:141:7
[INFO] [stdout]   |
[INFO] [stdout] 6 |     #[uprocess_each(log_string)]
[INFO] [stdout]   |       ^^^^^^^^^^^^^
[INFO] [stdout] 
[INFO] [stdout] error[E0433]: failed to resolve: use of undeclared crate or module `uniui_gui`
[INFO] [stdout]  --> src/lib.rs:142:22
[INFO] [stdout]   |
[INFO] [stdout] 7 |     slot_log_string: uniui_gui::core::SlotImpl<String>,
[INFO] [stdout]   |                      ^^^^^^^^^ use of undeclared crate or module `uniui_gui`
[INFO] [stdout]   |
[INFO] [stdout] help: there is a crate or module with a similar name
[INFO] [stdout]   |
[INFO] [stdout] 7 |     slot_log_string: uniui_build::core::SlotImpl<String>,
[INFO] [stdout]   |                      ~~~~~~~~~~~
[INFO] [stdout] 
[INFO] [stdout] error: aborting due to 6 previous errors
[INFO] [stdout] 
[INFO] [stdout] For more information about this error, try `rustc --explain E0433`.
[INFO] [stdout] Couldn't compile the test.
[INFO] [stdout] ---- src/lib.rs - derive_data_processor (line 119) stdout ----
[INFO] [stdout] error: missing `fn` for method definition
[INFO] [stdout]   --> src/lib.rs:126:5
[INFO] [stdout]    |
[INFO] [stdout] 8  | impl SelfProcessor {
[INFO] [stdout]    |                    - while parsing this item list starting here
[INFO] [stdout] 9  |     pub tick(&mut self, _: i64, _: &mut uniui_gui::Application) {
[INFO] [stdout]    |     ^^^^^^^^
[INFO] [stdout] ...
[INFO] [stdout] 12 | }
[INFO] [stdout]    | - the item list ends here
[INFO] [stdout]    |
[INFO] [stdout] help: add `fn` here to parse `tick` as a method
[INFO] [stdout]    |
[INFO] [stdout] 9  |     pub fn tick(&mut self, _: i64, _: &mut uniui_gui::Application) {
[INFO] [stdout]    |         ++
[INFO] [stdout] 
[INFO] [stdout] error[E0433]: failed to resolve: use of undeclared crate or module `uniui_gui`
[INFO] [stdout]  --> src/lib.rs:120:10
[INFO] [stdout]   |
[INFO] [stdout] 3 | #[derive(uniui_gui::DataProcessor)]
[INFO] [stdout]   |          ^^^^^^^^^ use of undeclared crate or module `uniui_gui`
[INFO] [stdout] 
[INFO] [stdout] error: cannot find attribute `uprocess_self` in this scope
[INFO] [stdout]  --> src/lib.rs:121:3
[INFO] [stdout]   |
[INFO] [stdout] 4 | #[uprocess_self(tick)]
[INFO] [stdout]   |   ^^^^^^^^^^^^^
[INFO] [stdout] 
[INFO] [stdout] error: aborting due to 3 previous errors
[INFO] [stdout] 
[INFO] [stdout] For more information about this error, try `rustc --explain E0433`.
[INFO] [stdout] Couldn't compile the test.
[INFO] [stdout] 
[INFO] [stdout] failures:
[INFO] [stdout]     src/lib.rs - derive_data_processor (line 119)
[INFO] [stdout]     src/lib.rs - derive_data_processor (line 137)
[INFO] [stdout]     src/lib.rs - derive_data_processor (line 168)
[INFO] [stdout]     src/lib.rs - derive_data_processor (line 52)
[INFO] [stdout]     src/lib.rs - derive_data_processor (line 86)
[INFO] [stdout]     src/lib.rs - u_main (line 25)
[INFO] [stdout] 
[INFO] [stdout] test result: FAILED. 0 passed; 6 failed; 0 ignored; 0 measured; 0 filtered out; finished in 0.09s
[INFO] [stdout] 
[INFO] [stderr] error: doctest failed, to rerun pass `--doc`
[INFO] running `Command { std: "docker" "inspect" "4a36cf3cb3e902fd88b9b4a815176f308806f1fcf52ce4825002df994b13a813", kill_on_drop: false }`
[INFO] running `Command { std: "docker" "rm" "-f" "4a36cf3cb3e902fd88b9b4a815176f308806f1fcf52ce4825002df994b13a813", kill_on_drop: false }`
[INFO] [stdout] 4a36cf3cb3e902fd88b9b4a815176f308806f1fcf52ce4825002df994b13a813
