[INFO] fetching crate uniui_build 0.0.15...
[INFO] testing uniui_build-0.0.15 against 1.83.0 for beta-1.84.0-4-retry
[INFO] extracting crate uniui_build 0.0.15 into /workspace/builds/worker-4-tc1/source
[INFO] validating manifest of crates.io crate uniui_build 0.0.15 on toolchain 1.83.0
[INFO] running `Command { std: CARGO_HOME="/workspace/cargo-home" RUSTUP_HOME="/workspace/rustup-home" "/workspace/cargo-home/bin/cargo" "+1.83.0" "metadata" "--manifest-path" "Cargo.toml" "--no-deps", kill_on_drop: false }`
[INFO] started tweaking crates.io crate uniui_build 0.0.15
[INFO] finished tweaking crates.io crate uniui_build 0.0.15
[INFO] tweaked toml for crates.io crate uniui_build 0.0.15 written to /workspace/builds/worker-4-tc1/source/Cargo.toml
[INFO] running `Command { std: CARGO_HOME="/workspace/cargo-home" RUSTUP_HOME="/workspace/rustup-home" "/workspace/cargo-home/bin/cargo" "+1.83.0" "generate-lockfile" "--manifest-path" "Cargo.toml", kill_on_drop: false }`
[INFO] [stderr]     Blocking waiting for file lock on package cache
[INFO] [stderr]     Updating crates.io index
[INFO] [stderr]     Blocking waiting for file lock on package cache
[INFO] [stderr]      Locking 234 packages to latest compatible versions
[INFO] [stderr]       Adding cargo v0.47.0 (available: v0.84.0)
[INFO] [stderr]       Adding cargo_metadata v0.11.4 (available: v0.19.1)
[INFO] [stderr]       Adding thiserror v1.0.69 (available: v2.0.7)
[INFO] [stderr]       Adding toml v0.5.11 (available: v0.8.19)
[INFO] running `Command { std: CARGO_HOME="/workspace/cargo-home" RUSTUP_HOME="/workspace/rustup-home" "/workspace/cargo-home/bin/cargo" "+1.83.0" "fetch" "--manifest-path" "Cargo.toml", kill_on_drop: false }`
[INFO] [stderr]     Blocking waiting for file lock on package cache
[INFO] [stderr]     Blocking waiting for file lock on package cache
[INFO] [stderr]  Downloading crates ...
[INFO] [stderr]   Downloaded walrus-macro v0.22.0
[INFO] [stderr]   Downloaded wasm-bindgen-wasm-interpreter v0.2.99
[INFO] [stderr]   Downloaded wasm-bindgen-multi-value-xform v0.2.99
[INFO] [stderr]   Downloaded wasm-bindgen-threads-xform v0.2.99
[INFO] [stderr]   Downloaded crates-io v0.31.1
[INFO] [stderr]   Downloaded rustfix v0.5.1
[INFO] [stderr]   Downloaded git2-curl v0.14.1
[INFO] [stderr]   Downloaded wasm-bindgen-externref-xform v0.2.99
[INFO] [stderr]   Downloaded wasm-bindgen-cli-support v0.2.99
[INFO] [stderr]   Downloaded wasm-encoder v0.214.0
[INFO] [stderr]   Downloaded walrus v0.23.3
[INFO] [stderr]   Downloaded wasm-bindgen-wasm-conventions v0.2.99
[INFO] [stderr]   Downloaded cargo v0.47.0
[INFO] running `Command { std: "docker" "create" "-v" "/var/lib/crater-agent-workspace/builds/worker-4-tc1/target:/opt/rustwide/target:rw,Z" "-v" "/var/lib/crater-agent-workspace/builds/worker-4-tc1/source:/opt/rustwide/workdir:ro,Z" "-v" "/var/lib/crater-agent-workspace/cargo-home:/opt/rustwide/cargo-home:ro,Z" "-v" "/var/lib/crater-agent-workspace/rustup-home:/opt/rustwide/rustup-home:ro,Z" "-e" "SOURCE_DIR=/opt/rustwide/workdir" "-e" "CARGO_TARGET_DIR=/opt/rustwide/target" "-e" "CARGO_HOME=/opt/rustwide/cargo-home" "-e" "RUSTUP_HOME=/opt/rustwide/rustup-home" "-w" "/opt/rustwide/workdir" "-m" "1610612736" "--user" "0:0" "--network" "none" "ghcr.io/rust-lang/crates-build-env/linux@sha256:f3a9d4ad9d972b27faf3965f35b62e55ba32bbce8f20bc8fe909558a86702fde" "/opt/rustwide/cargo-home/bin/cargo" "+1.83.0" "metadata" "--no-deps" "--format-version=1", kill_on_drop: false }`
[INFO] [stdout] 00499687c408d43337c37feae0178940127231b9763fae11e33600dbb66c32a7
[INFO] running `Command { std: "docker" "start" "-a" "00499687c408d43337c37feae0178940127231b9763fae11e33600dbb66c32a7", kill_on_drop: false }`
[INFO] running `Command { std: "docker" "inspect" "00499687c408d43337c37feae0178940127231b9763fae11e33600dbb66c32a7", kill_on_drop: false }`
[INFO] running `Command { std: "docker" "rm" "-f" "00499687c408d43337c37feae0178940127231b9763fae11e33600dbb66c32a7", kill_on_drop: false }`
[INFO] [stdout] 00499687c408d43337c37feae0178940127231b9763fae11e33600dbb66c32a7
[INFO] running `Command { std: "docker" "create" "-v" "/var/lib/crater-agent-workspace/builds/worker-4-tc1/target:/opt/rustwide/target:rw,Z" "-v" "/var/lib/crater-agent-workspace/builds/worker-4-tc1/source:/opt/rustwide/workdir:ro,Z" "-v" "/var/lib/crater-agent-workspace/cargo-home:/opt/rustwide/cargo-home:ro,Z" "-v" "/var/lib/crater-agent-workspace/rustup-home:/opt/rustwide/rustup-home:ro,Z" "-e" "SOURCE_DIR=/opt/rustwide/workdir" "-e" "CARGO_TARGET_DIR=/opt/rustwide/target" "-e" "CARGO_INCREMENTAL=0" "-e" "RUST_BACKTRACE=full" "-e" "RUSTFLAGS=--cap-lints=warn" "-e" "RUSTDOCFLAGS=--cap-lints=warn" "-e" "CARGO_HOME=/opt/rustwide/cargo-home" "-e" "RUSTUP_HOME=/opt/rustwide/rustup-home" "-w" "/opt/rustwide/workdir" "-m" "1610612736" "--user" "0:0" "--network" "none" "ghcr.io/rust-lang/crates-build-env/linux@sha256:f3a9d4ad9d972b27faf3965f35b62e55ba32bbce8f20bc8fe909558a86702fde" "/opt/rustwide/cargo-home/bin/cargo" "+1.83.0" "build" "--frozen" "--message-format=json", kill_on_drop: false }`
[INFO] [stdout] d871680099fbc5b624be6c3b0f5ee8727b4ad34329c1ba8c61500233bcfe95ed
[INFO] running `Command { std: "docker" "start" "-a" "d871680099fbc5b624be6c3b0f5ee8727b4ad34329c1ba8c61500233bcfe95ed", kill_on_drop: false }`
[INFO] [stderr]    Compiling proc-macro2 v1.0.92
[INFO] [stderr]    Compiling unicode-ident v1.0.14
[INFO] [stderr]    Compiling stable_deref_trait v1.2.0
[INFO] [stderr]    Compiling litemap v0.7.4
[INFO] [stderr]    Compiling writeable v0.5.5
[INFO] [stderr]    Compiling serde v1.0.216
[INFO] [stderr]    Compiling libc v0.2.168
[INFO] [stderr]    Compiling icu_locid_transform_data v1.5.0
[INFO] [stderr]    Compiling getrandom v0.1.16
[INFO] [stderr]    Compiling icu_properties_data v1.5.0
[INFO] [stderr]    Compiling smallvec v1.13.2
[INFO] [stderr]    Compiling cfg-if v1.0.0
[INFO] [stderr]    Compiling itoa v1.0.14
[INFO] [stderr]    Compiling utf8_iter v1.0.4
[INFO] [stderr]    Compiling icu_normalizer_data v1.5.0
[INFO] [stderr]    Compiling serde_json v1.0.133
[INFO] [stderr]    Compiling byteorder v1.5.0
[INFO] [stderr]    Compiling write16 v1.0.0
[INFO] [stderr]    Compiling ryu v1.0.18
[INFO] [stderr]    Compiling utf16_iter v1.0.5
[INFO] [stderr]    Compiling syn v1.0.109
[INFO] [stderr]    Compiling percent-encoding v2.3.1
[INFO] [stderr]    Compiling thiserror v1.0.69
[INFO] [stderr]    Compiling memchr v2.7.4
[INFO] [stderr]    Compiling log v0.4.22
[INFO] [stderr]    Compiling semver-parser v0.7.0
[INFO] [stderr]    Compiling form_urlencoded v1.2.1
[INFO] [stderr]    Compiling same-file v1.0.6
[INFO] [stderr]    Compiling shlex v1.3.0
[INFO] [stderr]    Compiling pkg-config v0.3.31
[INFO] [stderr]    Compiling uniui_core v0.0.4
[INFO] [stderr]    Compiling walkdir v2.5.0
[INFO] [stderr]    Compiling cc v1.2.4
[INFO] [stderr]    Compiling quote v1.0.37
[INFO] [stderr]    Compiling syn v2.0.90
[INFO] [stderr]    Compiling rand_core v0.5.1
[INFO] [stderr]    Compiling uni_components_macro v0.0.7
[INFO] [stderr]    Compiling synstructure v0.13.1
[INFO] [stderr]    Compiling zerofrom-derive v0.1.5
[INFO] [stderr]    Compiling yoke-derive v0.7.5
[INFO] [stderr]    Compiling zerovec-derive v0.10.3
[INFO] [stderr]    Compiling displaydoc v0.2.5
[INFO] [stderr]    Compiling icu_provider_macros v1.5.0
[INFO] [stderr]    Compiling serde_derive v1.0.216
[INFO] [stderr]    Compiling zerocopy-derive v0.7.35
[INFO] [stderr]    Compiling thiserror-impl v1.0.69
[INFO] [stderr]    Compiling zerocopy v0.7.35
[INFO] [stderr]    Compiling ppv-lite86 v0.2.20
[INFO] [stderr]    Compiling zerofrom v0.1.5
[INFO] [stderr]    Compiling yoke v0.7.5
[INFO] [stderr]    Compiling rand_chacha v0.2.2
[INFO] [stderr]    Compiling zerovec v0.10.4
[INFO] [stderr]    Compiling rand v0.7.3
[INFO] [stderr]    Compiling tinystr v0.7.6
[INFO] [stderr]    Compiling icu_collections v1.5.0
[INFO] [stderr]    Compiling icu_locid v1.5.0
[INFO] [stderr]    Compiling icu_provider v1.5.0
[INFO] [stderr]    Compiling icu_locid_transform v1.5.0
[INFO] [stderr]    Compiling icu_properties v1.5.1
[INFO] [stderr]    Compiling semver v0.10.0
[INFO] [stderr]    Compiling serde_urlencoded v0.7.1
[INFO] [stderr]    Compiling toml v0.5.11
[INFO] [stderr]    Compiling icu_normalizer v1.5.0
[INFO] [stderr]    Compiling uni_net v0.0.5
[INFO] [stderr]    Compiling cargo_metadata v0.11.4
[INFO] [stderr]    Compiling idna_adapter v1.2.0
[INFO] [stderr]    Compiling idna v1.0.3
[INFO] [stderr]    Compiling url v2.5.4
[INFO] [stderr]    Compiling uni_components v0.0.9
[INFO] [stderr]    Compiling uniui_build v0.0.15 (/opt/rustwide/workdir)
[INFO] [stderr]     Finished `dev` profile [unoptimized + debuginfo] target(s) in 23.42s
[INFO] running `Command { std: "docker" "inspect" "d871680099fbc5b624be6c3b0f5ee8727b4ad34329c1ba8c61500233bcfe95ed", kill_on_drop: false }`
[INFO] running `Command { std: "docker" "rm" "-f" "d871680099fbc5b624be6c3b0f5ee8727b4ad34329c1ba8c61500233bcfe95ed", kill_on_drop: false }`
[INFO] [stdout] d871680099fbc5b624be6c3b0f5ee8727b4ad34329c1ba8c61500233bcfe95ed
[INFO] running `Command { std: "docker" "create" "-v" "/var/lib/crater-agent-workspace/builds/worker-4-tc1/target:/opt/rustwide/target:rw,Z" "-v" "/var/lib/crater-agent-workspace/builds/worker-4-tc1/source:/opt/rustwide/workdir:ro,Z" "-v" "/var/lib/crater-agent-workspace/cargo-home:/opt/rustwide/cargo-home:ro,Z" "-v" "/var/lib/crater-agent-workspace/rustup-home:/opt/rustwide/rustup-home:ro,Z" "-e" "SOURCE_DIR=/opt/rustwide/workdir" "-e" "CARGO_TARGET_DIR=/opt/rustwide/target" "-e" "CARGO_INCREMENTAL=0" "-e" "RUST_BACKTRACE=full" "-e" "RUSTFLAGS=--cap-lints=warn" "-e" "RUSTDOCFLAGS=--cap-lints=warn" "-e" "CARGO_HOME=/opt/rustwide/cargo-home" "-e" "RUSTUP_HOME=/opt/rustwide/rustup-home" "-w" "/opt/rustwide/workdir" "-m" "1610612736" "--user" "0:0" "--network" "none" "ghcr.io/rust-lang/crates-build-env/linux@sha256:f3a9d4ad9d972b27faf3965f35b62e55ba32bbce8f20bc8fe909558a86702fde" "/opt/rustwide/cargo-home/bin/cargo" "+1.83.0" "test" "--frozen" "--no-run" "--message-format=json", kill_on_drop: false }`
[INFO] [stdout] 0bf4e5ad689c5bbecf0e2ff8046f723a174963a7c8348e58f8fe3c56ff4c786b
[INFO] running `Command { std: "docker" "start" "-a" "0bf4e5ad689c5bbecf0e2ff8046f723a174963a7c8348e58f8fe3c56ff4c786b", kill_on_drop: false }`
[INFO] [stderr]    Compiling uniui_build v0.0.15 (/opt/rustwide/workdir)
[INFO] [stderr]     Finished `test` profile [unoptimized + debuginfo] target(s) in 0.40s
[INFO] running `Command { std: "docker" "inspect" "0bf4e5ad689c5bbecf0e2ff8046f723a174963a7c8348e58f8fe3c56ff4c786b", kill_on_drop: false }`
[INFO] running `Command { std: "docker" "rm" "-f" "0bf4e5ad689c5bbecf0e2ff8046f723a174963a7c8348e58f8fe3c56ff4c786b", kill_on_drop: false }`
[INFO] [stdout] 0bf4e5ad689c5bbecf0e2ff8046f723a174963a7c8348e58f8fe3c56ff4c786b
[INFO] running `Command { std: "docker" "create" "-v" "/var/lib/crater-agent-workspace/builds/worker-4-tc1/target:/opt/rustwide/target:rw,Z" "-v" "/var/lib/crater-agent-workspace/builds/worker-4-tc1/source:/opt/rustwide/workdir:ro,Z" "-v" "/var/lib/crater-agent-workspace/cargo-home:/opt/rustwide/cargo-home:ro,Z" "-v" "/var/lib/crater-agent-workspace/rustup-home:/opt/rustwide/rustup-home:ro,Z" "-e" "SOURCE_DIR=/opt/rustwide/workdir" "-e" "CARGO_TARGET_DIR=/opt/rustwide/target" "-e" "CARGO_INCREMENTAL=0" "-e" "RUST_BACKTRACE=full" "-e" "RUSTFLAGS=--cap-lints=warn" "-e" "RUSTDOCFLAGS=--cap-lints=warn" "-e" "CARGO_HOME=/opt/rustwide/cargo-home" "-e" "RUSTUP_HOME=/opt/rustwide/rustup-home" "-w" "/opt/rustwide/workdir" "-m" "1610612736" "--user" "0:0" "--network" "none" "ghcr.io/rust-lang/crates-build-env/linux@sha256:f3a9d4ad9d972b27faf3965f35b62e55ba32bbce8f20bc8fe909558a86702fde" "/opt/rustwide/cargo-home/bin/cargo" "+1.83.0" "test" "--frozen", kill_on_drop: false }`
[INFO] [stdout] a72f9207c8707d86e6078fafc91a6c37fe3fed149d01b2d0ad2badd1b70ffa85
[INFO] running `Command { std: "docker" "start" "-a" "a72f9207c8707d86e6078fafc91a6c37fe3fed149d01b2d0ad2badd1b70ffa85", kill_on_drop: false }`
[INFO] [stderr]     Finished `test` profile [unoptimized + debuginfo] target(s) in 0.13s
[INFO] [stderr]      Running unittests src/lib.rs (/opt/rustwide/target/debug/deps/uniui_build-a4a009f0c5a1c29e)
[INFO] [stdout] 
[INFO] [stderr]    Doc-tests uniui_build
[INFO] [stdout] running 0 tests
[INFO] [stdout] 
[INFO] [stdout] test result: ok. 0 passed; 0 failed; 0 ignored; 0 measured; 0 filtered out; finished in 0.00s
[INFO] [stdout] 
[INFO] [stdout] 
[INFO] [stdout] running 2 tests
[INFO] [stdout] test src/lib.rs - Framework::Rocket (line 93) ... FAILED
[INFO] [stdout] test src/lib.rs - Framework::Tide (line 113) ... FAILED
[INFO] [stdout] 
[INFO] [stdout] failures:
[INFO] [stdout] 
[INFO] [stdout] ---- src/lib.rs - Framework::Rocket (line 93) stdout ----
[INFO] [stdout] error: environment variable `OUT_DIR` not defined at compile time
[INFO] [stdout]  --> src/lib.rs:97:22
[INFO] [stdout]   |
[INFO] [stdout] 5 |     include!(concat!(env!("OUT_DIR"), "/uni_build_generated.rs"));
[INFO] [stdout]   |                      ^^^^^^^^^^^^^^^
[INFO] [stdout]   |
[INFO] [stdout]   = help: Cargo sets build script variables at run time. Use `std::env::var("OUT_DIR")` instead
[INFO] [stdout]   = note: this error originates in the macro `env` (in Nightly builds, run with -Z macro-backtrace for more info)
[INFO] [stdout] 
[INFO] [stdout] error[E0425]: cannot find function `mount_to` in module `generated`
[INFO] [stdout]   --> src/lib.rs:102:29
[INFO] [stdout]    |
[INFO] [stdout] 10 |     let ignite = generated::mount_to(ignite);
[INFO] [stdout]    |                             ^^^^^^^^ not found in `generated`
[INFO] [stdout] 
[INFO] [stdout] error[E0433]: failed to resolve: use of undeclared crate or module `rocket`
[INFO] [stdout]  --> src/lib.rs:101:18
[INFO] [stdout]   |
[INFO] [stdout] 9 |     let ignite = rocket::ignite();
[INFO] [stdout]   |                  ^^^^^^ use of undeclared crate or module `rocket`
[INFO] [stdout] 
[INFO] [stdout] error: aborting due to 3 previous errors
[INFO] [stdout] 
[INFO] [stdout] Some errors have detailed explanations: E0425, E0433.
[INFO] [stdout] For more information about an error, try `rustc --explain E0425`.
[INFO] [stdout] Couldn't compile the test.
[INFO] [stdout] ---- src/lib.rs - Framework::Tide (line 113) stdout ----
[INFO] [stdout] error: environment variable `OUT_DIR` not defined at compile time
[INFO] [stdout]  --> src/lib.rs:118:22
[INFO] [stdout]   |
[INFO] [stdout] 6 |     include!(concat!(env!("OUT_DIR"), "/uni_build_generated.rs"));
[INFO] [stdout]   |                      ^^^^^^^^^^^^^^^
[INFO] [stdout]   |
[INFO] [stdout]   = help: Cargo sets build script variables at run time. Use `std::env::var("OUT_DIR")` instead
[INFO] [stdout]   = note: this error originates in the macro `env` (in Nightly builds, run with -Z macro-backtrace for more info)
[INFO] [stdout] 
[INFO] [stdout] error[E0433]: failed to resolve: use of undeclared crate or module `async_std`
[INFO] [stdout]   --> src/lib.rs:123:12
[INFO] [stdout]    |
[INFO] [stdout] 11 |     return async_std::task::block_on(async {
[INFO] [stdout]    |            ^^^^^^^^^ use of undeclared crate or module `async_std`
[INFO] [stdout] 
[INFO] [stdout] error[E0425]: cannot find function `attach` in module `generated`
[INFO] [stdout]   --> src/lib.rs:128:20
[INFO] [stdout]    |
[INFO] [stdout] 16 |         generated::attach(&mut app);
[INFO] [stdout]    |                    ^^^^^^ not found in `generated`
[INFO] [stdout] 
[INFO] [stdout] error[E0433]: failed to resolve: use of undeclared crate or module `tide`
[INFO] [stdout]   --> src/lib.rs:125:23
[INFO] [stdout]    |
[INFO] [stdout] 13 |         let mut app = tide::new();
[INFO] [stdout]    |                       ^^^^ use of undeclared crate or module `tide`
[INFO] [stdout] 
[INFO] [stdout] error: aborting due to 4 previous errors
[INFO] [stdout] 
[INFO] [stdout] Some errors have detailed explanations: E0425, E0433.
[INFO] [stdout] For more information about an error, try `rustc --explain E0425`.
[INFO] [stdout] Couldn't compile the test.
[INFO] [stdout] 
[INFO] [stdout] failures:
[INFO] [stdout]     src/lib.rs - Framework::Rocket (line 93)
[INFO] [stdout]     src/lib.rs - Framework::Tide (line 113)
[INFO] [stdout] 
[INFO] [stdout] test result: FAILED. 0 passed; 2 failed; 0 ignored; 0 measured; 0 filtered out; finished in 0.08s
[INFO] [stdout] 
[INFO] [stderr] error: doctest failed, to rerun pass `--doc`
[INFO] running `Command { std: "docker" "inspect" "a72f9207c8707d86e6078fafc91a6c37fe3fed149d01b2d0ad2badd1b70ffa85", kill_on_drop: false }`
[INFO] running `Command { std: "docker" "rm" "-f" "a72f9207c8707d86e6078fafc91a6c37fe3fed149d01b2d0ad2badd1b70ffa85", kill_on_drop: false }`
[INFO] [stdout] a72f9207c8707d86e6078fafc91a6c37fe3fed149d01b2d0ad2badd1b70ffa85
