[INFO] fetching crate unit-converter-rust 0.1.0...
[INFO] testing unit-converter-rust-0.1.0 against 1.83.0 for beta-1.84.0-4-retry
[INFO] extracting crate unit-converter-rust 0.1.0 into /workspace/builds/worker-6-tc1/source
[INFO] validating manifest of crates.io crate unit-converter-rust 0.1.0 on toolchain 1.83.0
[INFO] running `Command { std: CARGO_HOME="/workspace/cargo-home" RUSTUP_HOME="/workspace/rustup-home" "/workspace/cargo-home/bin/cargo" "+1.83.0" "metadata" "--manifest-path" "Cargo.toml" "--no-deps", kill_on_drop: false }`
[INFO] started tweaking crates.io crate unit-converter-rust 0.1.0
[INFO] finished tweaking crates.io crate unit-converter-rust 0.1.0
[INFO] tweaked toml for crates.io crate unit-converter-rust 0.1.0 written to /workspace/builds/worker-6-tc1/source/Cargo.toml
[INFO] running `Command { std: CARGO_HOME="/workspace/cargo-home" RUSTUP_HOME="/workspace/rustup-home" "/workspace/cargo-home/bin/cargo" "+1.83.0" "generate-lockfile" "--manifest-path" "Cargo.toml", kill_on_drop: false }`
[INFO] running `Command { std: CARGO_HOME="/workspace/cargo-home" RUSTUP_HOME="/workspace/rustup-home" "/workspace/cargo-home/bin/cargo" "+1.83.0" "fetch" "--manifest-path" "Cargo.toml", kill_on_drop: false }`
[INFO] [stderr] warning: no edition set: defaulting to the 2015 edition while the latest is 2021
[INFO] running `Command { std: "docker" "create" "-v" "/var/lib/crater-agent-workspace/builds/worker-6-tc1/target:/opt/rustwide/target:rw,Z" "-v" "/var/lib/crater-agent-workspace/builds/worker-6-tc1/source:/opt/rustwide/workdir:ro,Z" "-v" "/var/lib/crater-agent-workspace/cargo-home:/opt/rustwide/cargo-home:ro,Z" "-v" "/var/lib/crater-agent-workspace/rustup-home:/opt/rustwide/rustup-home:ro,Z" "-e" "SOURCE_DIR=/opt/rustwide/workdir" "-e" "CARGO_TARGET_DIR=/opt/rustwide/target" "-e" "CARGO_HOME=/opt/rustwide/cargo-home" "-e" "RUSTUP_HOME=/opt/rustwide/rustup-home" "-w" "/opt/rustwide/workdir" "-m" "1610612736" "--user" "0:0" "--network" "none" "ghcr.io/rust-lang/crates-build-env/linux@sha256:f3a9d4ad9d972b27faf3965f35b62e55ba32bbce8f20bc8fe909558a86702fde" "/opt/rustwide/cargo-home/bin/cargo" "+1.83.0" "metadata" "--no-deps" "--format-version=1", kill_on_drop: false }`
[INFO] [stdout] 11340e417b3402971070dde47abc7491ae34482e70bdad0efe6cdc3204c035b1
[INFO] running `Command { std: "docker" "start" "-a" "11340e417b3402971070dde47abc7491ae34482e70bdad0efe6cdc3204c035b1", kill_on_drop: false }`
[INFO] running `Command { std: "docker" "inspect" "11340e417b3402971070dde47abc7491ae34482e70bdad0efe6cdc3204c035b1", kill_on_drop: false }`
[INFO] running `Command { std: "docker" "rm" "-f" "11340e417b3402971070dde47abc7491ae34482e70bdad0efe6cdc3204c035b1", kill_on_drop: false }`
[INFO] [stdout] 11340e417b3402971070dde47abc7491ae34482e70bdad0efe6cdc3204c035b1
[INFO] running `Command { std: "docker" "create" "-v" "/var/lib/crater-agent-workspace/builds/worker-6-tc1/target:/opt/rustwide/target:rw,Z" "-v" "/var/lib/crater-agent-workspace/builds/worker-6-tc1/source:/opt/rustwide/workdir:ro,Z" "-v" "/var/lib/crater-agent-workspace/cargo-home:/opt/rustwide/cargo-home:ro,Z" "-v" "/var/lib/crater-agent-workspace/rustup-home:/opt/rustwide/rustup-home:ro,Z" "-e" "SOURCE_DIR=/opt/rustwide/workdir" "-e" "CARGO_TARGET_DIR=/opt/rustwide/target" "-e" "CARGO_INCREMENTAL=0" "-e" "RUST_BACKTRACE=full" "-e" "RUSTFLAGS=--cap-lints=warn" "-e" "RUSTDOCFLAGS=--cap-lints=warn" "-e" "CARGO_HOME=/opt/rustwide/cargo-home" "-e" "RUSTUP_HOME=/opt/rustwide/rustup-home" "-w" "/opt/rustwide/workdir" "-m" "1610612736" "--user" "0:0" "--network" "none" "ghcr.io/rust-lang/crates-build-env/linux@sha256:f3a9d4ad9d972b27faf3965f35b62e55ba32bbce8f20bc8fe909558a86702fde" "/opt/rustwide/cargo-home/bin/cargo" "+1.83.0" "build" "--frozen" "--message-format=json", kill_on_drop: false }`
[INFO] [stdout] 3857e8a9c1e8ea97b511f6e1af597b461bb57c26dc4cb65da939aedd395ede4f
[INFO] running `Command { std: "docker" "start" "-a" "3857e8a9c1e8ea97b511f6e1af597b461bb57c26dc4cb65da939aedd395ede4f", kill_on_drop: false }`
[INFO] [stderr] warning: no edition set: defaulting to the 2015 edition while the latest is 2021
[INFO] [stderr]    Compiling unit-converter-rust v0.1.0 (/opt/rustwide/workdir)
[INFO] [stderr]     Finished `dev` profile [unoptimized + debuginfo] target(s) in 0.04s
[INFO] running `Command { std: "docker" "inspect" "3857e8a9c1e8ea97b511f6e1af597b461bb57c26dc4cb65da939aedd395ede4f", kill_on_drop: false }`
[INFO] running `Command { std: "docker" "rm" "-f" "3857e8a9c1e8ea97b511f6e1af597b461bb57c26dc4cb65da939aedd395ede4f", kill_on_drop: false }`
[INFO] [stdout] 3857e8a9c1e8ea97b511f6e1af597b461bb57c26dc4cb65da939aedd395ede4f
[INFO] running `Command { std: "docker" "create" "-v" "/var/lib/crater-agent-workspace/builds/worker-6-tc1/target:/opt/rustwide/target:rw,Z" "-v" "/var/lib/crater-agent-workspace/builds/worker-6-tc1/source:/opt/rustwide/workdir:ro,Z" "-v" "/var/lib/crater-agent-workspace/cargo-home:/opt/rustwide/cargo-home:ro,Z" "-v" "/var/lib/crater-agent-workspace/rustup-home:/opt/rustwide/rustup-home:ro,Z" "-e" "SOURCE_DIR=/opt/rustwide/workdir" "-e" "CARGO_TARGET_DIR=/opt/rustwide/target" "-e" "CARGO_INCREMENTAL=0" "-e" "RUST_BACKTRACE=full" "-e" "RUSTFLAGS=--cap-lints=warn" "-e" "RUSTDOCFLAGS=--cap-lints=warn" "-e" "CARGO_HOME=/opt/rustwide/cargo-home" "-e" "RUSTUP_HOME=/opt/rustwide/rustup-home" "-w" "/opt/rustwide/workdir" "-m" "1610612736" "--user" "0:0" "--network" "none" "ghcr.io/rust-lang/crates-build-env/linux@sha256:f3a9d4ad9d972b27faf3965f35b62e55ba32bbce8f20bc8fe909558a86702fde" "/opt/rustwide/cargo-home/bin/cargo" "+1.83.0" "test" "--frozen" "--no-run" "--message-format=json", kill_on_drop: false }`
[INFO] [stdout] 2326abea2460e3dfb025fb2cd4531c5ba57bfd801382935d6bf473aef2592f8d
[INFO] running `Command { std: "docker" "start" "-a" "2326abea2460e3dfb025fb2cd4531c5ba57bfd801382935d6bf473aef2592f8d", kill_on_drop: false }`
[INFO] [stderr] warning: no edition set: defaulting to the 2015 edition while the latest is 2021
[INFO] [stderr]    Compiling unit-converter-rust v0.1.0 (/opt/rustwide/workdir)
[INFO] [stderr]     Finished `test` profile [unoptimized + debuginfo] target(s) in 0.24s
[INFO] running `Command { std: "docker" "inspect" "2326abea2460e3dfb025fb2cd4531c5ba57bfd801382935d6bf473aef2592f8d", kill_on_drop: false }`
[INFO] running `Command { std: "docker" "rm" "-f" "2326abea2460e3dfb025fb2cd4531c5ba57bfd801382935d6bf473aef2592f8d", kill_on_drop: false }`
[INFO] [stdout] 2326abea2460e3dfb025fb2cd4531c5ba57bfd801382935d6bf473aef2592f8d
[INFO] running `Command { std: "docker" "create" "-v" "/var/lib/crater-agent-workspace/builds/worker-6-tc1/target:/opt/rustwide/target:rw,Z" "-v" "/var/lib/crater-agent-workspace/builds/worker-6-tc1/source:/opt/rustwide/workdir:ro,Z" "-v" "/var/lib/crater-agent-workspace/cargo-home:/opt/rustwide/cargo-home:ro,Z" "-v" "/var/lib/crater-agent-workspace/rustup-home:/opt/rustwide/rustup-home:ro,Z" "-e" "SOURCE_DIR=/opt/rustwide/workdir" "-e" "CARGO_TARGET_DIR=/opt/rustwide/target" "-e" "CARGO_INCREMENTAL=0" "-e" "RUST_BACKTRACE=full" "-e" "RUSTFLAGS=--cap-lints=warn" "-e" "RUSTDOCFLAGS=--cap-lints=warn" "-e" "CARGO_HOME=/opt/rustwide/cargo-home" "-e" "RUSTUP_HOME=/opt/rustwide/rustup-home" "-w" "/opt/rustwide/workdir" "-m" "1610612736" "--user" "0:0" "--network" "none" "ghcr.io/rust-lang/crates-build-env/linux@sha256:f3a9d4ad9d972b27faf3965f35b62e55ba32bbce8f20bc8fe909558a86702fde" "/opt/rustwide/cargo-home/bin/cargo" "+1.83.0" "test" "--frozen", kill_on_drop: false }`
[INFO] [stdout] 09ca607371f77244707e7de40708c8d113b20c843e38869fb518a874bcbd85a2
[INFO] running `Command { std: "docker" "start" "-a" "09ca607371f77244707e7de40708c8d113b20c843e38869fb518a874bcbd85a2", kill_on_drop: false }`
[INFO] [stderr] warning: no edition set: defaulting to the 2015 edition while the latest is 2021
[INFO] [stderr]     Finished `test` profile [unoptimized + debuginfo] target(s) in 0.01s
[INFO] [stderr]      Running unittests src/lib.rs (/opt/rustwide/target/debug/deps/unit_converter_rust-0c268793a3650f3b)
[INFO] [stdout] 
[INFO] [stdout] running 4 tests
[INFO] [stdout] test tests::test_hour2min ... ok
[INFO] [stdout] test tests::test_meters_to_kilometers ... ok
[INFO] [stdout] test tests::test_min2sec ... ok
[INFO] [stdout] test tests::test_km2mi ... ok
[INFO] [stdout] 
[INFO] [stdout] test result: ok. 4 passed; 0 failed; 0 ignored; 0 measured; 0 filtered out; finished in 0.00s
[INFO] [stdout] 
[INFO] [stderr]    Doc-tests unit_converter_rust
[INFO] [stdout] 
[INFO] [stdout] running 6 tests
[INFO] [stdout] test src/lib.rs - km2m (line 29) ... FAILED
[INFO] [stdout] test src/lib.rs - meter2km (line 101) ... FAILED
[INFO] [stdout] test src/lib.rs - hour2min (line 65) ... FAILED
[INFO] [stdout] test src/lib.rs - (line 12) ... FAILED
[INFO] [stdout] test src/lib.rs - km2mi (line 47) ... FAILED
[INFO] [stdout] test src/lib.rs - min2sec (line 83) ... FAILED
[INFO] [stdout] 
[INFO] [stdout] failures:
[INFO] [stdout] 
[INFO] [stdout] ---- src/lib.rs - km2m (line 29) stdout ----
[INFO] [stdout] error[E0432]: unresolved import `unit_converter`
[INFO] [stdout]  --> src/lib.rs:30:5
[INFO] [stdout]   |
[INFO] [stdout] 3 | use unit_converter::*;
[INFO] [stdout]   |     ^^^^^^^^^^^^^^ you might be missing crate `unit_converter`
[INFO] [stdout]   |
[INFO] [stdout] help: consider importing the `unit_converter` crate
[INFO] [stdout]   |
[INFO] [stdout] 2 + extern crate unit_converter;
[INFO] [stdout]   |
[INFO] [stdout] 
[INFO] [stdout] error: aborting due to 1 previous error
[INFO] [stdout] 
[INFO] [stdout] For more information about this error, try `rustc --explain E0432`.
[INFO] [stdout] Couldn't compile the test.
[INFO] [stdout] ---- src/lib.rs - meter2km (line 101) stdout ----
[INFO] [stdout] error[E0432]: unresolved import `unit_converter`
[INFO] [stdout]  --> src/lib.rs:102:5
[INFO] [stdout]   |
[INFO] [stdout] 3 | use unit_converter::*;
[INFO] [stdout]   |     ^^^^^^^^^^^^^^ you might be missing crate `unit_converter`
[INFO] [stdout]   |
[INFO] [stdout] help: consider importing the `unit_converter` crate
[INFO] [stdout]   |
[INFO] [stdout] 2 + extern crate unit_converter;
[INFO] [stdout]   |
[INFO] [stdout] 
[INFO] [stdout] error: aborting due to 1 previous error
[INFO] [stdout] 
[INFO] [stdout] For more information about this error, try `rustc --explain E0432`.
[INFO] [stdout] Couldn't compile the test.
[INFO] [stdout] ---- src/lib.rs - hour2min (line 65) stdout ----
[INFO] [stdout] error[E0432]: unresolved import `unit_converter`
[INFO] [stdout]  --> src/lib.rs:66:5
[INFO] [stdout]   |
[INFO] [stdout] 3 | use unit_converter::*;
[INFO] [stdout]   |     ^^^^^^^^^^^^^^ you might be missing crate `unit_converter`
[INFO] [stdout]   |
[INFO] [stdout] help: consider importing the `unit_converter` crate
[INFO] [stdout]   |
[INFO] [stdout] 2 + extern crate unit_converter;
[INFO] [stdout]   |
[INFO] [stdout] 
[INFO] [stdout] error: aborting due to 1 previous error
[INFO] [stdout] 
[INFO] [stdout] For more information about this error, try `rustc --explain E0432`.
[INFO] [stdout] Couldn't compile the test.
[INFO] [stdout] ---- src/lib.rs - (line 12) stdout ----
[INFO] [stdout] error[E0432]: unresolved import `unit_converter`
[INFO] [stdout]  --> src/lib.rs:13:5
[INFO] [stdout]   |
[INFO] [stdout] 3 | use unit_converter::*;
[INFO] [stdout]   |     ^^^^^^^^^^^^^^ you might be missing crate `unit_converter`
[INFO] [stdout]   |
[INFO] [stdout] help: consider importing the `unit_converter` crate
[INFO] [stdout]   |
[INFO] [stdout] 2 + extern crate unit_converter;
[INFO] [stdout]   |
[INFO] [stdout] 
[INFO] [stdout] error: aborting due to 1 previous error
[INFO] [stdout] 
[INFO] [stdout] For more information about this error, try `rustc --explain E0432`.
[INFO] [stdout] Couldn't compile the test.
[INFO] [stdout] ---- src/lib.rs - km2mi (line 47) stdout ----
[INFO] [stdout] error[E0432]: unresolved import `unit_converter`
[INFO] [stdout]  --> src/lib.rs:48:5
[INFO] [stdout]   |
[INFO] [stdout] 3 | use unit_converter::*;
[INFO] [stdout]   |     ^^^^^^^^^^^^^^ you might be missing crate `unit_converter`
[INFO] [stdout]   |
[INFO] [stdout] help: consider importing the `unit_converter` crate
[INFO] [stdout]   |
[INFO] [stdout] 2 + extern crate unit_converter;
[INFO] [stdout]   |
[INFO] [stdout] 
[INFO] [stdout] error: aborting due to 1 previous error
[INFO] [stdout] 
[INFO] [stdout] For more information about this error, try `rustc --explain E0432`.
[INFO] [stdout] Couldn't compile the test.
[INFO] [stdout] ---- src/lib.rs - min2sec (line 83) stdout ----
[INFO] [stdout] error[E0432]: unresolved import `unit_converter`
[INFO] [stdout]  --> src/lib.rs:84:5
[INFO] [stdout]   |
[INFO] [stdout] 3 | use unit_converter::*;
[INFO] [stdout]   |     ^^^^^^^^^^^^^^ you might be missing crate `unit_converter`
[INFO] [stdout]   |
[INFO] [stdout] help: consider importing the `unit_converter` crate
[INFO] [stdout]   |
[INFO] [stdout] 2 + extern crate unit_converter;
[INFO] [stdout]   |
[INFO] [stdout] 
[INFO] [stdout] error: aborting due to 1 previous error
[INFO] [stdout] 
[INFO] [stdout] For more information about this error, try `rustc --explain E0432`.
[INFO] [stdout] Couldn't compile the test.
[INFO] [stdout] 
[INFO] [stdout] failures:
[INFO] [stdout]     src/lib.rs - (line 12)
[INFO] [stdout]     src/lib.rs - hour2min (line 65)
[INFO] [stdout]     src/lib.rs - km2m (line 29)
[INFO] [stdout]     src/lib.rs - km2mi (line 47)
[INFO] [stdout]     src/lib.rs - meter2km (line 101)
[INFO] [stdout]     src/lib.rs - min2sec (line 83)
[INFO] [stdout] 
[INFO] [stdout] test result: FAILED. 0 passed; 6 failed; 0 ignored; 0 measured; 0 filtered out; finished in 0.09s
[INFO] [stdout] 
[INFO] [stderr] error: doctest failed, to rerun pass `--doc`
[INFO] running `Command { std: "docker" "inspect" "09ca607371f77244707e7de40708c8d113b20c843e38869fb518a874bcbd85a2", kill_on_drop: false }`
[INFO] running `Command { std: "docker" "rm" "-f" "09ca607371f77244707e7de40708c8d113b20c843e38869fb518a874bcbd85a2", kill_on_drop: false }`
[INFO] [stdout] 09ca607371f77244707e7de40708c8d113b20c843e38869fb518a874bcbd85a2
