[INFO] fetching crate union_type 0.1.0...
[INFO] testing union_type-0.1.0 against 1.83.0 for beta-1.84.0-4-retry
[INFO] extracting crate union_type 0.1.0 into /workspace/builds/worker-0-tc1/source
[INFO] validating manifest of crates.io crate union_type 0.1.0 on toolchain 1.83.0
[INFO] running `Command { std: CARGO_HOME="/workspace/cargo-home" RUSTUP_HOME="/workspace/rustup-home" "/workspace/cargo-home/bin/cargo" "+1.83.0" "metadata" "--manifest-path" "Cargo.toml" "--no-deps", kill_on_drop: false }`
[INFO] started tweaking crates.io crate union_type 0.1.0
[INFO] finished tweaking crates.io crate union_type 0.1.0
[INFO] tweaked toml for crates.io crate union_type 0.1.0 written to /workspace/builds/worker-0-tc1/source/Cargo.toml
[INFO] running `Command { std: CARGO_HOME="/workspace/cargo-home" RUSTUP_HOME="/workspace/rustup-home" "/workspace/cargo-home/bin/cargo" "+1.83.0" "generate-lockfile" "--manifest-path" "Cargo.toml", kill_on_drop: false }`
[INFO] [stderr]     Updating crates.io index
[INFO] [stderr]      Locking 4 packages to latest compatible versions
[INFO] [stderr]       Adding syn v1.0.109 (available: v2.0.90)
[INFO] running `Command { std: CARGO_HOME="/workspace/cargo-home" RUSTUP_HOME="/workspace/rustup-home" "/workspace/cargo-home/bin/cargo" "+1.83.0" "fetch" "--manifest-path" "Cargo.toml", kill_on_drop: false }`
[INFO] running `Command { std: "docker" "create" "-v" "/var/lib/crater-agent-workspace/builds/worker-0-tc1/target:/opt/rustwide/target:rw,Z" "-v" "/var/lib/crater-agent-workspace/builds/worker-0-tc1/source:/opt/rustwide/workdir:ro,Z" "-v" "/var/lib/crater-agent-workspace/cargo-home:/opt/rustwide/cargo-home:ro,Z" "-v" "/var/lib/crater-agent-workspace/rustup-home:/opt/rustwide/rustup-home:ro,Z" "-e" "SOURCE_DIR=/opt/rustwide/workdir" "-e" "CARGO_TARGET_DIR=/opt/rustwide/target" "-e" "CARGO_HOME=/opt/rustwide/cargo-home" "-e" "RUSTUP_HOME=/opt/rustwide/rustup-home" "-w" "/opt/rustwide/workdir" "-m" "1610612736" "--user" "0:0" "--network" "none" "ghcr.io/rust-lang/crates-build-env/linux@sha256:f3a9d4ad9d972b27faf3965f35b62e55ba32bbce8f20bc8fe909558a86702fde" "/opt/rustwide/cargo-home/bin/cargo" "+1.83.0" "metadata" "--no-deps" "--format-version=1", kill_on_drop: false }`
[INFO] [stdout] 793a693d2399f88c8b850bbc905944cbdf987e02382ed19cef1ebb1b3ef0fa75
[INFO] running `Command { std: "docker" "start" "-a" "793a693d2399f88c8b850bbc905944cbdf987e02382ed19cef1ebb1b3ef0fa75", kill_on_drop: false }`
[INFO] running `Command { std: "docker" "inspect" "793a693d2399f88c8b850bbc905944cbdf987e02382ed19cef1ebb1b3ef0fa75", kill_on_drop: false }`
[INFO] running `Command { std: "docker" "rm" "-f" "793a693d2399f88c8b850bbc905944cbdf987e02382ed19cef1ebb1b3ef0fa75", kill_on_drop: false }`
[INFO] [stdout] 793a693d2399f88c8b850bbc905944cbdf987e02382ed19cef1ebb1b3ef0fa75
[INFO] running `Command { std: "docker" "create" "-v" "/var/lib/crater-agent-workspace/builds/worker-0-tc1/target:/opt/rustwide/target:rw,Z" "-v" "/var/lib/crater-agent-workspace/builds/worker-0-tc1/source:/opt/rustwide/workdir:ro,Z" "-v" "/var/lib/crater-agent-workspace/cargo-home:/opt/rustwide/cargo-home:ro,Z" "-v" "/var/lib/crater-agent-workspace/rustup-home:/opt/rustwide/rustup-home:ro,Z" "-e" "SOURCE_DIR=/opt/rustwide/workdir" "-e" "CARGO_TARGET_DIR=/opt/rustwide/target" "-e" "CARGO_INCREMENTAL=0" "-e" "RUST_BACKTRACE=full" "-e" "RUSTFLAGS=--cap-lints=warn" "-e" "RUSTDOCFLAGS=--cap-lints=warn" "-e" "CARGO_HOME=/opt/rustwide/cargo-home" "-e" "RUSTUP_HOME=/opt/rustwide/rustup-home" "-w" "/opt/rustwide/workdir" "-m" "1610612736" "--user" "0:0" "--network" "none" "ghcr.io/rust-lang/crates-build-env/linux@sha256:f3a9d4ad9d972b27faf3965f35b62e55ba32bbce8f20bc8fe909558a86702fde" "/opt/rustwide/cargo-home/bin/cargo" "+1.83.0" "build" "--frozen" "--message-format=json", kill_on_drop: false }`
[INFO] [stdout] 4dbbaa5004b3c629d3c420a8f1d6c8723e83cb9853521eb92dffa0dfdcc86363
[INFO] running `Command { std: "docker" "start" "-a" "4dbbaa5004b3c629d3c420a8f1d6c8723e83cb9853521eb92dffa0dfdcc86363", kill_on_drop: false }`
[INFO] [stderr]    Compiling proc-macro2 v1.0.92
[INFO] [stderr]    Compiling unicode-ident v1.0.14
[INFO] [stderr]    Compiling syn v1.0.109
[INFO] [stderr]    Compiling quote v1.0.37
[INFO] [stderr]    Compiling union_type v0.1.0 (/opt/rustwide/workdir)
[INFO] [stderr]     Finished `dev` profile [unoptimized + debuginfo] target(s) in 5.58s
[INFO] running `Command { std: "docker" "inspect" "4dbbaa5004b3c629d3c420a8f1d6c8723e83cb9853521eb92dffa0dfdcc86363", kill_on_drop: false }`
[INFO] running `Command { std: "docker" "rm" "-f" "4dbbaa5004b3c629d3c420a8f1d6c8723e83cb9853521eb92dffa0dfdcc86363", kill_on_drop: false }`
[INFO] [stdout] 4dbbaa5004b3c629d3c420a8f1d6c8723e83cb9853521eb92dffa0dfdcc86363
[INFO] running `Command { std: "docker" "create" "-v" "/var/lib/crater-agent-workspace/builds/worker-0-tc1/target:/opt/rustwide/target:rw,Z" "-v" "/var/lib/crater-agent-workspace/builds/worker-0-tc1/source:/opt/rustwide/workdir:ro,Z" "-v" "/var/lib/crater-agent-workspace/cargo-home:/opt/rustwide/cargo-home:ro,Z" "-v" "/var/lib/crater-agent-workspace/rustup-home:/opt/rustwide/rustup-home:ro,Z" "-e" "SOURCE_DIR=/opt/rustwide/workdir" "-e" "CARGO_TARGET_DIR=/opt/rustwide/target" "-e" "CARGO_INCREMENTAL=0" "-e" "RUST_BACKTRACE=full" "-e" "RUSTFLAGS=--cap-lints=warn" "-e" "RUSTDOCFLAGS=--cap-lints=warn" "-e" "CARGO_HOME=/opt/rustwide/cargo-home" "-e" "RUSTUP_HOME=/opt/rustwide/rustup-home" "-w" "/opt/rustwide/workdir" "-m" "1610612736" "--user" "0:0" "--network" "none" "ghcr.io/rust-lang/crates-build-env/linux@sha256:f3a9d4ad9d972b27faf3965f35b62e55ba32bbce8f20bc8fe909558a86702fde" "/opt/rustwide/cargo-home/bin/cargo" "+1.83.0" "test" "--frozen" "--no-run" "--message-format=json", kill_on_drop: false }`
[INFO] [stdout] 843e2c5109463b73666201d9b4226b018476e121c2c09aff59c0e37f5a5e2bcf
[INFO] running `Command { std: "docker" "start" "-a" "843e2c5109463b73666201d9b4226b018476e121c2c09aff59c0e37f5a5e2bcf", kill_on_drop: false }`
[INFO] [stderr]    Compiling union_type v0.1.0 (/opt/rustwide/workdir)
[INFO] [stderr]     Finished `test` profile [unoptimized + debuginfo] target(s) in 0.52s
[INFO] running `Command { std: "docker" "inspect" "843e2c5109463b73666201d9b4226b018476e121c2c09aff59c0e37f5a5e2bcf", kill_on_drop: false }`
[INFO] running `Command { std: "docker" "rm" "-f" "843e2c5109463b73666201d9b4226b018476e121c2c09aff59c0e37f5a5e2bcf", kill_on_drop: false }`
[INFO] [stdout] 843e2c5109463b73666201d9b4226b018476e121c2c09aff59c0e37f5a5e2bcf
[INFO] running `Command { std: "docker" "create" "-v" "/var/lib/crater-agent-workspace/builds/worker-0-tc1/target:/opt/rustwide/target:rw,Z" "-v" "/var/lib/crater-agent-workspace/builds/worker-0-tc1/source:/opt/rustwide/workdir:ro,Z" "-v" "/var/lib/crater-agent-workspace/cargo-home:/opt/rustwide/cargo-home:ro,Z" "-v" "/var/lib/crater-agent-workspace/rustup-home:/opt/rustwide/rustup-home:ro,Z" "-e" "SOURCE_DIR=/opt/rustwide/workdir" "-e" "CARGO_TARGET_DIR=/opt/rustwide/target" "-e" "CARGO_INCREMENTAL=0" "-e" "RUST_BACKTRACE=full" "-e" "RUSTFLAGS=--cap-lints=warn" "-e" "RUSTDOCFLAGS=--cap-lints=warn" "-e" "CARGO_HOME=/opt/rustwide/cargo-home" "-e" "RUSTUP_HOME=/opt/rustwide/rustup-home" "-w" "/opt/rustwide/workdir" "-m" "1610612736" "--user" "0:0" "--network" "none" "ghcr.io/rust-lang/crates-build-env/linux@sha256:f3a9d4ad9d972b27faf3965f35b62e55ba32bbce8f20bc8fe909558a86702fde" "/opt/rustwide/cargo-home/bin/cargo" "+1.83.0" "test" "--frozen", kill_on_drop: false }`
[INFO] [stdout] 5a76f844a89154497206a56f14d6ec64b883079c84b228885cbedb50b43a342e
[INFO] running `Command { std: "docker" "start" "-a" "5a76f844a89154497206a56f14d6ec64b883079c84b228885cbedb50b43a342e", kill_on_drop: false }`
[INFO] [stderr]     Finished `test` profile [unoptimized + debuginfo] target(s) in 0.01s
[INFO] [stderr]      Running unittests src/lib.rs (/opt/rustwide/target/debug/deps/union_type-e814f82409601ecb)
[INFO] [stdout] 
[INFO] [stdout] running 0 tests
[INFO] [stdout] 
[INFO] [stdout] test result: ok. 0 passed; 0 failed; 0 ignored; 0 measured; 0 filtered out; finished in 0.00s
[INFO] [stdout] 
[INFO] [stderr]    Doc-tests union_type
[INFO] [stdout] 
[INFO] [stdout] running 3 tests
[INFO] [stdout] test src/lib.rs - union_type (line 96) - compile ... FAILED
[INFO] [stdout] test src/lib.rs - union_type (line 110) - compile ... FAILED
[INFO] [stdout] test src/lib.rs - union_type (line 117) - compile ... FAILED
[INFO] [stdout] 
[INFO] [stdout] failures:
[INFO] [stdout] 
[INFO] [stdout] ---- src/lib.rs - union_type (line 96) stdout ----
[INFO] [stdout] error: cannot find macro `union_type` in this scope
[INFO] [stdout]  --> src/lib.rs:98:1
[INFO] [stdout]   |
[INFO] [stdout] 5 | union_type! {
[INFO] [stdout]   | ^^^^^^^^^^
[INFO] [stdout]   |
[INFO] [stdout] note: `union_type` is imported here, but it is a crate, not a macro
[INFO] [stdout]  --> src/lib.rs:96:1
[INFO] [stdout]   |
[INFO] [stdout] 3 | extern crate r#union_type;
[INFO] [stdout]   | ^^^^^^^^^^^^^^^^^^^^^^^^^^
[INFO] [stdout] help: consider importing this macro
[INFO] [stdout]   |
[INFO] [stdout] 2 + use union_type::union_type;
[INFO] [stdout]   |
[INFO] [stdout] 
[INFO] [stdout] error: aborting due to 1 previous error
[INFO] [stdout] 
[INFO] [stdout] Couldn't compile the test.
[INFO] [stdout] ---- src/lib.rs - union_type (line 110) stdout ----
[INFO] [stdout] error[E0412]: cannot find type `C` in this scope
[INFO] [stdout]  --> src/lib.rs:112:12
[INFO] [stdout]   |
[INFO] [stdout] 4 | let mut c: C = a.into();
[INFO] [stdout]   |            ^ not found in this scope
[INFO] [stdout]   |
[INFO] [stdout] help: you might be missing a type parameter
[INFO] [stdout]   |
[INFO] [stdout] 2 | fn main() { #[allow(non_snake_case)] fn _doctest_main_src_lib_rs_110_0<C>() {
[INFO] [stdout]   |                                                                       +++
[INFO] [stdout] 
[INFO] [stdout] error[E0412]: cannot find type `A` in this scope
[INFO] [stdout]  --> src/lib.rs:114:8
[INFO] [stdout]   |
[INFO] [stdout] 6 | let a: A = c.try_into().unwrap();   // successful
[INFO] [stdout]   |        ^ not found in this scope
[INFO] [stdout]   |
[INFO] [stdout] help: you might be missing a type parameter
[INFO] [stdout]   |
[INFO] [stdout] 2 | fn main() { #[allow(non_snake_case)] fn _doctest_main_src_lib_rs_110_0<A>() {
[INFO] [stdout]   |                                                                       +++
[INFO] [stdout] 
[INFO] [stdout] error[E0433]: failed to resolve: use of undeclared type `A`
[INFO] [stdout]  --> src/lib.rs:111:9
[INFO] [stdout]   |
[INFO] [stdout] 3 | let a = A::new();
[INFO] [stdout]   |         ^ use of undeclared type `A`
[INFO] [stdout] 
[INFO] [stdout] error: aborting due to 3 previous errors
[INFO] [stdout] 
[INFO] [stdout] Some errors have detailed explanations: E0412, E0433.
[INFO] [stdout] For more information about an error, try `rustc --explain E0412`.
[INFO] [stdout] Couldn't compile the test.
[INFO] [stdout] ---- src/lib.rs - union_type (line 117) stdout ----
[INFO] [stdout] error[E0412]: cannot find type `C` in this scope
[INFO] [stdout]  --> src/lib.rs:119:12
[INFO] [stdout]   |
[INFO] [stdout] 4 | let mut c: C = a.into();
[INFO] [stdout]   |            ^ not found in this scope
[INFO] [stdout]   |
[INFO] [stdout] help: you might be missing a type parameter
[INFO] [stdout]   |
[INFO] [stdout] 2 | fn main() { #[allow(non_snake_case)] fn _doctest_main_src_lib_rs_117_0<C>() {
[INFO] [stdout]   |                                                                       +++
[INFO] [stdout] 
[INFO] [stdout] error[E0433]: failed to resolve: use of undeclared type `A`
[INFO] [stdout]  --> src/lib.rs:118:9
[INFO] [stdout]   |
[INFO] [stdout] 3 | let a = A::new();
[INFO] [stdout]   |         ^ use of undeclared type `A`
[INFO] [stdout] 
[INFO] [stdout] error[E0433]: failed to resolve: use of undeclared type `B`
[INFO] [stdout]  --> src/lib.rs:121:9
[INFO] [stdout]   |
[INFO] [stdout] 6 | let b = B::new();
[INFO] [stdout]   |         ^ use of undeclared type `B`
[INFO] [stdout] 
[INFO] [stdout] error: aborting due to 3 previous errors
[INFO] [stdout] 
[INFO] [stdout] Some errors have detailed explanations: E0412, E0433.
[INFO] [stdout] For more information about an error, try `rustc --explain E0412`.
[INFO] [stdout] Couldn't compile the test.
[INFO] [stdout] 
[INFO] [stdout] failures:
[INFO] [stdout]     src/lib.rs - union_type (line 110)
[INFO] [stdout]     src/lib.rs - union_type (line 117)
[INFO] [stdout]     src/lib.rs - union_type (line 96)
[INFO] [stdout] 
[INFO] [stdout] test result: FAILED. 0 passed; 3 failed; 0 ignored; 0 measured; 0 filtered out; finished in 0.06s
[INFO] [stdout] 
[INFO] [stderr] error: doctest failed, to rerun pass `--doc`
[INFO] running `Command { std: "docker" "inspect" "5a76f844a89154497206a56f14d6ec64b883079c84b228885cbedb50b43a342e", kill_on_drop: false }`
[INFO] running `Command { std: "docker" "rm" "-f" "5a76f844a89154497206a56f14d6ec64b883079c84b228885cbedb50b43a342e", kill_on_drop: false }`
[INFO] [stdout] 5a76f844a89154497206a56f14d6ec64b883079c84b228885cbedb50b43a342e
