[INFO] fetching crate unicode_border 0.1.0...
[INFO] testing unicode_border-0.1.0 against 1.83.0 for beta-1.84.0-4-retry
[INFO] extracting crate unicode_border 0.1.0 into /workspace/builds/worker-5-tc1/source
[INFO] validating manifest of crates.io crate unicode_border 0.1.0 on toolchain 1.83.0
[INFO] running `Command { std: CARGO_HOME="/workspace/cargo-home" RUSTUP_HOME="/workspace/rustup-home" "/workspace/cargo-home/bin/cargo" "+1.83.0" "metadata" "--manifest-path" "Cargo.toml" "--no-deps", kill_on_drop: false }`
[INFO] started tweaking crates.io crate unicode_border 0.1.0
[INFO] finished tweaking crates.io crate unicode_border 0.1.0
[INFO] tweaked toml for crates.io crate unicode_border 0.1.0 written to /workspace/builds/worker-5-tc1/source/Cargo.toml
[INFO] running `Command { std: CARGO_HOME="/workspace/cargo-home" RUSTUP_HOME="/workspace/rustup-home" "/workspace/cargo-home/bin/cargo" "+1.83.0" "generate-lockfile" "--manifest-path" "Cargo.toml", kill_on_drop: false }`
[INFO] running `Command { std: CARGO_HOME="/workspace/cargo-home" RUSTUP_HOME="/workspace/rustup-home" "/workspace/cargo-home/bin/cargo" "+1.83.0" "fetch" "--manifest-path" "Cargo.toml", kill_on_drop: false }`
[INFO] [stderr] warning: no edition set: defaulting to the 2015 edition while the latest is 2021
[INFO] running `Command { std: "docker" "create" "-v" "/var/lib/crater-agent-workspace/builds/worker-5-tc1/target:/opt/rustwide/target:rw,Z" "-v" "/var/lib/crater-agent-workspace/builds/worker-5-tc1/source:/opt/rustwide/workdir:ro,Z" "-v" "/var/lib/crater-agent-workspace/cargo-home:/opt/rustwide/cargo-home:ro,Z" "-v" "/var/lib/crater-agent-workspace/rustup-home:/opt/rustwide/rustup-home:ro,Z" "-e" "SOURCE_DIR=/opt/rustwide/workdir" "-e" "CARGO_TARGET_DIR=/opt/rustwide/target" "-e" "CARGO_HOME=/opt/rustwide/cargo-home" "-e" "RUSTUP_HOME=/opt/rustwide/rustup-home" "-w" "/opt/rustwide/workdir" "-m" "1610612736" "--user" "0:0" "--network" "none" "ghcr.io/rust-lang/crates-build-env/linux@sha256:f3a9d4ad9d972b27faf3965f35b62e55ba32bbce8f20bc8fe909558a86702fde" "/opt/rustwide/cargo-home/bin/cargo" "+1.83.0" "metadata" "--no-deps" "--format-version=1", kill_on_drop: false }`
[INFO] [stdout] 3b3c148a2f45f40bce55abfe98bab682aa469420ce022c4cd2df07d3218735f3
[INFO] running `Command { std: "docker" "start" "-a" "3b3c148a2f45f40bce55abfe98bab682aa469420ce022c4cd2df07d3218735f3", kill_on_drop: false }`
[INFO] running `Command { std: "docker" "inspect" "3b3c148a2f45f40bce55abfe98bab682aa469420ce022c4cd2df07d3218735f3", kill_on_drop: false }`
[INFO] running `Command { std: "docker" "rm" "-f" "3b3c148a2f45f40bce55abfe98bab682aa469420ce022c4cd2df07d3218735f3", kill_on_drop: false }`
[INFO] [stdout] 3b3c148a2f45f40bce55abfe98bab682aa469420ce022c4cd2df07d3218735f3
[INFO] running `Command { std: "docker" "create" "-v" "/var/lib/crater-agent-workspace/builds/worker-5-tc1/target:/opt/rustwide/target:rw,Z" "-v" "/var/lib/crater-agent-workspace/builds/worker-5-tc1/source:/opt/rustwide/workdir:ro,Z" "-v" "/var/lib/crater-agent-workspace/cargo-home:/opt/rustwide/cargo-home:ro,Z" "-v" "/var/lib/crater-agent-workspace/rustup-home:/opt/rustwide/rustup-home:ro,Z" "-e" "SOURCE_DIR=/opt/rustwide/workdir" "-e" "CARGO_TARGET_DIR=/opt/rustwide/target" "-e" "CARGO_INCREMENTAL=0" "-e" "RUST_BACKTRACE=full" "-e" "RUSTFLAGS=--cap-lints=warn" "-e" "RUSTDOCFLAGS=--cap-lints=warn" "-e" "CARGO_HOME=/opt/rustwide/cargo-home" "-e" "RUSTUP_HOME=/opt/rustwide/rustup-home" "-w" "/opt/rustwide/workdir" "-m" "1610612736" "--user" "0:0" "--network" "none" "ghcr.io/rust-lang/crates-build-env/linux@sha256:f3a9d4ad9d972b27faf3965f35b62e55ba32bbce8f20bc8fe909558a86702fde" "/opt/rustwide/cargo-home/bin/cargo" "+1.83.0" "build" "--frozen" "--message-format=json", kill_on_drop: false }`
[INFO] [stdout] b2de6dd0aa1287f75b210a8a75472289a18396640709c4d7bdf445abd329b2e0
[INFO] running `Command { std: "docker" "start" "-a" "b2de6dd0aa1287f75b210a8a75472289a18396640709c4d7bdf445abd329b2e0", kill_on_drop: false }`
[INFO] [stderr] warning: no edition set: defaulting to the 2015 edition while the latest is 2021
[INFO] [stderr]    Compiling unicode_border v0.1.0 (/opt/rustwide/workdir)
[INFO] [stderr]     Finished `dev` profile [unoptimized + debuginfo] target(s) in 0.24s
[INFO] running `Command { std: "docker" "inspect" "b2de6dd0aa1287f75b210a8a75472289a18396640709c4d7bdf445abd329b2e0", kill_on_drop: false }`
[INFO] running `Command { std: "docker" "rm" "-f" "b2de6dd0aa1287f75b210a8a75472289a18396640709c4d7bdf445abd329b2e0", kill_on_drop: false }`
[INFO] [stdout] b2de6dd0aa1287f75b210a8a75472289a18396640709c4d7bdf445abd329b2e0
[INFO] running `Command { std: "docker" "create" "-v" "/var/lib/crater-agent-workspace/builds/worker-5-tc1/target:/opt/rustwide/target:rw,Z" "-v" "/var/lib/crater-agent-workspace/builds/worker-5-tc1/source:/opt/rustwide/workdir:ro,Z" "-v" "/var/lib/crater-agent-workspace/cargo-home:/opt/rustwide/cargo-home:ro,Z" "-v" "/var/lib/crater-agent-workspace/rustup-home:/opt/rustwide/rustup-home:ro,Z" "-e" "SOURCE_DIR=/opt/rustwide/workdir" "-e" "CARGO_TARGET_DIR=/opt/rustwide/target" "-e" "CARGO_INCREMENTAL=0" "-e" "RUST_BACKTRACE=full" "-e" "RUSTFLAGS=--cap-lints=warn" "-e" "RUSTDOCFLAGS=--cap-lints=warn" "-e" "CARGO_HOME=/opt/rustwide/cargo-home" "-e" "RUSTUP_HOME=/opt/rustwide/rustup-home" "-w" "/opt/rustwide/workdir" "-m" "1610612736" "--user" "0:0" "--network" "none" "ghcr.io/rust-lang/crates-build-env/linux@sha256:f3a9d4ad9d972b27faf3965f35b62e55ba32bbce8f20bc8fe909558a86702fde" "/opt/rustwide/cargo-home/bin/cargo" "+1.83.0" "test" "--frozen" "--no-run" "--message-format=json", kill_on_drop: false }`
[INFO] [stdout] 42767d8ac6ea8ed8d3e1a2641b74dc47e2c58ff54646953329a4093cfee413a1
[INFO] running `Command { std: "docker" "start" "-a" "42767d8ac6ea8ed8d3e1a2641b74dc47e2c58ff54646953329a4093cfee413a1", kill_on_drop: false }`
[INFO] [stderr] warning: no edition set: defaulting to the 2015 edition while the latest is 2021
[INFO] [stderr]    Compiling unicode_border v0.1.0 (/opt/rustwide/workdir)
[INFO] [stderr]     Finished `test` profile [unoptimized + debuginfo] target(s) in 0.36s
[INFO] running `Command { std: "docker" "inspect" "42767d8ac6ea8ed8d3e1a2641b74dc47e2c58ff54646953329a4093cfee413a1", kill_on_drop: false }`
[INFO] running `Command { std: "docker" "rm" "-f" "42767d8ac6ea8ed8d3e1a2641b74dc47e2c58ff54646953329a4093cfee413a1", kill_on_drop: false }`
[INFO] [stdout] 42767d8ac6ea8ed8d3e1a2641b74dc47e2c58ff54646953329a4093cfee413a1
[INFO] running `Command { std: "docker" "create" "-v" "/var/lib/crater-agent-workspace/builds/worker-5-tc1/target:/opt/rustwide/target:rw,Z" "-v" "/var/lib/crater-agent-workspace/builds/worker-5-tc1/source:/opt/rustwide/workdir:ro,Z" "-v" "/var/lib/crater-agent-workspace/cargo-home:/opt/rustwide/cargo-home:ro,Z" "-v" "/var/lib/crater-agent-workspace/rustup-home:/opt/rustwide/rustup-home:ro,Z" "-e" "SOURCE_DIR=/opt/rustwide/workdir" "-e" "CARGO_TARGET_DIR=/opt/rustwide/target" "-e" "CARGO_INCREMENTAL=0" "-e" "RUST_BACKTRACE=full" "-e" "RUSTFLAGS=--cap-lints=warn" "-e" "RUSTDOCFLAGS=--cap-lints=warn" "-e" "CARGO_HOME=/opt/rustwide/cargo-home" "-e" "RUSTUP_HOME=/opt/rustwide/rustup-home" "-w" "/opt/rustwide/workdir" "-m" "1610612736" "--user" "0:0" "--network" "none" "ghcr.io/rust-lang/crates-build-env/linux@sha256:f3a9d4ad9d972b27faf3965f35b62e55ba32bbce8f20bc8fe909558a86702fde" "/opt/rustwide/cargo-home/bin/cargo" "+1.83.0" "test" "--frozen", kill_on_drop: false }`
[INFO] [stdout] 5c63c328e9273c6fbe286a0576ba75810d11756742241765d1431b83efd954df
[INFO] running `Command { std: "docker" "start" "-a" "5c63c328e9273c6fbe286a0576ba75810d11756742241765d1431b83efd954df", kill_on_drop: false }`
[INFO] [stderr] warning: no edition set: defaulting to the 2015 edition while the latest is 2021
[INFO] [stderr]     Finished `test` profile [unoptimized + debuginfo] target(s) in 0.02s
[INFO] [stderr]      Running unittests src/lib.rs (/opt/rustwide/target/debug/deps/unicode_border-fa340392c1f5c83e)
[INFO] [stdout] 
[INFO] [stderr]    Doc-tests unicode_border
[INFO] [stdout] running 0 tests
[INFO] [stdout] 
[INFO] [stdout] test result: ok. 0 passed; 0 failed; 0 ignored; 0 measured; 0 filtered out; finished in 0.00s
[INFO] [stdout] 
[INFO] [stdout] 
[INFO] [stdout] running 2 tests
[INFO] [stdout] test src/lib.rs - TextBorderOptions (line 12) ... FAILED
[INFO] [stdout] test src/lib.rs - create_text_border (line 85) ... FAILED
[INFO] [stdout] 
[INFO] [stdout] failures:
[INFO] [stdout] 
[INFO] [stdout] ---- src/lib.rs - TextBorderOptions (line 12) stdout ----
[INFO] [stdout] error[E0422]: cannot find struct, variant or union type `TextBorderOptions` in this scope
[INFO] [stdout]  --> src/lib.rs:13:15
[INFO] [stdout]   |
[INFO] [stdout] 3 | let options = TextBorderOptions {
[INFO] [stdout]   |               ^^^^^^^^^^^^^^^^^ not found in this scope
[INFO] [stdout] 
[INFO] [stdout] error: aborting due to 1 previous error
[INFO] [stdout] 
[INFO] [stdout] For more information about this error, try `rustc --explain E0422`.
[INFO] [stdout] Couldn't compile the test.
[INFO] [stdout] ---- src/lib.rs - create_text_border (line 85) stdout ----
[INFO] [stdout] error[E0422]: cannot find struct, variant or union type `TextBorderOptions` in this scope
[INFO] [stdout]  --> src/lib.rs:88:15
[INFO] [stdout]   |
[INFO] [stdout] 5 | let options = TextBorderOptions {
[INFO] [stdout]   |               ^^^^^^^^^^^^^^^^^ not found in this scope
[INFO] [stdout] 
[INFO] [stdout] error[E0425]: cannot find function `create_text_border` in this scope
[INFO] [stdout]   --> src/lib.rs:95:21
[INFO] [stdout]    |
[INFO] [stdout] 12 | let bordered_text = create_text_border(message, Some(options));
[INFO] [stdout]    |                     ^^^^^^^^^^^^^^^^^^ not found in this scope
[INFO] [stdout] 
[INFO] [stdout] error: aborting due to 2 previous errors
[INFO] [stdout] 
[INFO] [stdout] Some errors have detailed explanations: E0422, E0425.
[INFO] [stdout] For more information about an error, try `rustc --explain E0422`.
[INFO] [stdout] Couldn't compile the test.
[INFO] [stdout] 
[INFO] [stdout] failures:
[INFO] [stdout]     src/lib.rs - TextBorderOptions (line 12)
[INFO] [stdout]     src/lib.rs - create_text_border (line 85)
[INFO] [stdout] 
[INFO] [stdout] test result: FAILED. 0 passed; 2 failed; 0 ignored; 0 measured; 0 filtered out; finished in 0.15s
[INFO] [stdout] 
[INFO] [stderr] error: doctest failed, to rerun pass `--doc`
[INFO] running `Command { std: "docker" "inspect" "5c63c328e9273c6fbe286a0576ba75810d11756742241765d1431b83efd954df", kill_on_drop: false }`
[INFO] running `Command { std: "docker" "rm" "-f" "5c63c328e9273c6fbe286a0576ba75810d11756742241765d1431b83efd954df", kill_on_drop: false }`
[INFO] [stdout] 5c63c328e9273c6fbe286a0576ba75810d11756742241765d1431b83efd954df
