[INFO] fetching crate unc-crypto 0.12.2...
[INFO] testing unc-crypto-0.12.2 against 1.83.0 for beta-1.84.0-4-retry
[INFO] extracting crate unc-crypto 0.12.2 into /workspace/builds/worker-1-tc1/source
[INFO] validating manifest of crates.io crate unc-crypto 0.12.2 on toolchain 1.83.0
[INFO] running `Command { std: CARGO_HOME="/workspace/cargo-home" RUSTUP_HOME="/workspace/rustup-home" "/workspace/cargo-home/bin/cargo" "+1.83.0" "metadata" "--manifest-path" "Cargo.toml" "--no-deps", kill_on_drop: false }`
[INFO] started tweaking crates.io crate unc-crypto 0.12.2
[INFO] finished tweaking crates.io crate unc-crypto 0.12.2
[INFO] tweaked toml for crates.io crate unc-crypto 0.12.2 written to /workspace/builds/worker-1-tc1/source/Cargo.toml
[INFO] running `Command { std: CARGO_HOME="/workspace/cargo-home" RUSTUP_HOME="/workspace/rustup-home" "/workspace/cargo-home/bin/cargo" "+1.83.0" "generate-lockfile" "--manifest-path" "Cargo.toml", kill_on_drop: false }`
[INFO] [stderr]     Updating crates.io index
[INFO] [stderr]      Locking 144 packages to latest compatible versions
[INFO] [stderr]       Adding blake2 v0.9.2 (available: v0.10.6)
[INFO] [stderr]       Adding bolero v0.10.1 (available: v0.12.0)
[INFO] [stderr]       Adding bs58 v0.4.0 (available: v0.5.1)
[INFO] [stderr]       Adding derive_more v0.99.18 (available: v1.0.0)
[INFO] [stderr]       Adding hex-literal v0.2.2 (available: v0.4.1)
[INFO] [stderr]       Adding primitive-types v0.10.1 (available: v0.13.1)
[INFO] [stderr]       Adding rand v0.7.3 (available: v0.8.5)
[INFO] [stderr]       Adding secp256k1 v0.27.0 (available: v0.30.0)
[INFO] [stderr]       Adding thiserror v1.0.69 (available: v2.0.7)
[INFO] running `Command { std: CARGO_HOME="/workspace/cargo-home" RUSTUP_HOME="/workspace/rustup-home" "/workspace/cargo-home/bin/cargo" "+1.83.0" "fetch" "--manifest-path" "Cargo.toml", kill_on_drop: false }`
[INFO] [stderr]  Downloading crates ...
[INFO] [stderr]   Downloaded bolero-engine v0.10.2
[INFO] [stderr]   Downloaded hex-literal-impl v0.2.3
[INFO] [stderr]   Downloaded bolero-kani v0.10.0
[INFO] [stderr]   Downloaded unc-config-utils v0.12.2
[INFO] [stderr]   Downloaded bolero v0.10.1
[INFO] [stderr]   Downloaded unc-stdx v0.12.2
[INFO] [stderr]   Downloaded bolero-generator-derive v0.10.0
[INFO] [stderr]   Downloaded bolero-generator v0.10.2
[INFO] [stderr]   Downloaded bolero-libfuzzer v0.10.0
[INFO] [stderr]   Downloaded hex-literal v0.2.2
[INFO] [stderr]   Downloaded bolero-afl v0.10.0
[INFO] [stderr]   Downloaded unc-account-id v0.7.2
[INFO] [stderr]   Downloaded bolero-honggfuzz v0.10.0
[INFO] running `Command { std: "docker" "create" "-v" "/var/lib/crater-agent-workspace/builds/worker-1-tc1/target:/opt/rustwide/target:rw,Z" "-v" "/var/lib/crater-agent-workspace/builds/worker-1-tc1/source:/opt/rustwide/workdir:ro,Z" "-v" "/var/lib/crater-agent-workspace/cargo-home:/opt/rustwide/cargo-home:ro,Z" "-v" "/var/lib/crater-agent-workspace/rustup-home:/opt/rustwide/rustup-home:ro,Z" "-e" "SOURCE_DIR=/opt/rustwide/workdir" "-e" "CARGO_TARGET_DIR=/opt/rustwide/target" "-e" "CARGO_HOME=/opt/rustwide/cargo-home" "-e" "RUSTUP_HOME=/opt/rustwide/rustup-home" "-w" "/opt/rustwide/workdir" "-m" "1610612736" "--user" "0:0" "--network" "none" "ghcr.io/rust-lang/crates-build-env/linux@sha256:f3a9d4ad9d972b27faf3965f35b62e55ba32bbce8f20bc8fe909558a86702fde" "/opt/rustwide/cargo-home/bin/cargo" "+1.83.0" "metadata" "--no-deps" "--format-version=1", kill_on_drop: false }`
[INFO] [stdout] 422462e90e06ec4e4681108f02b06018f81a325ea2f18914f69ff997cdaff122
[INFO] running `Command { std: "docker" "start" "-a" "422462e90e06ec4e4681108f02b06018f81a325ea2f18914f69ff997cdaff122", kill_on_drop: false }`
[INFO] running `Command { std: "docker" "inspect" "422462e90e06ec4e4681108f02b06018f81a325ea2f18914f69ff997cdaff122", kill_on_drop: false }`
[INFO] running `Command { std: "docker" "rm" "-f" "422462e90e06ec4e4681108f02b06018f81a325ea2f18914f69ff997cdaff122", kill_on_drop: false }`
[INFO] [stdout] 422462e90e06ec4e4681108f02b06018f81a325ea2f18914f69ff997cdaff122
[INFO] running `Command { std: "docker" "create" "-v" "/var/lib/crater-agent-workspace/builds/worker-1-tc1/target:/opt/rustwide/target:rw,Z" "-v" "/var/lib/crater-agent-workspace/builds/worker-1-tc1/source:/opt/rustwide/workdir:ro,Z" "-v" "/var/lib/crater-agent-workspace/cargo-home:/opt/rustwide/cargo-home:ro,Z" "-v" "/var/lib/crater-agent-workspace/rustup-home:/opt/rustwide/rustup-home:ro,Z" "-e" "SOURCE_DIR=/opt/rustwide/workdir" "-e" "CARGO_TARGET_DIR=/opt/rustwide/target" "-e" "CARGO_INCREMENTAL=0" "-e" "RUST_BACKTRACE=full" "-e" "RUSTFLAGS=--cap-lints=warn" "-e" "RUSTDOCFLAGS=--cap-lints=warn" "-e" "CARGO_HOME=/opt/rustwide/cargo-home" "-e" "RUSTUP_HOME=/opt/rustwide/rustup-home" "-w" "/opt/rustwide/workdir" "-m" "1610612736" "--user" "0:0" "--network" "none" "ghcr.io/rust-lang/crates-build-env/linux@sha256:f3a9d4ad9d972b27faf3965f35b62e55ba32bbce8f20bc8fe909558a86702fde" "/opt/rustwide/cargo-home/bin/cargo" "+1.83.0" "build" "--frozen" "--message-format=json", kill_on_drop: false }`
[INFO] [stdout] d8295c652a1d24ab3859d8713824e71f08eaab488d50329f4158534059e38d6c
[INFO] running `Command { std: "docker" "start" "-a" "d8295c652a1d24ab3859d8713824e71f08eaab488d50329f4158534059e38d6c", kill_on_drop: false }`
[INFO] [stderr]    Compiling proc-macro2 v1.0.92
[INFO] [stderr]    Compiling unicode-ident v1.0.14
[INFO] [stderr]    Compiling libc v0.2.168
[INFO] [stderr]    Compiling typenum v1.17.0
[INFO] [stderr]    Compiling version_check v0.9.5
[INFO] [stderr]    Compiling cfg-if v1.0.0
[INFO] [stderr]    Compiling byteorder v1.5.0
[INFO] [stderr]    Compiling const-oid v0.9.6
[INFO] [stderr]    Compiling autocfg v1.4.0
[INFO] [stderr]    Compiling semver v1.0.24
[INFO] [stderr]    Compiling serde v1.0.216
[INFO] [stderr]    Compiling libm v0.2.11
[INFO] [stderr]    Compiling hashbrown v0.15.2
[INFO] [stderr]    Compiling generic-array v0.14.7
[INFO] [stderr]    Compiling base64ct v1.6.0
[INFO] [stderr]    Compiling num-traits v0.2.19
[INFO] [stderr]    Compiling zeroize v1.8.1
[INFO] [stderr]    Compiling equivalent v1.0.1
[INFO] [stderr]    Compiling once_cell v1.20.2
[INFO] [stderr]    Compiling pem-rfc7468 v0.7.0
[INFO] [stderr]    Compiling indexmap v2.7.0
[INFO] [stderr]    Compiling subtle v2.6.1
[INFO] [stderr]    Compiling shlex v1.3.0
[INFO] [stderr]    Compiling quote v1.0.37
[INFO] [stderr]    Compiling getrandom v0.2.15
[INFO] [stderr]    Compiling winnow v0.6.20
[INFO] [stderr]    Compiling rand_core v0.6.4
[INFO] [stderr]    Compiling syn v2.0.90
[INFO] [stderr]    Compiling getrandom v0.1.16
[INFO] [stderr]    Compiling toml_datetime v0.6.8
[INFO] [stderr]    Compiling cc v1.2.4
[INFO] [stderr]    Compiling rustc_version v0.4.1
[INFO] [stderr]    Compiling der v0.7.9
[INFO] [stderr]    Compiling cfg_aliases v0.2.1
[INFO] [stderr]    Compiling cpufeatures v0.2.16
[INFO] [stderr]    Compiling crunchy v0.2.2
[INFO] [stderr]    Compiling curve25519-dalek v4.1.3
[INFO] [stderr]    Compiling block-buffer v0.10.4
[INFO] [stderr]    Compiling crypto-common v0.1.6
[INFO] [stderr]    Compiling borsh v1.5.3
[INFO] [stderr]    Compiling digest v0.10.7
[INFO] [stderr]    Compiling signature v2.2.0
[INFO] [stderr]    Compiling thiserror v1.0.69
[INFO] [stderr]    Compiling anyhow v1.0.94
[INFO] [stderr]    Compiling spin v0.9.8
[INFO] [stderr]    Compiling toml_edit v0.22.22
[INFO] [stderr]    Compiling num-integer v0.1.46
[INFO] [stderr]    Compiling spki v0.7.3
[INFO] [stderr]    Compiling num-bigint-dig v0.8.4
[INFO] [stderr]    Compiling static_assertions v1.1.0
[INFO] [stderr]    Compiling lazy_static v1.5.0
[INFO] [stderr]    Compiling num-iter v0.1.45
[INFO] [stderr]    Compiling pkcs8 v0.10.2
[INFO] [stderr]    Compiling sha2 v0.10.8
[INFO] [stderr]    Compiling rand_core v0.5.1
[INFO] [stderr]    Compiling tracing-core v0.1.33
[INFO] [stderr]    Compiling smallvec v1.13.2
[INFO] [stderr]    Compiling secp256k1-sys v0.8.1
[INFO] [stderr]    Compiling pin-project-lite v0.2.15
[INFO] [stderr]    Compiling serde_json v1.0.133
[INFO] [stderr]    Compiling pkcs1 v0.7.5
[INFO] [stderr]    Compiling fixed-hash v0.7.0
[INFO] [stderr]    Compiling ed25519 v2.2.3
[INFO] [stderr]    Compiling digest v0.9.0
[INFO] [stderr]    Compiling cipher v0.2.5
[INFO] [stderr]    Compiling crypto-mac v0.8.0
[INFO] [stderr]    Compiling itoa v1.0.14
[INFO] [stderr]    Compiling json_comments v0.2.2
[INFO] [stderr]    Compiling convert_case v0.4.0
[INFO] [stderr]    Compiling ryu v1.0.18
[INFO] [stderr]    Compiling opaque-debug v0.3.1
[INFO] [stderr]    Compiling memchr v2.7.4
[INFO] [stderr]    Compiling blake2 v0.9.2
[INFO] [stderr]    Compiling bs58 v0.4.0
[INFO] [stderr]    Compiling unc-stdx v0.12.2
[INFO] [stderr]    Compiling proc-macro-crate v3.2.0
[INFO] [stderr]    Compiling zerocopy-derive v0.7.35
[INFO] [stderr]    Compiling serde_derive v1.0.216
[INFO] [stderr]    Compiling thiserror-impl v1.0.69
[INFO] [stderr]    Compiling borsh-derive v1.5.3
[INFO] [stderr]    Compiling curve25519-dalek-derive v0.1.1
[INFO] [stderr]    Compiling tracing-attributes v0.1.28
[INFO] [stderr]    Compiling derive_more v0.99.18
[INFO] [stderr]    Compiling tracing v0.1.41
[INFO] [stderr]    Compiling unc-config-utils v0.12.2
[INFO] [stderr]    Compiling zerocopy v0.7.35
[INFO] [stderr]    Compiling ed25519-dalek v2.1.1
[INFO] [stderr]    Compiling ppv-lite86 v0.2.20
[INFO] [stderr]    Compiling rand_chacha v0.3.1
[INFO] [stderr]    Compiling rand_chacha v0.2.2
[INFO] [stderr]    Compiling c2-chacha v0.3.3
[INFO] [stderr]    Compiling rand v0.7.3
[INFO] [stderr]    Compiling rand v0.8.5
[INFO] [stderr]    Compiling secp256k1 v0.27.0
[INFO] [stderr]    Compiling rsa v0.9.7
[INFO] [stderr]    Compiling hex v0.4.3
[INFO] [stderr]    Compiling unc-account-id v0.7.2
[INFO] [stderr]    Compiling uint v0.9.5
[INFO] [stderr]    Compiling primitive-types v0.10.1
[INFO] [stderr]    Compiling unc-crypto v0.12.2 (/opt/rustwide/workdir)
[INFO] [stderr]     Finished `dev` profile [unoptimized + debuginfo] target(s) in 57.10s
[INFO] running `Command { std: "docker" "inspect" "d8295c652a1d24ab3859d8713824e71f08eaab488d50329f4158534059e38d6c", kill_on_drop: false }`
[INFO] running `Command { std: "docker" "rm" "-f" "d8295c652a1d24ab3859d8713824e71f08eaab488d50329f4158534059e38d6c", kill_on_drop: false }`
[INFO] [stdout] d8295c652a1d24ab3859d8713824e71f08eaab488d50329f4158534059e38d6c
[INFO] running `Command { std: "docker" "create" "-v" "/var/lib/crater-agent-workspace/builds/worker-1-tc1/target:/opt/rustwide/target:rw,Z" "-v" "/var/lib/crater-agent-workspace/builds/worker-1-tc1/source:/opt/rustwide/workdir:ro,Z" "-v" "/var/lib/crater-agent-workspace/cargo-home:/opt/rustwide/cargo-home:ro,Z" "-v" "/var/lib/crater-agent-workspace/rustup-home:/opt/rustwide/rustup-home:ro,Z" "-e" "SOURCE_DIR=/opt/rustwide/workdir" "-e" "CARGO_TARGET_DIR=/opt/rustwide/target" "-e" "CARGO_INCREMENTAL=0" "-e" "RUST_BACKTRACE=full" "-e" "RUSTFLAGS=--cap-lints=warn" "-e" "RUSTDOCFLAGS=--cap-lints=warn" "-e" "CARGO_HOME=/opt/rustwide/cargo-home" "-e" "RUSTUP_HOME=/opt/rustwide/rustup-home" "-w" "/opt/rustwide/workdir" "-m" "1610612736" "--user" "0:0" "--network" "none" "ghcr.io/rust-lang/crates-build-env/linux@sha256:f3a9d4ad9d972b27faf3965f35b62e55ba32bbce8f20bc8fe909558a86702fde" "/opt/rustwide/cargo-home/bin/cargo" "+1.83.0" "test" "--frozen" "--no-run" "--message-format=json", kill_on_drop: false }`
[INFO] [stdout] 5081a3091a3b7e8b64460407fe9f2a9d46d02ed6807f26f2173b7e3fa1a1115f
[INFO] running `Command { std: "docker" "start" "-a" "5081a3091a3b7e8b64460407fe9f2a9d46d02ed6807f26f2173b7e3fa1a1115f", kill_on_drop: false }`
[INFO] [stderr]    Compiling syn v1.0.109
[INFO] [stderr]    Compiling winnow v0.5.40
[INFO] [stderr]    Compiling rand v0.8.5
[INFO] [stderr]    Compiling gimli v0.31.1
[INFO] [stderr]    Compiling proc-macro-hack v0.5.20+deprecated
[INFO] [stderr]    Compiling adler2 v2.0.0
[INFO] [stderr]    Compiling sha2 v0.10.8
[INFO] [stderr]    Compiling object v0.36.5
[INFO] [stderr]    Compiling miniz_oxide v0.8.0
[INFO] [stderr]    Compiling either v1.13.0
[INFO] [stderr]    Compiling arbitrary v1.4.1
[INFO] [stderr]    Compiling rustc-demangle v0.1.24
[INFO] [stderr]    Compiling rustix v0.38.42
[INFO] [stderr]    Compiling num-bigint-dig v0.8.4
[INFO] [stderr]    Compiling bitflags v2.6.0
[INFO] [stderr]    Compiling pretty-hex v0.3.0
[INFO] [stderr]    Compiling linux-raw-sys v0.4.14
[INFO] [stderr]    Compiling rsa v0.9.7
[INFO] [stderr]    Compiling hex-literal-impl v0.2.3
[INFO] [stderr]    Compiling toml_edit v0.19.15
[INFO] [stderr]    Compiling ed25519-dalek v2.1.1
[INFO] [stderr]    Compiling addr2line v0.24.2
[INFO] [stderr]    Compiling secp256k1 v0.27.0
[INFO] [stderr]    Compiling fastrand v2.3.0
[INFO] [stderr]    Compiling hex-literal v0.2.2
[INFO] [stderr]    Compiling unc-crypto v0.12.2 (/opt/rustwide/workdir)
[INFO] [stderr]    Compiling proc-macro-crate v1.3.1
[INFO] [stderr]    Compiling tempfile v3.14.0
[INFO] [stderr]    Compiling backtrace v0.3.74
[INFO] [stderr]    Compiling bolero-generator-derive v0.10.0
[INFO] [stderr]    Compiling bolero-generator v0.10.2
[INFO] [stderr]    Compiling bolero-engine v0.10.2
[INFO] [stderr]    Compiling bolero v0.10.1
[INFO] [stderr]     Finished `test` profile [unoptimized + debuginfo] target(s) in 37.49s
[INFO] running `Command { std: "docker" "inspect" "5081a3091a3b7e8b64460407fe9f2a9d46d02ed6807f26f2173b7e3fa1a1115f", kill_on_drop: false }`
[INFO] running `Command { std: "docker" "rm" "-f" "5081a3091a3b7e8b64460407fe9f2a9d46d02ed6807f26f2173b7e3fa1a1115f", kill_on_drop: false }`
[INFO] [stdout] 5081a3091a3b7e8b64460407fe9f2a9d46d02ed6807f26f2173b7e3fa1a1115f
[INFO] running `Command { std: "docker" "create" "-v" "/var/lib/crater-agent-workspace/builds/worker-1-tc1/target:/opt/rustwide/target:rw,Z" "-v" "/var/lib/crater-agent-workspace/builds/worker-1-tc1/source:/opt/rustwide/workdir:ro,Z" "-v" "/var/lib/crater-agent-workspace/cargo-home:/opt/rustwide/cargo-home:ro,Z" "-v" "/var/lib/crater-agent-workspace/rustup-home:/opt/rustwide/rustup-home:ro,Z" "-e" "SOURCE_DIR=/opt/rustwide/workdir" "-e" "CARGO_TARGET_DIR=/opt/rustwide/target" "-e" "CARGO_INCREMENTAL=0" "-e" "RUST_BACKTRACE=full" "-e" "RUSTFLAGS=--cap-lints=warn" "-e" "RUSTDOCFLAGS=--cap-lints=warn" "-e" "CARGO_HOME=/opt/rustwide/cargo-home" "-e" "RUSTUP_HOME=/opt/rustwide/rustup-home" "-w" "/opt/rustwide/workdir" "-m" "1610612736" "--user" "0:0" "--network" "none" "ghcr.io/rust-lang/crates-build-env/linux@sha256:f3a9d4ad9d972b27faf3965f35b62e55ba32bbce8f20bc8fe909558a86702fde" "/opt/rustwide/cargo-home/bin/cargo" "+1.83.0" "test" "--frozen", kill_on_drop: false }`
[INFO] [stdout] 2b989b1e7a993071667c5a9bb6d4c5546e44677d6e29c6a02c36cce580e80ce4
[INFO] running `Command { std: "docker" "start" "-a" "2b989b1e7a993071667c5a9bb6d4c5546e44677d6e29c6a02c36cce580e80ce4", kill_on_drop: false }`
[INFO] [stderr]     Finished `test` profile [unoptimized + debuginfo] target(s) in 0.25s
[INFO] [stderr]      Running unittests src/lib.rs (/opt/rustwide/target/debug/deps/unc_crypto-82af720ce461a2c7)
[INFO] [stdout] 
[INFO] [stdout] running 17 tests
[INFO] [stdout] test key_file::test::test_from_file ... ok
[INFO] [stdout] test key_file::test::test_to_file ... ok
[INFO] [stdout] test hash::tests::test_hashes ... ok
[INFO] [stdout] test signature::tests::regression_signature_verification_originally_failed ... ok
[INFO] [stdout] test signature::tests::test_invalid_data ... ok
[INFO] [stdout] test signature::tests::test_json_serialize_ed25519 ... ok
[INFO] [stdout] test signature::tests::test_json_serialize_secp256k1 ... ok
[INFO] [stdout] test vrf::tests::test_conversion ... ok
[INFO] [stdout] test signature::tests::test_invalid_rsa_data ... ok
[INFO] [stdout] test vrf::tests::test_verify ... ok
[INFO] [stdout] test signature::tests::signature_verify_fuzzer ... FAILED
[INFO] [stdout] test vrf::tests::test_different_keys ... ok
[INFO] [stdout] test key_conversion::tests::test_conversion ... ok
[INFO] [stdout] test vrf::tests::test_serialize ... ok
[INFO] [stdout] test signature::tests::test_borsh_serialization ... ok
[INFO] [stdout] test signature::tests::test_json_serialize_rsa2048 ... ok
[INFO] [stdout] test signature::tests::test_sign_verify ... ok
[INFO] [stdout] 
[INFO] [stdout] failures:
[INFO] [stdout] 
[INFO] [stdout] ---- signature::tests::signature_verify_fuzzer stdout ----
[INFO] [stdout] 
[INFO] [stdout] ======================== Test Failure ========================
[INFO] [stdout] 
[INFO] [stdout] BOLERO_RANDOM_SEED=17769309161527733851
[INFO] [stdout] 
[INFO] [stdout] Input: 
[INFO] [stdout] (
[INFO] [stdout]     RSA2048,
[INFO] [stdout]     [
[INFO] [stdout]         0,
[INFO] [stdout]         0,
[INFO] [stdout]         0,
[INFO] [stdout]         0,
[INFO] [stdout]         0,
[INFO] [stdout]         0,
[INFO] [stdout]         0,
[INFO] [stdout]         0,
[INFO] [stdout]         0,
[INFO] [stdout]         0,
[INFO] [stdout]         0,
[INFO] [stdout]         0,
[INFO] [stdout]         0,
[INFO] [stdout]         0,
[INFO] [stdout]         0,
[INFO] [stdout]         0,
[INFO] [stdout]         0,
[INFO] [stdout]         0,
[INFO] [stdout]         0,
[INFO] [stdout]         0,
[INFO] [stdout]         0,
[INFO] [stdout]         0,
[INFO] [stdout]         0,
[INFO] [stdout]         0,
[INFO] [stdout]         0,
[INFO] [stdout]         0,
[INFO] [stdout]         0,
[INFO] [stdout]         0,
[INFO] [stdout]         0,
[INFO] [stdout]         0,
[INFO] [stdout]         0,
[INFO] [stdout]         0,
[INFO] [stdout]         0,
[INFO] [stdout]         0,
[INFO] [stdout]         0,
[INFO] [stdout]         0,
[INFO] [stdout]         0,
[INFO] [stdout]         0,
[INFO] [stdout]         0,
[INFO] [stdout]         0,
[INFO] [stdout]         0,
[INFO] [stdout]         0,
[INFO] [stdout]         0,
[INFO] [stdout]         0,
[INFO] [stdout]         0,
[INFO] [stdout]         0,
[INFO] [stdout]         0,
[INFO] [stdout]         0,
[INFO] [stdout]         0,
[INFO] [stdout]         0,
[INFO] [stdout]         0,
[INFO] [stdout]         0,
[INFO] [stdout]         0,
[INFO] [stdout]         0,
[INFO] [stdout]         0,
[INFO] [stdout]         0,
[INFO] [stdout]         0,
[INFO] [stdout]         0,
[INFO] [stdout]         0,
[INFO] [stdout]         0,
[INFO] [stdout]         0,
[INFO] [stdout]         0,
[INFO] [stdout]         0,
[INFO] [stdout]         0,
[INFO] [stdout]         0,
[INFO] [stdout]     ],
[INFO] [stdout]     [],
[INFO] [stdout]     ed25519:11111111111111111111111111111111,
[INFO] [stdout] )
[INFO] [stdout] 
[INFO] [stdout] Error: 
[INFO] [stdout] panicked at src/signature.rs:967:70:
[INFO] [stdout] range end index 256 out of range for slice of length 65
[INFO] [stdout] note: run with `RUST_BACKTRACE=1` environment variable to display a backtrace.
[INFO] [stdout] 
[INFO] [stdout] ==============================================================
[INFO] [stdout] 
[INFO] [stdout] thread 'signature::tests::signature_verify_fuzzer' panicked at /opt/rustwide/cargo-home/registry/src/index.crates.io-6f17d22bba15001f/bolero-0.10.1/src/test/mod.rs:265:17:
[INFO] [stdout] test failed: "[BOLERO_RANDOM_SEED=17769309161527733851]"
[INFO] [stdout] stack backtrace:
[INFO] [stdout]    0:     0x61a77f5945fa - std::backtrace_rs::backtrace::libunwind::trace::h5a5b8284f2d0c266
[INFO] [stdout]                                at /rustc/90b35a6239c3d8bdabc530a6a0816f7ff89a0aaf/library/std/src/../../backtrace/src/backtrace/libunwind.rs:116:5
[INFO] [stdout]    1:     0x61a77f5945fa - std::backtrace_rs::backtrace::trace_unsynchronized::h76d4f1c9b0b875e3
[INFO] [stdout]                                at /rustc/90b35a6239c3d8bdabc530a6a0816f7ff89a0aaf/library/std/src/../../backtrace/src/backtrace/mod.rs:66:5
[INFO] [stdout]    2:     0x61a77f5945fa - std::sys::backtrace::_print_fmt::hc4546b8364a537c6
[INFO] [stdout]                                at /rustc/90b35a6239c3d8bdabc530a6a0816f7ff89a0aaf/library/std/src/sys/backtrace.rs:66:9
[INFO] [stdout]    3:     0x61a77f5945fa - <std::sys::backtrace::BacktraceLock::print::DisplayBacktrace as core::fmt::Display>::fmt::h5b6bd5631a6d1f6b
[INFO] [stdout]                                at /rustc/90b35a6239c3d8bdabc530a6a0816f7ff89a0aaf/library/std/src/sys/backtrace.rs:39:26
[INFO] [stdout]    4:     0x61a77f5bab23 - core::fmt::rt::Argument::fmt::h270f6602a2b96f62
[INFO] [stdout]                                at /rustc/90b35a6239c3d8bdabc530a6a0816f7ff89a0aaf/library/core/src/fmt/rt.rs:177:76
[INFO] [stdout]    5:     0x61a77f5bab23 - core::fmt::write::h7550c97b06c86515
[INFO] [stdout]                                at /rustc/90b35a6239c3d8bdabc530a6a0816f7ff89a0aaf/library/core/src/fmt/mod.rs:1186:21
[INFO] [stdout]    6:     0x61a77f591293 - std::io::Write::write_fmt::h509ff860e5956e5e
[INFO] [stdout]                                at /rustc/90b35a6239c3d8bdabc530a6a0816f7ff89a0aaf/library/std/src/io/mod.rs:1839:15
[INFO] [stdout]    7:     0x61a77f594442 - std::sys::backtrace::BacktraceLock::print::h2395ccd2c84ba3aa
[INFO] [stdout]                                at /rustc/90b35a6239c3d8bdabc530a6a0816f7ff89a0aaf/library/std/src/sys/backtrace.rs:42:9
[INFO] [stdout]    8:     0x61a77f595a5a - std::panicking::default_hook::{{closure}}::he19d4c7230e07961
[INFO] [stdout]                                at /rustc/90b35a6239c3d8bdabc530a6a0816f7ff89a0aaf/library/std/src/panicking.rs:268:22
[INFO] [stdout]    9:     0x61a77f595864 - std::panicking::default_hook::hf614597d3c67bbdb
[INFO] [stdout]                                at /rustc/90b35a6239c3d8bdabc530a6a0816f7ff89a0aaf/library/std/src/panicking.rs:292:9
[INFO] [stdout]   10:     0x61a77f3e8279 - <alloc::boxed::Box<F,A> as core::ops::function::Fn<Args>>::call::h39b51ce4599c23d1
[INFO] [stdout]                                at /rustc/90b35a6239c3d8bdabc530a6a0816f7ff89a0aaf/library/alloc/src/boxed.rs:2468:9
[INFO] [stdout]   11:     0x61a77f3e8279 - test::test_main::{{closure}}::he977ae839a582784
[INFO] [stdout]                                at /rustc/90b35a6239c3d8bdabc530a6a0816f7ff89a0aaf/library/test/src/lib.rs:133:21
[INFO] [stdout]   12:     0x61a77f2d9c93 - <alloc::boxed::Box<F,A> as core::ops::function::Fn<Args>>::call::h3034d51349dcb20f
[INFO] [stdout]                                at /rustc/90b35a6239c3d8bdabc530a6a0816f7ff89a0aaf/library/alloc/src/boxed.rs:2468:9
[INFO] [stdout]   13:     0x61a77f2d2035 - <bolero_engine::panic::PANIC_HOOK as core::ops::deref::Deref>::deref::__static_ref_initialize::{{closure}}::he75d4b274595deca
[INFO] [stdout]                                at /opt/rustwide/cargo-home/registry/src/index.crates.io-6f17d22bba15001f/bolero-engine-0.10.2/src/panic.rs:48:17
[INFO] [stdout]   14:     0x61a77f5960f8 - <alloc::boxed::Box<F,A> as core::ops::function::Fn<Args>>::call::h9455091b6b06f9fb
[INFO] [stdout]                                at /rustc/90b35a6239c3d8bdabc530a6a0816f7ff89a0aaf/library/alloc/src/boxed.rs:2468:9
[INFO] [stdout]   15:     0x61a77f5960f8 - std::panicking::rust_panic_with_hook::h8942133a8b252070
[INFO] [stdout]                                at /rustc/90b35a6239c3d8bdabc530a6a0816f7ff89a0aaf/library/std/src/panicking.rs:809:13
[INFO] [stdout]   16:     0x61a77f595eba - std::panicking::begin_panic_handler::{{closure}}::hb5f5963570096b29
[INFO] [stdout]                                at /rustc/90b35a6239c3d8bdabc530a6a0816f7ff89a0aaf/library/std/src/panicking.rs:674:13
[INFO] [stdout]   17:     0x61a77f594ad9 - std::sys::backtrace::__rust_end_short_backtrace::h6208cedc1922feda
[INFO] [stdout]                                at /rustc/90b35a6239c3d8bdabc530a6a0816f7ff89a0aaf/library/std/src/sys/backtrace.rs:170:18
[INFO] [stdout]   18:     0x61a77f595b4c - rust_begin_unwind
[INFO] [stdout]                                at /rustc/90b35a6239c3d8bdabc530a6a0816f7ff89a0aaf/library/std/src/panicking.rs:665:5
[INFO] [stdout]   19:     0x61a77f23f270 - core::panicking::panic_fmt::h0c3082644d1bf418
[INFO] [stdout]                                at /rustc/90b35a6239c3d8bdabc530a6a0816f7ff89a0aaf/library/core/src/panicking.rs:74:14
[INFO] [stdout]   20:     0x61a77f26567e - bolero::test::TestEngine::run_tests::h038230ffa42095ca
[INFO] [stdout]                                at /opt/rustwide/cargo-home/registry/src/index.crates.io-6f17d22bba15001f/bolero-0.10.1/src/test/mod.rs:265:17
[INFO] [stdout]   21:     0x61a77f266c66 - <bolero::test::TestEngine as bolero_engine::Engine<T>>::run::h732cae7ca2eb356c
[INFO] [stdout]                                at /opt/rustwide/cargo-home/registry/src/index.crates.io-6f17d22bba15001f/bolero-0.10.1/src/test/mod.rs:298:9
[INFO] [stdout]   22:     0x61a77f259a2c - bolero::TestTarget<G,E,bolero::BorrowedInput>::for_each::hb886b588a35844fe
[INFO] [stdout]                                at /opt/rustwide/cargo-home/registry/src/index.crates.io-6f17d22bba15001f/bolero-0.10.1/src/lib.rs:433:9
[INFO] [stdout]   23:     0x61a77f27e129 - unc_crypto::signature::tests::signature_verify_fuzzer::h75f8ed0d9e821ba5
[INFO] [stdout]                                at /opt/rustwide/workdir/src/signature.rs:957:9
[INFO] [stdout]   24:     0x61a77f27df17 - unc_crypto::signature::tests::signature_verify_fuzzer::{{closure}}::h71de906807fe289f
[INFO] [stdout]                                at /opt/rustwide/workdir/src/signature.rs:956:33
[INFO] [stdout]   25:     0x61a77f2944d6 - core::ops::function::FnOnce::call_once::he679397ea12f955a
[INFO] [stdout]                                at /rustc/90b35a6239c3d8bdabc530a6a0816f7ff89a0aaf/library/core/src/ops/function.rs:250:5
[INFO] [stdout]   26:     0x61a77f3ecc3b - core::ops::function::FnOnce::call_once::h109cf8051a59b34e
[INFO] [stdout]                                at /rustc/90b35a6239c3d8bdabc530a6a0816f7ff89a0aaf/library/core/src/ops/function.rs:250:5
[INFO] [stdout]   27:     0x61a77f3ecc3b - test::__rust_begin_short_backtrace::hf4fff89d377446ba
[INFO] [stdout]                                at /rustc/90b35a6239c3d8bdabc530a6a0816f7ff89a0aaf/library/test/src/lib.rs:621:18
[INFO] [stdout]   28:     0x61a77f3ec477 - test::run_test_in_process::{{closure}}::h0e39181dd7ee5a43
[INFO] [stdout]                                at /rustc/90b35a6239c3d8bdabc530a6a0816f7ff89a0aaf/library/test/src/lib.rs:644:60
[INFO] [stdout]   29:     0x61a77f3ec477 - <core::panic::unwind_safe::AssertUnwindSafe<F> as core::ops::function::FnOnce<()>>::call_once::hc5a66a30f0bdfd1f
[INFO] [stdout]                                at /rustc/90b35a6239c3d8bdabc530a6a0816f7ff89a0aaf/library/core/src/panic/unwind_safe.rs:272:9
[INFO] [stdout]   30:     0x61a77f3ec477 - std::panicking::try::do_call::h873b7cf639554a5e
[INFO] [stdout]                                at /rustc/90b35a6239c3d8bdabc530a6a0816f7ff89a0aaf/library/std/src/panicking.rs:557:40
[INFO] [stdout]   31:     0x61a77f3ec477 - std::panicking::try::hdb19862fad9c8bd1
[INFO] [stdout]                                at /rustc/90b35a6239c3d8bdabc530a6a0816f7ff89a0aaf/library/std/src/panicking.rs:520:19
[INFO] [stdout]   32:     0x61a77f3ec477 - std::panic::catch_unwind::h281fe732d236d260
[INFO] [stdout]                                at /rustc/90b35a6239c3d8bdabc530a6a0816f7ff89a0aaf/library/std/src/panic.rs:358:14
[INFO] [stdout]   33:     0x61a77f3ec477 - test::run_test_in_process::h949b6df8457ed338
[INFO] [stdout]                                at /rustc/90b35a6239c3d8bdabc530a6a0816f7ff89a0aaf/library/test/src/lib.rs:644:27
[INFO] [stdout]   34:     0x61a77f3ec477 - test::run_test::{{closure}}::h52c556a6d4740e10
[INFO] [stdout]                                at /rustc/90b35a6239c3d8bdabc530a6a0816f7ff89a0aaf/library/test/src/lib.rs:565:43
[INFO] [stdout]   35:     0x61a77f3b1754 - test::run_test::{{closure}}::h4237f6381c45ccb9
[INFO] [stdout]                                at /rustc/90b35a6239c3d8bdabc530a6a0816f7ff89a0aaf/library/test/src/lib.rs:595:41
[INFO] [stdout]   36:     0x61a77f3b1754 - std::sys::backtrace::__rust_begin_short_backtrace::h505c97a579eca628
[INFO] [stdout]                                at /rustc/90b35a6239c3d8bdabc530a6a0816f7ff89a0aaf/library/std/src/sys/backtrace.rs:154:18
[INFO] [stdout]   37:     0x61a77f3b4e1e - std::thread::Builder::spawn_unchecked_::{{closure}}::{{closure}}::h9e86b2e2bc107ea3
[INFO] [stdout]                                at /rustc/90b35a6239c3d8bdabc530a6a0816f7ff89a0aaf/library/std/src/thread/mod.rs:538:17
[INFO] [stdout]   38:     0x61a77f3b4e1e - <core::panic::unwind_safe::AssertUnwindSafe<F> as core::ops::function::FnOnce<()>>::call_once::h8b06ddb275ff4a25
[INFO] [stdout]                                at /rustc/90b35a6239c3d8bdabc530a6a0816f7ff89a0aaf/library/core/src/panic/unwind_safe.rs:272:9
[INFO] [stdout]   39:     0x61a77f3b4e1e - std::panicking::try::do_call::hb26ecd7cd9a9355d
[INFO] [stdout]                                at /rustc/90b35a6239c3d8bdabc530a6a0816f7ff89a0aaf/library/std/src/panicking.rs:557:40
[INFO] [stdout]   40:     0x61a77f3b4e1e - std::panicking::try::h8ddeca9d705f9069
[INFO] [stdout]                                at /rustc/90b35a6239c3d8bdabc530a6a0816f7ff89a0aaf/library/std/src/panicking.rs:520:19
[INFO] [stdout]   41:     0x61a77f3b4e1e - std::panic::catch_unwind::h49e1c33078844c46
[INFO] [stdout]                                at /rustc/90b35a6239c3d8bdabc530a6a0816f7ff89a0aaf/library/std/src/panic.rs:358:14
[INFO] [stdout]   42:     0x61a77f3b4e1e - std::thread::Builder::spawn_unchecked_::{{closure}}::h6073db6ff56ad35d
[INFO] [stdout]                                at /rustc/90b35a6239c3d8bdabc530a6a0816f7ff89a0aaf/library/std/src/thread/mod.rs:537:30
[INFO] [stdout]   43:     0x61a77f3b4e1e - core::ops::function::FnOnce::call_once{{vtable.shim}}::h2c5a5f3779c774f1
[INFO] [stdout]                                at /rustc/90b35a6239c3d8bdabc530a6a0816f7ff89a0aaf/library/core/src/ops/function.rs:250:5
[INFO] [stdout]   44:     0x61a77f59ab7b - <alloc::boxed::Box<F,A> as core::ops::function::FnOnce<Args>>::call_once::hf75717d9f28faebf
[INFO] [stdout]                                at /rustc/90b35a6239c3d8bdabc530a6a0816f7ff89a0aaf/library/alloc/src/boxed.rs:2454:9
[INFO] [stdout]   45:     0x61a77f59ab7b - <alloc::boxed::Box<F,A> as core::ops::function::FnOnce<Args>>::call_once::h7bd883a5f3c5f3c1
[INFO] [stdout]                                at /rustc/90b35a6239c3d8bdabc530a6a0816f7ff89a0aaf/library/alloc/src/boxed.rs:2454:9
[INFO] [stdout]   46:     0x61a77f59ab7b - std::sys::pal::unix::thread::Thread::new::thread_start::hcc78f3943333fa94
[INFO] [stdout]                                at /rustc/90b35a6239c3d8bdabc530a6a0816f7ff89a0aaf/library/std/src/sys/pal/unix/thread.rs:105:17
[INFO] [stdout]   47:     0x78aabf87fac3 - <unknown>
[INFO] [stdout]   48:     0x78aabf910a04 - clone
[INFO] [stdout]   49:                0x0 - <unknown>
[INFO] [stdout] 
[INFO] [stdout] 
[INFO] [stdout] failures:
[INFO] [stdout]     signature::tests::signature_verify_fuzzer
[INFO] [stdout] 
[INFO] [stdout] test result: FAILED. 16 passed; 1 failed; 0 ignored; 0 measured; 0 filtered out; finished in 9.17s
[INFO] [stdout] 
[INFO] [stderr] error: test failed, to rerun pass `--lib`
[INFO] running `Command { std: "docker" "inspect" "2b989b1e7a993071667c5a9bb6d4c5546e44677d6e29c6a02c36cce580e80ce4", kill_on_drop: false }`
[INFO] running `Command { std: "docker" "rm" "-f" "2b989b1e7a993071667c5a9bb6d4c5546e44677d6e29c6a02c36cce580e80ce4", kill_on_drop: false }`
[INFO] [stdout] 2b989b1e7a993071667c5a9bb6d4c5546e44677d6e29c6a02c36cce580e80ce4
