[INFO] fetching crate unbug 0.4.0...
[INFO] testing unbug-0.4.0 against 1.83.0 for beta-1.84.0-4-retry
[INFO] extracting crate unbug 0.4.0 into /workspace/builds/worker-7-tc1/source
[INFO] validating manifest of crates.io crate unbug 0.4.0 on toolchain 1.83.0
[INFO] running `Command { std: CARGO_HOME="/workspace/cargo-home" RUSTUP_HOME="/workspace/rustup-home" "/workspace/cargo-home/bin/cargo" "+1.83.0" "metadata" "--manifest-path" "Cargo.toml" "--no-deps", kill_on_drop: false }`
[INFO] started tweaking crates.io crate unbug 0.4.0
[INFO] finished tweaking crates.io crate unbug 0.4.0
[INFO] tweaked toml for crates.io crate unbug 0.4.0 written to /workspace/builds/worker-7-tc1/source/Cargo.toml
[INFO] crate crates.io crate unbug 0.4.0 already has a lockfile, it will not be regenerated
[INFO] running `Command { std: CARGO_HOME="/workspace/cargo-home" RUSTUP_HOME="/workspace/rustup-home" "/workspace/cargo-home/bin/cargo" "+1.83.0" "fetch" "--manifest-path" "Cargo.toml", kill_on_drop: false }`
[INFO] [stderr]     Updating crates.io index
[INFO] [stderr]  Downloading crates ...
[INFO] [stderr]   Downloaded dbg_breakpoint v0.1.1
[INFO] running `Command { std: "docker" "create" "-v" "/var/lib/crater-agent-workspace/builds/worker-7-tc1/target:/opt/rustwide/target:rw,Z" "-v" "/var/lib/crater-agent-workspace/builds/worker-7-tc1/source:/opt/rustwide/workdir:ro,Z" "-v" "/var/lib/crater-agent-workspace/cargo-home:/opt/rustwide/cargo-home:ro,Z" "-v" "/var/lib/crater-agent-workspace/rustup-home:/opt/rustwide/rustup-home:ro,Z" "-e" "SOURCE_DIR=/opt/rustwide/workdir" "-e" "CARGO_TARGET_DIR=/opt/rustwide/target" "-e" "CARGO_HOME=/opt/rustwide/cargo-home" "-e" "RUSTUP_HOME=/opt/rustwide/rustup-home" "-w" "/opt/rustwide/workdir" "-m" "1610612736" "--user" "0:0" "--network" "none" "ghcr.io/rust-lang/crates-build-env/linux@sha256:f3a9d4ad9d972b27faf3965f35b62e55ba32bbce8f20bc8fe909558a86702fde" "/opt/rustwide/cargo-home/bin/cargo" "+1.83.0" "metadata" "--no-deps" "--format-version=1", kill_on_drop: false }`
[INFO] [stdout] 6d04c449fb1741c3bf10ab61d7da99d9695ae1c923f92280a0c24578827890f2
[INFO] running `Command { std: "docker" "start" "-a" "6d04c449fb1741c3bf10ab61d7da99d9695ae1c923f92280a0c24578827890f2", kill_on_drop: false }`
[INFO] running `Command { std: "docker" "inspect" "6d04c449fb1741c3bf10ab61d7da99d9695ae1c923f92280a0c24578827890f2", kill_on_drop: false }`
[INFO] running `Command { std: "docker" "rm" "-f" "6d04c449fb1741c3bf10ab61d7da99d9695ae1c923f92280a0c24578827890f2", kill_on_drop: false }`
[INFO] [stdout] 6d04c449fb1741c3bf10ab61d7da99d9695ae1c923f92280a0c24578827890f2
[INFO] running `Command { std: "docker" "create" "-v" "/var/lib/crater-agent-workspace/builds/worker-7-tc1/target:/opt/rustwide/target:rw,Z" "-v" "/var/lib/crater-agent-workspace/builds/worker-7-tc1/source:/opt/rustwide/workdir:ro,Z" "-v" "/var/lib/crater-agent-workspace/cargo-home:/opt/rustwide/cargo-home:ro,Z" "-v" "/var/lib/crater-agent-workspace/rustup-home:/opt/rustwide/rustup-home:ro,Z" "-e" "SOURCE_DIR=/opt/rustwide/workdir" "-e" "CARGO_TARGET_DIR=/opt/rustwide/target" "-e" "CARGO_INCREMENTAL=0" "-e" "RUST_BACKTRACE=full" "-e" "RUSTFLAGS=--cap-lints=warn" "-e" "RUSTDOCFLAGS=--cap-lints=warn" "-e" "CARGO_HOME=/opt/rustwide/cargo-home" "-e" "RUSTUP_HOME=/opt/rustwide/rustup-home" "-w" "/opt/rustwide/workdir" "-m" "1610612736" "--user" "0:0" "--network" "none" "ghcr.io/rust-lang/crates-build-env/linux@sha256:f3a9d4ad9d972b27faf3965f35b62e55ba32bbce8f20bc8fe909558a86702fde" "/opt/rustwide/cargo-home/bin/cargo" "+1.83.0" "build" "--frozen" "--message-format=json", kill_on_drop: false }`
[INFO] [stdout] 03f8662a39dd35ae0cc1ee56ee3213671a522d2810c662db568d37fc2982b4a8
[INFO] running `Command { std: "docker" "start" "-a" "03f8662a39dd35ae0cc1ee56ee3213671a522d2810c662db568d37fc2982b4a8", kill_on_drop: false }`
[INFO] [stderr]    Compiling proc-macro2 v1.0.86
[INFO] [stderr]    Compiling unicode-ident v1.0.12
[INFO] [stderr]    Compiling once_cell v1.19.0
[INFO] [stderr]    Compiling pin-project-lite v0.2.14
[INFO] [stderr]    Compiling dbg_breakpoint v0.1.1
[INFO] [stderr]    Compiling tracing-core v0.1.32
[INFO] [stderr]    Compiling quote v1.0.37
[INFO] [stderr]    Compiling syn v2.0.77
[INFO] [stderr]    Compiling tracing-attributes v0.1.27
[INFO] [stderr]    Compiling tracing v0.1.40
[INFO] [stderr]    Compiling unbug v0.4.0 (/opt/rustwide/workdir)
[INFO] [stderr]     Finished `dev` profile [unoptimized + debuginfo] target(s) in 7.75s
[INFO] running `Command { std: "docker" "inspect" "03f8662a39dd35ae0cc1ee56ee3213671a522d2810c662db568d37fc2982b4a8", kill_on_drop: false }`
[INFO] running `Command { std: "docker" "rm" "-f" "03f8662a39dd35ae0cc1ee56ee3213671a522d2810c662db568d37fc2982b4a8", kill_on_drop: false }`
[INFO] [stdout] 03f8662a39dd35ae0cc1ee56ee3213671a522d2810c662db568d37fc2982b4a8
[INFO] running `Command { std: "docker" "create" "-v" "/var/lib/crater-agent-workspace/builds/worker-7-tc1/target:/opt/rustwide/target:rw,Z" "-v" "/var/lib/crater-agent-workspace/builds/worker-7-tc1/source:/opt/rustwide/workdir:ro,Z" "-v" "/var/lib/crater-agent-workspace/cargo-home:/opt/rustwide/cargo-home:ro,Z" "-v" "/var/lib/crater-agent-workspace/rustup-home:/opt/rustwide/rustup-home:ro,Z" "-e" "SOURCE_DIR=/opt/rustwide/workdir" "-e" "CARGO_TARGET_DIR=/opt/rustwide/target" "-e" "CARGO_INCREMENTAL=0" "-e" "RUST_BACKTRACE=full" "-e" "RUSTFLAGS=--cap-lints=warn" "-e" "RUSTDOCFLAGS=--cap-lints=warn" "-e" "CARGO_HOME=/opt/rustwide/cargo-home" "-e" "RUSTUP_HOME=/opt/rustwide/rustup-home" "-w" "/opt/rustwide/workdir" "-m" "1610612736" "--user" "0:0" "--network" "none" "ghcr.io/rust-lang/crates-build-env/linux@sha256:f3a9d4ad9d972b27faf3965f35b62e55ba32bbce8f20bc8fe909558a86702fde" "/opt/rustwide/cargo-home/bin/cargo" "+1.83.0" "test" "--frozen" "--no-run" "--message-format=json", kill_on_drop: false }`
[INFO] [stdout] 8fe665af6e5a658148c4400a61b59da42799ccdab3ac8ed18d42104e25e972f9
[INFO] running `Command { std: "docker" "start" "-a" "8fe665af6e5a658148c4400a61b59da42799ccdab3ac8ed18d42104e25e972f9", kill_on_drop: false }`
[INFO] [stderr]    Compiling unbug v0.4.0 (/opt/rustwide/workdir)
[INFO] [stderr]     Finished `test` profile [unoptimized + debuginfo] target(s) in 0.36s
[INFO] running `Command { std: "docker" "inspect" "8fe665af6e5a658148c4400a61b59da42799ccdab3ac8ed18d42104e25e972f9", kill_on_drop: false }`
[INFO] running `Command { std: "docker" "rm" "-f" "8fe665af6e5a658148c4400a61b59da42799ccdab3ac8ed18d42104e25e972f9", kill_on_drop: false }`
[INFO] [stdout] 8fe665af6e5a658148c4400a61b59da42799ccdab3ac8ed18d42104e25e972f9
[INFO] running `Command { std: "docker" "create" "-v" "/var/lib/crater-agent-workspace/builds/worker-7-tc1/target:/opt/rustwide/target:rw,Z" "-v" "/var/lib/crater-agent-workspace/builds/worker-7-tc1/source:/opt/rustwide/workdir:ro,Z" "-v" "/var/lib/crater-agent-workspace/cargo-home:/opt/rustwide/cargo-home:ro,Z" "-v" "/var/lib/crater-agent-workspace/rustup-home:/opt/rustwide/rustup-home:ro,Z" "-e" "SOURCE_DIR=/opt/rustwide/workdir" "-e" "CARGO_TARGET_DIR=/opt/rustwide/target" "-e" "CARGO_INCREMENTAL=0" "-e" "RUST_BACKTRACE=full" "-e" "RUSTFLAGS=--cap-lints=warn" "-e" "RUSTDOCFLAGS=--cap-lints=warn" "-e" "CARGO_HOME=/opt/rustwide/cargo-home" "-e" "RUSTUP_HOME=/opt/rustwide/rustup-home" "-w" "/opt/rustwide/workdir" "-m" "1610612736" "--user" "0:0" "--network" "none" "ghcr.io/rust-lang/crates-build-env/linux@sha256:f3a9d4ad9d972b27faf3965f35b62e55ba32bbce8f20bc8fe909558a86702fde" "/opt/rustwide/cargo-home/bin/cargo" "+1.83.0" "test" "--frozen", kill_on_drop: false }`
[INFO] [stdout] c74e55d9e5b6c4332454d70b1f1e9a0435e42bef9419a74a6ef50bfb60eb47fc
[INFO] running `Command { std: "docker" "start" "-a" "c74e55d9e5b6c4332454d70b1f1e9a0435e42bef9419a74a6ef50bfb60eb47fc", kill_on_drop: false }`
[INFO] [stderr]     Finished `test` profile [unoptimized + debuginfo] target(s) in 0.03s
[INFO] [stderr]      Running unittests src/lib.rs (/opt/rustwide/target/debug/deps/unbug-f72bc384a0d9ab48)
[INFO] [stdout] 
[INFO] [stdout] running 0 tests
[INFO] [stdout] 
[INFO] [stdout] test result: ok. 0 passed; 0 failed; 0 ignored; 0 measured; 0 filtered out; finished in 0.00s
[INFO] [stdout] 
[INFO] [stderr]    Doc-tests unbug
[INFO] [stdout] 
[INFO] [stdout] running 3 tests
[INFO] [stdout] test src/../README.md - (line 182) ... FAILED
[INFO] [stdout] test src/lib.rs - fail (line 233) ... FAILED
[INFO] [stdout] test src/../README.md - (line 26) ... FAILED
[INFO] [stdout] 
[INFO] [stdout] failures:
[INFO] [stdout] 
[INFO] [stdout] ---- src/../README.md - (line 182) stdout ----
[INFO] [stdout] error[E0554]: `#![feature]` may not be used on the stable release channel
[INFO] [stdout]  --> src/../README.md:183:31
[INFO] [stdout]   |
[INFO] [stdout] 3 | #![cfg_attr(debug_assertions, feature(breakpoint))]
[INFO] [stdout]   |                               ^^^^^^^^^^^^^^^^^^^
[INFO] [stdout] 
[INFO] [stdout] error[E0635]: unknown feature `breakpoint`
[INFO] [stdout]  --> src/../README.md:183:39
[INFO] [stdout]   |
[INFO] [stdout] 3 | #![cfg_attr(debug_assertions, feature(breakpoint))]
[INFO] [stdout]   |                                       ^^^^^^^^^^
[INFO] [stdout] 
[INFO] [stdout] error: aborting due to 2 previous errors
[INFO] [stdout] 
[INFO] [stdout] Some errors have detailed explanations: E0554, E0635.
[INFO] [stdout] For more information about an error, try `rustc --explain E0554`.
[INFO] [stdout] Couldn't compile the test.
[INFO] [stdout] ---- src/lib.rs - fail (line 233) stdout ----
[INFO] [stdout] error[E0425]: cannot find value `some_var` in this scope
[INFO] [stdout]  --> src/lib.rs:236:46
[INFO] [stdout]   |
[INFO] [stdout] 6 | unbug::fail!("failed to do something: {:?}", some_var);
[INFO] [stdout]   |                                              ^^^^^^^^ not found in this scope
[INFO] [stdout] 
[INFO] [stdout] error: aborting due to 1 previous error
[INFO] [stdout] 
[INFO] [stdout] For more information about this error, try `rustc --explain E0425`.
[INFO] [stdout] Couldn't compile the test.
[INFO] [stdout] ---- src/../README.md - (line 26) stdout ----
[INFO] [stdout] error[E0433]: failed to resolve: use of undeclared crate or module `tracing_subscriber`
[INFO] [stdout]  --> src/../README.md:32:1
[INFO] [stdout]   |
[INFO] [stdout] 9 | tracing_subscriber::fmt::init();
[INFO] [stdout]   | ^^^^^^^^^^^^^^^^^^ use of undeclared crate or module `tracing_subscriber`
[INFO] [stdout] 
[INFO] [stdout] error[E0425]: cannot find value `some_option` in this scope
[INFO] [stdout]   --> src/../README.md:56:26
[INFO] [stdout]    |
[INFO] [stdout] 33 |     let Some(_out_var) = some_option else {
[INFO] [stdout]    |                          ^^^^^^^^^^^ not found in this scope
[INFO] [stdout] 
[INFO] [stdout] error[E0308]: `else` clause of `let...else` does not diverge
[INFO] [stdout]   --> src/../README.md:56:43
[INFO] [stdout]    |
[INFO] [stdout] 33 |       let Some(_out_var) = some_option else {
[INFO] [stdout]    |  ___________________________________________^
[INFO] [stdout] 34 | |         // fail! and fail_always! will continue to log a message in release builds
[INFO] [stdout] 35 | |         unbug::fail_always!("fail_always! will trigger every time");
[INFO] [stdout] 36 | |     };
[INFO] [stdout]    | |_____^ expected `!`, found `()`
[INFO] [stdout]    |
[INFO] [stdout]    = note:   expected type `!`
[INFO] [stdout]            found unit type `()`
[INFO] [stdout]    = help: try adding a diverging expression, such as `return` or `panic!(..)`
[INFO] [stdout]    = help: ...or use `match` instead of `let...else`
[INFO] [stdout] 
[INFO] [stdout] error: aborting due to 3 previous errors
[INFO] [stdout] 
[INFO] [stdout] Some errors have detailed explanations: E0308, E0425, E0433.
[INFO] [stdout] For more information about an error, try `rustc --explain E0308`.
[INFO] [stdout] Couldn't compile the test.
[INFO] [stdout] 
[INFO] [stdout] failures:
[INFO] [stdout]     src/../README.md - (line 182)
[INFO] [stdout]     src/../README.md - (line 26)
[INFO] [stdout]     src/lib.rs - fail (line 233)
[INFO] [stdout] 
[INFO] [stdout] test result: FAILED. 0 passed; 3 failed; 0 ignored; 0 measured; 0 filtered out; finished in 0.08s
[INFO] [stdout] 
[INFO] [stderr] error: doctest failed, to rerun pass `--doc`
[INFO] running `Command { std: "docker" "inspect" "c74e55d9e5b6c4332454d70b1f1e9a0435e42bef9419a74a6ef50bfb60eb47fc", kill_on_drop: false }`
[INFO] running `Command { std: "docker" "rm" "-f" "c74e55d9e5b6c4332454d70b1f1e9a0435e42bef9419a74a6ef50bfb60eb47fc", kill_on_drop: false }`
[INFO] [stdout] c74e55d9e5b6c4332454d70b1f1e9a0435e42bef9419a74a6ef50bfb60eb47fc
