[INFO] fetching crate uefi-macros 0.17.0...
[INFO] testing uefi-macros-0.17.0 against 1.83.0 for beta-1.84.0-4-retry
[INFO] extracting crate uefi-macros 0.17.0 into /workspace/builds/worker-0-tc1/source
[INFO] validating manifest of crates.io crate uefi-macros 0.17.0 on toolchain 1.83.0
[INFO] running `Command { std: CARGO_HOME="/workspace/cargo-home" RUSTUP_HOME="/workspace/rustup-home" "/workspace/cargo-home/bin/cargo" "+1.83.0" "metadata" "--manifest-path" "Cargo.toml" "--no-deps", kill_on_drop: false }`
[INFO] started tweaking crates.io crate uefi-macros 0.17.0
[INFO] removed 0 missing tests
[INFO] finished tweaking crates.io crate uefi-macros 0.17.0
[INFO] tweaked toml for crates.io crate uefi-macros 0.17.0 written to /workspace/builds/worker-0-tc1/source/Cargo.toml
[INFO] running `Command { std: CARGO_HOME="/workspace/cargo-home" RUSTUP_HOME="/workspace/rustup-home" "/workspace/cargo-home/bin/cargo" "+1.83.0" "generate-lockfile" "--manifest-path" "Cargo.toml", kill_on_drop: false }`
[INFO] [stderr]     Updating crates.io index
[INFO] [stderr]      Locking 33 packages to latest compatible versions
[INFO] running `Command { std: CARGO_HOME="/workspace/cargo-home" RUSTUP_HOME="/workspace/rustup-home" "/workspace/cargo-home/bin/cargo" "+1.83.0" "fetch" "--manifest-path" "Cargo.toml", kill_on_drop: false }`
[INFO] running `Command { std: "docker" "create" "-v" "/var/lib/crater-agent-workspace/builds/worker-0-tc1/target:/opt/rustwide/target:rw,Z" "-v" "/var/lib/crater-agent-workspace/builds/worker-0-tc1/source:/opt/rustwide/workdir:ro,Z" "-v" "/var/lib/crater-agent-workspace/cargo-home:/opt/rustwide/cargo-home:ro,Z" "-v" "/var/lib/crater-agent-workspace/rustup-home:/opt/rustwide/rustup-home:ro,Z" "-e" "SOURCE_DIR=/opt/rustwide/workdir" "-e" "CARGO_TARGET_DIR=/opt/rustwide/target" "-e" "CARGO_HOME=/opt/rustwide/cargo-home" "-e" "RUSTUP_HOME=/opt/rustwide/rustup-home" "-w" "/opt/rustwide/workdir" "-m" "1610612736" "--user" "0:0" "--network" "none" "ghcr.io/rust-lang/crates-build-env/linux@sha256:f3a9d4ad9d972b27faf3965f35b62e55ba32bbce8f20bc8fe909558a86702fde" "/opt/rustwide/cargo-home/bin/cargo" "+1.83.0" "metadata" "--no-deps" "--format-version=1", kill_on_drop: false }`
[INFO] [stdout] ab31fea8d28916f765d8681726a4dc7df84ca628b2a67d2d41b01ae195565c5d
[INFO] running `Command { std: "docker" "start" "-a" "ab31fea8d28916f765d8681726a4dc7df84ca628b2a67d2d41b01ae195565c5d", kill_on_drop: false }`
[INFO] running `Command { std: "docker" "inspect" "ab31fea8d28916f765d8681726a4dc7df84ca628b2a67d2d41b01ae195565c5d", kill_on_drop: false }`
[INFO] running `Command { std: "docker" "rm" "-f" "ab31fea8d28916f765d8681726a4dc7df84ca628b2a67d2d41b01ae195565c5d", kill_on_drop: false }`
[INFO] [stdout] ab31fea8d28916f765d8681726a4dc7df84ca628b2a67d2d41b01ae195565c5d
[INFO] running `Command { std: "docker" "create" "-v" "/var/lib/crater-agent-workspace/builds/worker-0-tc1/target:/opt/rustwide/target:rw,Z" "-v" "/var/lib/crater-agent-workspace/builds/worker-0-tc1/source:/opt/rustwide/workdir:ro,Z" "-v" "/var/lib/crater-agent-workspace/cargo-home:/opt/rustwide/cargo-home:ro,Z" "-v" "/var/lib/crater-agent-workspace/rustup-home:/opt/rustwide/rustup-home:ro,Z" "-e" "SOURCE_DIR=/opt/rustwide/workdir" "-e" "CARGO_TARGET_DIR=/opt/rustwide/target" "-e" "CARGO_INCREMENTAL=0" "-e" "RUST_BACKTRACE=full" "-e" "RUSTFLAGS=--cap-lints=warn" "-e" "RUSTDOCFLAGS=--cap-lints=warn" "-e" "CARGO_HOME=/opt/rustwide/cargo-home" "-e" "RUSTUP_HOME=/opt/rustwide/rustup-home" "-w" "/opt/rustwide/workdir" "-m" "1610612736" "--user" "0:0" "--network" "none" "ghcr.io/rust-lang/crates-build-env/linux@sha256:f3a9d4ad9d972b27faf3965f35b62e55ba32bbce8f20bc8fe909558a86702fde" "/opt/rustwide/cargo-home/bin/cargo" "+1.83.0" "build" "--frozen" "--message-format=json", kill_on_drop: false }`
[INFO] [stdout] 3380243bbcd970204f0013862c87c97b36810f49912bab00d2def41788033750
[INFO] running `Command { std: "docker" "start" "-a" "3380243bbcd970204f0013862c87c97b36810f49912bab00d2def41788033750", kill_on_drop: false }`
[INFO] [stderr]    Compiling syn v2.0.90
[INFO] [stderr]    Compiling uefi-macros v0.17.0 (/opt/rustwide/workdir)
[INFO] [stderr]     Finished `dev` profile [unoptimized + debuginfo] target(s) in 5.18s
[INFO] running `Command { std: "docker" "inspect" "3380243bbcd970204f0013862c87c97b36810f49912bab00d2def41788033750", kill_on_drop: false }`
[INFO] running `Command { std: "docker" "rm" "-f" "3380243bbcd970204f0013862c87c97b36810f49912bab00d2def41788033750", kill_on_drop: false }`
[INFO] [stdout] 3380243bbcd970204f0013862c87c97b36810f49912bab00d2def41788033750
[INFO] running `Command { std: "docker" "create" "-v" "/var/lib/crater-agent-workspace/builds/worker-0-tc1/target:/opt/rustwide/target:rw,Z" "-v" "/var/lib/crater-agent-workspace/builds/worker-0-tc1/source:/opt/rustwide/workdir:ro,Z" "-v" "/var/lib/crater-agent-workspace/cargo-home:/opt/rustwide/cargo-home:ro,Z" "-v" "/var/lib/crater-agent-workspace/rustup-home:/opt/rustwide/rustup-home:ro,Z" "-e" "SOURCE_DIR=/opt/rustwide/workdir" "-e" "CARGO_TARGET_DIR=/opt/rustwide/target" "-e" "CARGO_INCREMENTAL=0" "-e" "RUST_BACKTRACE=full" "-e" "RUSTFLAGS=--cap-lints=warn" "-e" "RUSTDOCFLAGS=--cap-lints=warn" "-e" "CARGO_HOME=/opt/rustwide/cargo-home" "-e" "RUSTUP_HOME=/opt/rustwide/rustup-home" "-w" "/opt/rustwide/workdir" "-m" "1610612736" "--user" "0:0" "--network" "none" "ghcr.io/rust-lang/crates-build-env/linux@sha256:f3a9d4ad9d972b27faf3965f35b62e55ba32bbce8f20bc8fe909558a86702fde" "/opt/rustwide/cargo-home/bin/cargo" "+1.83.0" "test" "--frozen" "--no-run" "--message-format=json", kill_on_drop: false }`
[INFO] [stdout] 2c2ee12d0224e55770690853ea677aad340663725f7ad678049bb469fe04b288
[INFO] running `Command { std: "docker" "start" "-a" "2c2ee12d0224e55770690853ea677aad340663725f7ad678049bb469fe04b288", kill_on_drop: false }`
[INFO] [stderr]    Compiling hashbrown v0.15.2
[INFO] [stderr]    Compiling target-triple v0.1.3
[INFO] [stderr]    Compiling winnow v0.6.20
[INFO] [stderr]    Compiling proc-macro2 v1.0.92
[INFO] [stderr]    Compiling serde_spanned v0.6.8
[INFO] [stderr]    Compiling toml_datetime v0.6.8
[INFO] [stderr]    Compiling termcolor v1.4.1
[INFO] [stderr]    Compiling quote v1.0.37
[INFO] [stderr]    Compiling indexmap v2.7.0
[INFO] [stderr]    Compiling syn v2.0.90
[INFO] [stderr]    Compiling toml_edit v0.22.22
[INFO] [stderr]    Compiling toml v0.8.19
[INFO] [stderr]    Compiling serde_derive v1.0.216
[INFO] [stderr]    Compiling uefi-macros v0.17.0 (/opt/rustwide/workdir)
[INFO] [stderr]    Compiling trybuild v1.0.101
[INFO] [stderr]     Finished `test` profile [unoptimized + debuginfo] target(s) in 28.47s
[INFO] running `Command { std: "docker" "inspect" "2c2ee12d0224e55770690853ea677aad340663725f7ad678049bb469fe04b288", kill_on_drop: false }`
[INFO] running `Command { std: "docker" "rm" "-f" "2c2ee12d0224e55770690853ea677aad340663725f7ad678049bb469fe04b288", kill_on_drop: false }`
[INFO] [stdout] 2c2ee12d0224e55770690853ea677aad340663725f7ad678049bb469fe04b288
[INFO] running `Command { std: "docker" "create" "-v" "/var/lib/crater-agent-workspace/builds/worker-0-tc1/target:/opt/rustwide/target:rw,Z" "-v" "/var/lib/crater-agent-workspace/builds/worker-0-tc1/source:/opt/rustwide/workdir:ro,Z" "-v" "/var/lib/crater-agent-workspace/cargo-home:/opt/rustwide/cargo-home:ro,Z" "-v" "/var/lib/crater-agent-workspace/rustup-home:/opt/rustwide/rustup-home:ro,Z" "-e" "SOURCE_DIR=/opt/rustwide/workdir" "-e" "CARGO_TARGET_DIR=/opt/rustwide/target" "-e" "CARGO_INCREMENTAL=0" "-e" "RUST_BACKTRACE=full" "-e" "RUSTFLAGS=--cap-lints=warn" "-e" "RUSTDOCFLAGS=--cap-lints=warn" "-e" "CARGO_HOME=/opt/rustwide/cargo-home" "-e" "RUSTUP_HOME=/opt/rustwide/rustup-home" "-w" "/opt/rustwide/workdir" "-m" "1610612736" "--user" "0:0" "--network" "none" "ghcr.io/rust-lang/crates-build-env/linux@sha256:f3a9d4ad9d972b27faf3965f35b62e55ba32bbce8f20bc8fe909558a86702fde" "/opt/rustwide/cargo-home/bin/cargo" "+1.83.0" "test" "--frozen", kill_on_drop: false }`
[INFO] [stdout] a308c6a0570f81e5999b4b6a6bc9be64d0d08debc42174e14db2004d330a234e
[INFO] running `Command { std: "docker" "start" "-a" "a308c6a0570f81e5999b4b6a6bc9be64d0d08debc42174e14db2004d330a234e", kill_on_drop: false }`
[INFO] [stderr]     Finished `test` profile [unoptimized + debuginfo] target(s) in 0.08s
[INFO] [stderr]      Running unittests src/lib.rs (/opt/rustwide/target/debug/deps/uefi_macros-771b3bfd329a8aae)
[INFO] [stdout] 
[INFO] [stderr]      Running tests/compilation.rs (/opt/rustwide/target/debug/deps/compilation-b7f7e2de56c2407d)
[INFO] [stdout] running 0 tests
[INFO] [stdout] 
[INFO] [stdout] test result: ok. 0 passed; 0 failed; 0 ignored; 0 measured; 0 filtered out; finished in 0.00s
[INFO] [stdout] 
[INFO] [stdout] 
[INFO] [stdout] running 1 test
[INFO] [stderr]    Compiling proc-macro2 v1.0.92
[INFO] [stderr]    Compiling unicode-ident v1.0.14
[INFO] [stderr]    Compiling quote v1.0.37
[INFO] [stderr]    Compiling syn v2.0.90
[INFO] [stderr]    Compiling uefi-macros v0.17.0 (/opt/rustwide/workdir)
[INFO] [stderr]    Compiling uefi-macros-tests v0.0.0 (/opt/rustwide/target/tests/trybuild/uefi-macros)
[INFO] [stderr]     Finished `dev` profile [unoptimized + debuginfo] target(s) in 15.33s
[INFO] [stderr] 
[INFO] [stderr] 
[INFO] [stderr] test tests/ui/fail/entry_bad_abi.rs [should fail to compile] ... mismatch
[INFO] [stderr] 
[INFO] [stderr] EXPECTED:
[INFO] [stderr] ┈┈┈┈┈┈┈┈┈┈┈┈┈┈┈┈┈┈┈┈┈┈┈┈┈┈┈┈┈┈┈┈┈┈┈┈┈┈┈┈┈┈┈┈┈┈┈┈┈┈┈┈┈┈┈┈┈┈┈┈
[INFO] [stderr] error: Entry function must have no ABI modifier
[INFO] [stderr]  --> tests/ui/fail/entry_bad_abi.rs:6:1
[INFO] [stderr]   |
[INFO] [stderr] 6 | extern "C" fn main() -> Status {
[INFO] [stderr]   | ^^^^^^
[INFO] [stderr] ┈┈┈┈┈┈┈┈┈┈┈┈┈┈┈┈┈┈┈┈┈┈┈┈┈┈┈┈┈┈┈┈┈┈┈┈┈┈┈┈┈┈┈┈┈┈┈┈┈┈┈┈┈┈┈┈┈┈┈┈
[INFO] [stderr] 
[INFO] [stderr] ACTUAL OUTPUT:
[INFO] [stderr] ┈┈┈┈┈┈┈┈┈┈┈┈┈┈┈┈┈┈┈┈┈┈┈┈┈┈┈┈┈┈┈┈┈┈┈┈┈┈┈┈┈┈┈┈┈┈┈┈┈┈┈┈┈┈┈┈┈┈┈┈
[INFO] [stderr] error[E0433]: failed to resolve: use of undeclared crate or module `uefi`
[INFO] [stderr]  --> tests/ui/fail/entry_bad_abi.rs:3:5
[INFO] [stderr]   |
[INFO] [stderr] 3 | use uefi::prelude::*;
[INFO] [stderr]   |     ^^^^ use of undeclared crate or module `uefi`
[INFO] [stderr] 
[INFO] [stderr] error: cannot find attribute `entry` in this scope
[INFO] [stderr]  --> tests/ui/fail/entry_bad_abi.rs:5:3
[INFO] [stderr]   |
[INFO] [stderr] 5 | #[entry]
[INFO] [stderr]   |   ^^^^^
[INFO] [stderr]   |
[INFO] [stderr] help: consider importing this attribute macro
[INFO] [stderr]   |
[INFO] [stderr] 3 + use uefi_macros::entry;
[INFO] [stderr]   |
[INFO] [stderr] 
[INFO] [stderr] error[E0412]: cannot find type `Status` in this scope
[INFO] [stderr]  --> tests/ui/fail/entry_bad_abi.rs:6:25
[INFO] [stderr]   |
[INFO] [stderr] 6 | extern "C" fn main() -> Status {
[INFO] [stderr]   |                         ^^^^^^ not found in this scope
[INFO] [stderr] 
[INFO] [stderr] error[E0433]: failed to resolve: use of undeclared type `Status`
[INFO] [stderr]  --> tests/ui/fail/entry_bad_abi.rs:7:5
[INFO] [stderr]   |
[INFO] [stderr] 7 |     Status::SUCCESS
[INFO] [stderr]   |     ^^^^^^ use of undeclared type `Status`
[INFO] [stderr] ┈┈┈┈┈┈┈┈┈┈┈┈┈┈┈┈┈┈┈┈┈┈┈┈┈┈┈┈┈┈┈┈┈┈┈┈┈┈┈┈┈┈┈┈┈┈┈┈┈┈┈┈┈┈┈┈┈┈┈┈
[INFO] [stderr] note: If the actual output is the correct output you can bless it by rerunning
[INFO] [stderr]       your test with the environment variable TRYBUILD=overwrite
[INFO] [stderr] 
[INFO] [stderr] test tests/ui/fail/entry_bad_arg.rs [should fail to compile] ... mismatch
[INFO] [stderr] 
[INFO] [stderr] EXPECTED:
[INFO] [stderr] ┈┈┈┈┈┈┈┈┈┈┈┈┈┈┈┈┈┈┈┈┈┈┈┈┈┈┈┈┈┈┈┈┈┈┈┈┈┈┈┈┈┈┈┈┈┈┈┈┈┈┈┈┈┈┈┈┈┈┈┈
[INFO] [stderr] error: Entry function must have no arguments
[INFO] [stderr]  --> tests/ui/fail/entry_bad_arg.rs:6:9
[INFO] [stderr]   |
[INFO] [stderr] 6 | fn main(_x: usize) -> Status {
[INFO] [stderr]   |         ^^
[INFO] [stderr] ┈┈┈┈┈┈┈┈┈┈┈┈┈┈┈┈┈┈┈┈┈┈┈┈┈┈┈┈┈┈┈┈┈┈┈┈┈┈┈┈┈┈┈┈┈┈┈┈┈┈┈┈┈┈┈┈┈┈┈┈
[INFO] [stderr] 
[INFO] [stderr] ACTUAL OUTPUT:
[INFO] [stderr] ┈┈┈┈┈┈┈┈┈┈┈┈┈┈┈┈┈┈┈┈┈┈┈┈┈┈┈┈┈┈┈┈┈┈┈┈┈┈┈┈┈┈┈┈┈┈┈┈┈┈┈┈┈┈┈┈┈┈┈┈
[INFO] [stderr] error[E0433]: failed to resolve: use of undeclared crate or module `uefi`
[INFO] [stderr]  --> tests/ui/fail/entry_bad_arg.rs:3:5
[INFO] [stderr]   |
[INFO] [stderr] 3 | use uefi::prelude::*;
[INFO] [stderr]   |     ^^^^ use of undeclared crate or module `uefi`
[INFO] [stderr] 
[INFO] [stderr] error: cannot find attribute `entry` in this scope
[INFO] [stderr]  --> tests/ui/fail/entry_bad_arg.rs:5:3
[INFO] [stderr]   |
[INFO] [stderr] 5 | #[entry]
[INFO] [stderr]   |   ^^^^^
[INFO] [stderr]   |
[INFO] [stderr] help: consider importing this attribute macro
[INFO] [stderr]   |
[INFO] [stderr] 3 + use uefi_macros::entry;
[INFO] [stderr]   |
[INFO] [stderr] 
[INFO] [stderr] error[E0412]: cannot find type `Status` in this scope
[INFO] [stderr]  --> tests/ui/fail/entry_bad_arg.rs:6:23
[INFO] [stderr]   |
[INFO] [stderr] 6 | fn main(_x: usize) -> Status {
[INFO] [stderr]   |                       ^^^^^^ not found in this scope
[INFO] [stderr] 
[INFO] [stderr] error[E0433]: failed to resolve: use of undeclared type `Status`
[INFO] [stderr]  --> tests/ui/fail/entry_bad_arg.rs:7:5
[INFO] [stderr]   |
[INFO] [stderr] 7 |     Status::SUCCESS
[INFO] [stderr]   |     ^^^^^^ use of undeclared type `Status`
[INFO] [stderr] ┈┈┈┈┈┈┈┈┈┈┈┈┈┈┈┈┈┈┈┈┈┈┈┈┈┈┈┈┈┈┈┈┈┈┈┈┈┈┈┈┈┈┈┈┈┈┈┈┈┈┈┈┈┈┈┈┈┈┈┈
[INFO] [stderr] note: If the actual output is the correct output you can bless it by rerunning
[INFO] [stderr]       your test with the environment variable TRYBUILD=overwrite
[INFO] [stderr] 
[INFO] [stderr] test tests/ui/fail/entry_bad_async.rs [should fail to compile] ... mismatch
[INFO] [stderr] 
[INFO] [stderr] EXPECTED:
[INFO] [stderr] ┈┈┈┈┈┈┈┈┈┈┈┈┈┈┈┈┈┈┈┈┈┈┈┈┈┈┈┈┈┈┈┈┈┈┈┈┈┈┈┈┈┈┈┈┈┈┈┈┈┈┈┈┈┈┈┈┈┈┈┈
[INFO] [stderr] error: Entry function should not be async
[INFO] [stderr]  --> tests/ui/fail/entry_bad_async.rs:6:1
[INFO] [stderr]   |
[INFO] [stderr] 6 | async fn main() -> Status {
[INFO] [stderr]   | ^^^^^
[INFO] [stderr] ┈┈┈┈┈┈┈┈┈┈┈┈┈┈┈┈┈┈┈┈┈┈┈┈┈┈┈┈┈┈┈┈┈┈┈┈┈┈┈┈┈┈┈┈┈┈┈┈┈┈┈┈┈┈┈┈┈┈┈┈
[INFO] [stderr] 
[INFO] [stderr] ACTUAL OUTPUT:
[INFO] [stderr] ┈┈┈┈┈┈┈┈┈┈┈┈┈┈┈┈┈┈┈┈┈┈┈┈┈┈┈┈┈┈┈┈┈┈┈┈┈┈┈┈┈┈┈┈┈┈┈┈┈┈┈┈┈┈┈┈┈┈┈┈
[INFO] [stderr] error[E0433]: failed to resolve: use of undeclared crate or module `uefi`
[INFO] [stderr]  --> tests/ui/fail/entry_bad_async.rs:3:5
[INFO] [stderr]   |
[INFO] [stderr] 3 | use uefi::prelude::*;
[INFO] [stderr]   |     ^^^^ use of undeclared crate or module `uefi`
[INFO] [stderr] 
[INFO] [stderr] error: cannot find attribute `entry` in this scope
[INFO] [stderr]  --> tests/ui/fail/entry_bad_async.rs:5:3
[INFO] [stderr]   |
[INFO] [stderr] 5 | #[entry]
[INFO] [stderr]   |   ^^^^^
[INFO] [stderr]   |
[INFO] [stderr] help: consider importing this attribute macro
[INFO] [stderr]   |
[INFO] [stderr] 3 + use uefi_macros::entry;
[INFO] [stderr]   |
[INFO] [stderr] 
[INFO] [stderr] error[E0412]: cannot find type `Status` in this scope
[INFO] [stderr]  --> tests/ui/fail/entry_bad_async.rs:6:20
[INFO] [stderr]   |
[INFO] [stderr] 6 | async fn main() -> Status {
[INFO] [stderr]   |                    ^^^^^^ not found in this scope
[INFO] [stderr] 
[INFO] [stderr] error[E0433]: failed to resolve: use of undeclared type `Status`
[INFO] [stderr]  --> tests/ui/fail/entry_bad_async.rs:7:5
[INFO] [stderr]   |
[INFO] [stderr] 7 |     Status::SUCCESS
[INFO] [stderr]   |     ^^^^^^ use of undeclared type `Status`
[INFO] [stderr] ┈┈┈┈┈┈┈┈┈┈┈┈┈┈┈┈┈┈┈┈┈┈┈┈┈┈┈┈┈┈┈┈┈┈┈┈┈┈┈┈┈┈┈┈┈┈┈┈┈┈┈┈┈┈┈┈┈┈┈┈
[INFO] [stderr] note: If the actual output is the correct output you can bless it by rerunning
[INFO] [stderr]       your test with the environment variable TRYBUILD=overwrite
[INFO] [stderr] 
[INFO] [stderr] test tests/ui/fail/entry_bad_attr_arg.rs [should fail to compile] ... mismatch
[INFO] [stderr] 
[INFO] [stderr] EXPECTED:
[INFO] [stderr] ┈┈┈┈┈┈┈┈┈┈┈┈┈┈┈┈┈┈┈┈┈┈┈┈┈┈┈┈┈┈┈┈┈┈┈┈┈┈┈┈┈┈┈┈┈┈┈┈┈┈┈┈┈┈┈┈┈┈┈┈
[INFO] [stderr] error: Entry attribute accepts no arguments
[INFO] [stderr]  --> tests/ui/fail/entry_bad_attr_arg.rs:5:9
[INFO] [stderr]   |
[INFO] [stderr] 5 | #[entry(some_arg)]
[INFO] [stderr]   |         ^^^^^^^^
[INFO] [stderr] ┈┈┈┈┈┈┈┈┈┈┈┈┈┈┈┈┈┈┈┈┈┈┈┈┈┈┈┈┈┈┈┈┈┈┈┈┈┈┈┈┈┈┈┈┈┈┈┈┈┈┈┈┈┈┈┈┈┈┈┈
[INFO] [stderr] 
[INFO] [stderr] ACTUAL OUTPUT:
[INFO] [stderr] ┈┈┈┈┈┈┈┈┈┈┈┈┈┈┈┈┈┈┈┈┈┈┈┈┈┈┈┈┈┈┈┈┈┈┈┈┈┈┈┈┈┈┈┈┈┈┈┈┈┈┈┈┈┈┈┈┈┈┈┈
[INFO] [stderr] error[E0433]: failed to resolve: use of undeclared crate or module `uefi`
[INFO] [stderr]  --> tests/ui/fail/entry_bad_attr_arg.rs:3:5
[INFO] [stderr]   |
[INFO] [stderr] 3 | use uefi::prelude::*;
[INFO] [stderr]   |     ^^^^ use of undeclared crate or module `uefi`
[INFO] [stderr] 
[INFO] [stderr] error: cannot find attribute `entry` in this scope
[INFO] [stderr]  --> tests/ui/fail/entry_bad_attr_arg.rs:5:3
[INFO] [stderr]   |
[INFO] [stderr] 5 | #[entry(some_arg)]
[INFO] [stderr]   |   ^^^^^
[INFO] [stderr]   |
[INFO] [stderr] help: consider importing this attribute macro
[INFO] [stderr]   |
[INFO] [stderr] 3 + use uefi_macros::entry;
[INFO] [stderr]   |
[INFO] [stderr] 
[INFO] [stderr] error[E0412]: cannot find type `Status` in this scope
[INFO] [stderr]  --> tests/ui/fail/entry_bad_attr_arg.rs:6:14
[INFO] [stderr]   |
[INFO] [stderr] 6 | fn main() -> Status {
[INFO] [stderr]   |              ^^^^^^ not found in this scope
[INFO] [stderr] 
[INFO] [stderr] error[E0433]: failed to resolve: use of undeclared type `Status`
[INFO] [stderr]  --> tests/ui/fail/entry_bad_attr_arg.rs:7:5
[INFO] [stderr]   |
[INFO] [stderr] 7 |     Status::SUCCESS
[INFO] [stderr]   |     ^^^^^^ use of undeclared type `Status`
[INFO] [stderr] ┈┈┈┈┈┈┈┈┈┈┈┈┈┈┈┈┈┈┈┈┈┈┈┈┈┈┈┈┈┈┈┈┈┈┈┈┈┈┈┈┈┈┈┈┈┈┈┈┈┈┈┈┈┈┈┈┈┈┈┈
[INFO] [stderr] note: If the actual output is the correct output you can bless it by rerunning
[INFO] [stderr]       your test with the environment variable TRYBUILD=overwrite
[INFO] [stderr] 
[INFO] [stderr] test tests/ui/fail/entry_bad_const.rs [should fail to compile] ... mismatch
[INFO] [stderr] 
[INFO] [stderr] EXPECTED:
[INFO] [stderr] ┈┈┈┈┈┈┈┈┈┈┈┈┈┈┈┈┈┈┈┈┈┈┈┈┈┈┈┈┈┈┈┈┈┈┈┈┈┈┈┈┈┈┈┈┈┈┈┈┈┈┈┈┈┈┈┈┈┈┈┈
[INFO] [stderr] error: Entry function should not be const
[INFO] [stderr]  --> tests/ui/fail/entry_bad_const.rs:6:1
[INFO] [stderr]   |
[INFO] [stderr] 6 | const fn main() -> Status {
[INFO] [stderr]   | ^^^^^
[INFO] [stderr] ┈┈┈┈┈┈┈┈┈┈┈┈┈┈┈┈┈┈┈┈┈┈┈┈┈┈┈┈┈┈┈┈┈┈┈┈┈┈┈┈┈┈┈┈┈┈┈┈┈┈┈┈┈┈┈┈┈┈┈┈
[INFO] [stderr] 
[INFO] [stderr] ACTUAL OUTPUT:
[INFO] [stderr] ┈┈┈┈┈┈┈┈┈┈┈┈┈┈┈┈┈┈┈┈┈┈┈┈┈┈┈┈┈┈┈┈┈┈┈┈┈┈┈┈┈┈┈┈┈┈┈┈┈┈┈┈┈┈┈┈┈┈┈┈
[INFO] [stderr] error[E0433]: failed to resolve: use of undeclared crate or module `uefi`
[INFO] [stderr]  --> tests/ui/fail/entry_bad_const.rs:3:5
[INFO] [stderr]   |
[INFO] [stderr] 3 | use uefi::prelude::*;
[INFO] [stderr]   |     ^^^^ use of undeclared crate or module `uefi`
[INFO] [stderr] 
[INFO] [stderr] error: cannot find attribute `entry` in this scope
[INFO] [stderr]  --> tests/ui/fail/entry_bad_const.rs:5:3
[INFO] [stderr]   |
[INFO] [stderr] 5 | #[entry]
[INFO] [stderr]   |   ^^^^^
[INFO] [stderr]   |
[INFO] [stderr] help: consider importing this attribute macro
[INFO] [stderr]   |
[INFO] [stderr] 3 + use uefi_macros::entry;
[INFO] [stderr]   |
[INFO] [stderr] 
[INFO] [stderr] error[E0412]: cannot find type `Status` in this scope
[INFO] [stderr]  --> tests/ui/fail/entry_bad_const.rs:6:20
[INFO] [stderr]   |
[INFO] [stderr] 6 | const fn main() -> Status {
[INFO] [stderr]   |                    ^^^^^^ not found in this scope
[INFO] [stderr] 
[INFO] [stderr] error[E0433]: failed to resolve: use of undeclared type `Status`
[INFO] [stderr]  --> tests/ui/fail/entry_bad_const.rs:7:5
[INFO] [stderr]   |
[INFO] [stderr] 7 |     Status::SUCCESS
[INFO] [stderr]   |     ^^^^^^ use of undeclared type `Status`
[INFO] [stderr] ┈┈┈┈┈┈┈┈┈┈┈┈┈┈┈┈┈┈┈┈┈┈┈┈┈┈┈┈┈┈┈┈┈┈┈┈┈┈┈┈┈┈┈┈┈┈┈┈┈┈┈┈┈┈┈┈┈┈┈┈
[INFO] [stderr] note: If the actual output is the correct output you can bless it by rerunning
[INFO] [stderr]       your test with the environment variable TRYBUILD=overwrite
[INFO] [stderr] 
[INFO] [stderr] test tests/ui/fail/entry_bad_generic.rs [should fail to compile] ... mismatch
[INFO] [stderr] 
[INFO] [stderr] EXPECTED:
[INFO] [stderr] ┈┈┈┈┈┈┈┈┈┈┈┈┈┈┈┈┈┈┈┈┈┈┈┈┈┈┈┈┈┈┈┈┈┈┈┈┈┈┈┈┈┈┈┈┈┈┈┈┈┈┈┈┈┈┈┈┈┈┈┈
[INFO] [stderr] error: Entry function should not be generic
[INFO] [stderr]  --> tests/ui/fail/entry_bad_generic.rs:6:9
[INFO] [stderr]   |
[INFO] [stderr] 6 | fn main<T>() -> Status {
[INFO] [stderr]   |         ^
[INFO] [stderr] ┈┈┈┈┈┈┈┈┈┈┈┈┈┈┈┈┈┈┈┈┈┈┈┈┈┈┈┈┈┈┈┈┈┈┈┈┈┈┈┈┈┈┈┈┈┈┈┈┈┈┈┈┈┈┈┈┈┈┈┈
[INFO] [stderr] 
[INFO] [stderr] ACTUAL OUTPUT:
[INFO] [stderr] ┈┈┈┈┈┈┈┈┈┈┈┈┈┈┈┈┈┈┈┈┈┈┈┈┈┈┈┈┈┈┈┈┈┈┈┈┈┈┈┈┈┈┈┈┈┈┈┈┈┈┈┈┈┈┈┈┈┈┈┈
[INFO] [stderr] error[E0433]: failed to resolve: use of undeclared crate or module `uefi`
[INFO] [stderr]  --> tests/ui/fail/entry_bad_generic.rs:3:5
[INFO] [stderr]   |
[INFO] [stderr] 3 | use uefi::prelude::*;
[INFO] [stderr]   |     ^^^^ use of undeclared crate or module `uefi`
[INFO] [stderr] 
[INFO] [stderr] error: cannot find attribute `entry` in this scope
[INFO] [stderr]  --> tests/ui/fail/entry_bad_generic.rs:5:3
[INFO] [stderr]   |
[INFO] [stderr] 5 | #[entry]
[INFO] [stderr]   |   ^^^^^
[INFO] [stderr]   |
[INFO] [stderr] help: consider importing this attribute macro
[INFO] [stderr]   |
[INFO] [stderr] 3 + use uefi_macros::entry;
[INFO] [stderr]   |
[INFO] [stderr] 
[INFO] [stderr] error[E0412]: cannot find type `Status` in this scope
[INFO] [stderr]  --> tests/ui/fail/entry_bad_generic.rs:6:17
[INFO] [stderr]   |
[INFO] [stderr] 6 | fn main<T>() -> Status {
[INFO] [stderr]   |                 ^^^^^^ not found in this scope
[INFO] [stderr] 
[INFO] [stderr] error[E0433]: failed to resolve: use of undeclared type `Status`
[INFO] [stderr]  --> tests/ui/fail/entry_bad_generic.rs:7:5
[INFO] [stderr]   |
[INFO] [stderr] 7 |     Status::SUCCESS
[INFO] [stderr]   |     ^^^^^^ use of undeclared type `Status`
[INFO] [stderr] ┈┈┈┈┈┈┈┈┈┈┈┈┈┈┈┈┈┈┈┈┈┈┈┈┈┈┈┈┈┈┈┈┈┈┈┈┈┈┈┈┈┈┈┈┈┈┈┈┈┈┈┈┈┈┈┈┈┈┈┈
[INFO] [stderr] note: If the actual output is the correct output you can bless it by rerunning
[INFO] [stderr]       your test with the environment variable TRYBUILD=overwrite
[INFO] [stderr] 
[INFO] [stderr] test tests/ui/fail/entry_bad_return_type.rs [should fail to compile] ... mismatch
[INFO] [stderr] 
[INFO] [stderr] EXPECTED:
[INFO] [stderr] ┈┈┈┈┈┈┈┈┈┈┈┈┈┈┈┈┈┈┈┈┈┈┈┈┈┈┈┈┈┈┈┈┈┈┈┈┈┈┈┈┈┈┈┈┈┈┈┈┈┈┈┈┈┈┈┈┈┈┈┈
[INFO] [stderr] error[E0308]: mismatched types
[INFO] [stderr]  --> tests/ui/fail/entry_bad_return_type.rs:6:1
[INFO] [stderr]   |
[INFO] [stderr] 6 | fn main() -> bool {
[INFO] [stderr]   | ^^^^^^^^^^^^^^^^^ expected `Status`, found `bool`
[INFO] [stderr]   |
[INFO] [stderr]   = note: expected fn pointer `extern "efiapi" fn(Handle, *const c_void) -> Status`
[INFO] [stderr]              found fn pointer `extern "efiapi" fn(Handle, *const c_void) -> bool`
[INFO] [stderr] ┈┈┈┈┈┈┈┈┈┈┈┈┈┈┈┈┈┈┈┈┈┈┈┈┈┈┈┈┈┈┈┈┈┈┈┈┈┈┈┈┈┈┈┈┈┈┈┈┈┈┈┈┈┈┈┈┈┈┈┈
[INFO] [stderr] 
[INFO] [stderr] ACTUAL OUTPUT:
[INFO] [stderr] ┈┈┈┈┈┈┈┈┈┈┈┈┈┈┈┈┈┈┈┈┈┈┈┈┈┈┈┈┈┈┈┈┈┈┈┈┈┈┈┈┈┈┈┈┈┈┈┈┈┈┈┈┈┈┈┈┈┈┈┈
[INFO] [stderr] error[E0433]: failed to resolve: use of undeclared crate or module `uefi`
[INFO] [stderr]  --> tests/ui/fail/entry_bad_return_type.rs:3:5
[INFO] [stderr]   |
[INFO] [stderr] 3 | use uefi::prelude::*;
[INFO] [stderr]   |     ^^^^ use of undeclared crate or module `uefi`
[INFO] [stderr] 
[INFO] [stderr] error: cannot find attribute `entry` in this scope
[INFO] [stderr]  --> tests/ui/fail/entry_bad_return_type.rs:5:3
[INFO] [stderr]   |
[INFO] [stderr] 5 | #[entry]
[INFO] [stderr]   |   ^^^^^
[INFO] [stderr]   |
[INFO] [stderr] help: consider importing this attribute macro
[INFO] [stderr]   |
[INFO] [stderr] 3 + use uefi_macros::entry;
[INFO] [stderr]   |
[INFO] [stderr] ┈┈┈┈┈┈┈┈┈┈┈┈┈┈┈┈┈┈┈┈┈┈┈┈┈┈┈┈┈┈┈┈┈┈┈┈┈┈┈┈┈┈┈┈┈┈┈┈┈┈┈┈┈┈┈┈┈┈┈┈
[INFO] [stderr] note: If the actual output is the correct output you can bless it by rerunning
[INFO] [stderr]       your test with the environment variable TRYBUILD=overwrite
[INFO] [stderr] 
[INFO] [stderr] test tests/ui/pass/entry.rs [should pass] ... error
[INFO] [stderr] ┈┈┈┈┈┈┈┈┈┈┈┈┈┈┈┈┈┈┈┈┈┈┈┈┈┈┈┈┈┈┈┈┈┈┈┈┈┈┈┈┈┈┈┈┈┈┈┈┈┈┈┈┈┈┈┈┈┈┈┈
[INFO] [stderr] error[E0432]: unresolved import `uefi`
[INFO] [stderr]  --> tests/ui/pass/entry.rs:1:5
[INFO] [stderr]   |
[INFO] [stderr] 1 | use uefi::{entry, Status};
[INFO] [stderr]   |     ^^^^ use of undeclared crate or module `uefi`
[INFO] [stderr] ┈┈┈┈┈┈┈┈┈┈┈┈┈┈┈┈┈┈┈┈┈┈┈┈┈┈┈┈┈┈┈┈┈┈┈┈┈┈┈┈┈┈┈┈┈┈┈┈┈┈┈┈┈┈┈┈┈┈┈┈
[INFO] [stderr] 
[INFO] [stderr] test tests/ui/pass/entry_docstring.rs [should pass] ... error
[INFO] [stderr] ┈┈┈┈┈┈┈┈┈┈┈┈┈┈┈┈┈┈┈┈┈┈┈┈┈┈┈┈┈┈┈┈┈┈┈┈┈┈┈┈┈┈┈┈┈┈┈┈┈┈┈┈┈┈┈┈┈┈┈┈
[INFO] [stderr] error[E0432]: unresolved import `uefi`
[INFO] [stderr]  --> tests/ui/pass/entry_docstring.rs:1:5
[INFO] [stderr]   |
[INFO] [stderr] 1 | use uefi::{entry, Status};
[INFO] [stderr]   |     ^^^^ use of undeclared crate or module `uefi`
[INFO] [stderr] ┈┈┈┈┈┈┈┈┈┈┈┈┈┈┈┈┈┈┈┈┈┈┈┈┈┈┈┈┈┈┈┈┈┈┈┈┈┈┈┈┈┈┈┈┈┈┈┈┈┈┈┈┈┈┈┈┈┈┈┈
[INFO] [stderr] 
[INFO] [stderr] test tests/ui/pass/entry_unsafe.rs [should pass] ... error
[INFO] [stderr] ┈┈┈┈┈┈┈┈┈┈┈┈┈┈┈┈┈┈┈┈┈┈┈┈┈┈┈┈┈┈┈┈┈┈┈┈┈┈┈┈┈┈┈┈┈┈┈┈┈┈┈┈┈┈┈┈┈┈┈┈
[INFO] [stderr] error[E0432]: unresolved import `uefi`
[INFO] [stderr]  --> tests/ui/pass/entry_unsafe.rs:1:5
[INFO] [stderr]   |
[INFO] [stderr] 1 | use uefi::{entry, Status};
[INFO] [stderr]   |     ^^^^ use of undeclared crate or module `uefi`
[INFO] [stderr] ┈┈┈┈┈┈┈┈┈┈┈┈┈┈┈┈┈┈┈┈┈┈┈┈┈┈┈┈┈┈┈┈┈┈┈┈┈┈┈┈┈┈┈┈┈┈┈┈┈┈┈┈┈┈┈┈┈┈┈┈
[INFO] [stderr] 
[INFO] [stderr] 
[INFO] [stderr] 
[INFO] [stdout] test ui ... FAILED
[INFO] [stdout] 
[INFO] [stdout] failures:
[INFO] [stdout] 
[INFO] [stdout] ---- ui stdout ----
[INFO] [stdout] thread 'ui' panicked at /opt/rustwide/cargo-home/registry/src/index.crates.io-6f17d22bba15001f/trybuild-1.0.101/src/run.rs:101:13:
[INFO] [stdout] 10 of 10 tests failed
[INFO] [stdout] stack backtrace:
[INFO] [stdout]    0:     0x5a406331bb8a - std::backtrace_rs::backtrace::libunwind::trace::h5a5b8284f2d0c266
[INFO] [stdout]                                at /rustc/90b35a6239c3d8bdabc530a6a0816f7ff89a0aaf/library/std/src/../../backtrace/src/backtrace/libunwind.rs:116:5
[INFO] [stdout]    1:     0x5a406331bb8a - std::backtrace_rs::backtrace::trace_unsynchronized::h76d4f1c9b0b875e3
[INFO] [stdout]                                at /rustc/90b35a6239c3d8bdabc530a6a0816f7ff89a0aaf/library/std/src/../../backtrace/src/backtrace/mod.rs:66:5
[INFO] [stdout]    2:     0x5a406331bb8a - std::sys::backtrace::_print_fmt::hc4546b8364a537c6
[INFO] [stdout]                                at /rustc/90b35a6239c3d8bdabc530a6a0816f7ff89a0aaf/library/std/src/sys/backtrace.rs:66:9
[INFO] [stdout]    3:     0x5a406331bb8a - <std::sys::backtrace::BacktraceLock::print::DisplayBacktrace as core::fmt::Display>::fmt::h5b6bd5631a6d1f6b
[INFO] [stdout]                                at /rustc/90b35a6239c3d8bdabc530a6a0816f7ff89a0aaf/library/std/src/sys/backtrace.rs:39:26
[INFO] [stdout]    4:     0x5a4063344793 - core::fmt::rt::Argument::fmt::h270f6602a2b96f62
[INFO] [stdout]                                at /rustc/90b35a6239c3d8bdabc530a6a0816f7ff89a0aaf/library/core/src/fmt/rt.rs:177:76
[INFO] [stdout]    5:     0x5a4063344793 - core::fmt::write::h7550c97b06c86515
[INFO] [stdout]                                at /rustc/90b35a6239c3d8bdabc530a6a0816f7ff89a0aaf/library/core/src/fmt/mod.rs:1186:21
[INFO] [stdout]    6:     0x5a4063318263 - std::io::Write::write_fmt::h509ff860e5956e5e
[INFO] [stdout]                                at /rustc/90b35a6239c3d8bdabc530a6a0816f7ff89a0aaf/library/std/src/io/mod.rs:1839:15
[INFO] [stdout]    7:     0x5a406331b9d2 - std::sys::backtrace::BacktraceLock::print::h2395ccd2c84ba3aa
[INFO] [stdout]                                at /rustc/90b35a6239c3d8bdabc530a6a0816f7ff89a0aaf/library/std/src/sys/backtrace.rs:42:9
[INFO] [stdout]    8:     0x5a406331d5ea - std::panicking::default_hook::{{closure}}::he19d4c7230e07961
[INFO] [stdout]                                at /rustc/90b35a6239c3d8bdabc530a6a0816f7ff89a0aaf/library/std/src/panicking.rs:268:22
[INFO] [stdout]    9:     0x5a406331d3f4 - std::panicking::default_hook::hf614597d3c67bbdb
[INFO] [stdout]                                at /rustc/90b35a6239c3d8bdabc530a6a0816f7ff89a0aaf/library/std/src/panicking.rs:292:9
[INFO] [stdout]   10:     0x5a40632e5d19 - <alloc::boxed::Box<F,A> as core::ops::function::Fn<Args>>::call::h39b51ce4599c23d1
[INFO] [stdout]                                at /rustc/90b35a6239c3d8bdabc530a6a0816f7ff89a0aaf/library/alloc/src/boxed.rs:2468:9
[INFO] [stdout]   11:     0x5a40632e5d19 - test::test_main::{{closure}}::he977ae839a582784
[INFO] [stdout]                                at /rustc/90b35a6239c3d8bdabc530a6a0816f7ff89a0aaf/library/test/src/lib.rs:133:21
[INFO] [stdout]   12:     0x5a406331dc88 - <alloc::boxed::Box<F,A> as core::ops::function::Fn<Args>>::call::h9455091b6b06f9fb
[INFO] [stdout]                                at /rustc/90b35a6239c3d8bdabc530a6a0816f7ff89a0aaf/library/alloc/src/boxed.rs:2468:9
[INFO] [stdout]   13:     0x5a406331dc88 - std::panicking::rust_panic_with_hook::h8942133a8b252070
[INFO] [stdout]                                at /rustc/90b35a6239c3d8bdabc530a6a0816f7ff89a0aaf/library/std/src/panicking.rs:809:13
[INFO] [stdout]   14:     0x5a406331da4a - std::panicking::begin_panic_handler::{{closure}}::hb5f5963570096b29
[INFO] [stdout]                                at /rustc/90b35a6239c3d8bdabc530a6a0816f7ff89a0aaf/library/std/src/panicking.rs:674:13
[INFO] [stdout]   15:     0x5a406331c069 - std::sys::backtrace::__rust_end_short_backtrace::h6208cedc1922feda
[INFO] [stdout]                                at /rustc/90b35a6239c3d8bdabc530a6a0816f7ff89a0aaf/library/std/src/sys/backtrace.rs:170:18
[INFO] [stdout]   16:     0x5a406331d6dc - rust_begin_unwind
[INFO] [stdout]                                at /rustc/90b35a6239c3d8bdabc530a6a0816f7ff89a0aaf/library/std/src/panicking.rs:665:5
[INFO] [stdout]   17:     0x5a4062ff8210 - core::panicking::panic_fmt::h0c3082644d1bf418
[INFO] [stdout]                                at /rustc/90b35a6239c3d8bdabc530a6a0816f7ff89a0aaf/library/core/src/panicking.rs:74:14
[INFO] [stdout]   18:     0x5a406300620f - trybuild::run::<impl trybuild::Runner>::run::h70e08e68764529b9
[INFO] [stdout]                                at /opt/rustwide/cargo-home/registry/src/index.crates.io-6f17d22bba15001f/trybuild-1.0.101/src/run.rs:101:13
[INFO] [stdout]   19:     0x5a406300b718 - <trybuild::TestCases as core::ops::drop::Drop>::drop::hbf26ffa6f9705e5a
[INFO] [stdout]                                at /opt/rustwide/cargo-home/registry/src/index.crates.io-6f17d22bba15001f/trybuild-1.0.101/src/lib.rs:340:13
[INFO] [stdout]   20:     0x5a4062ff8e57 - core::ptr::drop_in_place<trybuild::TestCases>::he8dcbbf5684467b6
[INFO] [stdout]                                at /rustc/90b35a6239c3d8bdabc530a6a0816f7ff89a0aaf/library/core/src/ptr/mod.rs:574:1
[INFO] [stdout]   21:     0x5a4062ff96eb - compilation::ui::h9e4b860cba5a1064
[INFO] [stdout]                                at /opt/rustwide/workdir/tests/compilation.rs:6:1
[INFO] [stdout]   22:     0x5a4062ff9667 - compilation::ui::{{closure}}::h8479ee16713231d5
[INFO] [stdout]                                at /opt/rustwide/workdir/tests/compilation.rs:2:8
[INFO] [stdout]   23:     0x5a4062ff8e06 - core::ops::function::FnOnce::call_once::hef0dd7d5cd02d4e8
[INFO] [stdout]                                at /rustc/90b35a6239c3d8bdabc530a6a0816f7ff89a0aaf/library/core/src/ops/function.rs:250:5
[INFO] [stdout]   24:     0x5a40632ea6db - core::ops::function::FnOnce::call_once::h109cf8051a59b34e
[INFO] [stdout]                                at /rustc/90b35a6239c3d8bdabc530a6a0816f7ff89a0aaf/library/core/src/ops/function.rs:250:5
[INFO] [stdout]   25:     0x5a40632ea6db - test::__rust_begin_short_backtrace::hf4fff89d377446ba
[INFO] [stdout]                                at /rustc/90b35a6239c3d8bdabc530a6a0816f7ff89a0aaf/library/test/src/lib.rs:621:18
[INFO] [stdout]   26:     0x5a40632e9f17 - test::run_test_in_process::{{closure}}::h0e39181dd7ee5a43
[INFO] [stdout]                                at /rustc/90b35a6239c3d8bdabc530a6a0816f7ff89a0aaf/library/test/src/lib.rs:644:60
[INFO] [stdout]   27:     0x5a40632e9f17 - <core::panic::unwind_safe::AssertUnwindSafe<F> as core::ops::function::FnOnce<()>>::call_once::hc5a66a30f0bdfd1f
[INFO] [stdout]                                at /rustc/90b35a6239c3d8bdabc530a6a0816f7ff89a0aaf/library/core/src/panic/unwind_safe.rs:272:9
[INFO] [stdout]   28:     0x5a40632e9f17 - std::panicking::try::do_call::h873b7cf639554a5e
[INFO] [stdout]                                at /rustc/90b35a6239c3d8bdabc530a6a0816f7ff89a0aaf/library/std/src/panicking.rs:557:40
[INFO] [stdout]   29:     0x5a40632e9f17 - std::panicking::try::hdb19862fad9c8bd1
[INFO] [stdout]                                at /rustc/90b35a6239c3d8bdabc530a6a0816f7ff89a0aaf/library/std/src/panicking.rs:520:19
[INFO] [stdout]   30:     0x5a40632e9f17 - std::panic::catch_unwind::h281fe732d236d260
[INFO] [stdout]                                at /rustc/90b35a6239c3d8bdabc530a6a0816f7ff89a0aaf/library/std/src/panic.rs:358:14
[INFO] [stdout]   31:     0x5a40632e9f17 - test::run_test_in_process::h949b6df8457ed338
[INFO] [stdout]                                at /rustc/90b35a6239c3d8bdabc530a6a0816f7ff89a0aaf/library/test/src/lib.rs:644:27
[INFO] [stdout]   32:     0x5a40632e9f17 - test::run_test::{{closure}}::h52c556a6d4740e10
[INFO] [stdout]                                at /rustc/90b35a6239c3d8bdabc530a6a0816f7ff89a0aaf/library/test/src/lib.rs:565:43
[INFO] [stdout]   33:     0x5a40632af1f4 - test::run_test::{{closure}}::h4237f6381c45ccb9
[INFO] [stdout]                                at /rustc/90b35a6239c3d8bdabc530a6a0816f7ff89a0aaf/library/test/src/lib.rs:595:41
[INFO] [stdout]   34:     0x5a40632af1f4 - std::sys::backtrace::__rust_begin_short_backtrace::h505c97a579eca628
[INFO] [stdout]                                at /rustc/90b35a6239c3d8bdabc530a6a0816f7ff89a0aaf/library/std/src/sys/backtrace.rs:154:18
[INFO] [stdout]   35:     0x5a40632b28be - std::thread::Builder::spawn_unchecked_::{{closure}}::{{closure}}::h9e86b2e2bc107ea3
[INFO] [stdout]                                at /rustc/90b35a6239c3d8bdabc530a6a0816f7ff89a0aaf/library/std/src/thread/mod.rs:538:17
[INFO] [stdout]   36:     0x5a40632b28be - <core::panic::unwind_safe::AssertUnwindSafe<F> as core::ops::function::FnOnce<()>>::call_once::h8b06ddb275ff4a25
[INFO] [stdout]                                at /rustc/90b35a6239c3d8bdabc530a6a0816f7ff89a0aaf/library/core/src/panic/unwind_safe.rs:272:9
[INFO] [stdout]   37:     0x5a40632b28be - std::panicking::try::do_call::hb26ecd7cd9a9355d
[INFO] [stdout]                                at /rustc/90b35a6239c3d8bdabc530a6a0816f7ff89a0aaf/library/std/src/panicking.rs:557:40
[INFO] [stdout]   38:     0x5a40632b28be - std::panicking::try::h8ddeca9d705f9069
[INFO] [stdout]                                at /rustc/90b35a6239c3d8bdabc530a6a0816f7ff89a0aaf/library/std/src/panicking.rs:520:19
[INFO] [stdout]   39:     0x5a40632b28be - std::panic::catch_unwind::h49e1c33078844c46
[INFO] [stdout]                                at /rustc/90b35a6239c3d8bdabc530a6a0816f7ff89a0aaf/library/std/src/panic.rs:358:14
[INFO] [stdout]   40:     0x5a40632b28be - std::thread::Builder::spawn_unchecked_::{{closure}}::h6073db6ff56ad35d
[INFO] [stdout]                                at /rustc/90b35a6239c3d8bdabc530a6a0816f7ff89a0aaf/library/std/src/thread/mod.rs:537:30
[INFO] [stdout]   41:     0x5a40632b28be - core::ops::function::FnOnce::call_once{{vtable.shim}}::h2c5a5f3779c774f1
[INFO] [stdout]                                at /rustc/90b35a6239c3d8bdabc530a6a0816f7ff89a0aaf/library/core/src/ops/function.rs:250:5
[INFO] [stdout]   42:     0x5a406332297b - <alloc::boxed::Box<F,A> as core::ops::function::FnOnce<Args>>::call_once::hf75717d9f28faebf
[INFO] [stdout]                                at /rustc/90b35a6239c3d8bdabc530a6a0816f7ff89a0aaf/library/alloc/src/boxed.rs:2454:9
[INFO] [stdout]   43:     0x5a406332297b - <alloc::boxed::Box<F,A> as core::ops::function::FnOnce<Args>>::call_once::h7bd883a5f3c5f3c1
[INFO] [stdout]                                at /rustc/90b35a6239c3d8bdabc530a6a0816f7ff89a0aaf/library/alloc/src/boxed.rs:2454:9
[INFO] [stdout]   44:     0x5a406332297b - std::sys::pal::unix::thread::Thread::new::thread_start::hcc78f3943333fa94
[INFO] [stdout]                                at /rustc/90b35a6239c3d8bdabc530a6a0816f7ff89a0aaf/library/std/src/sys/pal/unix/thread.rs:105:17
[INFO] [stdout]   45:     0x7cecdbef6ac3 - <unknown>
[INFO] [stdout]   46:     0x7cecdbf87a04 - clone
[INFO] [stdout]   47:                0x0 - <unknown>
[INFO] [stdout] 
[INFO] [stdout] 
[INFO] [stdout] failures:
[INFO] [stdout]     ui
[INFO] [stdout] 
[INFO] [stdout] test result: FAILED. 0 passed; 1 failed; 0 ignored; 0 measured; 0 filtered out; finished in 17.85s
[INFO] [stdout] 
[INFO] [stderr] error: test failed, to rerun pass `--test compilation`
[INFO] running `Command { std: "docker" "inspect" "a308c6a0570f81e5999b4b6a6bc9be64d0d08debc42174e14db2004d330a234e", kill_on_drop: false }`
[INFO] running `Command { std: "docker" "rm" "-f" "a308c6a0570f81e5999b4b6a6bc9be64d0d08debc42174e14db2004d330a234e", kill_on_drop: false }`
[INFO] [stdout] a308c6a0570f81e5999b4b6a6bc9be64d0d08debc42174e14db2004d330a234e
