[INFO] fetching crate ucpack 0.1.3...
[INFO] testing ucpack-0.1.3 against 1.83.0 for beta-1.84.0-4-retry
[INFO] extracting crate ucpack 0.1.3 into /workspace/builds/worker-3-tc1/source
[INFO] validating manifest of crates.io crate ucpack 0.1.3 on toolchain 1.83.0
[INFO] running `Command { std: CARGO_HOME="/workspace/cargo-home" RUSTUP_HOME="/workspace/rustup-home" "/workspace/cargo-home/bin/cargo" "+1.83.0" "metadata" "--manifest-path" "Cargo.toml" "--no-deps", kill_on_drop: false }`
[INFO] started tweaking crates.io crate ucpack 0.1.3
[INFO] removed 0 missing tests
[INFO] finished tweaking crates.io crate ucpack 0.1.3
[INFO] tweaked toml for crates.io crate ucpack 0.1.3 written to /workspace/builds/worker-3-tc1/source/Cargo.toml
[INFO] running `Command { std: CARGO_HOME="/workspace/cargo-home" RUSTUP_HOME="/workspace/rustup-home" "/workspace/cargo-home/bin/cargo" "+1.83.0" "generate-lockfile" "--manifest-path" "Cargo.toml", kill_on_drop: false }`
[INFO] [stderr]     Updating crates.io index
[INFO] [stderr]      Locking 6 packages to latest compatible versions
[INFO] running `Command { std: CARGO_HOME="/workspace/cargo-home" RUSTUP_HOME="/workspace/rustup-home" "/workspace/cargo-home/bin/cargo" "+1.83.0" "fetch" "--manifest-path" "Cargo.toml", kill_on_drop: false }`
[INFO] running `Command { std: "docker" "create" "-v" "/var/lib/crater-agent-workspace/builds/worker-3-tc1/target:/opt/rustwide/target:rw,Z" "-v" "/var/lib/crater-agent-workspace/builds/worker-3-tc1/source:/opt/rustwide/workdir:ro,Z" "-v" "/var/lib/crater-agent-workspace/cargo-home:/opt/rustwide/cargo-home:ro,Z" "-v" "/var/lib/crater-agent-workspace/rustup-home:/opt/rustwide/rustup-home:ro,Z" "-e" "SOURCE_DIR=/opt/rustwide/workdir" "-e" "CARGO_TARGET_DIR=/opt/rustwide/target" "-e" "CARGO_HOME=/opt/rustwide/cargo-home" "-e" "RUSTUP_HOME=/opt/rustwide/rustup-home" "-w" "/opt/rustwide/workdir" "-m" "1610612736" "--user" "0:0" "--network" "none" "ghcr.io/rust-lang/crates-build-env/linux@sha256:f3a9d4ad9d972b27faf3965f35b62e55ba32bbce8f20bc8fe909558a86702fde" "/opt/rustwide/cargo-home/bin/cargo" "+1.83.0" "metadata" "--no-deps" "--format-version=1", kill_on_drop: false }`
[INFO] [stdout] 6a008e01ee5f94fef5f241cc053891516e3a1f8da2144d4896b217b165a57cc0
[INFO] running `Command { std: "docker" "start" "-a" "6a008e01ee5f94fef5f241cc053891516e3a1f8da2144d4896b217b165a57cc0", kill_on_drop: false }`
[INFO] running `Command { std: "docker" "inspect" "6a008e01ee5f94fef5f241cc053891516e3a1f8da2144d4896b217b165a57cc0", kill_on_drop: false }`
[INFO] running `Command { std: "docker" "rm" "-f" "6a008e01ee5f94fef5f241cc053891516e3a1f8da2144d4896b217b165a57cc0", kill_on_drop: false }`
[INFO] [stdout] 6a008e01ee5f94fef5f241cc053891516e3a1f8da2144d4896b217b165a57cc0
[INFO] running `Command { std: "docker" "create" "-v" "/var/lib/crater-agent-workspace/builds/worker-3-tc1/target:/opt/rustwide/target:rw,Z" "-v" "/var/lib/crater-agent-workspace/builds/worker-3-tc1/source:/opt/rustwide/workdir:ro,Z" "-v" "/var/lib/crater-agent-workspace/cargo-home:/opt/rustwide/cargo-home:ro,Z" "-v" "/var/lib/crater-agent-workspace/rustup-home:/opt/rustwide/rustup-home:ro,Z" "-e" "SOURCE_DIR=/opt/rustwide/workdir" "-e" "CARGO_TARGET_DIR=/opt/rustwide/target" "-e" "CARGO_INCREMENTAL=0" "-e" "RUST_BACKTRACE=full" "-e" "RUSTFLAGS=--cap-lints=warn" "-e" "RUSTDOCFLAGS=--cap-lints=warn" "-e" "CARGO_HOME=/opt/rustwide/cargo-home" "-e" "RUSTUP_HOME=/opt/rustwide/rustup-home" "-w" "/opt/rustwide/workdir" "-m" "1610612736" "--user" "0:0" "--network" "none" "ghcr.io/rust-lang/crates-build-env/linux@sha256:f3a9d4ad9d972b27faf3965f35b62e55ba32bbce8f20bc8fe909558a86702fde" "/opt/rustwide/cargo-home/bin/cargo" "+1.83.0" "build" "--frozen" "--message-format=json", kill_on_drop: false }`
[INFO] [stdout] c69810ded33f3197fd13b04092c7fc64d01dd6fd600b0196313ca2681b9e71d6
[INFO] running `Command { std: "docker" "start" "-a" "c69810ded33f3197fd13b04092c7fc64d01dd6fd600b0196313ca2681b9e71d6", kill_on_drop: false }`
[INFO] [stderr]    Compiling proc-macro2 v1.0.92
[INFO] [stderr]    Compiling unicode-ident v1.0.14
[INFO] [stderr]    Compiling serde v1.0.216
[INFO] [stderr]    Compiling quote v1.0.37
[INFO] [stderr]    Compiling syn v2.0.90
[INFO] [stderr]    Compiling serde_derive v1.0.216
[INFO] [stderr]    Compiling ucpack v0.1.3 (/opt/rustwide/workdir)
[INFO] [stderr]     Finished `dev` profile [unoptimized + debuginfo] target(s) in 12.60s
[INFO] running `Command { std: "docker" "inspect" "c69810ded33f3197fd13b04092c7fc64d01dd6fd600b0196313ca2681b9e71d6", kill_on_drop: false }`
[INFO] running `Command { std: "docker" "rm" "-f" "c69810ded33f3197fd13b04092c7fc64d01dd6fd600b0196313ca2681b9e71d6", kill_on_drop: false }`
[INFO] [stdout] c69810ded33f3197fd13b04092c7fc64d01dd6fd600b0196313ca2681b9e71d6
[INFO] running `Command { std: "docker" "create" "-v" "/var/lib/crater-agent-workspace/builds/worker-3-tc1/target:/opt/rustwide/target:rw,Z" "-v" "/var/lib/crater-agent-workspace/builds/worker-3-tc1/source:/opt/rustwide/workdir:ro,Z" "-v" "/var/lib/crater-agent-workspace/cargo-home:/opt/rustwide/cargo-home:ro,Z" "-v" "/var/lib/crater-agent-workspace/rustup-home:/opt/rustwide/rustup-home:ro,Z" "-e" "SOURCE_DIR=/opt/rustwide/workdir" "-e" "CARGO_TARGET_DIR=/opt/rustwide/target" "-e" "CARGO_INCREMENTAL=0" "-e" "RUST_BACKTRACE=full" "-e" "RUSTFLAGS=--cap-lints=warn" "-e" "RUSTDOCFLAGS=--cap-lints=warn" "-e" "CARGO_HOME=/opt/rustwide/cargo-home" "-e" "RUSTUP_HOME=/opt/rustwide/rustup-home" "-w" "/opt/rustwide/workdir" "-m" "1610612736" "--user" "0:0" "--network" "none" "ghcr.io/rust-lang/crates-build-env/linux@sha256:f3a9d4ad9d972b27faf3965f35b62e55ba32bbce8f20bc8fe909558a86702fde" "/opt/rustwide/cargo-home/bin/cargo" "+1.83.0" "test" "--frozen" "--no-run" "--message-format=json", kill_on_drop: false }`
[INFO] [stdout] 24a36635bb544ecff0400ea1b1a187a6015840c2251ea6fb29764c4084b7e01a
[INFO] running `Command { std: "docker" "start" "-a" "24a36635bb544ecff0400ea1b1a187a6015840c2251ea6fb29764c4084b7e01a", kill_on_drop: false }`
[INFO] [stderr]    Compiling ucpack v0.1.3 (/opt/rustwide/workdir)
[INFO] [stderr]     Finished `test` profile [unoptimized + debuginfo] target(s) in 0.82s
[INFO] running `Command { std: "docker" "inspect" "24a36635bb544ecff0400ea1b1a187a6015840c2251ea6fb29764c4084b7e01a", kill_on_drop: false }`
[INFO] running `Command { std: "docker" "rm" "-f" "24a36635bb544ecff0400ea1b1a187a6015840c2251ea6fb29764c4084b7e01a", kill_on_drop: false }`
[INFO] [stdout] 24a36635bb544ecff0400ea1b1a187a6015840c2251ea6fb29764c4084b7e01a
[INFO] running `Command { std: "docker" "create" "-v" "/var/lib/crater-agent-workspace/builds/worker-3-tc1/target:/opt/rustwide/target:rw,Z" "-v" "/var/lib/crater-agent-workspace/builds/worker-3-tc1/source:/opt/rustwide/workdir:ro,Z" "-v" "/var/lib/crater-agent-workspace/cargo-home:/opt/rustwide/cargo-home:ro,Z" "-v" "/var/lib/crater-agent-workspace/rustup-home:/opt/rustwide/rustup-home:ro,Z" "-e" "SOURCE_DIR=/opt/rustwide/workdir" "-e" "CARGO_TARGET_DIR=/opt/rustwide/target" "-e" "CARGO_INCREMENTAL=0" "-e" "RUST_BACKTRACE=full" "-e" "RUSTFLAGS=--cap-lints=warn" "-e" "RUSTDOCFLAGS=--cap-lints=warn" "-e" "CARGO_HOME=/opt/rustwide/cargo-home" "-e" "RUSTUP_HOME=/opt/rustwide/rustup-home" "-w" "/opt/rustwide/workdir" "-m" "1610612736" "--user" "0:0" "--network" "none" "ghcr.io/rust-lang/crates-build-env/linux@sha256:f3a9d4ad9d972b27faf3965f35b62e55ba32bbce8f20bc8fe909558a86702fde" "/opt/rustwide/cargo-home/bin/cargo" "+1.83.0" "test" "--frozen", kill_on_drop: false }`
[INFO] [stdout] bbc9d376b17b556475d659485c9b91ced5a29174ecced8c5cd1861fd3d095fba
[INFO] running `Command { std: "docker" "start" "-a" "bbc9d376b17b556475d659485c9b91ced5a29174ecced8c5cd1861fd3d095fba", kill_on_drop: false }`
[INFO] [stderr]     Finished `test` profile [unoptimized + debuginfo] target(s) in 0.03s
[INFO] [stderr]      Running unittests src/lib.rs (/opt/rustwide/target/debug/deps/ucpack-1a099e2dae01ba81)
[INFO] [stdout] 
[INFO] [stdout] running 1 test
[INFO] [stdout] test buffer::test::full_err ... ok
[INFO] [stdout] 
[INFO] [stdout] test result: ok. 1 passed; 0 failed; 0 ignored; 0 measured; 0 filtered out; finished in 0.01s
[INFO] [stdout] 
[INFO] [stderr]      Running tests/std.rs (/opt/rustwide/target/debug/deps/std-708c57e2ab6e570a)
[INFO] [stdout] 
[INFO] [stdout] running 2 tests
[INFO] [stdout] test test_continuity ... ok
[INFO] [stdout] test test_serialize_deserialize ... ok
[INFO] [stdout] 
[INFO] [stdout] test result: ok. 2 passed; 0 failed; 0 ignored; 0 measured; 0 filtered out; finished in 0.01s
[INFO] [stdout] 
[INFO] [stderr]    Doc-tests ucpack
[INFO] [stdout] 
[INFO] [stdout] running 1 test
[INFO] [stdout] test src/../README.md - (line 22) ... FAILED
[INFO] [stdout] 
[INFO] [stdout] failures:
[INFO] [stdout] 
[INFO] [stdout] ---- src/../README.md - (line 22) stdout ----
[INFO] [stdout] error: unexpected token: `...`
[INFO] [stdout]  --> src/../README.md:26:28
[INFO] [stdout]   |
[INFO] [stdout] 5 |     packer.serialize_slice(...); // ecc..
[INFO] [stdout]   |                            ^^^
[INFO] [stdout]   |
[INFO] [stdout] help: use `..` for an exclusive range
[INFO] [stdout]   |
[INFO] [stdout] 5 |     packer.serialize_slice(..); // ecc..
[INFO] [stdout]   |                            ~~
[INFO] [stdout] help: or `..=` for an inclusive range
[INFO] [stdout]   |
[INFO] [stdout] 5 |     packer.serialize_slice(..=); // ecc..
[INFO] [stdout]   |                            ~~~
[INFO] [stdout] 
[INFO] [stdout] error[E0586]: inclusive range with no end
[INFO] [stdout]  --> src/../README.md:26:28
[INFO] [stdout]   |
[INFO] [stdout] 5 |     packer.serialize_slice(...); // ecc..
[INFO] [stdout]   |                            ^^^
[INFO] [stdout]   |
[INFO] [stdout]   = note: inclusive ranges must be bounded at the end (`..=b` or `a..=b`)
[INFO] [stdout] help: use `..` instead
[INFO] [stdout]   |
[INFO] [stdout] 5 -     packer.serialize_slice(...); // ecc..
[INFO] [stdout] 5 +     packer.serialize_slice(..); // ecc..
[INFO] [stdout]   |
[INFO] [stdout] 
[INFO] [stdout] error[E0412]: cannot find type `UcPack` in this scope
[INFO] [stdout]  --> src/../README.md:23:15
[INFO] [stdout]   |
[INFO] [stdout] 2 | const packer: UcPack = UcPack::new(b'A', b'#');
[INFO] [stdout]   |               ^^^^^^ not found in this scope
[INFO] [stdout]   |
[INFO] [stdout] help: consider importing this struct
[INFO] [stdout]   |
[INFO] [stdout] 2 + use ucpack::UcPack;
[INFO] [stdout]   |
[INFO] [stdout] 
[INFO] [stdout] error[E0433]: failed to resolve: use of undeclared type `UcPack`
[INFO] [stdout]  --> src/../README.md:23:24
[INFO] [stdout]   |
[INFO] [stdout] 2 | const packer: UcPack = UcPack::new(b'A', b'#');
[INFO] [stdout]   |                        ^^^^^^ use of undeclared type `UcPack`
[INFO] [stdout]   |
[INFO] [stdout] help: consider importing this struct
[INFO] [stdout]   |
[INFO] [stdout] 2 + use ucpack::UcPack;
[INFO] [stdout]   |
[INFO] [stdout] 
[INFO] [stdout] error: aborting due to 4 previous errors
[INFO] [stdout] 
[INFO] [stdout] Some errors have detailed explanations: E0412, E0433, E0586.
[INFO] [stdout] For more information about an error, try `rustc --explain E0412`.
[INFO] [stdout] Couldn't compile the test.
[INFO] [stdout] 
[INFO] [stdout] failures:
[INFO] [stdout]     src/../README.md - (line 22)
[INFO] [stdout] 
[INFO] [stdout] test result: FAILED. 0 passed; 1 failed; 0 ignored; 0 measured; 0 filtered out; finished in 0.09s
[INFO] [stdout] 
[INFO] [stderr] error: doctest failed, to rerun pass `--doc`
[INFO] running `Command { std: "docker" "inspect" "bbc9d376b17b556475d659485c9b91ced5a29174ecced8c5cd1861fd3d095fba", kill_on_drop: false }`
[INFO] running `Command { std: "docker" "rm" "-f" "bbc9d376b17b556475d659485c9b91ced5a29174ecced8c5cd1861fd3d095fba", kill_on_drop: false }`
[INFO] [stdout] bbc9d376b17b556475d659485c9b91ced5a29174ecced8c5cd1861fd3d095fba
