[INFO] fetching crate u64_array_bigints_core 0.3.4...
[INFO] testing u64_array_bigints_core-0.3.4 against 1.83.0 for beta-1.84.0-4-retry
[INFO] extracting crate u64_array_bigints_core 0.3.4 into /workspace/builds/worker-5-tc1/source
[INFO] validating manifest of crates.io crate u64_array_bigints_core 0.3.4 on toolchain 1.83.0
[INFO] running `Command { std: CARGO_HOME="/workspace/cargo-home" RUSTUP_HOME="/workspace/rustup-home" "/workspace/cargo-home/bin/cargo" "+1.83.0" "metadata" "--manifest-path" "Cargo.toml" "--no-deps", kill_on_drop: false }`
[INFO] started tweaking crates.io crate u64_array_bigints_core 0.3.4
[INFO] finished tweaking crates.io crate u64_array_bigints_core 0.3.4
[INFO] tweaked toml for crates.io crate u64_array_bigints_core 0.3.4 written to /workspace/builds/worker-5-tc1/source/Cargo.toml
[INFO] running `Command { std: CARGO_HOME="/workspace/cargo-home" RUSTUP_HOME="/workspace/rustup-home" "/workspace/cargo-home/bin/cargo" "+1.83.0" "generate-lockfile" "--manifest-path" "Cargo.toml", kill_on_drop: false }`
[INFO] [stderr]     Updating crates.io index
[INFO] [stderr]      Locking 24 packages to latest compatible versions
[INFO] [stderr]       Adding awint v0.11.0 (available: v0.17.0)
[INFO] [stderr]       Adding thiserror v1.0.69 (available: v2.0.7)
[INFO] [stderr]       Adding uint v0.9.5 (available: v0.10.0)
[INFO] running `Command { std: CARGO_HOME="/workspace/cargo-home" RUSTUP_HOME="/workspace/rustup-home" "/workspace/cargo-home/bin/cargo" "+1.83.0" "fetch" "--manifest-path" "Cargo.toml", kill_on_drop: false }`
[INFO] [stderr]  Downloading crates ...
[INFO] [stderr]   Downloaded awint_macro_internals v0.11.0
[INFO] [stderr]   Downloaded awint_core v0.11.0
[INFO] [stderr]   Downloaded triple_arena v0.9.0
[INFO] [stderr]   Downloaded awint_macros v0.11.0
[INFO] [stderr]   Downloaded awint_internals v0.11.0
[INFO] [stderr]   Downloaded awint_ext v0.11.0
[INFO] [stderr]   Downloaded awint v0.11.0
[INFO] running `Command { std: "docker" "create" "-v" "/var/lib/crater-agent-workspace/builds/worker-5-tc1/target:/opt/rustwide/target:rw,Z" "-v" "/var/lib/crater-agent-workspace/builds/worker-5-tc1/source:/opt/rustwide/workdir:ro,Z" "-v" "/var/lib/crater-agent-workspace/cargo-home:/opt/rustwide/cargo-home:ro,Z" "-v" "/var/lib/crater-agent-workspace/rustup-home:/opt/rustwide/rustup-home:ro,Z" "-e" "SOURCE_DIR=/opt/rustwide/workdir" "-e" "CARGO_TARGET_DIR=/opt/rustwide/target" "-e" "CARGO_HOME=/opt/rustwide/cargo-home" "-e" "RUSTUP_HOME=/opt/rustwide/rustup-home" "-w" "/opt/rustwide/workdir" "-m" "1610612736" "--user" "0:0" "--network" "none" "ghcr.io/rust-lang/crates-build-env/linux@sha256:f3a9d4ad9d972b27faf3965f35b62e55ba32bbce8f20bc8fe909558a86702fde" "/opt/rustwide/cargo-home/bin/cargo" "+1.83.0" "metadata" "--no-deps" "--format-version=1", kill_on_drop: false }`
[INFO] [stdout] abe8a633df9330d50c3e594c997d0e49d51e05f5874c04a237e624059e2a594c
[INFO] running `Command { std: "docker" "start" "-a" "abe8a633df9330d50c3e594c997d0e49d51e05f5874c04a237e624059e2a594c", kill_on_drop: false }`
[INFO] running `Command { std: "docker" "inspect" "abe8a633df9330d50c3e594c997d0e49d51e05f5874c04a237e624059e2a594c", kill_on_drop: false }`
[INFO] running `Command { std: "docker" "rm" "-f" "abe8a633df9330d50c3e594c997d0e49d51e05f5874c04a237e624059e2a594c", kill_on_drop: false }`
[INFO] [stdout] abe8a633df9330d50c3e594c997d0e49d51e05f5874c04a237e624059e2a594c
[INFO] running `Command { std: "docker" "create" "-v" "/var/lib/crater-agent-workspace/builds/worker-5-tc1/target:/opt/rustwide/target:rw,Z" "-v" "/var/lib/crater-agent-workspace/builds/worker-5-tc1/source:/opt/rustwide/workdir:ro,Z" "-v" "/var/lib/crater-agent-workspace/cargo-home:/opt/rustwide/cargo-home:ro,Z" "-v" "/var/lib/crater-agent-workspace/rustup-home:/opt/rustwide/rustup-home:ro,Z" "-e" "SOURCE_DIR=/opt/rustwide/workdir" "-e" "CARGO_TARGET_DIR=/opt/rustwide/target" "-e" "CARGO_INCREMENTAL=0" "-e" "RUST_BACKTRACE=full" "-e" "RUSTFLAGS=--cap-lints=warn" "-e" "RUSTDOCFLAGS=--cap-lints=warn" "-e" "CARGO_HOME=/opt/rustwide/cargo-home" "-e" "RUSTUP_HOME=/opt/rustwide/rustup-home" "-w" "/opt/rustwide/workdir" "-m" "1610612736" "--user" "0:0" "--network" "none" "ghcr.io/rust-lang/crates-build-env/linux@sha256:f3a9d4ad9d972b27faf3965f35b62e55ba32bbce8f20bc8fe909558a86702fde" "/opt/rustwide/cargo-home/bin/cargo" "+1.83.0" "build" "--frozen" "--message-format=json", kill_on_drop: false }`
[INFO] [stdout] 033702a6977c7db1684aee030879a1727c58576a795a65c3d95e491bc5cfec1c
[INFO] running `Command { std: "docker" "start" "-a" "033702a6977c7db1684aee030879a1727c58576a795a65c3d95e491bc5cfec1c", kill_on_drop: false }`
[INFO] [stderr]    Compiling proc-macro2 v1.0.92
[INFO] [stderr]    Compiling unicode-ident v1.0.14
[INFO] [stderr]    Compiling serde v1.0.216
[INFO] [stderr]    Compiling rand_core v0.6.4
[INFO] [stderr]    Compiling bytemuck v1.20.0
[INFO] [stderr]    Compiling quote v1.0.37
[INFO] [stderr]    Compiling syn v2.0.90
[INFO] [stderr]    Compiling serde_derive v1.0.216
[INFO] [stderr]    Compiling u64_array_bigints_core v0.3.4 (/opt/rustwide/workdir)
[INFO] [stdout] warning: unexpected `cfg` condition value: `128`
[INFO] [stdout]   --> src/common.rs:74:7
[INFO] [stdout]    |
[INFO] [stdout] 74 | #[cfg(target_pointer_width = "128")]
[INFO] [stdout]    |       ^^^^^^^^^^^^^^^^^^^^^^^^^^^^
[INFO] [stdout]    |
[INFO] [stdout]    = note: expected values for `target_pointer_width` are: `16`, `32`, and `64`
[INFO] [stdout]    = note: see <https://doc.rust-lang.org/nightly/rustc/check-cfg/cargo-specifics.html> for more information about checking conditional configuration
[INFO] [stdout]    = note: `#[warn(unexpected_cfgs)]` on by default
[INFO] [stdout] 
[INFO] [stdout] 
[INFO] [stderr]     Finished `dev` profile [unoptimized + debuginfo] target(s) in 12.68s
[INFO] running `Command { std: "docker" "inspect" "033702a6977c7db1684aee030879a1727c58576a795a65c3d95e491bc5cfec1c", kill_on_drop: false }`
[INFO] running `Command { std: "docker" "rm" "-f" "033702a6977c7db1684aee030879a1727c58576a795a65c3d95e491bc5cfec1c", kill_on_drop: false }`
[INFO] [stdout] 033702a6977c7db1684aee030879a1727c58576a795a65c3d95e491bc5cfec1c
[INFO] running `Command { std: "docker" "create" "-v" "/var/lib/crater-agent-workspace/builds/worker-5-tc1/target:/opt/rustwide/target:rw,Z" "-v" "/var/lib/crater-agent-workspace/builds/worker-5-tc1/source:/opt/rustwide/workdir:ro,Z" "-v" "/var/lib/crater-agent-workspace/cargo-home:/opt/rustwide/cargo-home:ro,Z" "-v" "/var/lib/crater-agent-workspace/rustup-home:/opt/rustwide/rustup-home:ro,Z" "-e" "SOURCE_DIR=/opt/rustwide/workdir" "-e" "CARGO_TARGET_DIR=/opt/rustwide/target" "-e" "CARGO_INCREMENTAL=0" "-e" "RUST_BACKTRACE=full" "-e" "RUSTFLAGS=--cap-lints=warn" "-e" "RUSTDOCFLAGS=--cap-lints=warn" "-e" "CARGO_HOME=/opt/rustwide/cargo-home" "-e" "RUSTUP_HOME=/opt/rustwide/rustup-home" "-w" "/opt/rustwide/workdir" "-m" "1610612736" "--user" "0:0" "--network" "none" "ghcr.io/rust-lang/crates-build-env/linux@sha256:f3a9d4ad9d972b27faf3965f35b62e55ba32bbce8f20bc8fe909558a86702fde" "/opt/rustwide/cargo-home/bin/cargo" "+1.83.0" "test" "--frozen" "--no-run" "--message-format=json", kill_on_drop: false }`
[INFO] [stdout] b669be27d890e699cb3bc35bc16112feab300d80215426099b03bcdb6512abae
[INFO] running `Command { std: "docker" "start" "-a" "b669be27d890e699cb3bc35bc16112feab300d80215426099b03bcdb6512abae", kill_on_drop: false }`
[INFO] [stderr]    Compiling proc-macro2 v1.0.92
[INFO] [stderr]    Compiling const_fn v0.4.10
[INFO] [stderr]    Compiling awint_internals v0.11.0
[INFO] [stderr]    Compiling triple_arena v0.9.0
[INFO] [stderr]    Compiling rand_xoshiro v0.6.0
[INFO] [stderr]    Compiling quote v1.0.37
[INFO] [stderr]    Compiling awint_core v0.11.0
[INFO] [stderr]    Compiling syn v2.0.90
[INFO] [stderr]    Compiling awint_ext v0.11.0
[INFO] [stderr]    Compiling awint_macro_internals v0.11.0
[INFO] [stderr]    Compiling awint_macros v0.11.0
[INFO] [stderr]    Compiling awint v0.11.0
[INFO] [stderr]    Compiling serde_derive v1.0.216
[INFO] [stderr]    Compiling serde v1.0.216
[INFO] [stderr]    Compiling u64_array_bigints_core v0.3.4 (/opt/rustwide/workdir)
[INFO] [stdout] warning: unexpected `cfg` condition value: `128`
[INFO] [stdout]   --> src/common.rs:74:7
[INFO] [stdout]    |
[INFO] [stdout] 74 | #[cfg(target_pointer_width = "128")]
[INFO] [stdout]    |       ^^^^^^^^^^^^^^^^^^^^^^^^^^^^
[INFO] [stdout]    |
[INFO] [stdout]    = note: expected values for `target_pointer_width` are: `16`, `32`, and `64`
[INFO] [stdout]    = note: see <https://doc.rust-lang.org/nightly/rustc/check-cfg/cargo-specifics.html> for more information about checking conditional configuration
[INFO] [stdout]    = note: `#[warn(unexpected_cfgs)]` on by default
[INFO] [stdout] 
[INFO] [stdout] 
[INFO] [stdout] warning: unexpected `cfg` condition value: `128`
[INFO] [stdout]   --> src/common.rs:74:7
[INFO] [stdout]    |
[INFO] [stdout] 74 | #[cfg(target_pointer_width = "128")]
[INFO] [stdout]    |       ^^^^^^^^^^^^^^^^^^^^^^^^^^^^
[INFO] [stdout]    |
[INFO] [stdout]    = note: expected values for `target_pointer_width` are: `16`, `32`, and `64`
[INFO] [stdout]    = note: see <https://doc.rust-lang.org/nightly/rustc/check-cfg/cargo-specifics.html> for more information about checking conditional configuration
[INFO] [stdout]    = note: `#[warn(unexpected_cfgs)]` on by default
[INFO] [stdout] 
[INFO] [stdout] 
[INFO] [stderr]     Finished `test` profile [unoptimized + debuginfo] target(s) in 14.35s
[INFO] running `Command { std: "docker" "inspect" "b669be27d890e699cb3bc35bc16112feab300d80215426099b03bcdb6512abae", kill_on_drop: false }`
[INFO] running `Command { std: "docker" "rm" "-f" "b669be27d890e699cb3bc35bc16112feab300d80215426099b03bcdb6512abae", kill_on_drop: false }`
[INFO] [stdout] b669be27d890e699cb3bc35bc16112feab300d80215426099b03bcdb6512abae
[INFO] running `Command { std: "docker" "create" "-v" "/var/lib/crater-agent-workspace/builds/worker-5-tc1/target:/opt/rustwide/target:rw,Z" "-v" "/var/lib/crater-agent-workspace/builds/worker-5-tc1/source:/opt/rustwide/workdir:ro,Z" "-v" "/var/lib/crater-agent-workspace/cargo-home:/opt/rustwide/cargo-home:ro,Z" "-v" "/var/lib/crater-agent-workspace/rustup-home:/opt/rustwide/rustup-home:ro,Z" "-e" "SOURCE_DIR=/opt/rustwide/workdir" "-e" "CARGO_TARGET_DIR=/opt/rustwide/target" "-e" "CARGO_INCREMENTAL=0" "-e" "RUST_BACKTRACE=full" "-e" "RUSTFLAGS=--cap-lints=warn" "-e" "RUSTDOCFLAGS=--cap-lints=warn" "-e" "CARGO_HOME=/opt/rustwide/cargo-home" "-e" "RUSTUP_HOME=/opt/rustwide/rustup-home" "-w" "/opt/rustwide/workdir" "-m" "1610612736" "--user" "0:0" "--network" "none" "ghcr.io/rust-lang/crates-build-env/linux@sha256:f3a9d4ad9d972b27faf3965f35b62e55ba32bbce8f20bc8fe909558a86702fde" "/opt/rustwide/cargo-home/bin/cargo" "+1.83.0" "test" "--frozen", kill_on_drop: false }`
[INFO] [stdout] 11cf7c1af2989ad83c5c7699744d426db906ca83e76bd4f82281853f77a7d935
[INFO] running `Command { std: "docker" "start" "-a" "11cf7c1af2989ad83c5c7699744d426db906ca83e76bd4f82281853f77a7d935", kill_on_drop: false }`
[INFO] [stderr] warning: unexpected `cfg` condition value: `128`
[INFO] [stderr]   --> src/common.rs:74:7
[INFO] [stderr]    |
[INFO] [stderr] 74 | #[cfg(target_pointer_width = "128")]
[INFO] [stderr]    |       ^^^^^^^^^^^^^^^^^^^^^^^^^^^^
[INFO] [stderr]    |
[INFO] [stderr]    = note: expected values for `target_pointer_width` are: `16`, `32`, and `64`
[INFO] [stderr]    = note: see <https://doc.rust-lang.org/nightly/rustc/check-cfg/cargo-specifics.html> for more information about checking conditional configuration
[INFO] [stderr]    = note: `#[warn(unexpected_cfgs)]` on by default
[INFO] [stderr] 
[INFO] [stderr] warning: `u64_array_bigints_core` (lib) generated 1 warning
[INFO] [stderr] warning: `u64_array_bigints_core` (lib test) generated 1 warning (1 duplicate)
[INFO] [stderr]     Finished `test` profile [unoptimized + debuginfo] target(s) in 0.04s
[INFO] [stderr]      Running unittests src/lib.rs (/opt/rustwide/target/debug/deps/u64_array_bigints_core-e5cfaa857409fc10)
[INFO] [stderr]    Doc-tests u64_array_bigints_core
[INFO] [stdout] 
[INFO] [stdout] running 0 tests
[INFO] [stdout] 
[INFO] [stdout] test result: ok. 0 passed; 0 failed; 0 ignored; 0 measured; 0 filtered out; finished in 0.00s
[INFO] [stdout] 
[INFO] [stdout] 
[INFO] [stdout] running 1 test
[INFO] [stdout] test src/u256.rs - u256::U256::rand_using (line 306) ... FAILED
[INFO] [stdout] 
[INFO] [stdout] failures:
[INFO] [stdout] 
[INFO] [stdout] ---- src/u256.rs - u256::U256::rand_using (line 306) stdout ----
[INFO] [stdout] error[E0432]: unresolved import `u64_array_bigints`
[INFO] [stdout]  --> src/u256.rs:309:5
[INFO] [stdout]   |
[INFO] [stdout] 5 | use u64_array_bigints::U256;
[INFO] [stdout]   |     ^^^^^^^^^^^^^^^^^ use of undeclared crate or module `u64_array_bigints`
[INFO] [stdout]   |
[INFO] [stdout] help: there is a crate or module with a similar name
[INFO] [stdout]   |
[INFO] [stdout] 5 | use u64_array_bigints_core::U256;
[INFO] [stdout]   |     ~~~~~~~~~~~~~~~~~~~~~~
[INFO] [stdout] 
[INFO] [stdout] error: aborting due to 1 previous error
[INFO] [stdout] 
[INFO] [stdout] For more information about this error, try `rustc --explain E0432`.
[INFO] [stdout] Couldn't compile the test.
[INFO] [stdout] 
[INFO] [stdout] failures:
[INFO] [stdout]     src/u256.rs - u256::U256::rand_using (line 306)
[INFO] [stdout] 
[INFO] [stdout] test result: FAILED. 0 passed; 1 failed; 0 ignored; 0 measured; 0 filtered out; finished in 0.09s
[INFO] [stdout] 
[INFO] [stderr] error: doctest failed, to rerun pass `--doc`
[INFO] running `Command { std: "docker" "inspect" "11cf7c1af2989ad83c5c7699744d426db906ca83e76bd4f82281853f77a7d935", kill_on_drop: false }`
[INFO] running `Command { std: "docker" "rm" "-f" "11cf7c1af2989ad83c5c7699744d426db906ca83e76bd4f82281853f77a7d935", kill_on_drop: false }`
[INFO] [stdout] 11cf7c1af2989ad83c5c7699744d426db906ca83e76bd4f82281853f77a7d935
