[INFO] fetching crate tyra 1.0.0...
[INFO] testing tyra-1.0.0 against beta-2024-12-08 for beta-1.84.0-4-retry
[INFO] extracting crate tyra 1.0.0 into /workspace/builds/worker-3-tc2/source
[INFO] validating manifest of crates.io crate tyra 1.0.0 on toolchain beta-2024-12-08
[INFO] running `Command { std: CARGO_HOME="/workspace/cargo-home" RUSTUP_HOME="/workspace/rustup-home" "/workspace/cargo-home/bin/cargo" "+beta-2024-12-08" "metadata" "--manifest-path" "Cargo.toml" "--no-deps", kill_on_drop: false }`
[INFO] started tweaking crates.io crate tyra 1.0.0
[INFO] finished tweaking crates.io crate tyra 1.0.0
[INFO] tweaked toml for crates.io crate tyra 1.0.0 written to /workspace/builds/worker-3-tc2/source/Cargo.toml
[INFO] crate crates.io crate tyra 1.0.0 already has a lockfile, it will not be regenerated
[INFO] running `Command { std: CARGO_HOME="/workspace/cargo-home" RUSTUP_HOME="/workspace/rustup-home" "/workspace/cargo-home/bin/cargo" "+beta-2024-12-08" "fetch" "--manifest-path" "Cargo.toml", kill_on_drop: false }`
[INFO] running `Command { std: "docker" "create" "-v" "/var/lib/crater-agent-workspace/builds/worker-3-tc2/target:/opt/rustwide/target:rw,Z" "-v" "/var/lib/crater-agent-workspace/builds/worker-3-tc2/source:/opt/rustwide/workdir:ro,Z" "-v" "/var/lib/crater-agent-workspace/cargo-home:/opt/rustwide/cargo-home:ro,Z" "-v" "/var/lib/crater-agent-workspace/rustup-home:/opt/rustwide/rustup-home:ro,Z" "-e" "SOURCE_DIR=/opt/rustwide/workdir" "-e" "CARGO_TARGET_DIR=/opt/rustwide/target" "-e" "CARGO_HOME=/opt/rustwide/cargo-home" "-e" "RUSTUP_HOME=/opt/rustwide/rustup-home" "-w" "/opt/rustwide/workdir" "-m" "1610612736" "--user" "0:0" "--network" "none" "ghcr.io/rust-lang/crates-build-env/linux@sha256:f3a9d4ad9d972b27faf3965f35b62e55ba32bbce8f20bc8fe909558a86702fde" "/opt/rustwide/cargo-home/bin/cargo" "+beta-2024-12-08" "metadata" "--no-deps" "--format-version=1", kill_on_drop: false }`
[INFO] [stdout] 7b09fb34c0fd913d8b3fef3f27d606818f410ea0154dbf665515a3142a7bbab7
[INFO] running `Command { std: "docker" "start" "-a" "7b09fb34c0fd913d8b3fef3f27d606818f410ea0154dbf665515a3142a7bbab7", kill_on_drop: false }`
[INFO] running `Command { std: "docker" "inspect" "7b09fb34c0fd913d8b3fef3f27d606818f410ea0154dbf665515a3142a7bbab7", kill_on_drop: false }`
[INFO] running `Command { std: "docker" "rm" "-f" "7b09fb34c0fd913d8b3fef3f27d606818f410ea0154dbf665515a3142a7bbab7", kill_on_drop: false }`
[INFO] [stdout] 7b09fb34c0fd913d8b3fef3f27d606818f410ea0154dbf665515a3142a7bbab7
[INFO] running `Command { std: "docker" "create" "-v" "/var/lib/crater-agent-workspace/builds/worker-3-tc2/target:/opt/rustwide/target:rw,Z" "-v" "/var/lib/crater-agent-workspace/builds/worker-3-tc2/source:/opt/rustwide/workdir:ro,Z" "-v" "/var/lib/crater-agent-workspace/cargo-home:/opt/rustwide/cargo-home:ro,Z" "-v" "/var/lib/crater-agent-workspace/rustup-home:/opt/rustwide/rustup-home:ro,Z" "-e" "SOURCE_DIR=/opt/rustwide/workdir" "-e" "CARGO_TARGET_DIR=/opt/rustwide/target" "-e" "CARGO_INCREMENTAL=0" "-e" "RUST_BACKTRACE=full" "-e" "RUSTFLAGS=--cap-lints=warn" "-e" "RUSTDOCFLAGS=--cap-lints=warn" "-e" "CARGO_HOME=/opt/rustwide/cargo-home" "-e" "RUSTUP_HOME=/opt/rustwide/rustup-home" "-w" "/opt/rustwide/workdir" "-m" "1610612736" "--user" "0:0" "--network" "none" "ghcr.io/rust-lang/crates-build-env/linux@sha256:f3a9d4ad9d972b27faf3965f35b62e55ba32bbce8f20bc8fe909558a86702fde" "/opt/rustwide/cargo-home/bin/cargo" "+beta-2024-12-08" "build" "--frozen" "--message-format=json", kill_on_drop: false }`
[INFO] [stdout] e5922363a94c359d378aff12f8916ef07fd0612a0811b2f9d1ecd81185890e26
[INFO] running `Command { std: "docker" "start" "-a" "e5922363a94c359d378aff12f8916ef07fd0612a0811b2f9d1ecd81185890e26", kill_on_drop: false }`
[INFO] [stderr]    Compiling proc-macro2 v1.0.44
[INFO] [stderr]    Compiling unicode-ident v1.0.4
[INFO] [stderr]    Compiling quote v1.0.21
[INFO] [stderr]    Compiling syn v1.0.101
[INFO] [stderr]    Compiling libc v0.2.133
[INFO] [stderr]    Compiling cfg-if v1.0.0
[INFO] [stderr]    Compiling once_cell v1.15.0
[INFO] [stderr]    Compiling version_check v0.9.4
[INFO] [stderr]    Compiling serde_derive v1.0.145
[INFO] [stderr]    Compiling thiserror v1.0.36
[INFO] [stderr]    Compiling serde v1.0.145
[INFO] [stderr]    Compiling ucd-trie v0.1.5
[INFO] [stderr]    Compiling autocfg v1.1.0
[INFO] [stderr]    Compiling scopeguard v1.1.0
[INFO] [stderr]    Compiling memchr v2.5.0
[INFO] [stderr]    Compiling crossbeam-utils v0.8.11
[INFO] [stderr]    Compiling serde_json v1.0.85
[INFO] [stderr]    Compiling futures-core v0.3.24
[INFO] [stderr]    Compiling parking_lot_core v0.9.3
[INFO] [stderr]    Compiling async-trait v0.1.57
[INFO] [stderr]    Compiling dlv-list v0.3.0
[INFO] [stderr]    Compiling linked-hash-map v0.5.6
[INFO] [stderr]    Compiling smallvec v1.9.0
[INFO] [stderr]    Compiling ryu v1.0.11
[INFO] [stderr]    Compiling base64 v0.13.0
[INFO] [stderr]    Compiling itoa v1.0.3
[INFO] [stderr]    Compiling minimal-lexical v0.2.1
[INFO] [stderr]    Compiling log v0.4.17
[INFO] [stderr]    Compiling bitflags v1.3.2
[INFO] [stderr]    Compiling yaml-rust v0.4.5
[INFO] [stderr]    Compiling lazy_static v1.4.0
[INFO] [stderr]    Compiling ahash v0.7.6
[INFO] [stderr]    Compiling match_cfg v0.1.0
[INFO] [stderr]    Compiling futures-sink v0.3.24
[INFO] [stderr]    Compiling pathdiff v0.2.1
[INFO] [stderr]    Compiling lock_api v0.4.9
[INFO] [stderr]    Compiling nom v7.1.1
[INFO] [stderr]    Compiling crossbeam-channel v0.5.6
[INFO] [stderr]    Compiling getrandom v0.2.7
[INFO] [stderr]    Compiling num_cpus v1.13.1
[INFO] [stderr]    Compiling hostname v0.3.1
[INFO] [stderr]    Compiling spin v0.9.4
[INFO] [stderr]    Compiling nanorand v0.7.0
[INFO] [stderr]    Compiling threadpool v1.8.1
[INFO] [stderr]    Compiling hashbrown v0.12.3
[INFO] [stderr]    Compiling ordered-multimap v0.4.3
[INFO] [stderr]    Compiling dashmap v5.4.0
[INFO] [stderr]    Compiling rust-ini v0.18.0
[INFO] [stderr]    Compiling thiserror-impl v1.0.36
[INFO] [stderr]    Compiling pin-project-internal v1.0.12
[INFO] [stderr]    Compiling pin-project v1.0.12
[INFO] [stderr]    Compiling flume v0.10.14
[INFO] [stderr]    Compiling pest v2.3.1
[INFO] [stderr]    Compiling pest_meta v2.3.1
[INFO] [stderr]    Compiling pest_generator v2.3.1
[INFO] [stderr]    Compiling pest_derive v2.3.1
[INFO] [stderr]    Compiling toml v0.5.9
[INFO] [stderr]    Compiling json5 v0.4.1
[INFO] [stderr]    Compiling ron v0.7.1
[INFO] [stderr]    Compiling config v0.13.2
[INFO] [stderr]    Compiling tyra v1.0.0 (/opt/rustwide/workdir)
[INFO] [stdout] warning: call to `.clone()` on a reference in this situation does nothing
[INFO] [stdout]    --> src/system/actor_system.rs:124:52
[INFO] [stdout]     |
[INFO] [stdout] 124 |             .add_pool_actor_limit(String::from(name.clone()), thread_pool_config.actor_limit);
[INFO] [stdout]     |                                                    ^^^^^^^^ help: remove this redundant call
[INFO] [stdout]     |
[INFO] [stdout]     = note: the type `str` does not implement `Clone`, so calling `clone` on `&str` copies the reference, which does not do anything and can be removed
[INFO] [stdout]     = note: `#[warn(noop_method_call)]` on by default
[INFO] [stdout] 
[INFO] [stdout] 
[INFO] [stderr]     Finished `dev` profile [unoptimized + debuginfo] target(s) in 18.99s
[INFO] running `Command { std: "docker" "inspect" "e5922363a94c359d378aff12f8916ef07fd0612a0811b2f9d1ecd81185890e26", kill_on_drop: false }`
[INFO] running `Command { std: "docker" "rm" "-f" "e5922363a94c359d378aff12f8916ef07fd0612a0811b2f9d1ecd81185890e26", kill_on_drop: false }`
[INFO] [stdout] e5922363a94c359d378aff12f8916ef07fd0612a0811b2f9d1ecd81185890e26
[INFO] running `Command { std: "docker" "create" "-v" "/var/lib/crater-agent-workspace/builds/worker-3-tc2/target:/opt/rustwide/target:rw,Z" "-v" "/var/lib/crater-agent-workspace/builds/worker-3-tc2/source:/opt/rustwide/workdir:ro,Z" "-v" "/var/lib/crater-agent-workspace/cargo-home:/opt/rustwide/cargo-home:ro,Z" "-v" "/var/lib/crater-agent-workspace/rustup-home:/opt/rustwide/rustup-home:ro,Z" "-e" "SOURCE_DIR=/opt/rustwide/workdir" "-e" "CARGO_TARGET_DIR=/opt/rustwide/target" "-e" "CARGO_INCREMENTAL=0" "-e" "RUST_BACKTRACE=full" "-e" "RUSTFLAGS=--cap-lints=warn" "-e" "RUSTDOCFLAGS=--cap-lints=warn" "-e" "CARGO_HOME=/opt/rustwide/cargo-home" "-e" "RUSTUP_HOME=/opt/rustwide/rustup-home" "-w" "/opt/rustwide/workdir" "-m" "1610612736" "--user" "0:0" "--network" "none" "ghcr.io/rust-lang/crates-build-env/linux@sha256:f3a9d4ad9d972b27faf3965f35b62e55ba32bbce8f20bc8fe909558a86702fde" "/opt/rustwide/cargo-home/bin/cargo" "+beta-2024-12-08" "test" "--frozen" "--no-run" "--message-format=json", kill_on_drop: false }`
[INFO] [stdout] 383659cb73030c17554f9486deb055bf416cfae1b9a09922105c54b7e25ffaf1
[INFO] running `Command { std: "docker" "start" "-a" "383659cb73030c17554f9486deb055bf416cfae1b9a09922105c54b7e25ffaf1", kill_on_drop: false }`
[INFO] [stderr]    Compiling ntest_proc_macro_helper v0.8.0
[INFO] [stderr]    Compiling ntest_test_cases v0.8.0
[INFO] [stderr]    Compiling bincode v1.3.3
[INFO] [stderr]    Compiling proc-macro-crate v1.2.1
[INFO] [stdout] warning: call to `.clone()` on a reference in this situation does nothing
[INFO] [stdout]    --> src/system/actor_system.rs:124:52
[INFO] [stdout]     |
[INFO] [stdout] 124 |             .add_pool_actor_limit(String::from(name.clone()), thread_pool_config.actor_limit);
[INFO] [stdout]     |                                                    ^^^^^^^^ help: remove this redundant call
[INFO] [stdout]     |
[INFO] [stdout]     = note: the type `str` does not implement `Clone`, so calling `clone` on `&str` copies the reference, which does not do anything and can be removed
[INFO] [stdout]     = note: `#[warn(noop_method_call)]` on by default
[INFO] [stdout] 
[INFO] [stdout] 
[INFO] [stderr]    Compiling ntest_timeout v0.8.1
[INFO] [stderr]    Compiling ntest v0.8.1
[INFO] [stderr]    Compiling tyra v1.0.0 (/opt/rustwide/workdir)
[INFO] [stdout] warning: call to `.clone()` on a reference in this situation does nothing
[INFO] [stdout]    --> src/system/actor_system.rs:124:52
[INFO] [stdout]     |
[INFO] [stdout] 124 |             .add_pool_actor_limit(String::from(name.clone()), thread_pool_config.actor_limit);
[INFO] [stdout]     |                                                    ^^^^^^^^ help: remove this redundant call
[INFO] [stdout]     |
[INFO] [stdout]     = note: the type `str` does not implement `Clone`, so calling `clone` on `&str` copies the reference, which does not do anything and can be removed
[INFO] [stdout]     = note: `#[warn(noop_method_call)]` on by default
[INFO] [stdout] 
[INFO] [stdout] 
[INFO] [stderr]     Finished `test` profile [unoptimized + debuginfo] target(s) in 5.99s
[INFO] running `Command { std: "docker" "inspect" "383659cb73030c17554f9486deb055bf416cfae1b9a09922105c54b7e25ffaf1", kill_on_drop: false }`
[INFO] running `Command { std: "docker" "rm" "-f" "383659cb73030c17554f9486deb055bf416cfae1b9a09922105c54b7e25ffaf1", kill_on_drop: false }`
[INFO] [stdout] 383659cb73030c17554f9486deb055bf416cfae1b9a09922105c54b7e25ffaf1
[INFO] running `Command { std: "docker" "create" "-v" "/var/lib/crater-agent-workspace/builds/worker-3-tc2/target:/opt/rustwide/target:rw,Z" "-v" "/var/lib/crater-agent-workspace/builds/worker-3-tc2/source:/opt/rustwide/workdir:ro,Z" "-v" "/var/lib/crater-agent-workspace/cargo-home:/opt/rustwide/cargo-home:ro,Z" "-v" "/var/lib/crater-agent-workspace/rustup-home:/opt/rustwide/rustup-home:ro,Z" "-e" "SOURCE_DIR=/opt/rustwide/workdir" "-e" "CARGO_TARGET_DIR=/opt/rustwide/target" "-e" "CARGO_INCREMENTAL=0" "-e" "RUST_BACKTRACE=full" "-e" "RUSTFLAGS=--cap-lints=warn" "-e" "RUSTDOCFLAGS=--cap-lints=warn" "-e" "CARGO_HOME=/opt/rustwide/cargo-home" "-e" "RUSTUP_HOME=/opt/rustwide/rustup-home" "-w" "/opt/rustwide/workdir" "-m" "1610612736" "--user" "0:0" "--network" "none" "ghcr.io/rust-lang/crates-build-env/linux@sha256:f3a9d4ad9d972b27faf3965f35b62e55ba32bbce8f20bc8fe909558a86702fde" "/opt/rustwide/cargo-home/bin/cargo" "+beta-2024-12-08" "test" "--frozen", kill_on_drop: false }`
[INFO] [stdout] 1213212e0e4fa4af20977a2ac2d0151edd60c8a8fd8428487e37590004d7a8e4
[INFO] running `Command { std: "docker" "start" "-a" "1213212e0e4fa4af20977a2ac2d0151edd60c8a8fd8428487e37590004d7a8e4", kill_on_drop: false }`
[INFO] [stderr] warning: call to `.clone()` on a reference in this situation does nothing
[INFO] [stderr]    --> src/system/actor_system.rs:124:52
[INFO] [stderr]     |
[INFO] [stderr] 124 |             .add_pool_actor_limit(String::from(name.clone()), thread_pool_config.actor_limit);
[INFO] [stderr]     |                                                    ^^^^^^^^ help: remove this redundant call
[INFO] [stderr]     |
[INFO] [stderr]     = note: the type `str` does not implement `Clone`, so calling `clone` on `&str` copies the reference, which does not do anything and can be removed
[INFO] [stderr]     = note: `#[warn(noop_method_call)]` on by default
[INFO] [stderr] 
[INFO] [stderr] warning: `tyra` (lib) generated 1 warning (run `cargo fix --lib -p tyra` to apply 1 suggestion)
[INFO] [stderr] warning: `tyra` (lib test) generated 1 warning (1 duplicate)
[INFO] [stderr]     Finished `test` profile [unoptimized + debuginfo] target(s) in 0.09s
[INFO] [stderr]      Running unittests src/lib.rs (/opt/rustwide/target/debug/deps/tyra-fce71ab913d50f3a)
[INFO] [stdout] 
[INFO] [stdout] running 0 tests
[INFO] [stdout] 
[INFO] [stdout] test result: ok. 0 passed; 0 failed; 0 ignored; 0 measured; 0 filtered out; finished in 0.00s
[INFO] [stdout] 
[INFO] [stderr]    Doc-tests tyra
[INFO] [stdout] 
[INFO] [stdout] running 27 tests
[INFO] [stdout] test src/actor/actor.rs - actor::actor::Actor (line 23) ... ok
[INFO] [stdout] test src/message/actor_message.rs - message::actor_message::ActorMessage (line 29) ... ok
[INFO] [stdout] test src/actor/actor_factory.rs - actor::actor_factory::ActorFactory (line 15) ... ok
[INFO] [stdout] test src/actor/handler.rs - actor::handler::Handler (line 16) ... ok
[INFO] [stdout] test src/config/tyra_config.rs - config::tyra_config::TyraConfig::new (line 29) ... FAILED
[INFO] [stdout] test src/routers/sharded_router.rs - routers::sharded_router::ShardedRouterFactory (line 30) ... FAILED
[INFO] [stdout] test src/system/actor_system.rs - system::actor_system::ActorSystem::builder (line 195) ... FAILED
[INFO] [stdout] test src/routers/least_message_router.rs - routers::least_message_router::LeastMessageRouterFactory (line 27) ... FAILED
[INFO] [stdout] test src/actor/actor.rs - actor::actor::Actor::post_stop (line 342) ... FAILED
[INFO] [stdout] test src/system/actor_system.rs - system::actor_system::ActorSystem::await_shutdown (line 283) ... FAILED
[INFO] [stdout] test src/system/actor_system.rs - system::actor_system::ActorSystem::send_to_address (line 148) ... FAILED
[INFO] [stdout] test src/actor/actor_builder.rs - actor::actor_builder::ActorBuilder<A>::spawn (line 96) ... FAILED
[INFO] [stdout] test src/actor/actor.rs - actor::actor::Actor::on_panic (line 114) ... FAILED
[INFO] [stdout] test src/actor/actor.rs - actor::actor::Actor::on_error (line 178) ... FAILED
[INFO] [stdout] test src/actor/actor.rs - actor::actor::Actor::on_system_stop (line 395) ... FAILED
[INFO] [stdout] test src/routers/round_robin_router.rs - routers::round_robin_router::RoundRobinRouterFactory (line 28) ... FAILED
[INFO] [stdout] test src/config/pool_config.rs - config::pool_config::ThreadPoolConfig::new (line 20) ... ok
[INFO] [stdout] test src/system/actor_system.rs - system::actor_system::ActorSystem::add_pool_with_config (line 114) ... ok
[INFO] [stdout] test src/system/actor_system.rs - system::actor_system::ActorSystem::add_pool (line 90) ... ok
[INFO] [stdout] test src/lib.rs - (line 13) ... ok
[INFO] [stdout] test src/system/actor_system.rs - system::actor_system::ActorSystem::stop (line 238) ... ok
[INFO] [stdout] test src/system/actor_system.rs - system::actor_system::ActorSystem::get_name (line 325) ... ok
[INFO] [stdout] test src/system/actor_system.rs - system::actor_system::ActorSystem::new (line 34) ... ok
[INFO] [stdout] test src/system/actor_system.rs - system::actor_system::ActorSystem::stop_with_code (line 256) ... ok
[INFO] [stdout] test src/system/actor_system.rs - system::actor_system::ActorSystem::get_config (line 306) ... ok
[INFO] [stdout] test src/actor/actor.rs - actor::actor::Actor::pre_restart (line 292) ... ok
[INFO] [stdout] test src/actor/actor.rs - actor::actor::Actor::pre_start (line 237) ... ok
[INFO] [stdout] 
[INFO] [stdout] failures:
[INFO] [stdout] 
[INFO] [stdout] ---- src/config/tyra_config.rs - config::tyra_config::TyraConfig::new (line 29) stdout ----
[INFO] [stdout] error: linking with `cc` failed: exit status: 1
[INFO] [stdout]   |
[INFO] [stdout]   = note: LC_ALL="C" PATH="/opt/rustwide/rustup-home/toolchains/beta-2024-12-08-x86_64-unknown-linux-gnu/lib/rustlib/x86_64-unknown-linux-gnu/bin:/opt/rustwide/cargo-home/bin:/usr/local/sbin:/usr/local/bin:/usr/sbin:/usr/bin:/sbin:/bin" VSLANG="1033" "cc" "-m64" "/tmp/rustccVlip8/symbols.o" "/tmp/rustdoctestzOtl8c/rust_out.rust_out.9242fac72db2cd11-cgu.0.rcgu.o" "/tmp/rustdoctestzOtl8c/rust_out.2hl2tb9xdtge7mguxzn2q1kvi.rcgu.o" "-Wl,--as-needed" "-Wl,-Bstatic" "/opt/rustwide/target/debug/deps/libtyra-2ee1a9d8c5747318.rlib" "/opt/rustwide/target/debug/deps/libhostname-6ddad9646014bff2.rlib" "/opt/rustwide/target/debug/deps/libmatch_cfg-6483637d69d2fef6.rlib" "/opt/rustwide/target/debug/deps/libflume-623340e7f50c297a.rlib" "/opt/rustwide/target/debug/deps/libspin-d53fd1c55ab86ebb.rlib" "/opt/rustwide/target/debug/deps/libpin_project-0e744f3db4fc783c.rlib" "/opt/rustwide/target/debug/deps/libfutures_sink-0de38bc53bec3df6.rlib" "/opt/rustwide/target/debug/deps/libfutures_core-a50f38fd54063664.rlib" "/opt/rustwide/target/debug/deps/libnanorand-312bedcbf2e4eebf.rlib" "/opt/rustwide/target/debug/deps/libthreadpool-d0262bb0ef70ecbf.rlib" "/opt/rustwide/target/debug/deps/libnum_cpus-d12eeacf46ac1cb4.rlib" "/opt/rustwide/target/debug/deps/libcrossbeam_channel-e236856964e30733.rlib" "/opt/rustwide/target/debug/deps/libcrossbeam_utils-a8d02046598f00c3.rlib" "/opt/rustwide/target/debug/deps/libconfig-e0435e211d81c08c.rlib" "/opt/rustwide/target/debug/deps/libpathdiff-d825f34b39de39df.rlib" "/opt/rustwide/target/debug/deps/libjson5-7e0357db205e64c7.rlib" "/opt/rustwide/target/debug/deps/libpest-7c3be59c2fe5bc0e.rlib" "/opt/rustwide/target/debug/deps/libucd_trie-3b6272dde37fc3b4.rlib" "/opt/rustwide/target/debug/deps/libron-129a48b0175f60c5.rlib" "/opt/rustwide/target/debug/deps/libbase64-450a6d9dcba13b9b.rlib" "/opt/rustwide/target/debug/deps/libbitflags-85e13ed1e0c6d910.rlib" "/opt/rustwide/target/debug/deps/libserde_json-a50657387ba3f869.rlib" "/opt/rustwide/target/debug/deps/libryu-71a7e639e7459b62.rlib" "/opt/rustwide/target/debug/deps/libitoa-1d92cc467d2e500f.rlib" "/opt/rustwide/target/debug/deps/libtoml-0a20992ba759b159.rlib" "/opt/rustwide/target/debug/deps/libnom-b56f781357384f57.rlib" "/opt/rustwide/target/debug/deps/libmemchr-62930f4e68146861.rlib" "/opt/rustwide/target/debug/deps/libini-d9b978756234f330.rlib" "/opt/rustwide/target/debug/deps/libordered_multimap-accddd2c971b897c.rlib" "/opt/rustwide/target/debug/deps/libdlv_list-7e92bfe76a247c93.rlib" "/opt/rustwide/target/debug/deps/libyaml_rust-58f2f7af2fdd3b07.rlib" "/opt/rustwide/target/debug/deps/liblinked_hash_map-c72d2a5c234fbd7a.rlib" "/opt/rustwide/target/debug/deps/liblazy_static-efa3519517df6cf0.rlib" "/opt/rustwide/target/debug/deps/libthiserror-ae7ef89d41747e2f.rlib" "/opt/rustwide/target/debug/deps/libserde-e36db867879eb1d3.rlib" "/opt/rustwide/target/debug/deps/libdashmap-fea6a5ab66b1f5cb.rlib" "/opt/rustwide/target/debug/deps/liblock_api-7efc9c602b898216.rlib" "/opt/rustwide/target/debug/deps/libscopeguard-31f1b56a39f2a372.rlib" "/opt/rustwide/target/debug/deps/libparking_lot_core-16a3db68b4b1ad8c.rlib" "/opt/rustwide/target/debug/deps/libsmallvec-ffee7acdd9609ff6.rlib" "/opt/rustwide/target/debug/deps/libhashbrown-e9fd4f7edac7d302.rlib" "/opt/rustwide/target/debug/deps/libahash-f7effb446482d249.rlib" "/opt/rustwide/target/debug/deps/libgetrandom-330d55dc3c8ed64b.rlib" "/opt/rustwide/target/debug/deps/liblibc-108cfa09638f852e.rlib" "/opt/rustwide/target/debug/deps/libonce_cell-c7f34ebb927e5a95.rlib" "/opt/rustwide/target/debug/deps/liblog-d15fdd76cb1d7294.rlib" "/opt/rustwide/target/debug/deps/libcfg_if-a3e7e701fcd1f47b.rlib" "/opt/rustwide/rustup-home/toolchains/beta-2024-12-08-x86_64-unknown-linux-gnu/lib/rustlib/x86_64-unknown-linux-gnu/lib/libstd-02dc84f49135b6b8.rlib" "/opt/rustwide/rustup-home/toolchains/beta-2024-12-08-x86_64-unknown-linux-gnu/lib/rustlib/x86_64-unknown-linux-gnu/lib/libpanic_unwind-a8f45b397fae3f81.rlib" "/opt/rustwide/rustup-home/toolchains/beta-2024-12-08-x86_64-unknown-linux-gnu/lib/rustlib/x86_64-unknown-linux-gnu/lib/libobject-089607133c180609.rlib" "/opt/rustwide/rustup-home/toolchains/beta-2024-12-08-x86_64-unknown-linux-gnu/lib/rustlib/x86_64-unknown-linux-gnu/lib/libmemchr-fc89f091bcd86cbb.rlib" "/opt/rustwide/rustup-home/toolchains/beta-2024-12-08-x86_64-unknown-linux-gnu/lib/rustlib/x86_64-unknown-linux-gnu/lib/libaddr2line-5a60949f01c7340c.rlib" "/opt/rustwide/rustup-home/toolchains/beta-2024-12-08-x86_64-unknown-linux-gnu/lib/rustlib/x86_64-unknown-linux-gnu/lib/libgimli-d29e6a55ca253c8c.rlib" "/opt/rustwide/rustup-home/toolchains/beta-2024-12-08-x86_64-unknown-linux-gnu/lib/rustlib/x86_64-unknown-linux-gnu/lib/librustc_demangle-273c078d5f65de7a.rlib" "/opt/rustwide/rustup-home/toolchains/beta-2024-12-08-x86_64-unknown-linux-gnu/lib/rustlib/x86_64-unknown-linux-gnu/lib/libstd_detect-413c950ffbdd4454.rlib" "/opt/rustwide/rustup-home/toolchains/beta-2024-12-08-x86_64-unknown-linux-gnu/lib/rustlib/x86_64-unknown-linux-gnu/lib/libhashbrown-1853c0976a1d88a6.rlib" "/opt/rustwide/rustup-home/toolchains/beta-2024-12-08-x86_64-unknown-linux-gnu/lib/rustlib/x86_64-unknown-linux-gnu/lib/librustc_std_workspace_alloc-ccb3384ddacb0f9e.rlib" "/opt/rustwide/rustup-home/toolchains/beta-2024-12-08-x86_64-unknown-linux-gnu/lib/rustlib/x86_64-unknown-linux-gnu/lib/libminiz_oxide-0b901dfb0ca849e0.rlib" "/opt/rustwide/rustup-home/toolchains/beta-2024-12-08-x86_64-unknown-linux-gnu/lib/rustlib/x86_64-unknown-linux-gnu/lib/libadler-eebeb8d7c64543ad.rlib" "/opt/rustwide/rustup-home/toolchains/beta-2024-12-08-x86_64-unknown-linux-gnu/lib/rustlib/x86_64-unknown-linux-gnu/lib/libunwind-4723ef81d6079867.rlib" "/opt/rustwide/rustup-home/toolchains/beta-2024-12-08-x86_64-unknown-linux-gnu/lib/rustlib/x86_64-unknown-linux-gnu/lib/libcfg_if-54442f8b422f5a54.rlib" "/opt/rustwide/rustup-home/toolchains/beta-2024-12-08-x86_64-unknown-linux-gnu/lib/rustlib/x86_64-unknown-linux-gnu/lib/liblibc-e0bbe034b5282553.rlib" "/opt/rustwide/rustup-home/toolchains/beta-2024-12-08-x86_64-unknown-linux-gnu/lib/rustlib/x86_64-unknown-linux-gnu/lib/liballoc-d0febb68c1c37b90.rlib" "/opt/rustwide/rustup-home/toolchains/beta-2024-12-08-x86_64-unknown-linux-gnu/lib/rustlib/x86_64-unknown-linux-gnu/lib/librustc_std_workspace_core-4cf833632aafa84c.rlib" "/opt/rustwide/rustup-home/toolchains/beta-2024-12-08-x86_64-unknown-linux-gnu/lib/rustlib/x86_64-unknown-linux-gnu/lib/libcore-65c2c6d2d6ae570b.rlib" "/opt/rustwide/rustup-home/toolchains/beta-2024-12-08-x86_64-unknown-linux-gnu/lib/rustlib/x86_64-unknown-linux-gnu/lib/libcompiler_builtins-97929cee0dcfe424.rlib" "-Wl,-Bdynamic" "-lgcc_s" "-lutil" "-lrt" "-lpthread" "-lm" "-ldl" "-lc" "-Wl,--eh-frame-hdr" "-Wl,-z,noexecstack" "-L" "/opt/rustwide/rustup-home/toolchains/beta-2024-12-08-x86_64-unknown-linux-gnu/lib/rustlib/x86_64-unknown-linux-gnu/lib" "-o" "/tmp/rustdoctestzOtl8c/rust_out" "-Wl,--gc-sections" "-pie" "-Wl,-z,relro,-z,now" "-nodefaultlibs"
[INFO] [stdout]   = note: collect2: fatal error: ld terminated with signal 9 [Killed]
[INFO] [stdout]           compilation terminated.
[INFO] [stdout]           
[INFO] [stdout] 
[INFO] [stdout] error: aborting due to 1 previous error
[INFO] [stdout] 
[INFO] [stdout] Couldn't compile the test.
[INFO] [stdout] ---- src/routers/sharded_router.rs - routers::sharded_router::ShardedRouterFactory (line 30) stdout ----
[INFO] [stdout] Couldn't compile the test.
[INFO] [stdout] ---- src/system/actor_system.rs - system::actor_system::ActorSystem::builder (line 195) stdout ----
[INFO] [stdout] Couldn't compile the test.
[INFO] [stdout] ---- src/routers/least_message_router.rs - routers::least_message_router::LeastMessageRouterFactory (line 27) stdout ----
[INFO] [stdout] Couldn't compile the test.
[INFO] [stdout] ---- src/actor/actor.rs - actor::actor::Actor::post_stop (line 342) stdout ----
[INFO] [stdout] error: linking with `cc` failed: exit status: 1
[INFO] [stdout]   |
[INFO] [stdout]   = note: LC_ALL="C" PATH="/opt/rustwide/rustup-home/toolchains/beta-2024-12-08-x86_64-unknown-linux-gnu/lib/rustlib/x86_64-unknown-linux-gnu/bin:/opt/rustwide/cargo-home/bin:/usr/local/sbin:/usr/local/bin:/usr/sbin:/usr/bin:/sbin:/bin" VSLANG="1033" "cc" "-m64" "/tmp/rustclQCDV5/symbols.o" "/tmp/rustdoctestIMlxRY/rust_out.rust_out.9242fac72db2cd11-cgu.0.rcgu.o" "/tmp/rustdoctestIMlxRY/rust_out.2hl2tb9xdtge7mguxzn2q1kvi.rcgu.o" "-Wl,--as-needed" "-Wl,-Bstatic" "/opt/rustwide/target/debug/deps/libntest-ddda37c914045c16.rlib" "/opt/rustwide/target/debug/deps/libntest_proc_macro_helper-61b4c1ac008d0663.rlib" "/opt/rustwide/target/debug/deps/libtyra-2ee1a9d8c5747318.rlib" "/opt/rustwide/target/debug/deps/libhostname-6ddad9646014bff2.rlib" "/opt/rustwide/target/debug/deps/libmatch_cfg-6483637d69d2fef6.rlib" "/opt/rustwide/target/debug/deps/libflume-623340e7f50c297a.rlib" "/opt/rustwide/target/debug/deps/libspin-d53fd1c55ab86ebb.rlib" "/opt/rustwide/target/debug/deps/libpin_project-0e744f3db4fc783c.rlib" "/opt/rustwide/target/debug/deps/libfutures_sink-0de38bc53bec3df6.rlib" "/opt/rustwide/target/debug/deps/libfutures_core-a50f38fd54063664.rlib" "/opt/rustwide/target/debug/deps/libnanorand-312bedcbf2e4eebf.rlib" "/opt/rustwide/target/debug/deps/libthreadpool-d0262bb0ef70ecbf.rlib" "/opt/rustwide/target/debug/deps/libnum_cpus-d12eeacf46ac1cb4.rlib" "/opt/rustwide/target/debug/deps/libcrossbeam_channel-e236856964e30733.rlib" "/opt/rustwide/target/debug/deps/libcrossbeam_utils-a8d02046598f00c3.rlib" "/opt/rustwide/target/debug/deps/libconfig-e0435e211d81c08c.rlib" "/opt/rustwide/target/debug/deps/libpathdiff-d825f34b39de39df.rlib" "/opt/rustwide/target/debug/deps/libjson5-7e0357db205e64c7.rlib" "/opt/rustwide/target/debug/deps/libpest-7c3be59c2fe5bc0e.rlib" "/opt/rustwide/target/debug/deps/libucd_trie-3b6272dde37fc3b4.rlib" "/opt/rustwide/target/debug/deps/libron-129a48b0175f60c5.rlib" "/opt/rustwide/target/debug/deps/libbase64-450a6d9dcba13b9b.rlib" "/opt/rustwide/target/debug/deps/libbitflags-85e13ed1e0c6d910.rlib" "/opt/rustwide/target/debug/deps/libserde_json-a50657387ba3f869.rlib" "/opt/rustwide/target/debug/deps/libryu-71a7e639e7459b62.rlib" "/opt/rustwide/target/debug/deps/libitoa-1d92cc467d2e500f.rlib" "/opt/rustwide/target/debug/deps/libtoml-0a20992ba759b159.rlib" "/opt/rustwide/target/debug/deps/libnom-b56f781357384f57.rlib" "/opt/rustwide/target/debug/deps/libmemchr-62930f4e68146861.rlib" "/opt/rustwide/target/debug/deps/libini-d9b978756234f330.rlib" "/opt/rustwide/target/debug/deps/libordered_multimap-accddd2c971b897c.rlib" "/opt/rustwide/target/debug/deps/libdlv_list-7e92bfe76a247c93.rlib" "/opt/rustwide/target/debug/deps/libyaml_rust-58f2f7af2fdd3b07.rlib" "/opt/rustwide/target/debug/deps/liblinked_hash_map-c72d2a5c234fbd7a.rlib" "/opt/rustwide/target/debug/deps/liblazy_static-efa3519517df6cf0.rlib" "/opt/rustwide/target/debug/deps/libthiserror-ae7ef89d41747e2f.rlib" "/opt/rustwide/target/debug/deps/libserde-e36db867879eb1d3.rlib" "/opt/rustwide/target/debug/deps/libdashmap-fea6a5ab66b1f5cb.rlib" "/opt/rustwide/target/debug/deps/liblock_api-7efc9c602b898216.rlib" "/opt/rustwide/target/debug/deps/libscopeguard-31f1b56a39f2a372.rlib" "/opt/rustwide/target/debug/deps/libparking_lot_core-16a3db68b4b1ad8c.rlib" "/opt/rustwide/target/debug/deps/libsmallvec-ffee7acdd9609ff6.rlib" "/opt/rustwide/target/debug/deps/libhashbrown-e9fd4f7edac7d302.rlib" "/opt/rustwide/target/debug/deps/libahash-f7effb446482d249.rlib" "/opt/rustwide/target/debug/deps/libgetrandom-330d55dc3c8ed64b.rlib" "/opt/rustwide/target/debug/deps/liblibc-108cfa09638f852e.rlib" "/opt/rustwide/target/debug/deps/libonce_cell-c7f34ebb927e5a95.rlib" "/opt/rustwide/target/debug/deps/liblog-d15fdd76cb1d7294.rlib" "/opt/rustwide/target/debug/deps/libcfg_if-a3e7e701fcd1f47b.rlib" "/opt/rustwide/rustup-home/toolchains/beta-2024-12-08-x86_64-unknown-linux-gnu/lib/rustlib/x86_64-unknown-linux-gnu/lib/libstd-02dc84f49135b6b8.rlib" "/opt/rustwide/rustup-home/toolchains/beta-2024-12-08-x86_64-unknown-linux-gnu/lib/rustlib/x86_64-unknown-linux-gnu/lib/libpanic_unwind-a8f45b397fae3f81.rlib" "/opt/rustwide/rustup-home/toolchains/beta-2024-12-08-x86_64-unknown-linux-gnu/lib/rustlib/x86_64-unknown-linux-gnu/lib/libobject-089607133c180609.rlib" "/opt/rustwide/rustup-home/toolchains/beta-2024-12-08-x86_64-unknown-linux-gnu/lib/rustlib/x86_64-unknown-linux-gnu/lib/libmemchr-fc89f091bcd86cbb.rlib" "/opt/rustwide/rustup-home/toolchains/beta-2024-12-08-x86_64-unknown-linux-gnu/lib/rustlib/x86_64-unknown-linux-gnu/lib/libaddr2line-5a60949f01c7340c.rlib" "/opt/rustwide/rustup-home/toolchains/beta-2024-12-08-x86_64-unknown-linux-gnu/lib/rustlib/x86_64-unknown-linux-gnu/lib/libgimli-d29e6a55ca253c8c.rlib" "/opt/rustwide/rustup-home/toolchains/beta-2024-12-08-x86_64-unknown-linux-gnu/lib/rustlib/x86_64-unknown-linux-gnu/lib/librustc_demangle-273c078d5f65de7a.rlib" "/opt/rustwide/rustup-home/toolchains/beta-2024-12-08-x86_64-unknown-linux-gnu/lib/rustlib/x86_64-unknown-linux-gnu/lib/libstd_detect-413c950ffbdd4454.rlib" "/opt/rustwide/rustup-home/toolchains/beta-2024-12-08-x86_64-unknown-linux-gnu/lib/rustlib/x86_64-unknown-linux-gnu/lib/libhashbrown-1853c0976a1d88a6.rlib" "/opt/rustwide/rustup-home/toolchains/beta-2024-12-08-x86_64-unknown-linux-gnu/lib/rustlib/x86_64-unknown-linux-gnu/lib/librustc_std_workspace_alloc-ccb3384ddacb0f9e.rlib" "/opt/rustwide/rustup-home/toolchains/beta-2024-12-08-x86_64-unknown-linux-gnu/lib/rustlib/x86_64-unknown-linux-gnu/lib/libminiz_oxide-0b901dfb0ca849e0.rlib" "/opt/rustwide/rustup-home/toolchains/beta-2024-12-08-x86_64-unknown-linux-gnu/lib/rustlib/x86_64-unknown-linux-gnu/lib/libadler-eebeb8d7c64543ad.rlib" "/opt/rustwide/rustup-home/toolchains/beta-2024-12-08-x86_64-unknown-linux-gnu/lib/rustlib/x86_64-unknown-linux-gnu/lib/libunwind-4723ef81d6079867.rlib" "/opt/rustwide/rustup-home/toolchains/beta-2024-12-08-x86_64-unknown-linux-gnu/lib/rustlib/x86_64-unknown-linux-gnu/lib/libcfg_if-54442f8b422f5a54.rlib" "/opt/rustwide/rustup-home/toolchains/beta-2024-12-08-x86_64-unknown-linux-gnu/lib/rustlib/x86_64-unknown-linux-gnu/lib/liblibc-e0bbe034b5282553.rlib" "/opt/rustwide/rustup-home/toolchains/beta-2024-12-08-x86_64-unknown-linux-gnu/lib/rustlib/x86_64-unknown-linux-gnu/lib/liballoc-d0febb68c1c37b90.rlib" "/opt/rustwide/rustup-home/toolchains/beta-2024-12-08-x86_64-unknown-linux-gnu/lib/rustlib/x86_64-unknown-linux-gnu/lib/librustc_std_workspace_core-4cf833632aafa84c.rlib" "/opt/rustwide/rustup-home/toolchains/beta-2024-12-08-x86_64-unknown-linux-gnu/lib/rustlib/x86_64-unknown-linux-gnu/lib/libcore-65c2c6d2d6ae570b.rlib" "/opt/rustwide/rustup-home/toolchains/beta-2024-12-08-x86_64-unknown-linux-gnu/lib/rustlib/x86_64-unknown-linux-gnu/lib/libcompiler_builtins-97929cee0dcfe424.rlib" "-Wl,-Bdynamic" "-lgcc_s" "-lutil" "-lrt" "-lpthread" "-lm" "-ldl" "-lc" "-Wl,--eh-frame-hdr" "-Wl,-z,noexecstack" "-L" "/opt/rustwide/rustup-home/toolchains/beta-2024-12-08-x86_64-unknown-linux-gnu/lib/rustlib/x86_64-unknown-linux-gnu/lib" "-o" "/tmp/rustdoctestIMlxRY/rust_out" "-Wl,--gc-sections" "-pie" "-Wl,-z,relro,-z,now" "-nodefaultlibs"
[INFO] [stdout]   = note: collect2: fatal error: ld terminated with signal 9 [Killed]
[INFO] [stdout]           compilation terminated.
[INFO] [stdout]           
[INFO] [stdout] 
[INFO] [stdout] error: aborting due to 1 previous error
[INFO] [stdout] 
[INFO] [stdout] Couldn't compile the test.
[INFO] [stdout] ---- src/system/actor_system.rs - system::actor_system::ActorSystem::await_shutdown (line 283) stdout ----
[INFO] [stdout] error: linking with `cc` failed: exit status: 1
[INFO] [stdout]   |
[INFO] [stdout]   = note: LC_ALL="C" PATH="/opt/rustwide/rustup-home/toolchains/beta-2024-12-08-x86_64-unknown-linux-gnu/lib/rustlib/x86_64-unknown-linux-gnu/bin:/opt/rustwide/cargo-home/bin:/usr/local/sbin:/usr/local/bin:/usr/sbin:/usr/bin:/sbin:/bin" VSLANG="1033" "cc" "-m64" "/tmp/rustcuWRad5/symbols.o" "/tmp/rustdoctesta7UpXZ/rust_out.rust_out.9242fac72db2cd11-cgu.0.rcgu.o" "/tmp/rustdoctesta7UpXZ/rust_out.2hl2tb9xdtge7mguxzn2q1kvi.rcgu.o" "-Wl,--as-needed" "-Wl,-Bstatic" "/opt/rustwide/target/debug/deps/libtyra-2ee1a9d8c5747318.rlib" "/opt/rustwide/target/debug/deps/libhostname-6ddad9646014bff2.rlib" "/opt/rustwide/target/debug/deps/libmatch_cfg-6483637d69d2fef6.rlib" "/opt/rustwide/target/debug/deps/libflume-623340e7f50c297a.rlib" "/opt/rustwide/target/debug/deps/libspin-d53fd1c55ab86ebb.rlib" "/opt/rustwide/target/debug/deps/libpin_project-0e744f3db4fc783c.rlib" "/opt/rustwide/target/debug/deps/libfutures_sink-0de38bc53bec3df6.rlib" "/opt/rustwide/target/debug/deps/libfutures_core-a50f38fd54063664.rlib" "/opt/rustwide/target/debug/deps/libnanorand-312bedcbf2e4eebf.rlib" "/opt/rustwide/target/debug/deps/libthreadpool-d0262bb0ef70ecbf.rlib" "/opt/rustwide/target/debug/deps/libnum_cpus-d12eeacf46ac1cb4.rlib" "/opt/rustwide/target/debug/deps/libcrossbeam_channel-e236856964e30733.rlib" "/opt/rustwide/target/debug/deps/libcrossbeam_utils-a8d02046598f00c3.rlib" "/opt/rustwide/target/debug/deps/libconfig-e0435e211d81c08c.rlib" "/opt/rustwide/target/debug/deps/libpathdiff-d825f34b39de39df.rlib" "/opt/rustwide/target/debug/deps/libjson5-7e0357db205e64c7.rlib" "/opt/rustwide/target/debug/deps/libpest-7c3be59c2fe5bc0e.rlib" "/opt/rustwide/target/debug/deps/libucd_trie-3b6272dde37fc3b4.rlib" "/opt/rustwide/target/debug/deps/libron-129a48b0175f60c5.rlib" "/opt/rustwide/target/debug/deps/libbase64-450a6d9dcba13b9b.rlib" "/opt/rustwide/target/debug/deps/libbitflags-85e13ed1e0c6d910.rlib" "/opt/rustwide/target/debug/deps/libserde_json-a50657387ba3f869.rlib" "/opt/rustwide/target/debug/deps/libryu-71a7e639e7459b62.rlib" "/opt/rustwide/target/debug/deps/libitoa-1d92cc467d2e500f.rlib" "/opt/rustwide/target/debug/deps/libtoml-0a20992ba759b159.rlib" "/opt/rustwide/target/debug/deps/libnom-b56f781357384f57.rlib" "/opt/rustwide/target/debug/deps/libmemchr-62930f4e68146861.rlib" "/opt/rustwide/target/debug/deps/libini-d9b978756234f330.rlib" "/opt/rustwide/target/debug/deps/libordered_multimap-accddd2c971b897c.rlib" "/opt/rustwide/target/debug/deps/libdlv_list-7e92bfe76a247c93.rlib" "/opt/rustwide/target/debug/deps/libyaml_rust-58f2f7af2fdd3b07.rlib" "/opt/rustwide/target/debug/deps/liblinked_hash_map-c72d2a5c234fbd7a.rlib" "/opt/rustwide/target/debug/deps/liblazy_static-efa3519517df6cf0.rlib" "/opt/rustwide/target/debug/deps/libthiserror-ae7ef89d41747e2f.rlib" "/opt/rustwide/target/debug/deps/libserde-e36db867879eb1d3.rlib" "/opt/rustwide/target/debug/deps/libdashmap-fea6a5ab66b1f5cb.rlib" "/opt/rustwide/target/debug/deps/liblock_api-7efc9c602b898216.rlib" "/opt/rustwide/target/debug/deps/libscopeguard-31f1b56a39f2a372.rlib" "/opt/rustwide/target/debug/deps/libparking_lot_core-16a3db68b4b1ad8c.rlib" "/opt/rustwide/target/debug/deps/libsmallvec-ffee7acdd9609ff6.rlib" "/opt/rustwide/target/debug/deps/libhashbrown-e9fd4f7edac7d302.rlib" "/opt/rustwide/target/debug/deps/libahash-f7effb446482d249.rlib" "/opt/rustwide/target/debug/deps/libgetrandom-330d55dc3c8ed64b.rlib" "/opt/rustwide/target/debug/deps/liblibc-108cfa09638f852e.rlib" "/opt/rustwide/target/debug/deps/libonce_cell-c7f34ebb927e5a95.rlib" "/opt/rustwide/target/debug/deps/liblog-d15fdd76cb1d7294.rlib" "/opt/rustwide/target/debug/deps/libcfg_if-a3e7e701fcd1f47b.rlib" "/opt/rustwide/rustup-home/toolchains/beta-2024-12-08-x86_64-unknown-linux-gnu/lib/rustlib/x86_64-unknown-linux-gnu/lib/libstd-02dc84f49135b6b8.rlib" "/opt/rustwide/rustup-home/toolchains/beta-2024-12-08-x86_64-unknown-linux-gnu/lib/rustlib/x86_64-unknown-linux-gnu/lib/libpanic_unwind-a8f45b397fae3f81.rlib" "/opt/rustwide/rustup-home/toolchains/beta-2024-12-08-x86_64-unknown-linux-gnu/lib/rustlib/x86_64-unknown-linux-gnu/lib/libobject-089607133c180609.rlib" "/opt/rustwide/rustup-home/toolchains/beta-2024-12-08-x86_64-unknown-linux-gnu/lib/rustlib/x86_64-unknown-linux-gnu/lib/libmemchr-fc89f091bcd86cbb.rlib" "/opt/rustwide/rustup-home/toolchains/beta-2024-12-08-x86_64-unknown-linux-gnu/lib/rustlib/x86_64-unknown-linux-gnu/lib/libaddr2line-5a60949f01c7340c.rlib" "/opt/rustwide/rustup-home/toolchains/beta-2024-12-08-x86_64-unknown-linux-gnu/lib/rustlib/x86_64-unknown-linux-gnu/lib/libgimli-d29e6a55ca253c8c.rlib" "/opt/rustwide/rustup-home/toolchains/beta-2024-12-08-x86_64-unknown-linux-gnu/lib/rustlib/x86_64-unknown-linux-gnu/lib/librustc_demangle-273c078d5f65de7a.rlib" "/opt/rustwide/rustup-home/toolchains/beta-2024-12-08-x86_64-unknown-linux-gnu/lib/rustlib/x86_64-unknown-linux-gnu/lib/libstd_detect-413c950ffbdd4454.rlib" "/opt/rustwide/rustup-home/toolchains/beta-2024-12-08-x86_64-unknown-linux-gnu/lib/rustlib/x86_64-unknown-linux-gnu/lib/libhashbrown-1853c0976a1d88a6.rlib" "/opt/rustwide/rustup-home/toolchains/beta-2024-12-08-x86_64-unknown-linux-gnu/lib/rustlib/x86_64-unknown-linux-gnu/lib/librustc_std_workspace_alloc-ccb3384ddacb0f9e.rlib" "/opt/rustwide/rustup-home/toolchains/beta-2024-12-08-x86_64-unknown-linux-gnu/lib/rustlib/x86_64-unknown-linux-gnu/lib/libminiz_oxide-0b901dfb0ca849e0.rlib" "/opt/rustwide/rustup-home/toolchains/beta-2024-12-08-x86_64-unknown-linux-gnu/lib/rustlib/x86_64-unknown-linux-gnu/lib/libadler-eebeb8d7c64543ad.rlib" "/opt/rustwide/rustup-home/toolchains/beta-2024-12-08-x86_64-unknown-linux-gnu/lib/rustlib/x86_64-unknown-linux-gnu/lib/libunwind-4723ef81d6079867.rlib" "/opt/rustwide/rustup-home/toolchains/beta-2024-12-08-x86_64-unknown-linux-gnu/lib/rustlib/x86_64-unknown-linux-gnu/lib/libcfg_if-54442f8b422f5a54.rlib" "/opt/rustwide/rustup-home/toolchains/beta-2024-12-08-x86_64-unknown-linux-gnu/lib/rustlib/x86_64-unknown-linux-gnu/lib/liblibc-e0bbe034b5282553.rlib" "/opt/rustwide/rustup-home/toolchains/beta-2024-12-08-x86_64-unknown-linux-gnu/lib/rustlib/x86_64-unknown-linux-gnu/lib/liballoc-d0febb68c1c37b90.rlib" "/opt/rustwide/rustup-home/toolchains/beta-2024-12-08-x86_64-unknown-linux-gnu/lib/rustlib/x86_64-unknown-linux-gnu/lib/librustc_std_workspace_core-4cf833632aafa84c.rlib" "/opt/rustwide/rustup-home/toolchains/beta-2024-12-08-x86_64-unknown-linux-gnu/lib/rustlib/x86_64-unknown-linux-gnu/lib/libcore-65c2c6d2d6ae570b.rlib" "/opt/rustwide/rustup-home/toolchains/beta-2024-12-08-x86_64-unknown-linux-gnu/lib/rustlib/x86_64-unknown-linux-gnu/lib/libcompiler_builtins-97929cee0dcfe424.rlib" "-Wl,-Bdynamic" "-lgcc_s" "-lutil" "-lrt" "-lpthread" "-lm" "-ldl" "-lc" "-Wl,--eh-frame-hdr" "-Wl,-z,noexecstack" "-L" "/opt/rustwide/rustup-home/toolchains/beta-2024-12-08-x86_64-unknown-linux-gnu/lib/rustlib/x86_64-unknown-linux-gnu/lib" "-o" "/tmp/rustdoctesta7UpXZ/rust_out" "-Wl,--gc-sections" "-pie" "-Wl,-z,relro,-z,now" "-nodefaultlibs"
[INFO] [stdout]   = note: collect2: fatal error: ld terminated with signal 9 [Killed]
[INFO] [stdout]           compilation terminated.
[INFO] [stdout]           
[INFO] [stdout] 
[INFO] [stdout] error: aborting due to 1 previous error
[INFO] [stdout] 
[INFO] [stdout] Couldn't compile the test.
[INFO] [stdout] ---- src/system/actor_system.rs - system::actor_system::ActorSystem::send_to_address (line 148) stdout ----
[INFO] [stdout] Couldn't compile the test.
[INFO] [stdout] ---- src/actor/actor_builder.rs - actor::actor_builder::ActorBuilder<A>::spawn (line 96) stdout ----
[INFO] [stdout] error: linking with `cc` failed: exit status: 1
[INFO] [stdout]   |
[INFO] [stdout]   = note: LC_ALL="C" PATH="/opt/rustwide/rustup-home/toolchains/beta-2024-12-08-x86_64-unknown-linux-gnu/lib/rustlib/x86_64-unknown-linux-gnu/bin:/opt/rustwide/cargo-home/bin:/usr/local/sbin:/usr/local/bin:/usr/sbin:/usr/bin:/sbin:/bin" VSLANG="1033" "cc" "-m64" "/tmp/rustcXSIVxa/symbols.o" "/tmp/rustdoctestBMNkYh/rust_out.rust_out.9242fac72db2cd11-cgu.0.rcgu.o" "/tmp/rustdoctestBMNkYh/rust_out.2hl2tb9xdtge7mguxzn2q1kvi.rcgu.o" "-Wl,--as-needed" "-Wl,-Bstatic" "/opt/rustwide/target/debug/deps/libntest-ddda37c914045c16.rlib" "/opt/rustwide/target/debug/deps/libntest_proc_macro_helper-61b4c1ac008d0663.rlib" "/opt/rustwide/target/debug/deps/libtyra-2ee1a9d8c5747318.rlib" "/opt/rustwide/target/debug/deps/libhostname-6ddad9646014bff2.rlib" "/opt/rustwide/target/debug/deps/libmatch_cfg-6483637d69d2fef6.rlib" "/opt/rustwide/target/debug/deps/libflume-623340e7f50c297a.rlib" "/opt/rustwide/target/debug/deps/libspin-d53fd1c55ab86ebb.rlib" "/opt/rustwide/target/debug/deps/libpin_project-0e744f3db4fc783c.rlib" "/opt/rustwide/target/debug/deps/libfutures_sink-0de38bc53bec3df6.rlib" "/opt/rustwide/target/debug/deps/libfutures_core-a50f38fd54063664.rlib" "/opt/rustwide/target/debug/deps/libnanorand-312bedcbf2e4eebf.rlib" "/opt/rustwide/target/debug/deps/libthreadpool-d0262bb0ef70ecbf.rlib" "/opt/rustwide/target/debug/deps/libnum_cpus-d12eeacf46ac1cb4.rlib" "/opt/rustwide/target/debug/deps/libcrossbeam_channel-e236856964e30733.rlib" "/opt/rustwide/target/debug/deps/libcrossbeam_utils-a8d02046598f00c3.rlib" "/opt/rustwide/target/debug/deps/libconfig-e0435e211d81c08c.rlib" "/opt/rustwide/target/debug/deps/libpathdiff-d825f34b39de39df.rlib" "/opt/rustwide/target/debug/deps/libjson5-7e0357db205e64c7.rlib" "/opt/rustwide/target/debug/deps/libpest-7c3be59c2fe5bc0e.rlib" "/opt/rustwide/target/debug/deps/libucd_trie-3b6272dde37fc3b4.rlib" "/opt/rustwide/target/debug/deps/libron-129a48b0175f60c5.rlib" "/opt/rustwide/target/debug/deps/libbase64-450a6d9dcba13b9b.rlib" "/opt/rustwide/target/debug/deps/libbitflags-85e13ed1e0c6d910.rlib" "/opt/rustwide/target/debug/deps/libserde_json-a50657387ba3f869.rlib" "/opt/rustwide/target/debug/deps/libryu-71a7e639e7459b62.rlib" "/opt/rustwide/target/debug/deps/libitoa-1d92cc467d2e500f.rlib" "/opt/rustwide/target/debug/deps/libtoml-0a20992ba759b159.rlib" "/opt/rustwide/target/debug/deps/libnom-b56f781357384f57.rlib" "/opt/rustwide/target/debug/deps/libmemchr-62930f4e68146861.rlib" "/opt/rustwide/target/debug/deps/libini-d9b978756234f330.rlib" "/opt/rustwide/target/debug/deps/libordered_multimap-accddd2c971b897c.rlib" "/opt/rustwide/target/debug/deps/libdlv_list-7e92bfe76a247c93.rlib" "/opt/rustwide/target/debug/deps/libyaml_rust-58f2f7af2fdd3b07.rlib" "/opt/rustwide/target/debug/deps/liblinked_hash_map-c72d2a5c234fbd7a.rlib" "/opt/rustwide/target/debug/deps/liblazy_static-efa3519517df6cf0.rlib" "/opt/rustwide/target/debug/deps/libthiserror-ae7ef89d41747e2f.rlib" "/opt/rustwide/target/debug/deps/libserde-e36db867879eb1d3.rlib" "/opt/rustwide/target/debug/deps/libdashmap-fea6a5ab66b1f5cb.rlib" "/opt/rustwide/target/debug/deps/liblock_api-7efc9c602b898216.rlib" "/opt/rustwide/target/debug/deps/libscopeguard-31f1b56a39f2a372.rlib" "/opt/rustwide/target/debug/deps/libparking_lot_core-16a3db68b4b1ad8c.rlib" "/opt/rustwide/target/debug/deps/libsmallvec-ffee7acdd9609ff6.rlib" "/opt/rustwide/target/debug/deps/libhashbrown-e9fd4f7edac7d302.rlib" "/opt/rustwide/target/debug/deps/libahash-f7effb446482d249.rlib" "/opt/rustwide/target/debug/deps/libgetrandom-330d55dc3c8ed64b.rlib" "/opt/rustwide/target/debug/deps/liblibc-108cfa09638f852e.rlib" "/opt/rustwide/target/debug/deps/libonce_cell-c7f34ebb927e5a95.rlib" "/opt/rustwide/target/debug/deps/liblog-d15fdd76cb1d7294.rlib" "/opt/rustwide/target/debug/deps/libcfg_if-a3e7e701fcd1f47b.rlib" "/opt/rustwide/rustup-home/toolchains/beta-2024-12-08-x86_64-unknown-linux-gnu/lib/rustlib/x86_64-unknown-linux-gnu/lib/libstd-02dc84f49135b6b8.rlib" "/opt/rustwide/rustup-home/toolchains/beta-2024-12-08-x86_64-unknown-linux-gnu/lib/rustlib/x86_64-unknown-linux-gnu/lib/libpanic_unwind-a8f45b397fae3f81.rlib" "/opt/rustwide/rustup-home/toolchains/beta-2024-12-08-x86_64-unknown-linux-gnu/lib/rustlib/x86_64-unknown-linux-gnu/lib/libobject-089607133c180609.rlib" "/opt/rustwide/rustup-home/toolchains/beta-2024-12-08-x86_64-unknown-linux-gnu/lib/rustlib/x86_64-unknown-linux-gnu/lib/libmemchr-fc89f091bcd86cbb.rlib" "/opt/rustwide/rustup-home/toolchains/beta-2024-12-08-x86_64-unknown-linux-gnu/lib/rustlib/x86_64-unknown-linux-gnu/lib/libaddr2line-5a60949f01c7340c.rlib" "/opt/rustwide/rustup-home/toolchains/beta-2024-12-08-x86_64-unknown-linux-gnu/lib/rustlib/x86_64-unknown-linux-gnu/lib/libgimli-d29e6a55ca253c8c.rlib" "/opt/rustwide/rustup-home/toolchains/beta-2024-12-08-x86_64-unknown-linux-gnu/lib/rustlib/x86_64-unknown-linux-gnu/lib/librustc_demangle-273c078d5f65de7a.rlib" "/opt/rustwide/rustup-home/toolchains/beta-2024-12-08-x86_64-unknown-linux-gnu/lib/rustlib/x86_64-unknown-linux-gnu/lib/libstd_detect-413c950ffbdd4454.rlib" "/opt/rustwide/rustup-home/toolchains/beta-2024-12-08-x86_64-unknown-linux-gnu/lib/rustlib/x86_64-unknown-linux-gnu/lib/libhashbrown-1853c0976a1d88a6.rlib" "/opt/rustwide/rustup-home/toolchains/beta-2024-12-08-x86_64-unknown-linux-gnu/lib/rustlib/x86_64-unknown-linux-gnu/lib/librustc_std_workspace_alloc-ccb3384ddacb0f9e.rlib" "/opt/rustwide/rustup-home/toolchains/beta-2024-12-08-x86_64-unknown-linux-gnu/lib/rustlib/x86_64-unknown-linux-gnu/lib/libminiz_oxide-0b901dfb0ca849e0.rlib" "/opt/rustwide/rustup-home/toolchains/beta-2024-12-08-x86_64-unknown-linux-gnu/lib/rustlib/x86_64-unknown-linux-gnu/lib/libadler-eebeb8d7c64543ad.rlib" "/opt/rustwide/rustup-home/toolchains/beta-2024-12-08-x86_64-unknown-linux-gnu/lib/rustlib/x86_64-unknown-linux-gnu/lib/libunwind-4723ef81d6079867.rlib" "/opt/rustwide/rustup-home/toolchains/beta-2024-12-08-x86_64-unknown-linux-gnu/lib/rustlib/x86_64-unknown-linux-gnu/lib/libcfg_if-54442f8b422f5a54.rlib" "/opt/rustwide/rustup-home/toolchains/beta-2024-12-08-x86_64-unknown-linux-gnu/lib/rustlib/x86_64-unknown-linux-gnu/lib/liblibc-e0bbe034b5282553.rlib" "/opt/rustwide/rustup-home/toolchains/beta-2024-12-08-x86_64-unknown-linux-gnu/lib/rustlib/x86_64-unknown-linux-gnu/lib/liballoc-d0febb68c1c37b90.rlib" "/opt/rustwide/rustup-home/toolchains/beta-2024-12-08-x86_64-unknown-linux-gnu/lib/rustlib/x86_64-unknown-linux-gnu/lib/librustc_std_workspace_core-4cf833632aafa84c.rlib" "/opt/rustwide/rustup-home/toolchains/beta-2024-12-08-x86_64-unknown-linux-gnu/lib/rustlib/x86_64-unknown-linux-gnu/lib/libcore-65c2c6d2d6ae570b.rlib" "/opt/rustwide/rustup-home/toolchains/beta-2024-12-08-x86_64-unknown-linux-gnu/lib/rustlib/x86_64-unknown-linux-gnu/lib/libcompiler_builtins-97929cee0dcfe424.rlib" "-Wl,-Bdynamic" "-lgcc_s" "-lutil" "-lrt" "-lpthread" "-lm" "-ldl" "-lc" "-Wl,--eh-frame-hdr" "-Wl,-z,noexecstack" "-L" "/opt/rustwide/rustup-home/toolchains/beta-2024-12-08-x86_64-unknown-linux-gnu/lib/rustlib/x86_64-unknown-linux-gnu/lib" "-o" "/tmp/rustdoctestBMNkYh/rust_out" "-Wl,--gc-sections" "-pie" "-Wl,-z,relro,-z,now" "-nodefaultlibs"
[INFO] [stdout]   = note: collect2: fatal error: ld terminated with signal 9 [Killed]
[INFO] [stdout]           compilation terminated.
[INFO] [stdout]           
[INFO] [stdout] 
[INFO] [stdout] error: aborting due to 1 previous error
[INFO] [stdout] 
[INFO] [stdout] Couldn't compile the test.
[INFO] [stdout] ---- src/actor/actor.rs - actor::actor::Actor::on_panic (line 114) stdout ----
[INFO] [stdout] error: linking with `cc` failed: exit status: 1
[INFO] [stdout]   |
[INFO] [stdout]   = note: LC_ALL="C" PATH="/opt/rustwide/rustup-home/toolchains/beta-2024-12-08-x86_64-unknown-linux-gnu/lib/rustlib/x86_64-unknown-linux-gnu/bin:/opt/rustwide/cargo-home/bin:/usr/local/sbin:/usr/local/bin:/usr/sbin:/usr/bin:/sbin:/bin" VSLANG="1033" "cc" "-m64" "/tmp/rustcB5m5NO/symbols.o" "/tmp/rustdoctestvQ6O6v/rust_out.rust_out.9242fac72db2cd11-cgu.0.rcgu.o" "/tmp/rustdoctestvQ6O6v/rust_out.2hl2tb9xdtge7mguxzn2q1kvi.rcgu.o" "-Wl,--as-needed" "-Wl,-Bstatic" "/opt/rustwide/target/debug/deps/libntest-ddda37c914045c16.rlib" "/opt/rustwide/target/debug/deps/libntest_proc_macro_helper-61b4c1ac008d0663.rlib" "/opt/rustwide/target/debug/deps/libtyra-2ee1a9d8c5747318.rlib" "/opt/rustwide/target/debug/deps/libhostname-6ddad9646014bff2.rlib" "/opt/rustwide/target/debug/deps/libmatch_cfg-6483637d69d2fef6.rlib" "/opt/rustwide/target/debug/deps/libflume-623340e7f50c297a.rlib" "/opt/rustwide/target/debug/deps/libspin-d53fd1c55ab86ebb.rlib" "/opt/rustwide/target/debug/deps/libpin_project-0e744f3db4fc783c.rlib" "/opt/rustwide/target/debug/deps/libfutures_sink-0de38bc53bec3df6.rlib" "/opt/rustwide/target/debug/deps/libfutures_core-a50f38fd54063664.rlib" "/opt/rustwide/target/debug/deps/libnanorand-312bedcbf2e4eebf.rlib" "/opt/rustwide/target/debug/deps/libthreadpool-d0262bb0ef70ecbf.rlib" "/opt/rustwide/target/debug/deps/libnum_cpus-d12eeacf46ac1cb4.rlib" "/opt/rustwide/target/debug/deps/libcrossbeam_channel-e236856964e30733.rlib" "/opt/rustwide/target/debug/deps/libcrossbeam_utils-a8d02046598f00c3.rlib" "/opt/rustwide/target/debug/deps/libconfig-e0435e211d81c08c.rlib" "/opt/rustwide/target/debug/deps/libpathdiff-d825f34b39de39df.rlib" "/opt/rustwide/target/debug/deps/libjson5-7e0357db205e64c7.rlib" "/opt/rustwide/target/debug/deps/libpest-7c3be59c2fe5bc0e.rlib" "/opt/rustwide/target/debug/deps/libucd_trie-3b6272dde37fc3b4.rlib" "/opt/rustwide/target/debug/deps/libron-129a48b0175f60c5.rlib" "/opt/rustwide/target/debug/deps/libbase64-450a6d9dcba13b9b.rlib" "/opt/rustwide/target/debug/deps/libbitflags-85e13ed1e0c6d910.rlib" "/opt/rustwide/target/debug/deps/libserde_json-a50657387ba3f869.rlib" "/opt/rustwide/target/debug/deps/libryu-71a7e639e7459b62.rlib" "/opt/rustwide/target/debug/deps/libitoa-1d92cc467d2e500f.rlib" "/opt/rustwide/target/debug/deps/libtoml-0a20992ba759b159.rlib" "/opt/rustwide/target/debug/deps/libnom-b56f781357384f57.rlib" "/opt/rustwide/target/debug/deps/libmemchr-62930f4e68146861.rlib" "/opt/rustwide/target/debug/deps/libini-d9b978756234f330.rlib" "/opt/rustwide/target/debug/deps/libordered_multimap-accddd2c971b897c.rlib" "/opt/rustwide/target/debug/deps/libdlv_list-7e92bfe76a247c93.rlib" "/opt/rustwide/target/debug/deps/libyaml_rust-58f2f7af2fdd3b07.rlib" "/opt/rustwide/target/debug/deps/liblinked_hash_map-c72d2a5c234fbd7a.rlib" "/opt/rustwide/target/debug/deps/liblazy_static-efa3519517df6cf0.rlib" "/opt/rustwide/target/debug/deps/libthiserror-ae7ef89d41747e2f.rlib" "/opt/rustwide/target/debug/deps/libserde-e36db867879eb1d3.rlib" "/opt/rustwide/target/debug/deps/libdashmap-fea6a5ab66b1f5cb.rlib" "/opt/rustwide/target/debug/deps/liblock_api-7efc9c602b898216.rlib" "/opt/rustwide/target/debug/deps/libscopeguard-31f1b56a39f2a372.rlib" "/opt/rustwide/target/debug/deps/libparking_lot_core-16a3db68b4b1ad8c.rlib" "/opt/rustwide/target/debug/deps/libsmallvec-ffee7acdd9609ff6.rlib" "/opt/rustwide/target/debug/deps/libhashbrown-e9fd4f7edac7d302.rlib" "/opt/rustwide/target/debug/deps/libahash-f7effb446482d249.rlib" "/opt/rustwide/target/debug/deps/libgetrandom-330d55dc3c8ed64b.rlib" "/opt/rustwide/target/debug/deps/liblibc-108cfa09638f852e.rlib" "/opt/rustwide/target/debug/deps/libonce_cell-c7f34ebb927e5a95.rlib" "/opt/rustwide/target/debug/deps/liblog-d15fdd76cb1d7294.rlib" "/opt/rustwide/target/debug/deps/libcfg_if-a3e7e701fcd1f47b.rlib" "/opt/rustwide/rustup-home/toolchains/beta-2024-12-08-x86_64-unknown-linux-gnu/lib/rustlib/x86_64-unknown-linux-gnu/lib/libstd-02dc84f49135b6b8.rlib" "/opt/rustwide/rustup-home/toolchains/beta-2024-12-08-x86_64-unknown-linux-gnu/lib/rustlib/x86_64-unknown-linux-gnu/lib/libpanic_unwind-a8f45b397fae3f81.rlib" "/opt/rustwide/rustup-home/toolchains/beta-2024-12-08-x86_64-unknown-linux-gnu/lib/rustlib/x86_64-unknown-linux-gnu/lib/libobject-089607133c180609.rlib" "/opt/rustwide/rustup-home/toolchains/beta-2024-12-08-x86_64-unknown-linux-gnu/lib/rustlib/x86_64-unknown-linux-gnu/lib/libmemchr-fc89f091bcd86cbb.rlib" "/opt/rustwide/rustup-home/toolchains/beta-2024-12-08-x86_64-unknown-linux-gnu/lib/rustlib/x86_64-unknown-linux-gnu/lib/libaddr2line-5a60949f01c7340c.rlib" "/opt/rustwide/rustup-home/toolchains/beta-2024-12-08-x86_64-unknown-linux-gnu/lib/rustlib/x86_64-unknown-linux-gnu/lib/libgimli-d29e6a55ca253c8c.rlib" "/opt/rustwide/rustup-home/toolchains/beta-2024-12-08-x86_64-unknown-linux-gnu/lib/rustlib/x86_64-unknown-linux-gnu/lib/librustc_demangle-273c078d5f65de7a.rlib" "/opt/rustwide/rustup-home/toolchains/beta-2024-12-08-x86_64-unknown-linux-gnu/lib/rustlib/x86_64-unknown-linux-gnu/lib/libstd_detect-413c950ffbdd4454.rlib" "/opt/rustwide/rustup-home/toolchains/beta-2024-12-08-x86_64-unknown-linux-gnu/lib/rustlib/x86_64-unknown-linux-gnu/lib/libhashbrown-1853c0976a1d88a6.rlib" "/opt/rustwide/rustup-home/toolchains/beta-2024-12-08-x86_64-unknown-linux-gnu/lib/rustlib/x86_64-unknown-linux-gnu/lib/librustc_std_workspace_alloc-ccb3384ddacb0f9e.rlib" "/opt/rustwide/rustup-home/toolchains/beta-2024-12-08-x86_64-unknown-linux-gnu/lib/rustlib/x86_64-unknown-linux-gnu/lib/libminiz_oxide-0b901dfb0ca849e0.rlib" "/opt/rustwide/rustup-home/toolchains/beta-2024-12-08-x86_64-unknown-linux-gnu/lib/rustlib/x86_64-unknown-linux-gnu/lib/libadler-eebeb8d7c64543ad.rlib" "/opt/rustwide/rustup-home/toolchains/beta-2024-12-08-x86_64-unknown-linux-gnu/lib/rustlib/x86_64-unknown-linux-gnu/lib/libunwind-4723ef81d6079867.rlib" "/opt/rustwide/rustup-home/toolchains/beta-2024-12-08-x86_64-unknown-linux-gnu/lib/rustlib/x86_64-unknown-linux-gnu/lib/libcfg_if-54442f8b422f5a54.rlib" "/opt/rustwide/rustup-home/toolchains/beta-2024-12-08-x86_64-unknown-linux-gnu/lib/rustlib/x86_64-unknown-linux-gnu/lib/liblibc-e0bbe034b5282553.rlib" "/opt/rustwide/rustup-home/toolchains/beta-2024-12-08-x86_64-unknown-linux-gnu/lib/rustlib/x86_64-unknown-linux-gnu/lib/liballoc-d0febb68c1c37b90.rlib" "/opt/rustwide/rustup-home/toolchains/beta-2024-12-08-x86_64-unknown-linux-gnu/lib/rustlib/x86_64-unknown-linux-gnu/lib/librustc_std_workspace_core-4cf833632aafa84c.rlib" "/opt/rustwide/rustup-home/toolchains/beta-2024-12-08-x86_64-unknown-linux-gnu/lib/rustlib/x86_64-unknown-linux-gnu/lib/libcore-65c2c6d2d6ae570b.rlib" "/opt/rustwide/rustup-home/toolchains/beta-2024-12-08-x86_64-unknown-linux-gnu/lib/rustlib/x86_64-unknown-linux-gnu/lib/libcompiler_builtins-97929cee0dcfe424.rlib" "-Wl,-Bdynamic" "-lgcc_s" "-lutil" "-lrt" "-lpthread" "-lm" "-ldl" "-lc" "-Wl,--eh-frame-hdr" "-Wl,-z,noexecstack" "-L" "/opt/rustwide/rustup-home/toolchains/beta-2024-12-08-x86_64-unknown-linux-gnu/lib/rustlib/x86_64-unknown-linux-gnu/lib" "-o" "/tmp/rustdoctestvQ6O6v/rust_out" "-Wl,--gc-sections" "-pie" "-Wl,-z,relro,-z,now" "-nodefaultlibs"
[INFO] [stdout]   = note: collect2: fatal error: ld terminated with signal 9 [Killed]
[INFO] [stdout]           compilation terminated.
[INFO] [stdout]           
[INFO] [stdout] 
[INFO] [stdout] error: aborting due to 1 previous error
[INFO] [stdout] 
[INFO] [stdout] Couldn't compile the test.
[INFO] [stdout] ---- src/actor/actor.rs - actor::actor::Actor::on_error (line 178) stdout ----
[INFO] [stdout] error: linking with `cc` failed: exit status: 1
[INFO] [stdout]   |
[INFO] [stdout]   = note: LC_ALL="C" PATH="/opt/rustwide/rustup-home/toolchains/beta-2024-12-08-x86_64-unknown-linux-gnu/lib/rustlib/x86_64-unknown-linux-gnu/bin:/opt/rustwide/cargo-home/bin:/usr/local/sbin:/usr/local/bin:/usr/sbin:/usr/bin:/sbin:/bin" VSLANG="1033" "cc" "-m64" "/tmp/rustciqm83O/symbols.o" "/tmp/rustdoctestiGQJD0/rust_out.rust_out.9242fac72db2cd11-cgu.0.rcgu.o" "/tmp/rustdoctestiGQJD0/rust_out.2hl2tb9xdtge7mguxzn2q1kvi.rcgu.o" "-Wl,--as-needed" "-Wl,-Bstatic" "/opt/rustwide/target/debug/deps/libntest-ddda37c914045c16.rlib" "/opt/rustwide/target/debug/deps/libntest_proc_macro_helper-61b4c1ac008d0663.rlib" "/opt/rustwide/target/debug/deps/libtyra-2ee1a9d8c5747318.rlib" "/opt/rustwide/target/debug/deps/libhostname-6ddad9646014bff2.rlib" "/opt/rustwide/target/debug/deps/libmatch_cfg-6483637d69d2fef6.rlib" "/opt/rustwide/target/debug/deps/libflume-623340e7f50c297a.rlib" "/opt/rustwide/target/debug/deps/libspin-d53fd1c55ab86ebb.rlib" "/opt/rustwide/target/debug/deps/libpin_project-0e744f3db4fc783c.rlib" "/opt/rustwide/target/debug/deps/libfutures_sink-0de38bc53bec3df6.rlib" "/opt/rustwide/target/debug/deps/libfutures_core-a50f38fd54063664.rlib" "/opt/rustwide/target/debug/deps/libnanorand-312bedcbf2e4eebf.rlib" "/opt/rustwide/target/debug/deps/libthreadpool-d0262bb0ef70ecbf.rlib" "/opt/rustwide/target/debug/deps/libnum_cpus-d12eeacf46ac1cb4.rlib" "/opt/rustwide/target/debug/deps/libcrossbeam_channel-e236856964e30733.rlib" "/opt/rustwide/target/debug/deps/libcrossbeam_utils-a8d02046598f00c3.rlib" "/opt/rustwide/target/debug/deps/libconfig-e0435e211d81c08c.rlib" "/opt/rustwide/target/debug/deps/libpathdiff-d825f34b39de39df.rlib" "/opt/rustwide/target/debug/deps/libjson5-7e0357db205e64c7.rlib" "/opt/rustwide/target/debug/deps/libpest-7c3be59c2fe5bc0e.rlib" "/opt/rustwide/target/debug/deps/libucd_trie-3b6272dde37fc3b4.rlib" "/opt/rustwide/target/debug/deps/libron-129a48b0175f60c5.rlib" "/opt/rustwide/target/debug/deps/libbase64-450a6d9dcba13b9b.rlib" "/opt/rustwide/target/debug/deps/libbitflags-85e13ed1e0c6d910.rlib" "/opt/rustwide/target/debug/deps/libserde_json-a50657387ba3f869.rlib" "/opt/rustwide/target/debug/deps/libryu-71a7e639e7459b62.rlib" "/opt/rustwide/target/debug/deps/libitoa-1d92cc467d2e500f.rlib" "/opt/rustwide/target/debug/deps/libtoml-0a20992ba759b159.rlib" "/opt/rustwide/target/debug/deps/libnom-b56f781357384f57.rlib" "/opt/rustwide/target/debug/deps/libmemchr-62930f4e68146861.rlib" "/opt/rustwide/target/debug/deps/libini-d9b978756234f330.rlib" "/opt/rustwide/target/debug/deps/libordered_multimap-accddd2c971b897c.rlib" "/opt/rustwide/target/debug/deps/libdlv_list-7e92bfe76a247c93.rlib" "/opt/rustwide/target/debug/deps/libyaml_rust-58f2f7af2fdd3b07.rlib" "/opt/rustwide/target/debug/deps/liblinked_hash_map-c72d2a5c234fbd7a.rlib" "/opt/rustwide/target/debug/deps/liblazy_static-efa3519517df6cf0.rlib" "/opt/rustwide/target/debug/deps/libthiserror-ae7ef89d41747e2f.rlib" "/opt/rustwide/target/debug/deps/libserde-e36db867879eb1d3.rlib" "/opt/rustwide/target/debug/deps/libdashmap-fea6a5ab66b1f5cb.rlib" "/opt/rustwide/target/debug/deps/liblock_api-7efc9c602b898216.rlib" "/opt/rustwide/target/debug/deps/libscopeguard-31f1b56a39f2a372.rlib" "/opt/rustwide/target/debug/deps/libparking_lot_core-16a3db68b4b1ad8c.rlib" "/opt/rustwide/target/debug/deps/libsmallvec-ffee7acdd9609ff6.rlib" "/opt/rustwide/target/debug/deps/libhashbrown-e9fd4f7edac7d302.rlib" "/opt/rustwide/target/debug/deps/libahash-f7effb446482d249.rlib" "/opt/rustwide/target/debug/deps/libgetrandom-330d55dc3c8ed64b.rlib" "/opt/rustwide/target/debug/deps/liblibc-108cfa09638f852e.rlib" "/opt/rustwide/target/debug/deps/libonce_cell-c7f34ebb927e5a95.rlib" "/opt/rustwide/target/debug/deps/liblog-d15fdd76cb1d7294.rlib" "/opt/rustwide/target/debug/deps/libcfg_if-a3e7e701fcd1f47b.rlib" "/opt/rustwide/rustup-home/toolchains/beta-2024-12-08-x86_64-unknown-linux-gnu/lib/rustlib/x86_64-unknown-linux-gnu/lib/libstd-02dc84f49135b6b8.rlib" "/opt/rustwide/rustup-home/toolchains/beta-2024-12-08-x86_64-unknown-linux-gnu/lib/rustlib/x86_64-unknown-linux-gnu/lib/libpanic_unwind-a8f45b397fae3f81.rlib" "/opt/rustwide/rustup-home/toolchains/beta-2024-12-08-x86_64-unknown-linux-gnu/lib/rustlib/x86_64-unknown-linux-gnu/lib/libobject-089607133c180609.rlib" "/opt/rustwide/rustup-home/toolchains/beta-2024-12-08-x86_64-unknown-linux-gnu/lib/rustlib/x86_64-unknown-linux-gnu/lib/libmemchr-fc89f091bcd86cbb.rlib" "/opt/rustwide/rustup-home/toolchains/beta-2024-12-08-x86_64-unknown-linux-gnu/lib/rustlib/x86_64-unknown-linux-gnu/lib/libaddr2line-5a60949f01c7340c.rlib" "/opt/rustwide/rustup-home/toolchains/beta-2024-12-08-x86_64-unknown-linux-gnu/lib/rustlib/x86_64-unknown-linux-gnu/lib/libgimli-d29e6a55ca253c8c.rlib" "/opt/rustwide/rustup-home/toolchains/beta-2024-12-08-x86_64-unknown-linux-gnu/lib/rustlib/x86_64-unknown-linux-gnu/lib/librustc_demangle-273c078d5f65de7a.rlib" "/opt/rustwide/rustup-home/toolchains/beta-2024-12-08-x86_64-unknown-linux-gnu/lib/rustlib/x86_64-unknown-linux-gnu/lib/libstd_detect-413c950ffbdd4454.rlib" "/opt/rustwide/rustup-home/toolchains/beta-2024-12-08-x86_64-unknown-linux-gnu/lib/rustlib/x86_64-unknown-linux-gnu/lib/libhashbrown-1853c0976a1d88a6.rlib" "/opt/rustwide/rustup-home/toolchains/beta-2024-12-08-x86_64-unknown-linux-gnu/lib/rustlib/x86_64-unknown-linux-gnu/lib/librustc_std_workspace_alloc-ccb3384ddacb0f9e.rlib" "/opt/rustwide/rustup-home/toolchains/beta-2024-12-08-x86_64-unknown-linux-gnu/lib/rustlib/x86_64-unknown-linux-gnu/lib/libminiz_oxide-0b901dfb0ca849e0.rlib" "/opt/rustwide/rustup-home/toolchains/beta-2024-12-08-x86_64-unknown-linux-gnu/lib/rustlib/x86_64-unknown-linux-gnu/lib/libadler-eebeb8d7c64543ad.rlib" "/opt/rustwide/rustup-home/toolchains/beta-2024-12-08-x86_64-unknown-linux-gnu/lib/rustlib/x86_64-unknown-linux-gnu/lib/libunwind-4723ef81d6079867.rlib" "/opt/rustwide/rustup-home/toolchains/beta-2024-12-08-x86_64-unknown-linux-gnu/lib/rustlib/x86_64-unknown-linux-gnu/lib/libcfg_if-54442f8b422f5a54.rlib" "/opt/rustwide/rustup-home/toolchains/beta-2024-12-08-x86_64-unknown-linux-gnu/lib/rustlib/x86_64-unknown-linux-gnu/lib/liblibc-e0bbe034b5282553.rlib" "/opt/rustwide/rustup-home/toolchains/beta-2024-12-08-x86_64-unknown-linux-gnu/lib/rustlib/x86_64-unknown-linux-gnu/lib/liballoc-d0febb68c1c37b90.rlib" "/opt/rustwide/rustup-home/toolchains/beta-2024-12-08-x86_64-unknown-linux-gnu/lib/rustlib/x86_64-unknown-linux-gnu/lib/librustc_std_workspace_core-4cf833632aafa84c.rlib" "/opt/rustwide/rustup-home/toolchains/beta-2024-12-08-x86_64-unknown-linux-gnu/lib/rustlib/x86_64-unknown-linux-gnu/lib/libcore-65c2c6d2d6ae570b.rlib" "/opt/rustwide/rustup-home/toolchains/beta-2024-12-08-x86_64-unknown-linux-gnu/lib/rustlib/x86_64-unknown-linux-gnu/lib/libcompiler_builtins-97929cee0dcfe424.rlib" "-Wl,-Bdynamic" "-lgcc_s" "-lutil" "-lrt" "-lpthread" "-lm" "-ldl" "-lc" "-Wl,--eh-frame-hdr" "-Wl,-z,noexecstack" "-L" "/opt/rustwide/rustup-home/toolchains/beta-2024-12-08-x86_64-unknown-linux-gnu/lib/rustlib/x86_64-unknown-linux-gnu/lib" "-o" "/tmp/rustdoctestiGQJD0/rust_out" "-Wl,--gc-sections" "-pie" "-Wl,-z,relro,-z,now" "-nodefaultlibs"
[INFO] [stdout]   = note: collect2: fatal error: ld terminated with signal 9 [Killed]
[INFO] [stdout]           compilation terminated.
[INFO] [stdout]           
[INFO] [stdout] 
[INFO] [stdout] error: aborting due to 1 previous error
[INFO] [stdout] 
[INFO] [stdout] Couldn't compile the test.
[INFO] [stdout] ---- src/actor/actor.rs - actor::actor::Actor::on_system_stop (line 395) stdout ----
[INFO] [stdout] error: linking with `cc` failed: exit status: 1
[INFO] [stdout]   |
[INFO] [stdout]   = note: LC_ALL="C" PATH="/opt/rustwide/rustup-home/toolchains/beta-2024-12-08-x86_64-unknown-linux-gnu/lib/rustlib/x86_64-unknown-linux-gnu/bin:/opt/rustwide/cargo-home/bin:/usr/local/sbin:/usr/local/bin:/usr/sbin:/usr/bin:/sbin:/bin" VSLANG="1033" "cc" "-m64" "/tmp/rustc5obXHQ/symbols.o" "/tmp/rustdoctestOjNFBv/rust_out.rust_out.9242fac72db2cd11-cgu.0.rcgu.o" "/tmp/rustdoctestOjNFBv/rust_out.2hl2tb9xdtge7mguxzn2q1kvi.rcgu.o" "-Wl,--as-needed" "-Wl,-Bstatic" "/opt/rustwide/target/debug/deps/libntest-ddda37c914045c16.rlib" "/opt/rustwide/target/debug/deps/libntest_proc_macro_helper-61b4c1ac008d0663.rlib" "/opt/rustwide/target/debug/deps/libtyra-2ee1a9d8c5747318.rlib" "/opt/rustwide/target/debug/deps/libhostname-6ddad9646014bff2.rlib" "/opt/rustwide/target/debug/deps/libmatch_cfg-6483637d69d2fef6.rlib" "/opt/rustwide/target/debug/deps/libflume-623340e7f50c297a.rlib" "/opt/rustwide/target/debug/deps/libspin-d53fd1c55ab86ebb.rlib" "/opt/rustwide/target/debug/deps/libpin_project-0e744f3db4fc783c.rlib" "/opt/rustwide/target/debug/deps/libfutures_sink-0de38bc53bec3df6.rlib" "/opt/rustwide/target/debug/deps/libfutures_core-a50f38fd54063664.rlib" "/opt/rustwide/target/debug/deps/libnanorand-312bedcbf2e4eebf.rlib" "/opt/rustwide/target/debug/deps/libthreadpool-d0262bb0ef70ecbf.rlib" "/opt/rustwide/target/debug/deps/libnum_cpus-d12eeacf46ac1cb4.rlib" "/opt/rustwide/target/debug/deps/libcrossbeam_channel-e236856964e30733.rlib" "/opt/rustwide/target/debug/deps/libcrossbeam_utils-a8d02046598f00c3.rlib" "/opt/rustwide/target/debug/deps/libconfig-e0435e211d81c08c.rlib" "/opt/rustwide/target/debug/deps/libpathdiff-d825f34b39de39df.rlib" "/opt/rustwide/target/debug/deps/libjson5-7e0357db205e64c7.rlib" "/opt/rustwide/target/debug/deps/libpest-7c3be59c2fe5bc0e.rlib" "/opt/rustwide/target/debug/deps/libucd_trie-3b6272dde37fc3b4.rlib" "/opt/rustwide/target/debug/deps/libron-129a48b0175f60c5.rlib" "/opt/rustwide/target/debug/deps/libbase64-450a6d9dcba13b9b.rlib" "/opt/rustwide/target/debug/deps/libbitflags-85e13ed1e0c6d910.rlib" "/opt/rustwide/target/debug/deps/libserde_json-a50657387ba3f869.rlib" "/opt/rustwide/target/debug/deps/libryu-71a7e639e7459b62.rlib" "/opt/rustwide/target/debug/deps/libitoa-1d92cc467d2e500f.rlib" "/opt/rustwide/target/debug/deps/libtoml-0a20992ba759b159.rlib" "/opt/rustwide/target/debug/deps/libnom-b56f781357384f57.rlib" "/opt/rustwide/target/debug/deps/libmemchr-62930f4e68146861.rlib" "/opt/rustwide/target/debug/deps/libini-d9b978756234f330.rlib" "/opt/rustwide/target/debug/deps/libordered_multimap-accddd2c971b897c.rlib" "/opt/rustwide/target/debug/deps/libdlv_list-7e92bfe76a247c93.rlib" "/opt/rustwide/target/debug/deps/libyaml_rust-58f2f7af2fdd3b07.rlib" "/opt/rustwide/target/debug/deps/liblinked_hash_map-c72d2a5c234fbd7a.rlib" "/opt/rustwide/target/debug/deps/liblazy_static-efa3519517df6cf0.rlib" "/opt/rustwide/target/debug/deps/libthiserror-ae7ef89d41747e2f.rlib" "/opt/rustwide/target/debug/deps/libserde-e36db867879eb1d3.rlib" "/opt/rustwide/target/debug/deps/libdashmap-fea6a5ab66b1f5cb.rlib" "/opt/rustwide/target/debug/deps/liblock_api-7efc9c602b898216.rlib" "/opt/rustwide/target/debug/deps/libscopeguard-31f1b56a39f2a372.rlib" "/opt/rustwide/target/debug/deps/libparking_lot_core-16a3db68b4b1ad8c.rlib" "/opt/rustwide/target/debug/deps/libsmallvec-ffee7acdd9609ff6.rlib" "/opt/rustwide/target/debug/deps/libhashbrown-e9fd4f7edac7d302.rlib" "/opt/rustwide/target/debug/deps/libahash-f7effb446482d249.rlib" "/opt/rustwide/target/debug/deps/libgetrandom-330d55dc3c8ed64b.rlib" "/opt/rustwide/target/debug/deps/liblibc-108cfa09638f852e.rlib" "/opt/rustwide/target/debug/deps/libonce_cell-c7f34ebb927e5a95.rlib" "/opt/rustwide/target/debug/deps/liblog-d15fdd76cb1d7294.rlib" "/opt/rustwide/target/debug/deps/libcfg_if-a3e7e701fcd1f47b.rlib" "/opt/rustwide/rustup-home/toolchains/beta-2024-12-08-x86_64-unknown-linux-gnu/lib/rustlib/x86_64-unknown-linux-gnu/lib/libstd-02dc84f49135b6b8.rlib" "/opt/rustwide/rustup-home/toolchains/beta-2024-12-08-x86_64-unknown-linux-gnu/lib/rustlib/x86_64-unknown-linux-gnu/lib/libpanic_unwind-a8f45b397fae3f81.rlib" "/opt/rustwide/rustup-home/toolchains/beta-2024-12-08-x86_64-unknown-linux-gnu/lib/rustlib/x86_64-unknown-linux-gnu/lib/libobject-089607133c180609.rlib" "/opt/rustwide/rustup-home/toolchains/beta-2024-12-08-x86_64-unknown-linux-gnu/lib/rustlib/x86_64-unknown-linux-gnu/lib/libmemchr-fc89f091bcd86cbb.rlib" "/opt/rustwide/rustup-home/toolchains/beta-2024-12-08-x86_64-unknown-linux-gnu/lib/rustlib/x86_64-unknown-linux-gnu/lib/libaddr2line-5a60949f01c7340c.rlib" "/opt/rustwide/rustup-home/toolchains/beta-2024-12-08-x86_64-unknown-linux-gnu/lib/rustlib/x86_64-unknown-linux-gnu/lib/libgimli-d29e6a55ca253c8c.rlib" "/opt/rustwide/rustup-home/toolchains/beta-2024-12-08-x86_64-unknown-linux-gnu/lib/rustlib/x86_64-unknown-linux-gnu/lib/librustc_demangle-273c078d5f65de7a.rlib" "/opt/rustwide/rustup-home/toolchains/beta-2024-12-08-x86_64-unknown-linux-gnu/lib/rustlib/x86_64-unknown-linux-gnu/lib/libstd_detect-413c950ffbdd4454.rlib" "/opt/rustwide/rustup-home/toolchains/beta-2024-12-08-x86_64-unknown-linux-gnu/lib/rustlib/x86_64-unknown-linux-gnu/lib/libhashbrown-1853c0976a1d88a6.rlib" "/opt/rustwide/rustup-home/toolchains/beta-2024-12-08-x86_64-unknown-linux-gnu/lib/rustlib/x86_64-unknown-linux-gnu/lib/librustc_std_workspace_alloc-ccb3384ddacb0f9e.rlib" "/opt/rustwide/rustup-home/toolchains/beta-2024-12-08-x86_64-unknown-linux-gnu/lib/rustlib/x86_64-unknown-linux-gnu/lib/libminiz_oxide-0b901dfb0ca849e0.rlib" "/opt/rustwide/rustup-home/toolchains/beta-2024-12-08-x86_64-unknown-linux-gnu/lib/rustlib/x86_64-unknown-linux-gnu/lib/libadler-eebeb8d7c64543ad.rlib" "/opt/rustwide/rustup-home/toolchains/beta-2024-12-08-x86_64-unknown-linux-gnu/lib/rustlib/x86_64-unknown-linux-gnu/lib/libunwind-4723ef81d6079867.rlib" "/opt/rustwide/rustup-home/toolchains/beta-2024-12-08-x86_64-unknown-linux-gnu/lib/rustlib/x86_64-unknown-linux-gnu/lib/libcfg_if-54442f8b422f5a54.rlib" "/opt/rustwide/rustup-home/toolchains/beta-2024-12-08-x86_64-unknown-linux-gnu/lib/rustlib/x86_64-unknown-linux-gnu/lib/liblibc-e0bbe034b5282553.rlib" "/opt/rustwide/rustup-home/toolchains/beta-2024-12-08-x86_64-unknown-linux-gnu/lib/rustlib/x86_64-unknown-linux-gnu/lib/liballoc-d0febb68c1c37b90.rlib" "/opt/rustwide/rustup-home/toolchains/beta-2024-12-08-x86_64-unknown-linux-gnu/lib/rustlib/x86_64-unknown-linux-gnu/lib/librustc_std_workspace_core-4cf833632aafa84c.rlib" "/opt/rustwide/rustup-home/toolchains/beta-2024-12-08-x86_64-unknown-linux-gnu/lib/rustlib/x86_64-unknown-linux-gnu/lib/libcore-65c2c6d2d6ae570b.rlib" "/opt/rustwide/rustup-home/toolchains/beta-2024-12-08-x86_64-unknown-linux-gnu/lib/rustlib/x86_64-unknown-linux-gnu/lib/libcompiler_builtins-97929cee0dcfe424.rlib" "-Wl,-Bdynamic" "-lgcc_s" "-lutil" "-lrt" "-lpthread" "-lm" "-ldl" "-lc" "-Wl,--eh-frame-hdr" "-Wl,-z,noexecstack" "-L" "/opt/rustwide/rustup-home/toolchains/beta-2024-12-08-x86_64-unknown-linux-gnu/lib/rustlib/x86_64-unknown-linux-gnu/lib" "-o" "/tmp/rustdoctestOjNFBv/rust_out" "-Wl,--gc-sections" "-pie" "-Wl,-z,relro,-z,now" "-nodefaultlibs"
[INFO] [stdout]   = note: collect2: fatal error: ld terminated with signal 9 [Killed]
[INFO] [stdout]           compilation terminated.
[INFO] [stdout]           
[INFO] [stdout] 
[INFO] [stdout] error: aborting due to 1 previous error
[INFO] [stdout] 
[INFO] [stdout] Couldn't compile the test.
[INFO] [stdout] ---- src/routers/round_robin_router.rs - routers::round_robin_router::RoundRobinRouterFactory (line 28) stdout ----
[INFO] [stdout] error: linking with `cc` failed: exit status: 1
[INFO] [stdout]   |
[INFO] [stdout]   = note: LC_ALL="C" PATH="/opt/rustwide/rustup-home/toolchains/beta-2024-12-08-x86_64-unknown-linux-gnu/lib/rustlib/x86_64-unknown-linux-gnu/bin:/opt/rustwide/cargo-home/bin:/usr/local/sbin:/usr/local/bin:/usr/sbin:/usr/bin:/sbin:/bin" VSLANG="1033" "cc" "-m64" "/tmp/rustcyMBLLi/symbols.o" "/tmp/rustdoctest4hFytg/rust_out.rust_out.9242fac72db2cd11-cgu.0.rcgu.o" "/tmp/rustdoctest4hFytg/rust_out.2hl2tb9xdtge7mguxzn2q1kvi.rcgu.o" "-Wl,--as-needed" "-Wl,-Bstatic" "/opt/rustwide/target/debug/deps/libtyra-2ee1a9d8c5747318.rlib" "/opt/rustwide/target/debug/deps/libhostname-6ddad9646014bff2.rlib" "/opt/rustwide/target/debug/deps/libmatch_cfg-6483637d69d2fef6.rlib" "/opt/rustwide/target/debug/deps/libflume-623340e7f50c297a.rlib" "/opt/rustwide/target/debug/deps/libspin-d53fd1c55ab86ebb.rlib" "/opt/rustwide/target/debug/deps/libpin_project-0e744f3db4fc783c.rlib" "/opt/rustwide/target/debug/deps/libfutures_sink-0de38bc53bec3df6.rlib" "/opt/rustwide/target/debug/deps/libfutures_core-a50f38fd54063664.rlib" "/opt/rustwide/target/debug/deps/libnanorand-312bedcbf2e4eebf.rlib" "/opt/rustwide/target/debug/deps/libthreadpool-d0262bb0ef70ecbf.rlib" "/opt/rustwide/target/debug/deps/libnum_cpus-d12eeacf46ac1cb4.rlib" "/opt/rustwide/target/debug/deps/libcrossbeam_channel-e236856964e30733.rlib" "/opt/rustwide/target/debug/deps/libcrossbeam_utils-a8d02046598f00c3.rlib" "/opt/rustwide/target/debug/deps/libconfig-e0435e211d81c08c.rlib" "/opt/rustwide/target/debug/deps/libpathdiff-d825f34b39de39df.rlib" "/opt/rustwide/target/debug/deps/libjson5-7e0357db205e64c7.rlib" "/opt/rustwide/target/debug/deps/libpest-7c3be59c2fe5bc0e.rlib" "/opt/rustwide/target/debug/deps/libucd_trie-3b6272dde37fc3b4.rlib" "/opt/rustwide/target/debug/deps/libron-129a48b0175f60c5.rlib" "/opt/rustwide/target/debug/deps/libbase64-450a6d9dcba13b9b.rlib" "/opt/rustwide/target/debug/deps/libbitflags-85e13ed1e0c6d910.rlib" "/opt/rustwide/target/debug/deps/libserde_json-a50657387ba3f869.rlib" "/opt/rustwide/target/debug/deps/libryu-71a7e639e7459b62.rlib" "/opt/rustwide/target/debug/deps/libitoa-1d92cc467d2e500f.rlib" "/opt/rustwide/target/debug/deps/libtoml-0a20992ba759b159.rlib" "/opt/rustwide/target/debug/deps/libnom-b56f781357384f57.rlib" "/opt/rustwide/target/debug/deps/libmemchr-62930f4e68146861.rlib" "/opt/rustwide/target/debug/deps/libini-d9b978756234f330.rlib" "/opt/rustwide/target/debug/deps/libordered_multimap-accddd2c971b897c.rlib" "/opt/rustwide/target/debug/deps/libdlv_list-7e92bfe76a247c93.rlib" "/opt/rustwide/target/debug/deps/libyaml_rust-58f2f7af2fdd3b07.rlib" "/opt/rustwide/target/debug/deps/liblinked_hash_map-c72d2a5c234fbd7a.rlib" "/opt/rustwide/target/debug/deps/liblazy_static-efa3519517df6cf0.rlib" "/opt/rustwide/target/debug/deps/libthiserror-ae7ef89d41747e2f.rlib" "/opt/rustwide/target/debug/deps/libserde-e36db867879eb1d3.rlib" "/opt/rustwide/target/debug/deps/libdashmap-fea6a5ab66b1f5cb.rlib" "/opt/rustwide/target/debug/deps/liblock_api-7efc9c602b898216.rlib" "/opt/rustwide/target/debug/deps/libscopeguard-31f1b56a39f2a372.rlib" "/opt/rustwide/target/debug/deps/libparking_lot_core-16a3db68b4b1ad8c.rlib" "/opt/rustwide/target/debug/deps/libsmallvec-ffee7acdd9609ff6.rlib" "/opt/rustwide/target/debug/deps/libhashbrown-e9fd4f7edac7d302.rlib" "/opt/rustwide/target/debug/deps/libahash-f7effb446482d249.rlib" "/opt/rustwide/target/debug/deps/libgetrandom-330d55dc3c8ed64b.rlib" "/opt/rustwide/target/debug/deps/liblibc-108cfa09638f852e.rlib" "/opt/rustwide/target/debug/deps/libonce_cell-c7f34ebb927e5a95.rlib" "/opt/rustwide/target/debug/deps/liblog-d15fdd76cb1d7294.rlib" "/opt/rustwide/target/debug/deps/libcfg_if-a3e7e701fcd1f47b.rlib" "/opt/rustwide/rustup-home/toolchains/beta-2024-12-08-x86_64-unknown-linux-gnu/lib/rustlib/x86_64-unknown-linux-gnu/lib/libstd-02dc84f49135b6b8.rlib" "/opt/rustwide/rustup-home/toolchains/beta-2024-12-08-x86_64-unknown-linux-gnu/lib/rustlib/x86_64-unknown-linux-gnu/lib/libpanic_unwind-a8f45b397fae3f81.rlib" "/opt/rustwide/rustup-home/toolchains/beta-2024-12-08-x86_64-unknown-linux-gnu/lib/rustlib/x86_64-unknown-linux-gnu/lib/libobject-089607133c180609.rlib" "/opt/rustwide/rustup-home/toolchains/beta-2024-12-08-x86_64-unknown-linux-gnu/lib/rustlib/x86_64-unknown-linux-gnu/lib/libmemchr-fc89f091bcd86cbb.rlib" "/opt/rustwide/rustup-home/toolchains/beta-2024-12-08-x86_64-unknown-linux-gnu/lib/rustlib/x86_64-unknown-linux-gnu/lib/libaddr2line-5a60949f01c7340c.rlib" "/opt/rustwide/rustup-home/toolchains/beta-2024-12-08-x86_64-unknown-linux-gnu/lib/rustlib/x86_64-unknown-linux-gnu/lib/libgimli-d29e6a55ca253c8c.rlib" "/opt/rustwide/rustup-home/toolchains/beta-2024-12-08-x86_64-unknown-linux-gnu/lib/rustlib/x86_64-unknown-linux-gnu/lib/librustc_demangle-273c078d5f65de7a.rlib" "/opt/rustwide/rustup-home/toolchains/beta-2024-12-08-x86_64-unknown-linux-gnu/lib/rustlib/x86_64-unknown-linux-gnu/lib/libstd_detect-413c950ffbdd4454.rlib" "/opt/rustwide/rustup-home/toolchains/beta-2024-12-08-x86_64-unknown-linux-gnu/lib/rustlib/x86_64-unknown-linux-gnu/lib/libhashbrown-1853c0976a1d88a6.rlib" "/opt/rustwide/rustup-home/toolchains/beta-2024-12-08-x86_64-unknown-linux-gnu/lib/rustlib/x86_64-unknown-linux-gnu/lib/librustc_std_workspace_alloc-ccb3384ddacb0f9e.rlib" "/opt/rustwide/rustup-home/toolchains/beta-2024-12-08-x86_64-unknown-linux-gnu/lib/rustlib/x86_64-unknown-linux-gnu/lib/libminiz_oxide-0b901dfb0ca849e0.rlib" "/opt/rustwide/rustup-home/toolchains/beta-2024-12-08-x86_64-unknown-linux-gnu/lib/rustlib/x86_64-unknown-linux-gnu/lib/libadler-eebeb8d7c64543ad.rlib" "/opt/rustwide/rustup-home/toolchains/beta-2024-12-08-x86_64-unknown-linux-gnu/lib/rustlib/x86_64-unknown-linux-gnu/lib/libunwind-4723ef81d6079867.rlib" "/opt/rustwide/rustup-home/toolchains/beta-2024-12-08-x86_64-unknown-linux-gnu/lib/rustlib/x86_64-unknown-linux-gnu/lib/libcfg_if-54442f8b422f5a54.rlib" "/opt/rustwide/rustup-home/toolchains/beta-2024-12-08-x86_64-unknown-linux-gnu/lib/rustlib/x86_64-unknown-linux-gnu/lib/liblibc-e0bbe034b5282553.rlib" "/opt/rustwide/rustup-home/toolchains/beta-2024-12-08-x86_64-unknown-linux-gnu/lib/rustlib/x86_64-unknown-linux-gnu/lib/liballoc-d0febb68c1c37b90.rlib" "/opt/rustwide/rustup-home/toolchains/beta-2024-12-08-x86_64-unknown-linux-gnu/lib/rustlib/x86_64-unknown-linux-gnu/lib/librustc_std_workspace_core-4cf833632aafa84c.rlib" "/opt/rustwide/rustup-home/toolchains/beta-2024-12-08-x86_64-unknown-linux-gnu/lib/rustlib/x86_64-unknown-linux-gnu/lib/libcore-65c2c6d2d6ae570b.rlib" "/opt/rustwide/rustup-home/toolchains/beta-2024-12-08-x86_64-unknown-linux-gnu/lib/rustlib/x86_64-unknown-linux-gnu/lib/libcompiler_builtins-97929cee0dcfe424.rlib" "-Wl,-Bdynamic" "-lgcc_s" "-lutil" "-lrt" "-lpthread" "-lm" "-ldl" "-lc" "-Wl,--eh-frame-hdr" "-Wl,-z,noexecstack" "-L" "/opt/rustwide/rustup-home/toolchains/beta-2024-12-08-x86_64-unknown-linux-gnu/lib/rustlib/x86_64-unknown-linux-gnu/lib" "-o" "/tmp/rustdoctest4hFytg/rust_out" "-Wl,--gc-sections" "-pie" "-Wl,-z,relro,-z,now" "-nodefaultlibs"
[INFO] [stdout]   = note: collect2: fatal error: ld terminated with signal 9 [Killed]
[INFO] [stdout]           compilation terminated.
[INFO] [stdout]           
[INFO] [stdout] 
[INFO] [stdout] error: aborting due to 1 previous error
[INFO] [stdout] 
[INFO] [stdout] Couldn't compile the test.
[INFO] [stdout] 
[INFO] [stdout] failures:
[INFO] [stdout]     src/actor/actor.rs - actor::actor::Actor::on_error (line 178)
[INFO] [stdout]     src/actor/actor.rs - actor::actor::Actor::on_panic (line 114)
[INFO] [stdout]     src/actor/actor.rs - actor::actor::Actor::on_system_stop (line 395)
[INFO] [stdout]     src/actor/actor.rs - actor::actor::Actor::post_stop (line 342)
[INFO] [stdout]     src/actor/actor_builder.rs - actor::actor_builder::ActorBuilder<A>::spawn (line 96)
[INFO] [stdout]     src/config/tyra_config.rs - config::tyra_config::TyraConfig::new (line 29)
[INFO] [stdout]     src/routers/least_message_router.rs - routers::least_message_router::LeastMessageRouterFactory (line 27)
[INFO] [stdout]     src/routers/round_robin_router.rs - routers::round_robin_router::RoundRobinRouterFactory (line 28)
[INFO] [stdout]     src/routers/sharded_router.rs - routers::sharded_router::ShardedRouterFactory (line 30)
[INFO] [stdout]     src/system/actor_system.rs - system::actor_system::ActorSystem::await_shutdown (line 283)
[INFO] [stdout]     src/system/actor_system.rs - system::actor_system::ActorSystem::builder (line 195)
[INFO] [stdout]     src/system/actor_system.rs - system::actor_system::ActorSystem::send_to_address (line 148)
[INFO] [stdout] 
[INFO] [stdout] test result: FAILED. 15 passed; 12 failed; 0 ignored; 0 measured; 0 filtered out; finished in 9.81s
[INFO] [stdout] 
[INFO] [stderr] error: doctest failed, to rerun pass `--doc`
[INFO] running `Command { std: "docker" "inspect" "1213212e0e4fa4af20977a2ac2d0151edd60c8a8fd8428487e37590004d7a8e4", kill_on_drop: false }`
[INFO] running `Command { std: "docker" "rm" "-f" "1213212e0e4fa4af20977a2ac2d0151edd60c8a8fd8428487e37590004d7a8e4", kill_on_drop: false }`
[INFO] [stdout] 1213212e0e4fa4af20977a2ac2d0151edd60c8a8fd8428487e37590004d7a8e4
