[INFO] fetching crate typify-impl 0.2.0...
[INFO] testing typify-impl-0.2.0 against 1.83.0 for beta-1.84.0-4-retry
[INFO] extracting crate typify-impl 0.2.0 into /workspace/builds/worker-3-tc1/source
[INFO] validating manifest of crates.io crate typify-impl 0.2.0 on toolchain 1.83.0
[INFO] running `Command { std: CARGO_HOME="/workspace/cargo-home" RUSTUP_HOME="/workspace/rustup-home" "/workspace/cargo-home/bin/cargo" "+1.83.0" "metadata" "--manifest-path" "Cargo.toml" "--no-deps", kill_on_drop: false }`
[INFO] started tweaking crates.io crate typify-impl 0.2.0
[INFO] removed 0 missing tests
[INFO] finished tweaking crates.io crate typify-impl 0.2.0
[INFO] tweaked toml for crates.io crate typify-impl 0.2.0 written to /workspace/builds/worker-3-tc1/source/Cargo.toml
[INFO] running `Command { std: CARGO_HOME="/workspace/cargo-home" RUSTUP_HOME="/workspace/rustup-home" "/workspace/cargo-home/bin/cargo" "+1.83.0" "generate-lockfile" "--manifest-path" "Cargo.toml", kill_on_drop: false }`
[INFO] [stderr]     Updating crates.io index
[INFO] [stderr]      Locking 81 packages to latest compatible versions
[INFO] [stderr]       Adding env_logger v0.10.2 (available: v0.11.5)
[INFO] [stderr]       Adding thiserror v1.0.69 (available: v2.0.7)
[INFO] running `Command { std: CARGO_HOME="/workspace/cargo-home" RUSTUP_HOME="/workspace/rustup-home" "/workspace/cargo-home/bin/cargo" "+1.83.0" "fetch" "--manifest-path" "Cargo.toml", kill_on_drop: false }`
[INFO] [stderr]     Blocking waiting for file lock on package cache
[INFO] [stderr]  Downloading crates ...
[INFO] [stderr]   Downloaded schema-derive v0.1.0
[INFO] [stderr]   Downloaded expectorate v1.1.0
[INFO] [stderr]   Downloaded schema v0.1.0
[INFO] running `Command { std: "docker" "create" "-v" "/var/lib/crater-agent-workspace/builds/worker-3-tc1/target:/opt/rustwide/target:rw,Z" "-v" "/var/lib/crater-agent-workspace/builds/worker-3-tc1/source:/opt/rustwide/workdir:ro,Z" "-v" "/var/lib/crater-agent-workspace/cargo-home:/opt/rustwide/cargo-home:ro,Z" "-v" "/var/lib/crater-agent-workspace/rustup-home:/opt/rustwide/rustup-home:ro,Z" "-e" "SOURCE_DIR=/opt/rustwide/workdir" "-e" "CARGO_TARGET_DIR=/opt/rustwide/target" "-e" "CARGO_HOME=/opt/rustwide/cargo-home" "-e" "RUSTUP_HOME=/opt/rustwide/rustup-home" "-w" "/opt/rustwide/workdir" "-m" "1610612736" "--user" "0:0" "--network" "none" "ghcr.io/rust-lang/crates-build-env/linux@sha256:f3a9d4ad9d972b27faf3965f35b62e55ba32bbce8f20bc8fe909558a86702fde" "/opt/rustwide/cargo-home/bin/cargo" "+1.83.0" "metadata" "--no-deps" "--format-version=1", kill_on_drop: false }`
[INFO] [stdout] bf9683dec5e5c72fb7587e59d0571fda7313de738fa56ccdddb6c6dd46f6973e
[INFO] running `Command { std: "docker" "start" "-a" "bf9683dec5e5c72fb7587e59d0571fda7313de738fa56ccdddb6c6dd46f6973e", kill_on_drop: false }`
[INFO] running `Command { std: "docker" "inspect" "bf9683dec5e5c72fb7587e59d0571fda7313de738fa56ccdddb6c6dd46f6973e", kill_on_drop: false }`
[INFO] running `Command { std: "docker" "rm" "-f" "bf9683dec5e5c72fb7587e59d0571fda7313de738fa56ccdddb6c6dd46f6973e", kill_on_drop: false }`
[INFO] [stdout] bf9683dec5e5c72fb7587e59d0571fda7313de738fa56ccdddb6c6dd46f6973e
[INFO] running `Command { std: "docker" "create" "-v" "/var/lib/crater-agent-workspace/builds/worker-3-tc1/target:/opt/rustwide/target:rw,Z" "-v" "/var/lib/crater-agent-workspace/builds/worker-3-tc1/source:/opt/rustwide/workdir:ro,Z" "-v" "/var/lib/crater-agent-workspace/cargo-home:/opt/rustwide/cargo-home:ro,Z" "-v" "/var/lib/crater-agent-workspace/rustup-home:/opt/rustwide/rustup-home:ro,Z" "-e" "SOURCE_DIR=/opt/rustwide/workdir" "-e" "CARGO_TARGET_DIR=/opt/rustwide/target" "-e" "CARGO_INCREMENTAL=0" "-e" "RUST_BACKTRACE=full" "-e" "RUSTFLAGS=--cap-lints=warn" "-e" "RUSTDOCFLAGS=--cap-lints=warn" "-e" "CARGO_HOME=/opt/rustwide/cargo-home" "-e" "RUSTUP_HOME=/opt/rustwide/rustup-home" "-w" "/opt/rustwide/workdir" "-m" "1610612736" "--user" "0:0" "--network" "none" "ghcr.io/rust-lang/crates-build-env/linux@sha256:f3a9d4ad9d972b27faf3965f35b62e55ba32bbce8f20bc8fe909558a86702fde" "/opt/rustwide/cargo-home/bin/cargo" "+1.83.0" "build" "--frozen" "--message-format=json", kill_on_drop: false }`
[INFO] [stdout] f7cd900ba5504401db4f034ad049b3c07927a09e135df1c4f2ad55c6703a1337
[INFO] running `Command { std: "docker" "start" "-a" "f7cd900ba5504401db4f034ad049b3c07927a09e135df1c4f2ad55c6703a1337", kill_on_drop: false }`
[INFO] [stderr]    Compiling proc-macro2 v1.0.92
[INFO] [stderr]    Compiling unicode-ident v1.0.14
[INFO] [stderr]    Compiling version_check v0.9.5
[INFO] [stderr]    Compiling serde v1.0.216
[INFO] [stderr]    Compiling serde_json v1.0.133
[INFO] [stderr]    Compiling once_cell v1.20.2
[INFO] [stderr]    Compiling zerocopy v0.7.35
[INFO] [stderr]    Compiling memchr v2.7.4
[INFO] [stderr]    Compiling cfg-if v1.0.0
[INFO] [stderr]    Compiling itoa v1.0.14
[INFO] [stderr]    Compiling schemars v0.8.21
[INFO] [stderr]    Compiling allocator-api2 v0.2.21
[INFO] [stderr]    Compiling thiserror v1.0.69
[INFO] [stderr]    Compiling ryu v1.0.18
[INFO] [stderr]    Compiling semver v1.0.24
[INFO] [stderr]    Compiling dyn-clone v1.0.17
[INFO] [stderr]    Compiling ahash v0.8.11
[INFO] [stderr]    Compiling heck v0.5.0
[INFO] [stderr]    Compiling log v0.4.22
[INFO] [stderr]    Compiling hashbrown v0.14.5
[INFO] [stderr]    Compiling quote v1.0.37
[INFO] [stderr]    Compiling syn v2.0.90
[INFO] [stderr]    Compiling regress v0.10.1
[INFO] [stderr]    Compiling serde_derive_internals v0.29.1
[INFO] [stderr]    Compiling serde_derive v1.0.216
[INFO] [stderr]    Compiling thiserror-impl v1.0.69
[INFO] [stderr]    Compiling schemars_derive v0.8.21
[INFO] [stderr]    Compiling typify-impl v0.2.0 (/opt/rustwide/workdir)
[INFO] [stdout] warning: elided lifetime has a name
[INFO] [stdout]     --> src/lib.rs:1081:62
[INFO] [stdout]      |
[INFO] [stdout] 1071 | impl<'a> TypeStruct<'a> {
[INFO] [stdout]      |      -- lifetime `'a` declared here
[INFO] [stdout] ...
[INFO] [stdout] 1081 |     pub fn properties_info(&'a self) -> impl Iterator<Item = TypeStructPropInfo> {
[INFO] [stdout]      |                                                              ^^^^^^^^^^^^^^^^^^ this elided lifetime gets resolved as `'a`
[INFO] [stdout]      |
[INFO] [stdout]      = note: `#[warn(elided_named_lifetimes)]` on by default
[INFO] [stdout] 
[INFO] [stdout] 
[INFO] [stderr]     Finished `dev` profile [unoptimized + debuginfo] target(s) in 47.11s
[INFO] running `Command { std: "docker" "inspect" "f7cd900ba5504401db4f034ad049b3c07927a09e135df1c4f2ad55c6703a1337", kill_on_drop: false }`
[INFO] running `Command { std: "docker" "rm" "-f" "f7cd900ba5504401db4f034ad049b3c07927a09e135df1c4f2ad55c6703a1337", kill_on_drop: false }`
[INFO] [stdout] f7cd900ba5504401db4f034ad049b3c07927a09e135df1c4f2ad55c6703a1337
[INFO] running `Command { std: "docker" "create" "-v" "/var/lib/crater-agent-workspace/builds/worker-3-tc1/target:/opt/rustwide/target:rw,Z" "-v" "/var/lib/crater-agent-workspace/builds/worker-3-tc1/source:/opt/rustwide/workdir:ro,Z" "-v" "/var/lib/crater-agent-workspace/cargo-home:/opt/rustwide/cargo-home:ro,Z" "-v" "/var/lib/crater-agent-workspace/rustup-home:/opt/rustwide/rustup-home:ro,Z" "-e" "SOURCE_DIR=/opt/rustwide/workdir" "-e" "CARGO_TARGET_DIR=/opt/rustwide/target" "-e" "CARGO_INCREMENTAL=0" "-e" "RUST_BACKTRACE=full" "-e" "RUSTFLAGS=--cap-lints=warn" "-e" "RUSTDOCFLAGS=--cap-lints=warn" "-e" "CARGO_HOME=/opt/rustwide/cargo-home" "-e" "RUSTUP_HOME=/opt/rustwide/rustup-home" "-w" "/opt/rustwide/workdir" "-m" "1610612736" "--user" "0:0" "--network" "none" "ghcr.io/rust-lang/crates-build-env/linux@sha256:f3a9d4ad9d972b27faf3965f35b62e55ba32bbce8f20bc8fe909558a86702fde" "/opt/rustwide/cargo-home/bin/cargo" "+1.83.0" "test" "--frozen" "--no-run" "--message-format=json", kill_on_drop: false }`
[INFO] [stdout] 36c5a51c0edac7ac24692f712753eb4a2b55de9d06bb92c10b64ba4d1027fc75
[INFO] running `Command { std: "docker" "start" "-a" "36c5a51c0edac7ac24692f712753eb4a2b55de9d06bb92c10b64ba4d1027fc75", kill_on_drop: false }`
[INFO] [stderr]    Compiling once_cell v1.20.2
[INFO] [stderr]    Compiling libc v0.2.168
[INFO] [stderr]    Compiling aho-corasick v1.1.3
[INFO] [stderr]    Compiling regex-syntax v0.8.5
[INFO] [stderr]    Compiling syn v2.0.90
[INFO] [stderr]    Compiling rustix v0.38.42
[INFO] [stderr]    Compiling hashbrown v0.15.2
[INFO] [stderr]    Compiling paste v1.0.15
[INFO] [stderr]    Compiling equivalent v1.0.1
[INFO] [stderr]    Compiling ahash v0.8.11
[INFO] [stderr]    Compiling indexmap v2.7.0
[INFO] [stderr]    Compiling linux-raw-sys v0.4.14
[INFO] [stderr]    Compiling winnow v0.6.20
[INFO] [stderr]    Compiling same-file v1.0.6
[INFO] [stderr]    Compiling bitflags v2.6.0
[INFO] [stderr]    Compiling schemars v0.8.21
[INFO] [stderr]    Compiling hashbrown v0.14.5
[INFO] [stderr]    Compiling walkdir v2.5.0
[INFO] [stderr]    Compiling fastrand v2.3.0
[INFO] [stderr]    Compiling unicode-segmentation v1.12.0
[INFO] [stderr]    Compiling log v0.4.22
[INFO] [stderr]    Compiling home v0.5.9
[INFO] [stderr]    Compiling unicode-width v0.1.14
[INFO] [stderr]    Compiling uuid v1.11.0
[INFO] [stderr]    Compiling lazy_static v1.5.0
[INFO] [stderr]    Compiling console v0.15.8
[INFO] [stderr]    Compiling newline-converter v0.3.0
[INFO] [stderr]    Compiling tempfile v3.14.0
[INFO] [stderr]    Compiling regress v0.10.1
[INFO] [stderr]    Compiling regex-automata v0.4.9
[INFO] [stderr]    Compiling is-terminal v0.4.13
[INFO] [stderr]    Compiling termcolor v1.4.1
[INFO] [stderr]    Compiling humantime v2.1.0
[INFO] [stderr]    Compiling similar v2.6.0
[INFO] [stderr]    Compiling expectorate v1.1.0
[INFO] [stderr]    Compiling serde_derive_internals v0.29.1
[INFO] [stderr]    Compiling regex v1.11.1
[INFO] [stderr]    Compiling toolchain_find v0.4.0
[INFO] [stderr]    Compiling env_logger v0.10.2
[INFO] [stderr]    Compiling serde_derive v1.0.216
[INFO] [stderr]    Compiling thiserror-impl v1.0.69
[INFO] [stderr]    Compiling schemars_derive v0.8.21
[INFO] [stderr]    Compiling schema-derive v0.1.0
[INFO] [stderr]    Compiling schema v0.1.0
[INFO] [stderr]    Compiling thiserror v1.0.69
[INFO] [stderr]    Compiling serde v1.0.216
[INFO] [stderr]    Compiling toml_datetime v0.6.8
[INFO] [stderr]    Compiling serde_spanned v0.6.8
[INFO] [stderr]    Compiling serde_json v1.0.133
[INFO] [stderr]    Compiling toml_edit v0.22.22
[INFO] [stderr]    Compiling toml v0.8.19
[INFO] [stderr]    Compiling rustfmt-wrapper v0.2.1
[INFO] [stderr]    Compiling typify-impl v0.2.0 (/opt/rustwide/workdir)
[INFO] [stdout] warning: elided lifetime has a name
[INFO] [stdout]     --> src/lib.rs:1081:62
[INFO] [stdout]      |
[INFO] [stdout] 1071 | impl<'a> TypeStruct<'a> {
[INFO] [stdout]      |      -- lifetime `'a` declared here
[INFO] [stdout] ...
[INFO] [stdout] 1081 |     pub fn properties_info(&'a self) -> impl Iterator<Item = TypeStructPropInfo> {
[INFO] [stdout]      |                                                              ^^^^^^^^^^^^^^^^^^ this elided lifetime gets resolved as `'a`
[INFO] [stdout]      |
[INFO] [stdout]      = note: `#[warn(elided_named_lifetimes)]` on by default
[INFO] [stdout] 
[INFO] [stdout] 
[INFO] [stdout] warning: elided lifetime has a name
[INFO] [stdout]     --> src/lib.rs:1081:62
[INFO] [stdout]      |
[INFO] [stdout] 1071 | impl<'a> TypeStruct<'a> {
[INFO] [stdout]      |      -- lifetime `'a` declared here
[INFO] [stdout] ...
[INFO] [stdout] 1081 |     pub fn properties_info(&'a self) -> impl Iterator<Item = TypeStructPropInfo> {
[INFO] [stdout]      |                                                              ^^^^^^^^^^^^^^^^^^ this elided lifetime gets resolved as `'a`
[INFO] [stdout]      |
[INFO] [stdout]      = note: `#[warn(elided_named_lifetimes)]` on by default
[INFO] [stdout] 
[INFO] [stdout] 
[INFO] [stdout] warning: missing documentation for a macro
[INFO] [stdout]   --> src/test_util.rs:93:1
[INFO] [stdout]    |
[INFO] [stdout] 93 | macro_rules! validate_builtin {
[INFO] [stdout]    | ^^^^^^^^^^^^^^^^^^^^^^^^^^^^^
[INFO] [stdout]    |
[INFO] [stdout] note: the lint level is defined here
[INFO] [stdout]   --> src/lib.rs:5:9
[INFO] [stdout]    |
[INFO] [stdout] 5  | #![deny(missing_docs)]
[INFO] [stdout]    |         ^^^^^^^^^^^^
[INFO] [stdout] 
[INFO] [stdout] 
[INFO] [stderr]     Finished `test` profile [unoptimized + debuginfo] target(s) in 1m 31s
[INFO] running `Command { std: "docker" "inspect" "36c5a51c0edac7ac24692f712753eb4a2b55de9d06bb92c10b64ba4d1027fc75", kill_on_drop: false }`
[INFO] running `Command { std: "docker" "rm" "-f" "36c5a51c0edac7ac24692f712753eb4a2b55de9d06bb92c10b64ba4d1027fc75", kill_on_drop: false }`
[INFO] [stdout] 36c5a51c0edac7ac24692f712753eb4a2b55de9d06bb92c10b64ba4d1027fc75
[INFO] running `Command { std: "docker" "create" "-v" "/var/lib/crater-agent-workspace/builds/worker-3-tc1/target:/opt/rustwide/target:rw,Z" "-v" "/var/lib/crater-agent-workspace/builds/worker-3-tc1/source:/opt/rustwide/workdir:ro,Z" "-v" "/var/lib/crater-agent-workspace/cargo-home:/opt/rustwide/cargo-home:ro,Z" "-v" "/var/lib/crater-agent-workspace/rustup-home:/opt/rustwide/rustup-home:ro,Z" "-e" "SOURCE_DIR=/opt/rustwide/workdir" "-e" "CARGO_TARGET_DIR=/opt/rustwide/target" "-e" "CARGO_INCREMENTAL=0" "-e" "RUST_BACKTRACE=full" "-e" "RUSTFLAGS=--cap-lints=warn" "-e" "RUSTDOCFLAGS=--cap-lints=warn" "-e" "CARGO_HOME=/opt/rustwide/cargo-home" "-e" "RUSTUP_HOME=/opt/rustwide/rustup-home" "-w" "/opt/rustwide/workdir" "-m" "1610612736" "--user" "0:0" "--network" "none" "ghcr.io/rust-lang/crates-build-env/linux@sha256:f3a9d4ad9d972b27faf3965f35b62e55ba32bbce8f20bc8fe909558a86702fde" "/opt/rustwide/cargo-home/bin/cargo" "+1.83.0" "test" "--frozen", kill_on_drop: false }`
[INFO] [stdout] 4ced48e012901d842ee7c78ac9e14492f509d6d7cef60dde8085afd1d28a22c9
[INFO] running `Command { std: "docker" "start" "-a" "4ced48e012901d842ee7c78ac9e14492f509d6d7cef60dde8085afd1d28a22c9", kill_on_drop: false }`
[INFO] [stderr] warning: elided lifetime has a name
[INFO] [stderr]     --> src/lib.rs:1081:62
[INFO] [stderr]      |
[INFO] [stderr] 1071 | impl<'a> TypeStruct<'a> {
[INFO] [stderr]      |      -- lifetime `'a` declared here
[INFO] [stderr] ...
[INFO] [stderr] 1081 |     pub fn properties_info(&'a self) -> impl Iterator<Item = TypeStructPropInfo> {
[INFO] [stderr]      |                                                              ^^^^^^^^^^^^^^^^^^ this elided lifetime gets resolved as `'a`
[INFO] [stderr]      |
[INFO] [stderr]      = note: `#[warn(elided_named_lifetimes)]` on by default
[INFO] [stderr] 
[INFO] [stderr] warning: `typify-impl` (lib) generated 1 warning
[INFO] [stderr] warning: missing documentation for a macro
[INFO] [stderr]   --> src/test_util.rs:93:1
[INFO] [stderr]    |
[INFO] [stderr] 93 | macro_rules! validate_builtin {
[INFO] [stderr]    | ^^^^^^^^^^^^^^^^^^^^^^^^^^^^^
[INFO] [stderr]    |
[INFO] [stderr] note: the lint level is defined here
[INFO] [stderr]   --> src/lib.rs:5:9
[INFO] [stderr]    |
[INFO] [stderr] 5  | #![deny(missing_docs)]
[INFO] [stderr]    |         ^^^^^^^^^^^^
[INFO] [stderr] 
[INFO] [stderr] warning: `typify-impl` (lib test) generated 2 warnings (1 duplicate)
[INFO] [stderr]     Finished `test` profile [unoptimized + debuginfo] target(s) in 0.12s
[INFO] [stderr]      Running unittests src/lib.rs (/opt/rustwide/target/debug/deps/typify_impl-4b23f03823e15597)
[INFO] [stdout] 
[INFO] [stdout] running 103 tests
[INFO] [stdout] test convert::tests::test_int_i16 ... ok
[INFO] [stdout] test convert::tests::test_int_i32 ... ok
[INFO] [stdout] test convert::tests::test_int_i64 ... ok
[INFO] [stdout] test convert::tests::test_int_i8 ... ok
[INFO] [stdout] test convert::tests::test_int_nonzerou32 ... ok
[INFO] [stdout] test convert::tests::test_high_default ... ok
[INFO] [stdout] test convert::tests::test_int_nonzerou16 ... ok
[INFO] [stdout] test convert::tests::test_int_nonzerou8 ... ok
[INFO] [stdout] test convert::tests::test_int_nonzerou64 ... ok
[INFO] [stdout] test convert::tests::test_int_u64 ... ok
[INFO] [stdout] test convert::tests::test_int_u8 ... ok
[INFO] [stdout] test convert::tests::test_basic_option_flat ... ok
[INFO] [stdout] test convert::tests::test_null ... ok
[INFO] [stdout] test convert::tests::test_int_u16 ... ok
[INFO] [stdout] test convert::tests::test_set ... ignored
[INFO] [stdout] test convert::tests::test_int_u32 ... ok
[INFO] [stdout] test convert::tests::test_redundant_types ... ok
[INFO] [stdout] test convert::tests::test_unit_option ... ok
[INFO] [stdout] test convert::tests::test_overridden_conversion ... ok
[INFO] [stdout] test convert::tests::test_low_default ... ok
[INFO] [stdout] test defaults::tests::test_default_bool ... ok
[INFO] [stdout] test defaults::tests::test_default_box ... ok
[INFO] [stdout] test cycles::tests::test_newtype_trivial_cycle ... ok
[INFO] [stdout] test cycles::tests::test_trivial_cycle ... ok
[INFO] [stdout] test defaults::tests::test_default_array ... ok
[INFO] [stdout] test cycles::tests::test_abab_cycle ... ok
[INFO] [stdout] test cycles::tests::test_optional_trivial_cycle ... ok
[INFO] [stdout] test defaults::tests::test_default_tuple ... ok
[INFO] [stdout] test defaults::tests::test_default_builtin ... ok
[INFO] [stdout] test defaults::tests::test_default_map ... ok
[INFO] [stdout] test defaults::tests::test_default_numbers_and_string ... ok
[INFO] [stdout] test defaults::tests::test_enum_internal ... ok
[INFO] [stdout] test defaults::tests::test_enum_untagged ... ok
[INFO] [stdout] test defaults::tests::test_enum_external ... ok
[INFO] [stdout] test enums::tests::test_adjacently_tagged_enum ... ok
[INFO] [stdout] test defaults::tests::test_enum_adjacent ... ok
[INFO] [stdout] test enums::tests::test_enum_detection_untagged ... ok
[INFO] [stdout] test defaults::tests::test_struct_simple ... ok
[INFO] [stdout] test enums::tests::test_externally_tagged_enum ... ok
[INFO] [stdout] test defaults::tests::test_default_option ... ok
[INFO] [stdout] test enums::tests::test_internally_tagged_enum ... ok
[INFO] [stdout] test enums::tests::test_head_fake_tagged_enum ... ok
[INFO] [stdout] test enums::tests::test_maybe_option ... ok
[INFO] [stdout] test enums::tests::test_internally_tagged_enum_output ... ok
[INFO] [stdout] test cycles::tests::test_enum_trivial_cycles ... ok
[INFO] [stdout] test enums::tests::test_result_derives ... ok
[INFO] [stdout] test enums::tests::test_simple_untagged_enum ... ok
[INFO] [stdout] test enums::tests::test_adjacently_tagged_enum_output ... ok
[INFO] [stdout] test enums::tests::test_result ... ok
[INFO] [stdout] test enums::tests::test_untagged_enum ... ok
[INFO] [stdout] test enums::tests::test_internal_deny_simple ... ok
[INFO] [stdout] test enums::tests::test_tricky_untagged_enum ... ok
[INFO] [stdout] test enums::tests::test_singleton_enum ... ok
[INFO] [stdout] test enums::tests::test_externally_tagged_enum_output ... ok
[INFO] [stdout] test enums::tests::test_untagged_enum_output ... ok
[INFO] [stdout] test merge::tests::test_all_of_one_of_identity ... ok
[INFO] [stdout] test merge::tests::test_array_fail ... ok
[INFO] [stdout] test merge::tests::test_array_good1 ... ok
[INFO] [stdout] test merge::tests::test_match_one_of ... ok
[INFO] [stdout] test merge::tests::test_merge_instance_types ... ok
[INFO] [stdout] test output::tests::test_order ... ok
[INFO] [stdout] test structs::tests::test_flatten_stuff ... ok
[INFO] [stdout] test structs::tests::test_object_no_validation ... ok
[INFO] [stdout] test merge::tests::test_nop_merge ... ok
[INFO] [stdout] test merge::tests::test_array_good3 ... ok
[INFO] [stdout] test merge::tests::test_simple_merge ... ok
[INFO] [stdout] test tests::test_alias ... ok
[INFO] [stdout] test structs::tests::test_default_field ... ok
[INFO] [stdout] test merge::tests::test_array_good2 ... ok
[INFO] [stdout] test tests::test_builder_name ... ok
[INFO] [stdout] test tests::test_convert_enum_string ... ok
[INFO] [stdout] test tests::test_string_enum_with_null ... ok
[INFO] [stdout] test tests::test_external_references ... ok
[INFO] [stdout] test util::tests::test_non_exclusive_oneof_subschema ... ok
[INFO] [stdout] test util::tests::test_exclusive_structs ... ok
[INFO] [stdout] test util::tests::test_non_exclusive_structs ... ok
[INFO] [stdout] test util::tests::test_string_validation ... ok
[INFO] [stdout] test structs::tests::test_less_simple_struct ... ok
[INFO] [stdout] test util::tests::test_sanitize ... ok
[INFO] [stdout] test value::tests::test_enum_adjacent_super_scoped ... ok
[INFO] [stdout] test type_entry::tests::test_ident ... ok
[INFO] [stdout] test util::tests::test_unique_prop_structs ... ok
[INFO] [stdout] test structs::tests::test_simple_struct ... ok
[INFO] [stdout] test util::tests::test_exclusive_simple_arrays ... ok
[INFO] [stdout] test value::tests::test_enum_external_super_scoped ... ok
[INFO] [stdout] test structs::tests::test_some_maps ... ok
[INFO] [stdout] test value::tests::test_enum_external ... ok
[INFO] [stdout] test value::tests::test_enum_adjacent ... ok
[INFO] [stdout] test value::tests::test_enum_internal ... ok
[INFO] [stdout] test value::tests::test_enum_internal_super_scoped ... ok
[INFO] [stdout] test value::tests::test_enum_untagged ... ok
[INFO] [stdout] test value::tests::test_value_array ... ok
[INFO] [stdout] test value::tests::test_value_box ... ok
[INFO] [stdout] test value::tests::test_value_numbers_and_string ... ok
[INFO] [stdout] test value::tests::test_value_builtin ... ok
[INFO] [stdout] test value::tests::test_struct_simple_super_scoped ... ok
[INFO] [stdout] test value::tests::test_value_tuple ... ok
[INFO] [stdout] test value::tests::test_value_option ... ok
[INFO] [stdout] test value::tests::test_struct_simple ... ok
[INFO] [stdout] test value::tests::test_value_bool ... ok
[INFO] [stdout] test value::tests::test_enum_untagged_super_scoped ... ok
[INFO] [stdout] test tests::test_simple ... ok
[INFO] [stdout] test value::tests::test_value_map ... ok
[INFO] [stdout] 
[INFO] [stdout] test result: ok. 102 passed; 0 failed; 1 ignored; 0 measured; 0 filtered out; finished in 0.17s
[INFO] [stdout] 
[INFO] [stderr]      Running tests/test_generation.rs (/opt/rustwide/target/debug/deps/test_generation-4e4ddd7e711e2126)
[INFO] [stdout] 
[INFO] [stdout] running 1 test
[INFO] [stdout] test test_generation ... FAILED
[INFO] [stdout] 
[INFO] [stdout] failures:
[INFO] [stdout] 
[INFO] [stdout] ---- test_generation stdout ----
[INFO] [stdout] thread 'test_generation' panicked at tests/test_generation.rs:111:58:
[INFO] [stdout] called `Result::unwrap()` on an `Err` value: NoRustfmt
[INFO] [stdout] stack backtrace:
[INFO] [stdout]    0:     0x64828bd4d4fa - std::backtrace_rs::backtrace::libunwind::trace::h5a5b8284f2d0c266
[INFO] [stdout]                                at /rustc/90b35a6239c3d8bdabc530a6a0816f7ff89a0aaf/library/std/src/../../backtrace/src/backtrace/libunwind.rs:116:5
[INFO] [stdout]    1:     0x64828bd4d4fa - std::backtrace_rs::backtrace::trace_unsynchronized::h76d4f1c9b0b875e3
[INFO] [stdout]                                at /rustc/90b35a6239c3d8bdabc530a6a0816f7ff89a0aaf/library/std/src/../../backtrace/src/backtrace/mod.rs:66:5
[INFO] [stdout]    2:     0x64828bd4d4fa - std::sys::backtrace::_print_fmt::hc4546b8364a537c6
[INFO] [stdout]                                at /rustc/90b35a6239c3d8bdabc530a6a0816f7ff89a0aaf/library/std/src/sys/backtrace.rs:66:9
[INFO] [stdout]    3:     0x64828bd4d4fa - <std::sys::backtrace::BacktraceLock::print::DisplayBacktrace as core::fmt::Display>::fmt::h5b6bd5631a6d1f6b
[INFO] [stdout]                                at /rustc/90b35a6239c3d8bdabc530a6a0816f7ff89a0aaf/library/std/src/sys/backtrace.rs:39:26
[INFO] [stdout]    4:     0x64828bd74573 - core::fmt::rt::Argument::fmt::h270f6602a2b96f62
[INFO] [stdout]                                at /rustc/90b35a6239c3d8bdabc530a6a0816f7ff89a0aaf/library/core/src/fmt/rt.rs:177:76
[INFO] [stdout]    5:     0x64828bd74573 - core::fmt::write::h7550c97b06c86515
[INFO] [stdout]                                at /rustc/90b35a6239c3d8bdabc530a6a0816f7ff89a0aaf/library/core/src/fmt/mod.rs:1186:21
[INFO] [stdout]    6:     0x64828bd49ec3 - std::io::Write::write_fmt::h509ff860e5956e5e
[INFO] [stdout]                                at /rustc/90b35a6239c3d8bdabc530a6a0816f7ff89a0aaf/library/std/src/io/mod.rs:1839:15
[INFO] [stdout]    7:     0x64828bd4d342 - std::sys::backtrace::BacktraceLock::print::h2395ccd2c84ba3aa
[INFO] [stdout]                                at /rustc/90b35a6239c3d8bdabc530a6a0816f7ff89a0aaf/library/std/src/sys/backtrace.rs:42:9
[INFO] [stdout]    8:     0x64828bd4e95a - std::panicking::default_hook::{{closure}}::he19d4c7230e07961
[INFO] [stdout]                                at /rustc/90b35a6239c3d8bdabc530a6a0816f7ff89a0aaf/library/std/src/panicking.rs:268:22
[INFO] [stdout]    9:     0x64828bd4e764 - std::panicking::default_hook::hf614597d3c67bbdb
[INFO] [stdout]                                at /rustc/90b35a6239c3d8bdabc530a6a0816f7ff89a0aaf/library/std/src/panicking.rs:292:9
[INFO] [stdout]   10:     0x64828b74c7d9 - <alloc::boxed::Box<F,A> as core::ops::function::Fn<Args>>::call::h39b51ce4599c23d1
[INFO] [stdout]                                at /rustc/90b35a6239c3d8bdabc530a6a0816f7ff89a0aaf/library/alloc/src/boxed.rs:2468:9
[INFO] [stdout]   11:     0x64828b74c7d9 - test::test_main::{{closure}}::he977ae839a582784
[INFO] [stdout]                                at /rustc/90b35a6239c3d8bdabc530a6a0816f7ff89a0aaf/library/test/src/lib.rs:133:21
[INFO] [stdout]   12:     0x64828bd4eff8 - <alloc::boxed::Box<F,A> as core::ops::function::Fn<Args>>::call::h9455091b6b06f9fb
[INFO] [stdout]                                at /rustc/90b35a6239c3d8bdabc530a6a0816f7ff89a0aaf/library/alloc/src/boxed.rs:2468:9
[INFO] [stdout]   13:     0x64828bd4eff8 - std::panicking::rust_panic_with_hook::h8942133a8b252070
[INFO] [stdout]                                at /rustc/90b35a6239c3d8bdabc530a6a0816f7ff89a0aaf/library/std/src/panicking.rs:809:13
[INFO] [stdout]   14:     0x64828bd4edba - std::panicking::begin_panic_handler::{{closure}}::hb5f5963570096b29
[INFO] [stdout]                                at /rustc/90b35a6239c3d8bdabc530a6a0816f7ff89a0aaf/library/std/src/panicking.rs:674:13
[INFO] [stdout]   15:     0x64828bd4d9d9 - std::sys::backtrace::__rust_end_short_backtrace::h6208cedc1922feda
[INFO] [stdout]                                at /rustc/90b35a6239c3d8bdabc530a6a0816f7ff89a0aaf/library/std/src/sys/backtrace.rs:170:18
[INFO] [stdout]   16:     0x64828bd4ea4c - rust_begin_unwind
[INFO] [stdout]                                at /rustc/90b35a6239c3d8bdabc530a6a0816f7ff89a0aaf/library/std/src/panicking.rs:665:5
[INFO] [stdout]   17:     0x64828b3abeb0 - core::panicking::panic_fmt::h0c3082644d1bf418
[INFO] [stdout]                                at /rustc/90b35a6239c3d8bdabc530a6a0816f7ff89a0aaf/library/core/src/panicking.rs:74:14
[INFO] [stdout]   18:     0x64828b3ac396 - core::result::unwrap_failed::hd20b4aa073bda1e2
[INFO] [stdout]                                at /rustc/90b35a6239c3d8bdabc530a6a0816f7ff89a0aaf/library/core/src/result.rs:1700:5
[INFO] [stdout]   19:     0x64828b3e129f - core::result::Result<T,E>::unwrap::hc4795597b5c4bb77
[INFO] [stdout]                                at /rustc/90b35a6239c3d8bdabc530a6a0816f7ff89a0aaf/library/core/src/result.rs:1104:23
[INFO] [stdout]   20:     0x64828b3e129f - test_generation::test_generation::h4cfcefefb2813e7b
[INFO] [stdout]                                at /opt/rustwide/workdir/tests/test_generation.rs:111:15
[INFO] [stdout]   21:     0x64828b3df8c7 - test_generation::test_generation::{{closure}}::h1a9bbe4a181e5daf
[INFO] [stdout]                                at /opt/rustwide/workdir/tests/test_generation.rs:51:21
[INFO] [stdout]   22:     0x64828b3d6446 - core::ops::function::FnOnce::call_once::hdadfbca9366dfdfc
[INFO] [stdout]                                at /rustc/90b35a6239c3d8bdabc530a6a0816f7ff89a0aaf/library/core/src/ops/function.rs:250:5
[INFO] [stdout]   23:     0x64828b75119b - core::ops::function::FnOnce::call_once::h109cf8051a59b34e
[INFO] [stdout]                                at /rustc/90b35a6239c3d8bdabc530a6a0816f7ff89a0aaf/library/core/src/ops/function.rs:250:5
[INFO] [stdout]   24:     0x64828b75119b - test::__rust_begin_short_backtrace::hf4fff89d377446ba
[INFO] [stdout]                                at /rustc/90b35a6239c3d8bdabc530a6a0816f7ff89a0aaf/library/test/src/lib.rs:621:18
[INFO] [stdout]   25:     0x64828b7509d7 - test::run_test_in_process::{{closure}}::h0e39181dd7ee5a43
[INFO] [stdout]                                at /rustc/90b35a6239c3d8bdabc530a6a0816f7ff89a0aaf/library/test/src/lib.rs:644:60
[INFO] [stdout]   26:     0x64828b7509d7 - <core::panic::unwind_safe::AssertUnwindSafe<F> as core::ops::function::FnOnce<()>>::call_once::hc5a66a30f0bdfd1f
[INFO] [stdout]                                at /rustc/90b35a6239c3d8bdabc530a6a0816f7ff89a0aaf/library/core/src/panic/unwind_safe.rs:272:9
[INFO] [stdout]   27:     0x64828b7509d7 - std::panicking::try::do_call::h873b7cf639554a5e
[INFO] [stdout]                                at /rustc/90b35a6239c3d8bdabc530a6a0816f7ff89a0aaf/library/std/src/panicking.rs:557:40
[INFO] [stdout]   28:     0x64828b7509d7 - std::panicking::try::hdb19862fad9c8bd1
[INFO] [stdout]                                at /rustc/90b35a6239c3d8bdabc530a6a0816f7ff89a0aaf/library/std/src/panicking.rs:520:19
[INFO] [stdout]   29:     0x64828b7509d7 - std::panic::catch_unwind::h281fe732d236d260
[INFO] [stdout]                                at /rustc/90b35a6239c3d8bdabc530a6a0816f7ff89a0aaf/library/std/src/panic.rs:358:14
[INFO] [stdout]   30:     0x64828b7509d7 - test::run_test_in_process::h949b6df8457ed338
[INFO] [stdout]                                at /rustc/90b35a6239c3d8bdabc530a6a0816f7ff89a0aaf/library/test/src/lib.rs:644:27
[INFO] [stdout]   31:     0x64828b7509d7 - test::run_test::{{closure}}::h52c556a6d4740e10
[INFO] [stdout]                                at /rustc/90b35a6239c3d8bdabc530a6a0816f7ff89a0aaf/library/test/src/lib.rs:565:43
[INFO] [stdout]   32:     0x64828b715cb4 - test::run_test::{{closure}}::h4237f6381c45ccb9
[INFO] [stdout]                                at /rustc/90b35a6239c3d8bdabc530a6a0816f7ff89a0aaf/library/test/src/lib.rs:595:41
[INFO] [stdout]   33:     0x64828b715cb4 - std::sys::backtrace::__rust_begin_short_backtrace::h505c97a579eca628
[INFO] [stdout]                                at /rustc/90b35a6239c3d8bdabc530a6a0816f7ff89a0aaf/library/std/src/sys/backtrace.rs:154:18
[INFO] [stdout]   34:     0x64828b71937e - std::thread::Builder::spawn_unchecked_::{{closure}}::{{closure}}::h9e86b2e2bc107ea3
[INFO] [stdout]                                at /rustc/90b35a6239c3d8bdabc530a6a0816f7ff89a0aaf/library/std/src/thread/mod.rs:538:17
[INFO] [stdout]   35:     0x64828b71937e - <core::panic::unwind_safe::AssertUnwindSafe<F> as core::ops::function::FnOnce<()>>::call_once::h8b06ddb275ff4a25
[INFO] [stdout]                                at /rustc/90b35a6239c3d8bdabc530a6a0816f7ff89a0aaf/library/core/src/panic/unwind_safe.rs:272:9
[INFO] [stdout]   36:     0x64828b71937e - std::panicking::try::do_call::hb26ecd7cd9a9355d
[INFO] [stdout]                                at /rustc/90b35a6239c3d8bdabc530a6a0816f7ff89a0aaf/library/std/src/panicking.rs:557:40
[INFO] [stdout]   37:     0x64828b71937e - std::panicking::try::h8ddeca9d705f9069
[INFO] [stdout]                                at /rustc/90b35a6239c3d8bdabc530a6a0816f7ff89a0aaf/library/std/src/panicking.rs:520:19
[INFO] [stdout]   38:     0x64828b71937e - std::panic::catch_unwind::h49e1c33078844c46
[INFO] [stdout]                                at /rustc/90b35a6239c3d8bdabc530a6a0816f7ff89a0aaf/library/std/src/panic.rs:358:14
[INFO] [stdout]   39:     0x64828b71937e - std::thread::Builder::spawn_unchecked_::{{closure}}::h6073db6ff56ad35d
[INFO] [stdout]                                at /rustc/90b35a6239c3d8bdabc530a6a0816f7ff89a0aaf/library/std/src/thread/mod.rs:537:30
[INFO] [stdout]   40:     0x64828b71937e - core::ops::function::FnOnce::call_once{{vtable.shim}}::h2c5a5f3779c774f1
[INFO] [stdout]                                at /rustc/90b35a6239c3d8bdabc530a6a0816f7ff89a0aaf/library/core/src/ops/function.rs:250:5
[INFO] [stdout]   41:     0x64828bd53cfb - <alloc::boxed::Box<F,A> as core::ops::function::FnOnce<Args>>::call_once::hf75717d9f28faebf
[INFO] [stdout]                                at /rustc/90b35a6239c3d8bdabc530a6a0816f7ff89a0aaf/library/alloc/src/boxed.rs:2454:9
[INFO] [stdout]   42:     0x64828bd53cfb - <alloc::boxed::Box<F,A> as core::ops::function::FnOnce<Args>>::call_once::h7bd883a5f3c5f3c1
[INFO] [stdout]                                at /rustc/90b35a6239c3d8bdabc530a6a0816f7ff89a0aaf/library/alloc/src/boxed.rs:2454:9
[INFO] [stdout]   43:     0x64828bd53cfb - std::sys::pal::unix::thread::Thread::new::thread_start::hcc78f3943333fa94
[INFO] [stdout]                                at /rustc/90b35a6239c3d8bdabc530a6a0816f7ff89a0aaf/library/std/src/sys/pal/unix/thread.rs:105:17
[INFO] [stdout]   44:     0x7ad3e2d87ac3 - <unknown>
[INFO] [stdout]   45:     0x7ad3e2e18a04 - clone
[INFO] [stdout]   46:                0x0 - <unknown>
[INFO] [stdout] 
[INFO] [stdout] 
[INFO] [stdout] failures:
[INFO] [stdout]     test_generation
[INFO] [stdout] 
[INFO] [stdout] test result: FAILED. 0 passed; 1 failed; 0 ignored; 0 measured; 0 filtered out; finished in 0.10s
[INFO] [stdout] 
[INFO] [stderr] error: test failed, to rerun pass `--test test_generation`
[INFO] running `Command { std: "docker" "inspect" "4ced48e012901d842ee7c78ac9e14492f509d6d7cef60dde8085afd1d28a22c9", kill_on_drop: false }`
[INFO] running `Command { std: "docker" "rm" "-f" "4ced48e012901d842ee7c78ac9e14492f509d6d7cef60dde8085afd1d28a22c9", kill_on_drop: false }`
[INFO] [stdout] 4ced48e012901d842ee7c78ac9e14492f509d6d7cef60dde8085afd1d28a22c9
