[INFO] fetching crate typical 0.12.1...
[INFO] testing typical-0.12.1 against 1.83.0 for beta-1.84.0-4-retry
[INFO] extracting crate typical 0.12.1 into /workspace/builds/worker-5-tc1/source
[INFO] validating manifest of crates.io crate typical 0.12.1 on toolchain 1.83.0
[INFO] running `Command { std: CARGO_HOME="/workspace/cargo-home" RUSTUP_HOME="/workspace/rustup-home" "/workspace/cargo-home/bin/cargo" "+1.83.0" "metadata" "--manifest-path" "Cargo.toml" "--no-deps", kill_on_drop: false }`
[INFO] started tweaking crates.io crate typical 0.12.1
[INFO] finished tweaking crates.io crate typical 0.12.1
[INFO] tweaked toml for crates.io crate typical 0.12.1 written to /workspace/builds/worker-5-tc1/source/Cargo.toml
[INFO] crate crates.io crate typical 0.12.1 already has a lockfile, it will not be regenerated
[INFO] running `Command { std: CARGO_HOME="/workspace/cargo-home" RUSTUP_HOME="/workspace/rustup-home" "/workspace/cargo-home/bin/cargo" "+1.83.0" "fetch" "--manifest-path" "Cargo.toml", kill_on_drop: false }`
[INFO] running `Command { std: "docker" "create" "-v" "/var/lib/crater-agent-workspace/builds/worker-5-tc1/target:/opt/rustwide/target:rw,Z" "-v" "/var/lib/crater-agent-workspace/builds/worker-5-tc1/source:/opt/rustwide/workdir:ro,Z" "-v" "/var/lib/crater-agent-workspace/cargo-home:/opt/rustwide/cargo-home:ro,Z" "-v" "/var/lib/crater-agent-workspace/rustup-home:/opt/rustwide/rustup-home:ro,Z" "-e" "SOURCE_DIR=/opt/rustwide/workdir" "-e" "CARGO_TARGET_DIR=/opt/rustwide/target" "-e" "CARGO_HOME=/opt/rustwide/cargo-home" "-e" "RUSTUP_HOME=/opt/rustwide/rustup-home" "-w" "/opt/rustwide/workdir" "-m" "1610612736" "--user" "0:0" "--network" "none" "ghcr.io/rust-lang/crates-build-env/linux@sha256:f3a9d4ad9d972b27faf3965f35b62e55ba32bbce8f20bc8fe909558a86702fde" "/opt/rustwide/cargo-home/bin/cargo" "+1.83.0" "metadata" "--no-deps" "--format-version=1", kill_on_drop: false }`
[INFO] [stdout] 40d0fd793daa78a580988612c289a2b6f4548e1dda576474cabdc4f172b4007a
[INFO] running `Command { std: "docker" "start" "-a" "40d0fd793daa78a580988612c289a2b6f4548e1dda576474cabdc4f172b4007a", kill_on_drop: false }`
[INFO] running `Command { std: "docker" "inspect" "40d0fd793daa78a580988612c289a2b6f4548e1dda576474cabdc4f172b4007a", kill_on_drop: false }`
[INFO] running `Command { std: "docker" "rm" "-f" "40d0fd793daa78a580988612c289a2b6f4548e1dda576474cabdc4f172b4007a", kill_on_drop: false }`
[INFO] [stdout] 40d0fd793daa78a580988612c289a2b6f4548e1dda576474cabdc4f172b4007a
[INFO] running `Command { std: "docker" "create" "-v" "/var/lib/crater-agent-workspace/builds/worker-5-tc1/target:/opt/rustwide/target:rw,Z" "-v" "/var/lib/crater-agent-workspace/builds/worker-5-tc1/source:/opt/rustwide/workdir:ro,Z" "-v" "/var/lib/crater-agent-workspace/cargo-home:/opt/rustwide/cargo-home:ro,Z" "-v" "/var/lib/crater-agent-workspace/rustup-home:/opt/rustwide/rustup-home:ro,Z" "-e" "SOURCE_DIR=/opt/rustwide/workdir" "-e" "CARGO_TARGET_DIR=/opt/rustwide/target" "-e" "CARGO_INCREMENTAL=0" "-e" "RUST_BACKTRACE=full" "-e" "RUSTFLAGS=--cap-lints=warn" "-e" "RUSTDOCFLAGS=--cap-lints=warn" "-e" "CARGO_HOME=/opt/rustwide/cargo-home" "-e" "RUSTUP_HOME=/opt/rustwide/rustup-home" "-w" "/opt/rustwide/workdir" "-m" "1610612736" "--user" "0:0" "--network" "none" "ghcr.io/rust-lang/crates-build-env/linux@sha256:f3a9d4ad9d972b27faf3965f35b62e55ba32bbce8f20bc8fe909558a86702fde" "/opt/rustwide/cargo-home/bin/cargo" "+1.83.0" "build" "--frozen" "--message-format=json", kill_on_drop: false }`
[INFO] [stdout] 09d9db6904494b84c76f67bdbd022b84b01b9163e86911b596c1f6407ae16923
[INFO] running `Command { std: "docker" "start" "-a" "09d9db6904494b84c76f67bdbd022b84b01b9163e86911b596c1f6407ae16923", kill_on_drop: false }`
[INFO] [stderr]    Compiling libc v0.2.147
[INFO] [stderr]    Compiling unicode-width v0.1.10
[INFO] [stderr]    Compiling rustix v0.38.8
[INFO] [stderr]    Compiling bitflags v2.4.0
[INFO] [stderr]    Compiling linux-raw-sys v0.4.5
[INFO] [stderr]    Compiling bitflags v1.3.2
[INFO] [stderr]    Compiling vec_map v0.8.2
[INFO] [stderr]    Compiling strsim v0.8.0
[INFO] [stderr]    Compiling unicode-linebreak v0.1.5
[INFO] [stderr]    Compiling lazy_static v1.4.0
[INFO] [stderr]    Compiling ansi_term v0.12.1
[INFO] [stderr]    Compiling smawk v0.3.1
[INFO] [stderr]    Compiling unicode-segmentation v1.10.1
[INFO] [stderr]    Compiling pad v0.1.6
[INFO] [stderr]    Compiling textwrap v0.14.2
[INFO] [stderr]    Compiling term_size v0.3.2
[INFO] [stderr]    Compiling atty v0.2.14
[INFO] [stderr]    Compiling textwrap v0.11.0
[INFO] [stderr]    Compiling clap v2.34.0
[INFO] [stderr]    Compiling is-terminal v0.4.9
[INFO] [stderr]    Compiling colored v1.9.4
[INFO] [stderr]    Compiling typical v0.12.1 (/opt/rustwide/workdir)
[INFO] [stdout] warning: elided lifetime has a name
[INFO] [stdout]   --> src/error.rs:37:39
[INFO] [stdout]    |
[INFO] [stdout] 37 |     fn source<'a>(&'a self) -> Option<&(dyn error::Error + 'static)> {
[INFO] [stdout]    |               --                      ^ this elided lifetime gets resolved as `'a`
[INFO] [stdout]    |               |
[INFO] [stdout]    |               lifetime `'a` declared here
[INFO] [stdout]    |
[INFO] [stdout]    = note: `-D elided-named-lifetimes` implied by `-D warnings`
[INFO] [stdout]    = help: to override `-D warnings` add `#[allow(elided_named_lifetimes)]`
[INFO] [stdout] 
[INFO] [stdout] 
[INFO] [stderr]     Finished `dev` profile [unoptimized + debuginfo] target(s) in 9.76s
[INFO] running `Command { std: "docker" "inspect" "09d9db6904494b84c76f67bdbd022b84b01b9163e86911b596c1f6407ae16923", kill_on_drop: false }`
[INFO] running `Command { std: "docker" "rm" "-f" "09d9db6904494b84c76f67bdbd022b84b01b9163e86911b596c1f6407ae16923", kill_on_drop: false }`
[INFO] [stdout] 09d9db6904494b84c76f67bdbd022b84b01b9163e86911b596c1f6407ae16923
[INFO] running `Command { std: "docker" "create" "-v" "/var/lib/crater-agent-workspace/builds/worker-5-tc1/target:/opt/rustwide/target:rw,Z" "-v" "/var/lib/crater-agent-workspace/builds/worker-5-tc1/source:/opt/rustwide/workdir:ro,Z" "-v" "/var/lib/crater-agent-workspace/cargo-home:/opt/rustwide/cargo-home:ro,Z" "-v" "/var/lib/crater-agent-workspace/rustup-home:/opt/rustwide/rustup-home:ro,Z" "-e" "SOURCE_DIR=/opt/rustwide/workdir" "-e" "CARGO_TARGET_DIR=/opt/rustwide/target" "-e" "CARGO_INCREMENTAL=0" "-e" "RUST_BACKTRACE=full" "-e" "RUSTFLAGS=--cap-lints=warn" "-e" "RUSTDOCFLAGS=--cap-lints=warn" "-e" "CARGO_HOME=/opt/rustwide/cargo-home" "-e" "RUSTUP_HOME=/opt/rustwide/rustup-home" "-w" "/opt/rustwide/workdir" "-m" "1610612736" "--user" "0:0" "--network" "none" "ghcr.io/rust-lang/crates-build-env/linux@sha256:f3a9d4ad9d972b27faf3965f35b62e55ba32bbce8f20bc8fe909558a86702fde" "/opt/rustwide/cargo-home/bin/cargo" "+1.83.0" "test" "--frozen" "--no-run" "--message-format=json", kill_on_drop: false }`
[INFO] [stdout] 4dfdf563c1a8fa66798ee8799df752389fc26a05117b354e0f8664d19d19167f
[INFO] running `Command { std: "docker" "start" "-a" "4dfdf563c1a8fa66798ee8799df752389fc26a05117b354e0f8664d19d19167f", kill_on_drop: false }`
[INFO] [stderr]    Compiling typical v0.12.1 (/opt/rustwide/workdir)
[INFO] [stdout] warning: elided lifetime has a name
[INFO] [stdout]   --> src/error.rs:37:39
[INFO] [stdout]    |
[INFO] [stdout] 37 |     fn source<'a>(&'a self) -> Option<&(dyn error::Error + 'static)> {
[INFO] [stdout]    |               --                      ^ this elided lifetime gets resolved as `'a`
[INFO] [stdout]    |               |
[INFO] [stdout]    |               lifetime `'a` declared here
[INFO] [stdout]    |
[INFO] [stdout]    = note: `-D elided-named-lifetimes` implied by `-D warnings`
[INFO] [stdout]    = help: to override `-D warnings` add `#[allow(elided_named_lifetimes)]`
[INFO] [stdout] 
[INFO] [stdout] 
[INFO] [stderr]     Finished `test` profile [unoptimized + debuginfo] target(s) in 5.03s
[INFO] running `Command { std: "docker" "inspect" "4dfdf563c1a8fa66798ee8799df752389fc26a05117b354e0f8664d19d19167f", kill_on_drop: false }`
[INFO] running `Command { std: "docker" "rm" "-f" "4dfdf563c1a8fa66798ee8799df752389fc26a05117b354e0f8664d19d19167f", kill_on_drop: false }`
[INFO] [stdout] 4dfdf563c1a8fa66798ee8799df752389fc26a05117b354e0f8664d19d19167f
[INFO] running `Command { std: "docker" "create" "-v" "/var/lib/crater-agent-workspace/builds/worker-5-tc1/target:/opt/rustwide/target:rw,Z" "-v" "/var/lib/crater-agent-workspace/builds/worker-5-tc1/source:/opt/rustwide/workdir:ro,Z" "-v" "/var/lib/crater-agent-workspace/cargo-home:/opt/rustwide/cargo-home:ro,Z" "-v" "/var/lib/crater-agent-workspace/rustup-home:/opt/rustwide/rustup-home:ro,Z" "-e" "SOURCE_DIR=/opt/rustwide/workdir" "-e" "CARGO_TARGET_DIR=/opt/rustwide/target" "-e" "CARGO_INCREMENTAL=0" "-e" "RUST_BACKTRACE=full" "-e" "RUSTFLAGS=--cap-lints=warn" "-e" "RUSTDOCFLAGS=--cap-lints=warn" "-e" "CARGO_HOME=/opt/rustwide/cargo-home" "-e" "RUSTUP_HOME=/opt/rustwide/rustup-home" "-w" "/opt/rustwide/workdir" "-m" "1610612736" "--user" "0:0" "--network" "none" "ghcr.io/rust-lang/crates-build-env/linux@sha256:f3a9d4ad9d972b27faf3965f35b62e55ba32bbce8f20bc8fe909558a86702fde" "/opt/rustwide/cargo-home/bin/cargo" "+1.83.0" "test" "--frozen", kill_on_drop: false }`
[INFO] [stdout] 9dda7b21057f1a6c2fe0f8ef2e1bfce5b8f81da55f3bd00993a197e11a22ad92
[INFO] running `Command { std: "docker" "start" "-a" "9dda7b21057f1a6c2fe0f8ef2e1bfce5b8f81da55f3bd00993a197e11a22ad92", kill_on_drop: false }`
[INFO] [stderr] warning: elided lifetime has a name
[INFO] [stderr]   --> src/error.rs:37:39
[INFO] [stderr]    |
[INFO] [stderr] 37 |     fn source<'a>(&'a self) -> Option<&(dyn error::Error + 'static)> {
[INFO] [stderr]    |               --                      ^ this elided lifetime gets resolved as `'a`
[INFO] [stderr]    |               |
[INFO] [stderr]    |               lifetime `'a` declared here
[INFO] [stderr]    |
[INFO] [stderr]    = note: `-D elided-named-lifetimes` implied by `-D warnings`
[INFO] [stderr]    = help: to override `-D warnings` add `#[allow(elided_named_lifetimes)]`
[INFO] [stderr] 
[INFO] [stderr] warning: `typical` (bin "typical" test) generated 1 warning
[INFO] [stderr]     Finished `test` profile [unoptimized + debuginfo] target(s) in 0.05s
[INFO] [stderr]      Running unittests src/main.rs (/opt/rustwide/target/debug/deps/typical-0e0dc89fa6b15b6c)
[INFO] [stdout] 
[INFO] [stdout] running 209 tests
[INFO] [stdout] test assertions::tests::assert_fails_match ... ok
[INFO] [stdout] test count::tests::count_one ... ok
[INFO] [stdout] test count::tests::count_two ... ok
[INFO] [stdout] test error::tests::listing_empty ... ok
[INFO] [stdout] test error::tests::error_no_reason_display ... ok
[INFO] [stdout] test error::tests::listing_many_lines_partial_range ... ok
[INFO] [stdout] test error::tests::error_with_reason_display ... ok
[INFO] [stdout] test error::tests::throw_with_listing_no_source_path_reason ... ok
[INFO] [stdout] test error::tests::listing_multiple_lines_full_range ... ok
[INFO] [stdout] test error::tests::listing_multiple_lines_partial_range ... ok
[INFO] [stdout] test error::tests::listing_single_line_full_range ... ok
[INFO] [stdout] test error::tests::listing_single_line_partial_range ... ok
[INFO] [stdout] test error::tests::throw_no_source_path_listing_reason ... ok
[INFO] [stdout] test error::tests::throw_with_source_path_reason_no_listing ... ok
[INFO] [stdout] test error::tests::throw_with_listing_reason_no_source_path ... ok
[INFO] [stdout] test error::tests::throw_with_reason_no_source_path_listing ... ok
[INFO] [stdout] test error::tests::throw_with_source_path_listing_no_reason ... ok
[INFO] [stdout] test error::tests::throw_with_source_path_listing_reason ... ok
[INFO] [stdout] test error::tests::throw_with_source_path_no_listing_reason ... ok
[INFO] [stdout] test error_merger::tests::merge_errors_empty ... ok
[INFO] [stdout] test error_merger::tests::merge_errors_single ... ok
[INFO] [stdout] test error_merger::tests::merge_errors_visually_empty_line ... ok
[INFO] [stdout] test format::tests::code_str_display ... ok
[INFO] [stdout] test identifier::tests::camel_case_hyphen_case ... ok
[INFO] [stdout] test identifier::tests::camel_case_empty ... ok
[INFO] [stdout] test identifier::tests::camel_case_hyphen_case_extra_delimiters ... ok
[INFO] [stdout] test identifier::tests::camel_case_pascal_case ... ok
[INFO] [stdout] test identifier::tests::camel_case_snake_case_extra_delimiters ... ok
[INFO] [stdout] test identifier::tests::cmp_empty ... ok
[INFO] [stdout] test identifier::tests::camel_case_snake_case ... ok
[INFO] [stdout] test assertions::tests::assert_same_match ... ok
[INFO] [stdout] test identifier::tests::camel_case_camel_case ... ok
[INFO] [stdout] test count::tests::count_zero ... ok
[INFO] [stdout] test identifier::tests::cmp_equal ... ok
[INFO] [stdout] test identifier::tests::cmp_greater ... ok
[INFO] [stdout] test identifier::tests::cmp_less ... ok
[INFO] [stdout] test identifier::tests::code_str_snake_case ... ok
[INFO] [stdout] test identifier::tests::cmp_equal_up_to_case ... ok
[INFO] [stdout] test identifier::tests::code_str_camel_case ... ok
[INFO] [stdout] test identifier::tests::code_str_empty ... ok
[INFO] [stdout] test identifier::tests::code_str_hyphen_case ... ok
[INFO] [stdout] test identifier::tests::code_str_hyphen_case_extra_delimiters ... ok
[INFO] [stdout] test identifier::tests::from_hyphen_case_extra_delimiters ... ok
[INFO] [stdout] test identifier::tests::from_camel_case ... ok
[INFO] [stdout] test identifier::tests::from_hyphen_case ... ok
[INFO] [stdout] test identifier::tests::eq_different ... ok
[INFO] [stdout] test identifier::tests::eq_equal ... ok
[INFO] [stdout] test identifier::tests::code_str_pascal_case ... ok
[INFO] [stdout] test identifier::tests::code_str_snake_case_extra_delimiters ... ok
[INFO] [stdout] test identifier::tests::eq_equal_up_to_case ... ok
[INFO] [stdout] test identifier::tests::from_empty ... ok
[INFO] [stdout] test identifier::tests::from_pascal_case ... ok
[INFO] [stdout] test identifier::tests::from_snake_case ... ok
[INFO] [stdout] test identifier::tests::hash_camel_case ... ok
[INFO] [stdout] test identifier::tests::hash_hyphen_case_extra_delimiters ... ok
[INFO] [stdout] test identifier::tests::hash_pascal_case ... ok
[INFO] [stdout] test identifier::tests::hash_snake_case ... ok
[INFO] [stdout] test identifier::tests::hash_snake_case_extra_delimiters ... ok
[INFO] [stdout] test identifier::tests::hash_empty ... ok
[INFO] [stdout] test identifier::tests::hash_hyphen_case ... ok
[INFO] [stdout] test identifier::tests::eq_empty ... ok
[INFO] [stdout] test identifier::tests::from_snake_case_extra_delimiters ... ok
[INFO] [stdout] test error_merger::tests::merge_errors_double ... ok
[INFO] [stdout] test identifier::tests::original_hyphen_case ... ok
[INFO] [stdout] test identifier::tests::original_pascal_case ... ok
[INFO] [stdout] test identifier::tests::partial_cmp_empty ... ok
[INFO] [stdout] test identifier::tests::original_camel_case ... ok
[INFO] [stdout] test identifier::tests::partial_cmp_greater ... ok
[INFO] [stdout] test identifier::tests::original_snake_case ... ok
[INFO] [stdout] test identifier::tests::pascal_case_empty ... ok
[INFO] [stdout] test identifier::tests::pascal_case_hyphen_case ... ok
[INFO] [stdout] test identifier::tests::pascal_case_pascal_case ... ok
[INFO] [stdout] test identifier::tests::snake_case_camel_case ... ok
[INFO] [stdout] test identifier::tests::snake_case_empty ... ok
[INFO] [stdout] test identifier::tests::snake_case_hyphen_case ... ok
[INFO] [stdout] test identifier::tests::pascal_case_hyphen_case_extra_delimiters ... ok
[INFO] [stdout] test identifier::tests::snake_case_hyphen_case_extra_delimiters ... ok
[INFO] [stdout] test identifier::tests::pascal_case_snake_case ... ok
[INFO] [stdout] test identifier::tests::pascal_case_snake_case_extra_delimiters ... ok
[INFO] [stdout] test identifier::tests::partial_cmp_equal ... ok
[INFO] [stdout] test identifier::tests::partial_cmp_equal_up_to_case ... ok
[INFO] [stdout] test identifier::tests::partial_cmp_less ... ok
[INFO] [stdout] test identifier::tests::snake_case_pascal_case ... ok
[INFO] [stdout] test identifier::tests::snake_case_snake_case ... ok
[INFO] [stdout] test identifier::tests::snake_case_snake_case_extra_delimiters ... ok
[INFO] [stdout] test identifier::tests::original_empty ... ok
[INFO] [stdout] test identifier::tests::original_snake_case_extra_delimiters ... ok
[INFO] [stdout] test identifier::tests::original_hyphen_case_extra_delimiters ... ok
[INFO] [stdout] test identifier::tests::pascal_case_camel_case ... ok
[INFO] [stdout] test parser::tests::parse_duplicate_deleted_index ... ok
[INFO] [stdout] test parser::tests::parse_empty ... ok
[INFO] [stdout] test parser::tests::parse_duplicate_import ... ok
[INFO] [stdout] test schema::tests::namespace_display_empty ... ok
[INFO] [stdout] test schema::tests::namespace_display_multiple ... ok
[INFO] [stdout] test schema::tests::relativize_namespace_parent ... ok
[INFO] [stdout] test schema::tests::namespace_display_single ... ok
[INFO] [stdout] test schema::tests::relativize_namespace_some_overlap ... ok
[INFO] [stdout] test schema::tests::relativize_namespace_both_empty ... ok
[INFO] [stdout] test schema::tests::relativize_namespace_second_empty ... ok
[INFO] [stdout] test schema::tests::relativize_namespace_no_overlap ... ok
[INFO] [stdout] test schema::tests::relativize_namespace_child ... ok
[INFO] [stdout] test schema::tests::relativize_namespace_complete_overlap ... ok
[INFO] [stdout] test schema::tests::relativize_namespace_first_empty ... ok
[INFO] [stdout] test schema::tests::schema_imports_only_display ... ok
[INFO] [stdout] test schema::tests::type_display_bool ... ok
[INFO] [stdout] test schema::tests::type_display_array ... ok
[INFO] [stdout] test schema::tests::type_display_bytes ... ok
[INFO] [stdout] test schema::tests::type_display_custom_import ... ok
[INFO] [stdout] test schema::tests::schema_empty_display ... ok
[INFO] [stdout] test schema::tests::schema_imports_and_declarations_display ... ok
[INFO] [stdout] test parser::tests::parse_example ... ok
[INFO] [stdout] test assertions::tests::assert_fails_mismatch - should panic ... ok
[INFO] [stdout] test assertions::tests::assert_same_mismatch - should panic ... ok
[INFO] [stdout] test assertions::tests::assert_fails_empty - should panic ... ok
[INFO] [stdout] test generate_rust::tests::generate_example ... FAILED
[INFO] [stdout] test generate_typescript::tests::generate_example ... FAILED
[INFO] [stdout] test schema::tests::schema_declarations_only_display ... ok
[INFO] [stdout] test schema::tests::type_display_custom_no_import ... ok
[INFO] [stdout] test schema::tests::type_display_f64 ... ok
[INFO] [stdout] test schema::tests::type_display_s64 ... ok
[INFO] [stdout] test schema::tests::type_display_string ... ok
[INFO] [stdout] test schema::tests::type_display_u64 ... ok
[INFO] [stdout] test token::tests::variant_bool_display ... ok
[INFO] [stdout] test schema_loader::tests::path_to_namespace_double ... ok
[INFO] [stdout] test schema_loader::tests::load_schemas_example ... FAILED
[INFO] [stdout] test schema_loader::tests::path_to_namespace_empty ... ok
[INFO] [stdout] test schema_loader::tests::path_to_namespace_single ... ok
[INFO] [stdout] test schema_loader::tests::path_to_namespace_triple ... ok
[INFO] [stdout] test token::tests::token_display ... ok
[INFO] [stdout] test token::tests::variant_as_display ... ok
[INFO] [stdout] test schema::tests::type_display_unit ... ok
[INFO] [stdout] test token::tests::variant_asymmetric_display ... ok
[INFO] [stdout] test token::tests::variant_bytes_display ... ok
[INFO] [stdout] test token::tests::variant_choice_display ... ok
[INFO] [stdout] test token::tests::variant_comment_display ... ok
[INFO] [stdout] test token::tests::variant_deleted_display ... ok
[INFO] [stdout] test token::tests::variant_dot_display ... ok
[INFO] [stdout] test token::tests::variant_equals_display ... ok
[INFO] [stdout] test token::tests::variant_f64_display ... ok
[INFO] [stdout] test token::tests::variant_identifier_display ... ok
[INFO] [stdout] test token::tests::variant_import_display ... ok
[INFO] [stdout] test token::tests::variant_integer_literal_display ... ok
[INFO] [stdout] test token::tests::variant_left_square_display ... ok
[INFO] [stdout] test token::tests::variant_left_curly_display ... ok
[INFO] [stdout] test token::tests::variant_optional_display ... ok
[INFO] [stdout] test token::tests::variant_right_curly_display ... ok
[INFO] [stdout] test token::tests::variant_right_square_display ... ok
[INFO] [stdout] test token::tests::variant_path_display ... ok
[INFO] [stdout] test token::tests::variant_struct_display ... ok
[INFO] [stdout] test token::tests::variant_u64_display ... ok
[INFO] [stdout] test token::tests::variant_unit_display ... ok
[INFO] [stdout] test tokenizer::tests::tokenize_choice ... ok
[INFO] [stdout] test tokenizer::tests::tokenize_as ... ok
[INFO] [stdout] test tokenizer::tests::tokenize_asymmetric ... ok
[INFO] [stdout] test tokenizer::tests::tokenize_bare_identifier ... ok
[INFO] [stdout] test tokenizer::tests::tokenize_bare_identifier_underscore_prefix ... ok
[INFO] [stdout] test tokenizer::tests::tokenize_bool ... ok
[INFO] [stdout] test tokenizer::tests::tokenize_bytes ... ok
[INFO] [stdout] test tokenizer::tests::tokenize_colon ... ok
[INFO] [stdout] test tokenizer::tests::tokenize_comment_complex ... ok
[INFO] [stdout] test token::tests::variant_colon_display ... ok
[INFO] [stdout] test tokenizer::tests::tokenize_comment_simple ... ok
[INFO] [stdout] test token::tests::variant_s64_display ... ok
[INFO] [stdout] test token::tests::variant_string_display ... ok
[INFO] [stdout] test tokenizer::tests::tokenize_empty ... ok
[INFO] [stdout] test tokenizer::tests::tokenize_equals ... ok
[INFO] [stdout] test tokenizer::tests::tokenize_import ... ok
[INFO] [stdout] test tokenizer::tests::tokenize_example ... ok
[INFO] [stdout] test tokenizer::tests::tokenize_left_curly ... ok
[INFO] [stdout] test tokenizer::tests::tokenize_integer_literal_out_of_range ... ok
[INFO] [stdout] test tokenizer::tests::tokenize_left_square ... ok
[INFO] [stdout] test tokenizer::tests::tokenize_optional ... ok
[INFO] [stdout] test tokenizer::tests::tokenize_path_empty ... ok
[INFO] [stdout] test tokenizer::tests::tokenize_path_non_terminated ... ok
[INFO] [stdout] test tokenizer::tests::tokenize_raw_identifier ... ok
[INFO] [stdout] test tokenizer::tests::tokenize_right_square ... ok
[INFO] [stdout] test tokenizer::tests::tokenize_integer_literal_valid ... ok
[INFO] [stdout] test tokenizer::tests::tokenize_path_non_empty ... ok
[INFO] [stdout] test tokenizer::tests::tokenize_right_curly ... ok
[INFO] [stdout] test tokenizer::tests::tokenize_f64 ... ok
[INFO] [stdout] test tokenizer::tests::tokenize_s64 ... ok
[INFO] [stdout] test tokenizer::tests::tokenize_string ... ok
[INFO] [stdout] test tokenizer::tests::tokenize_struct ... ok
[INFO] [stdout] test tokenizer::tests::tokenize_u64 ... ok
[INFO] [stdout] test tokenizer::tests::tokenize_unexpected_symbol ... ok
[INFO] [stdout] test tokenizer::tests::tokenize_unit ... ok
[INFO] [stdout] test tokenizer::tests::tokenize_raw_identifier_underscore_prefix ... ok
[INFO] [stdout] test tokenizer::tests::tokenize_whitespace ... ok
[INFO] [stdout] test validator::tests::validate_choice_field_index_gap ... ok
[INFO] [stdout] test validator::tests::validate_deleted_choice_field_index ... ok
[INFO] [stdout] test validator::tests::validate_cycle ... ok
[INFO] [stdout] test validator::tests::validate_duplicate_choice_field_indices ... ok
[INFO] [stdout] test validator::tests::validate_cycle_in_array ... ok
[INFO] [stdout] test validator::tests::validate_deleted_struct_field_index ... ok
[INFO] [stdout] test validator::tests::validate_duplicate_choice_field_names ... ok
[INFO] [stdout] test validator::tests::validate_non_existent_field_type_different_file ... ok
[INFO] [stdout] test validator::tests::validate_example ... ok
[INFO] [stdout] test validator::tests::validate_non_existent_field_type_in_array_different_file ... ok
[INFO] [stdout] test validator::tests::validate_duplicate_struct_field_indices ... ok
[INFO] [stdout] test validator::tests::validate_non_existent_field_type_same_file ... ok
[INFO] [stdout] test validator::tests::validate_non_existent_field_import ... ok
[INFO] [stderr] error: test failed, to rerun pass `--bin typical`
[INFO] [stdout] test validator::tests::validate_duplicate_struct_field_names ... ok
[INFO] [stdout] test validator::tests::validate_duplicate_declaration_names ... ok
[INFO] [stdout] test validator::tests::validate_struct_field_index_gap ... ok
[INFO] [stdout] test tokenizer::tests::tokenize_deleted ... ok
[INFO] [stdout] test tokenizer::tests::tokenize_dot ... ok
[INFO] [stdout] test validator::tests::validate_empty ... ok
[INFO] [stdout] test validator::tests::validate_non_existent_field_import_in_array ... ok
[INFO] [stdout] test validator::tests::validate_non_existent_field_type_in_array_same_file ... ok
[INFO] [stdout] 
[INFO] [stdout] failures:
[INFO] [stdout] 
[INFO] [stdout] ---- generate_rust::tests::generate_example stdout ----
[INFO] [stdout] thread 'generate_rust::tests::generate_example' panicked at src/generate_rust.rs:2410:82:
[INFO] [stdout] called `Result::unwrap()` on an `Err` value: [Error { message: "[Error] `integration_tests/types/types.t` is not a file.", reason: Some(Os { code: 2, kind: NotFound, message: "No such file or directory" }) }]
[INFO] [stdout] stack backtrace:
[INFO] [stdout]    0:     0x590c2b41d60a - std::backtrace_rs::backtrace::libunwind::trace::h5a5b8284f2d0c266
[INFO] [stdout]                                at /rustc/90b35a6239c3d8bdabc530a6a0816f7ff89a0aaf/library/std/src/../../backtrace/src/backtrace/libunwind.rs:116:5
[INFO] [stdout]    1:     0x590c2b41d60a - std::backtrace_rs::backtrace::trace_unsynchronized::h76d4f1c9b0b875e3
[INFO] [stdout]                                at /rustc/90b35a6239c3d8bdabc530a6a0816f7ff89a0aaf/library/std/src/../../backtrace/src/backtrace/mod.rs:66:5
[INFO] [stdout]    2:     0x590c2b41d60a - std::sys::backtrace::_print_fmt::hc4546b8364a537c6
[INFO] [stdout]                                at /rustc/90b35a6239c3d8bdabc530a6a0816f7ff89a0aaf/library/std/src/sys/backtrace.rs:66:9
[INFO] [stdout]    3:     0x590c2b41d60a - <std::sys::backtrace::BacktraceLock::print::DisplayBacktrace as core::fmt::Display>::fmt::h5b6bd5631a6d1f6b
[INFO] [stdout]                                at /rustc/90b35a6239c3d8bdabc530a6a0816f7ff89a0aaf/library/std/src/sys/backtrace.rs:39:26
[INFO] [stdout]    4:     0x590c2b443ec3 - core::fmt::rt::Argument::fmt::h270f6602a2b96f62
[INFO] [stdout]                                at /rustc/90b35a6239c3d8bdabc530a6a0816f7ff89a0aaf/library/core/src/fmt/rt.rs:177:76
[INFO] [stdout]    5:     0x590c2b443ec3 - core::fmt::write::h7550c97b06c86515
[INFO] [stdout]                                at /rustc/90b35a6239c3d8bdabc530a6a0816f7ff89a0aaf/library/core/src/fmt/mod.rs:1186:21
[INFO] [stdout]    6:     0x590c2b41a433 - std::io::Write::write_fmt::h509ff860e5956e5e
[INFO] [stdout]                                at /rustc/90b35a6239c3d8bdabc530a6a0816f7ff89a0aaf/library/std/src/io/mod.rs:1839:15
[INFO] [stdout]    7:     0x590c2b41d452 - std::sys::backtrace::BacktraceLock::print::h2395ccd2c84ba3aa
[INFO] [stdout]                                at /rustc/90b35a6239c3d8bdabc530a6a0816f7ff89a0aaf/library/std/src/sys/backtrace.rs:42:9
[INFO] [stdout]    8:     0x590c2b41ea6a - std::panicking::default_hook::{{closure}}::he19d4c7230e07961
[INFO] [stdout]                                at /rustc/90b35a6239c3d8bdabc530a6a0816f7ff89a0aaf/library/std/src/panicking.rs:268:22
[INFO] [stdout]    9:     0x590c2b41e874 - std::panicking::default_hook::hf614597d3c67bbdb
[INFO] [stdout]                                at /rustc/90b35a6239c3d8bdabc530a6a0816f7ff89a0aaf/library/std/src/panicking.rs:292:9
[INFO] [stdout]   10:     0x590c2b3c5749 - <alloc::boxed::Box<F,A> as core::ops::function::Fn<Args>>::call::h39b51ce4599c23d1
[INFO] [stdout]                                at /rustc/90b35a6239c3d8bdabc530a6a0816f7ff89a0aaf/library/alloc/src/boxed.rs:2468:9
[INFO] [stdout]   11:     0x590c2b3c5749 - test::test_main::{{closure}}::he977ae839a582784
[INFO] [stdout]                                at /rustc/90b35a6239c3d8bdabc530a6a0816f7ff89a0aaf/library/test/src/lib.rs:133:21
[INFO] [stdout]   12:     0x590c2b41f108 - <alloc::boxed::Box<F,A> as core::ops::function::Fn<Args>>::call::h9455091b6b06f9fb
[INFO] [stdout]                                at /rustc/90b35a6239c3d8bdabc530a6a0816f7ff89a0aaf/library/alloc/src/boxed.rs:2468:9
[INFO] [stdout]   13:     0x590c2b41f108 - std::panicking::rust_panic_with_hook::h8942133a8b252070
[INFO] [stdout]                                at /rustc/90b35a6239c3d8bdabc530a6a0816f7ff89a0aaf/library/std/src/panicking.rs:809:13
[INFO] [stdout]   14:     0x590c2b41eeca - std::panicking::begin_panic_handler::{{closure}}::hb5f5963570096b29
[INFO] [stdout]                                at /rustc/90b35a6239c3d8bdabc530a6a0816f7ff89a0aaf/library/std/src/panicking.rs:674:13
[INFO] [stdout]   15:     0x590c2b41dae9 - std::sys::backtrace::__rust_end_short_backtrace::h6208cedc1922feda
[INFO] [stdout]                                at /rustc/90b35a6239c3d8bdabc530a6a0816f7ff89a0aaf/library/std/src/sys/backtrace.rs:170:18
[INFO] [stdout]   16:     0x590c2b41eb5c - rust_begin_unwind
[INFO] [stdout]                                at /rustc/90b35a6239c3d8bdabc530a6a0816f7ff89a0aaf/library/std/src/panicking.rs:665:5
[INFO] [stdout]   17:     0x590c2b25fb60 - core::panicking::panic_fmt::h0c3082644d1bf418
[INFO] [stdout]                                at /rustc/90b35a6239c3d8bdabc530a6a0816f7ff89a0aaf/library/core/src/panicking.rs:74:14
[INFO] [stdout]   18:     0x590c2b260046 - core::result::unwrap_failed::hd20b4aa073bda1e2
[INFO] [stdout]                                at /rustc/90b35a6239c3d8bdabc530a6a0816f7ff89a0aaf/library/core/src/result.rs:1700:5
[INFO] [stdout]   19:     0x590c2b2f1a06 - core::result::Result<T,E>::unwrap::h50189f2bf2b6c23c
[INFO] [stdout]                                at /rustc/90b35a6239c3d8bdabc530a6a0816f7ff89a0aaf/library/core/src/result.rs:1104:23
[INFO] [stdout]   20:     0x590c2b2f1a06 - typical::generate_rust::tests::generate_example::hdfcb228b2252315a
[INFO] [stdout]                                at /opt/rustwide/workdir/src/generate_rust.rs:2410:23
[INFO] [stdout]   21:     0x590c2b2f1977 - typical::generate_rust::tests::generate_example::{{closure}}::h34cc19ea893f1d6b
[INFO] [stdout]                                at /opt/rustwide/workdir/src/generate_rust.rs:2409:26
[INFO] [stdout]   22:     0x590c2b30ee06 - core::ops::function::FnOnce::call_once::ha063475b03b3c7f6
[INFO] [stdout]                                at /rustc/90b35a6239c3d8bdabc530a6a0816f7ff89a0aaf/library/core/src/ops/function.rs:250:5
[INFO] [stdout]   23:     0x590c2b3ca10b - core::ops::function::FnOnce::call_once::h109cf8051a59b34e
[INFO] [stdout]                                at /rustc/90b35a6239c3d8bdabc530a6a0816f7ff89a0aaf/library/core/src/ops/function.rs:250:5
[INFO] [stdout]   24:     0x590c2b3ca10b - test::__rust_begin_short_backtrace::hf4fff89d377446ba
[INFO] [stdout]                                at /rustc/90b35a6239c3d8bdabc530a6a0816f7ff89a0aaf/library/test/src/lib.rs:621:18
[INFO] [stdout]   25:     0x590c2b3c9947 - test::run_test_in_process::{{closure}}::h0e39181dd7ee5a43
[INFO] [stdout]                                at /rustc/90b35a6239c3d8bdabc530a6a0816f7ff89a0aaf/library/test/src/lib.rs:644:60
[INFO] [stdout]   26:     0x590c2b3c9947 - <core::panic::unwind_safe::AssertUnwindSafe<F> as core::ops::function::FnOnce<()>>::call_once::hc5a66a30f0bdfd1f
[INFO] [stdout]                                at /rustc/90b35a6239c3d8bdabc530a6a0816f7ff89a0aaf/library/core/src/panic/unwind_safe.rs:272:9
[INFO] [stdout]   27:     0x590c2b3c9947 - std::panicking::try::do_call::h873b7cf639554a5e
[INFO] [stdout]                                at /rustc/90b35a6239c3d8bdabc530a6a0816f7ff89a0aaf/library/std/src/panicking.rs:557:40
[INFO] [stdout]   28:     0x590c2b3c9947 - std::panicking::try::hdb19862fad9c8bd1
[INFO] [stdout]                                at /rustc/90b35a6239c3d8bdabc530a6a0816f7ff89a0aaf/library/std/src/panicking.rs:520:19
[INFO] [stdout]   29:     0x590c2b3c9947 - std::panic::catch_unwind::h281fe732d236d260
[INFO] [stdout]                                at /rustc/90b35a6239c3d8bdabc530a6a0816f7ff89a0aaf/library/std/src/panic.rs:358:14
[INFO] [stdout]   30:     0x590c2b3c9947 - test::run_test_in_process::h949b6df8457ed338
[INFO] [stdout]                                at /rustc/90b35a6239c3d8bdabc530a6a0816f7ff89a0aaf/library/test/src/lib.rs:644:27
[INFO] [stdout]   31:     0x590c2b3c9947 - test::run_test::{{closure}}::h52c556a6d4740e10
[INFO] [stdout]                                at /rustc/90b35a6239c3d8bdabc530a6a0816f7ff89a0aaf/library/test/src/lib.rs:565:43
[INFO] [stdout]   32:     0x590c2b38ec24 - test::run_test::{{closure}}::h4237f6381c45ccb9
[INFO] [stdout]                                at /rustc/90b35a6239c3d8bdabc530a6a0816f7ff89a0aaf/library/test/src/lib.rs:595:41
[INFO] [stdout]   33:     0x590c2b38ec24 - std::sys::backtrace::__rust_begin_short_backtrace::h505c97a579eca628
[INFO] [stdout]                                at /rustc/90b35a6239c3d8bdabc530a6a0816f7ff89a0aaf/library/std/src/sys/backtrace.rs:154:18
[INFO] [stdout]   34:     0x590c2b3922ee - std::thread::Builder::spawn_unchecked_::{{closure}}::{{closure}}::h9e86b2e2bc107ea3
[INFO] [stdout]                                at /rustc/90b35a6239c3d8bdabc530a6a0816f7ff89a0aaf/library/std/src/thread/mod.rs:538:17
[INFO] [stdout]   35:     0x590c2b3922ee - <core::panic::unwind_safe::AssertUnwindSafe<F> as core::ops::function::FnOnce<()>>::call_once::h8b06ddb275ff4a25
[INFO] [stdout]                                at /rustc/90b35a6239c3d8bdabc530a6a0816f7ff89a0aaf/library/core/src/panic/unwind_safe.rs:272:9
[INFO] [stdout]   36:     0x590c2b3922ee - std::panicking::try::do_call::hb26ecd7cd9a9355d
[INFO] [stdout]                                at /rustc/90b35a6239c3d8bdabc530a6a0816f7ff89a0aaf/library/std/src/panicking.rs:557:40
[INFO] [stdout]   37:     0x590c2b3922ee - std::panicking::try::h8ddeca9d705f9069
[INFO] [stdout]                                at /rustc/90b35a6239c3d8bdabc530a6a0816f7ff89a0aaf/library/std/src/panicking.rs:520:19
[INFO] [stdout]   38:     0x590c2b3922ee - std::panic::catch_unwind::h49e1c33078844c46
[INFO] [stdout]                                at /rustc/90b35a6239c3d8bdabc530a6a0816f7ff89a0aaf/library/std/src/panic.rs:358:14
[INFO] [stdout]   39:     0x590c2b3922ee - std::thread::Builder::spawn_unchecked_::{{closure}}::h6073db6ff56ad35d
[INFO] [stdout]                                at /rustc/90b35a6239c3d8bdabc530a6a0816f7ff89a0aaf/library/std/src/thread/mod.rs:537:30
[INFO] [stdout]   40:     0x590c2b3922ee - core::ops::function::FnOnce::call_once{{vtable.shim}}::h2c5a5f3779c774f1
[INFO] [stdout]                                at /rustc/90b35a6239c3d8bdabc530a6a0816f7ff89a0aaf/library/core/src/ops/function.rs:250:5
[INFO] [stdout]   41:     0x590c2b422edb - <alloc::boxed::Box<F,A> as core::ops::function::FnOnce<Args>>::call_once::hf75717d9f28faebf
[INFO] [stdout]                                at /rustc/90b35a6239c3d8bdabc530a6a0816f7ff89a0aaf/library/alloc/src/boxed.rs:2454:9
[INFO] [stdout]   42:     0x590c2b422edb - <alloc::boxed::Box<F,A> as core::ops::function::FnOnce<Args>>::call_once::h7bd883a5f3c5f3c1
[INFO] [stdout]                                at /rustc/90b35a6239c3d8bdabc530a6a0816f7ff89a0aaf/library/alloc/src/boxed.rs:2454:9
[INFO] [stdout]   43:     0x590c2b422edb - std::sys::pal::unix::thread::Thread::new::thread_start::hcc78f3943333fa94
[INFO] [stdout]                                at /rustc/90b35a6239c3d8bdabc530a6a0816f7ff89a0aaf/library/std/src/sys/pal/unix/thread.rs:105:17
[INFO] [stdout]   44:     0x71ccab58fac3 - <unknown>
[INFO] [stdout]   45:     0x71ccab620a04 - clone
[INFO] [stdout]   46:                0x0 - <unknown>
[INFO] [stdout] 
[INFO] [stdout] ---- generate_typescript::tests::generate_example stdout ----
[INFO] [stdout] thread 'generate_typescript::tests::generate_example' panicked at src/generate_typescript.rs:2550:82:
[INFO] [stdout] called `Result::unwrap()` on an `Err` value: [Error { message: "[Error] `integration_tests/types/types.t` is not a file.", reason: Some(Os { code: 2, kind: NotFound, message: "No such file or directory" }) }]
[INFO] [stdout] stack backtrace:
[INFO] [stdout]    0:     0x590c2b41d60a - std::backtrace_rs::backtrace::libunwind::trace::h5a5b8284f2d0c266
[INFO] [stdout]                                at /rustc/90b35a6239c3d8bdabc530a6a0816f7ff89a0aaf/library/std/src/../../backtrace/src/backtrace/libunwind.rs:116:5
[INFO] [stdout]    1:     0x590c2b41d60a - std::backtrace_rs::backtrace::trace_unsynchronized::h76d4f1c9b0b875e3
[INFO] [stdout]                                at /rustc/90b35a6239c3d8bdabc530a6a0816f7ff89a0aaf/library/std/src/../../backtrace/src/backtrace/mod.rs:66:5
[INFO] [stdout]    2:     0x590c2b41d60a - std::sys::backtrace::_print_fmt::hc4546b8364a537c6
[INFO] [stdout]                                at /rustc/90b35a6239c3d8bdabc530a6a0816f7ff89a0aaf/library/std/src/sys/backtrace.rs:66:9
[INFO] [stdout]    3:     0x590c2b41d60a - <std::sys::backtrace::BacktraceLock::print::DisplayBacktrace as core::fmt::Display>::fmt::h5b6bd5631a6d1f6b
[INFO] [stdout]                                at /rustc/90b35a6239c3d8bdabc530a6a0816f7ff89a0aaf/library/std/src/sys/backtrace.rs:39:26
[INFO] [stdout]    4:     0x590c2b443ec3 - core::fmt::rt::Argument::fmt::h270f6602a2b96f62
[INFO] [stdout]                                at /rustc/90b35a6239c3d8bdabc530a6a0816f7ff89a0aaf/library/core/src/fmt/rt.rs:177:76
[INFO] [stdout]    5:     0x590c2b443ec3 - core::fmt::write::h7550c97b06c86515
[INFO] [stdout]                                at /rustc/90b35a6239c3d8bdabc530a6a0816f7ff89a0aaf/library/core/src/fmt/mod.rs:1186:21
[INFO] [stdout]    6:     0x590c2b41a433 - std::io::Write::write_fmt::h509ff860e5956e5e
[INFO] [stdout]                                at /rustc/90b35a6239c3d8bdabc530a6a0816f7ff89a0aaf/library/std/src/io/mod.rs:1839:15
[INFO] [stdout]    7:     0x590c2b41d452 - std::sys::backtrace::BacktraceLock::print::h2395ccd2c84ba3aa
[INFO] [stdout]                                at /rustc/90b35a6239c3d8bdabc530a6a0816f7ff89a0aaf/library/std/src/sys/backtrace.rs:42:9
[INFO] [stdout]    8:     0x590c2b41ea6a - std::panicking::default_hook::{{closure}}::he19d4c7230e07961
[INFO] [stdout]                                at /rustc/90b35a6239c3d8bdabc530a6a0816f7ff89a0aaf/library/std/src/panicking.rs:268:22
[INFO] [stdout]    9:     0x590c2b41e874 - std::panicking::default_hook::hf614597d3c67bbdb
[INFO] [stdout]                                at /rustc/90b35a6239c3d8bdabc530a6a0816f7ff89a0aaf/library/std/src/panicking.rs:292:9
[INFO] [stdout]   10:     0x590c2b3c5749 - <alloc::boxed::Box<F,A> as core::ops::function::Fn<Args>>::call::h39b51ce4599c23d1
[INFO] [stdout]                                at /rustc/90b35a6239c3d8bdabc530a6a0816f7ff89a0aaf/library/alloc/src/boxed.rs:2468:9
[INFO] [stdout]   11:     0x590c2b3c5749 - test::test_main::{{closure}}::he977ae839a582784
[INFO] [stdout]                                at /rustc/90b35a6239c3d8bdabc530a6a0816f7ff89a0aaf/library/test/src/lib.rs:133:21
[INFO] [stdout]   12:     0x590c2b41f108 - <alloc::boxed::Box<F,A> as core::ops::function::Fn<Args>>::call::h9455091b6b06f9fb
[INFO] [stdout]                                at /rustc/90b35a6239c3d8bdabc530a6a0816f7ff89a0aaf/library/alloc/src/boxed.rs:2468:9
[INFO] [stdout]   13:     0x590c2b41f108 - std::panicking::rust_panic_with_hook::h8942133a8b252070
[INFO] [stdout]                                at /rustc/90b35a6239c3d8bdabc530a6a0816f7ff89a0aaf/library/std/src/panicking.rs:809:13
[INFO] [stdout]   14:     0x590c2b41eeca - std::panicking::begin_panic_handler::{{closure}}::hb5f5963570096b29
[INFO] [stdout]                                at /rustc/90b35a6239c3d8bdabc530a6a0816f7ff89a0aaf/library/std/src/panicking.rs:674:13
[INFO] [stdout]   15:     0x590c2b41dae9 - std::sys::backtrace::__rust_end_short_backtrace::h6208cedc1922feda
[INFO] [stdout]                                at /rustc/90b35a6239c3d8bdabc530a6a0816f7ff89a0aaf/library/std/src/sys/backtrace.rs:170:18
[INFO] [stdout]   16:     0x590c2b41eb5c - rust_begin_unwind
[INFO] [stdout]                                at /rustc/90b35a6239c3d8bdabc530a6a0816f7ff89a0aaf/library/std/src/panicking.rs:665:5
[INFO] [stdout]   17:     0x590c2b25fb60 - core::panicking::panic_fmt::h0c3082644d1bf418
[INFO] [stdout]                                at /rustc/90b35a6239c3d8bdabc530a6a0816f7ff89a0aaf/library/core/src/panicking.rs:74:14
[INFO] [stdout]   18:     0x590c2b260046 - core::result::unwrap_failed::hd20b4aa073bda1e2
[INFO] [stdout]                                at /rustc/90b35a6239c3d8bdabc530a6a0816f7ff89a0aaf/library/core/src/result.rs:1700:5
[INFO] [stdout]   19:     0x590c2b2f1e56 - core::result::Result<T,E>::unwrap::h50189f2bf2b6c23c
[INFO] [stdout]                                at /rustc/90b35a6239c3d8bdabc530a6a0816f7ff89a0aaf/library/core/src/result.rs:1104:23
[INFO] [stdout]   20:     0x590c2b2f1e56 - typical::generate_typescript::tests::generate_example::h23df47505c7bb765
[INFO] [stdout]                                at /opt/rustwide/workdir/src/generate_typescript.rs:2550:23
[INFO] [stdout]   21:     0x590c2b2f1dc7 - typical::generate_typescript::tests::generate_example::{{closure}}::he541237540af3960
[INFO] [stdout]                                at /opt/rustwide/workdir/src/generate_typescript.rs:2549:26
[INFO] [stdout]   22:     0x590c2b30d856 - core::ops::function::FnOnce::call_once::h4d4ce3f249cd6c9e
[INFO] [stdout]                                at /rustc/90b35a6239c3d8bdabc530a6a0816f7ff89a0aaf/library/core/src/ops/function.rs:250:5
[INFO] [stdout]   23:     0x590c2b3ca10b - core::ops::function::FnOnce::call_once::h109cf8051a59b34e
[INFO] [stdout]                                at /rustc/90b35a6239c3d8bdabc530a6a0816f7ff89a0aaf/library/core/src/ops/function.rs:250:5
[INFO] [stdout]   24:     0x590c2b3ca10b - test::__rust_begin_short_backtrace::hf4fff89d377446ba
[INFO] [stdout]                                at /rustc/90b35a6239c3d8bdabc530a6a0816f7ff89a0aaf/library/test/src/lib.rs:621:18
[INFO] [stdout]   25:     0x590c2b3c9947 - test::run_test_in_process::{{closure}}::h0e39181dd7ee5a43
[INFO] [stdout]                                at /rustc/90b35a6239c3d8bdabc530a6a0816f7ff89a0aaf/library/test/src/lib.rs:644:60
[INFO] [stdout]   26:     0x590c2b3c9947 - <core::panic::unwind_safe::AssertUnwindSafe<F> as core::ops::function::FnOnce<()>>::call_once::hc5a66a30f0bdfd1f
[INFO] [stdout]                                at /rustc/90b35a6239c3d8bdabc530a6a0816f7ff89a0aaf/library/core/src/panic/unwind_safe.rs:272:9
[INFO] [stdout]   27:     0x590c2b3c9947 - std::panicking::try::do_call::h873b7cf639554a5e
[INFO] [stdout]                                at /rustc/90b35a6239c3d8bdabc530a6a0816f7ff89a0aaf/library/std/src/panicking.rs:557:40
[INFO] [stdout]   28:     0x590c2b3c9947 - std::panicking::try::hdb19862fad9c8bd1
[INFO] [stdout]                                at /rustc/90b35a6239c3d8bdabc530a6a0816f7ff89a0aaf/library/std/src/panicking.rs:520:19
[INFO] [stdout]   29:     0x590c2b3c9947 - std::panic::catch_unwind::h281fe732d236d260
[INFO] [stdout]                                at /rustc/90b35a6239c3d8bdabc530a6a0816f7ff89a0aaf/library/std/src/panic.rs:358:14
[INFO] [stdout]   30:     0x590c2b3c9947 - test::run_test_in_process::h949b6df8457ed338
[INFO] [stdout]                                at /rustc/90b35a6239c3d8bdabc530a6a0816f7ff89a0aaf/library/test/src/lib.rs:644:27
[INFO] [stdout]   31:     0x590c2b3c9947 - test::run_test::{{closure}}::h52c556a6d4740e10
[INFO] [stdout]                                at /rustc/90b35a6239c3d8bdabc530a6a0816f7ff89a0aaf/library/test/src/lib.rs:565:43
[INFO] [stdout]   32:     0x590c2b38ec24 - test::run_test::{{closure}}::h4237f6381c45ccb9
[INFO] [stdout]                                at /rustc/90b35a6239c3d8bdabc530a6a0816f7ff89a0aaf/library/test/src/lib.rs:595:41
[INFO] [stdout]   33:     0x590c2b38ec24 - std::sys::backtrace::__rust_begin_short_backtrace::h505c97a579eca628
[INFO] [stdout]                                at /rustc/90b35a6239c3d8bdabc530a6a0816f7ff89a0aaf/library/std/src/sys/backtrace.rs:154:18
[INFO] [stdout]   34:     0x590c2b3922ee - std::thread::Builder::spawn_unchecked_::{{closure}}::{{closure}}::h9e86b2e2bc107ea3
[INFO] [stdout]                                at /rustc/90b35a6239c3d8bdabc530a6a0816f7ff89a0aaf/library/std/src/thread/mod.rs:538:17
[INFO] [stdout]   35:     0x590c2b3922ee - <core::panic::unwind_safe::AssertUnwindSafe<F> as core::ops::function::FnOnce<()>>::call_once::h8b06ddb275ff4a25
[INFO] [stdout]                                at /rustc/90b35a6239c3d8bdabc530a6a0816f7ff89a0aaf/library/core/src/panic/unwind_safe.rs:272:9
[INFO] [stdout]   36:     0x590c2b3922ee - std::panicking::try::do_call::hb26ecd7cd9a9355d
[INFO] [stdout]                                at /rustc/90b35a6239c3d8bdabc530a6a0816f7ff89a0aaf/library/std/src/panicking.rs:557:40
[INFO] [stdout]   37:     0x590c2b3922ee - std::panicking::try::h8ddeca9d705f9069
[INFO] [stdout]                                at /rustc/90b35a6239c3d8bdabc530a6a0816f7ff89a0aaf/library/std/src/panicking.rs:520:19
[INFO] [stdout]   38:     0x590c2b3922ee - std::panic::catch_unwind::h49e1c33078844c46
[INFO] [stdout]                                at /rustc/90b35a6239c3d8bdabc530a6a0816f7ff89a0aaf/library/std/src/panic.rs:358:14
[INFO] [stdout]   39:     0x590c2b3922ee - std::thread::Builder::spawn_unchecked_::{{closure}}::h6073db6ff56ad35d
[INFO] [stdout]                                at /rustc/90b35a6239c3d8bdabc530a6a0816f7ff89a0aaf/library/std/src/thread/mod.rs:537:30
[INFO] [stdout]   40:     0x590c2b3922ee - core::ops::function::FnOnce::call_once{{vtable.shim}}::h2c5a5f3779c774f1
[INFO] [stdout]                                at /rustc/90b35a6239c3d8bdabc530a6a0816f7ff89a0aaf/library/core/src/ops/function.rs:250:5
[INFO] [stdout]   41:     0x590c2b422edb - <alloc::boxed::Box<F,A> as core::ops::function::FnOnce<Args>>::call_once::hf75717d9f28faebf
[INFO] [stdout]                                at /rustc/90b35a6239c3d8bdabc530a6a0816f7ff89a0aaf/library/alloc/src/boxed.rs:2454:9
[INFO] [stdout]   42:     0x590c2b422edb - <alloc::boxed::Box<F,A> as core::ops::function::FnOnce<Args>>::call_once::h7bd883a5f3c5f3c1
[INFO] [stdout]                                at /rustc/90b35a6239c3d8bdabc530a6a0816f7ff89a0aaf/library/alloc/src/boxed.rs:2454:9
[INFO] [stdout]   43:     0x590c2b422edb - std::sys::pal::unix::thread::Thread::new::thread_start::hcc78f3943333fa94
[INFO] [stdout]                                at /rustc/90b35a6239c3d8bdabc530a6a0816f7ff89a0aaf/library/std/src/sys/pal/unix/thread.rs:105:17
[INFO] [stdout]   44:     0x71ccab58fac3 - <unknown>
[INFO] [stdout]   45:     0x71ccab620a04 - clone
[INFO] [stdout]   46:                0x0 - <unknown>
[INFO] [stdout] 
[INFO] [stdout] ---- schema_loader::tests::load_schemas_example stdout ----
[INFO] [stdout] thread 'schema_loader::tests::load_schemas_example' panicked at src/schema_loader.rs:318:68:
[INFO] [stdout] called `Result::unwrap()` on an `Err` value: [Error { message: "[Error] `integration_tests/types/types.t` is not a file.", reason: Some(Os { code: 2, kind: NotFound, message: "No such file or directory" }) }]
[INFO] [stdout] stack backtrace:
[INFO] [stdout]    0:     0x590c2b41d60a - std::backtrace_rs::backtrace::libunwind::trace::h5a5b8284f2d0c266
[INFO] [stdout]                                at /rustc/90b35a6239c3d8bdabc530a6a0816f7ff89a0aaf/library/std/src/../../backtrace/src/backtrace/libunwind.rs:116:5
[INFO] [stdout]    1:     0x590c2b41d60a - std::backtrace_rs::backtrace::trace_unsynchronized::h76d4f1c9b0b875e3
[INFO] [stdout]                                at /rustc/90b35a6239c3d8bdabc530a6a0816f7ff89a0aaf/library/std/src/../../backtrace/src/backtrace/mod.rs:66:5
[INFO] [stdout]    2:     0x590c2b41d60a - std::sys::backtrace::_print_fmt::hc4546b8364a537c6
[INFO] [stdout]                                at /rustc/90b35a6239c3d8bdabc530a6a0816f7ff89a0aaf/library/std/src/sys/backtrace.rs:66:9
[INFO] [stdout]    3:     0x590c2b41d60a - <std::sys::backtrace::BacktraceLock::print::DisplayBacktrace as core::fmt::Display>::fmt::h5b6bd5631a6d1f6b
[INFO] [stdout]                                at /rustc/90b35a6239c3d8bdabc530a6a0816f7ff89a0aaf/library/std/src/sys/backtrace.rs:39:26
[INFO] [stdout]    4:     0x590c2b443ec3 - core::fmt::rt::Argument::fmt::h270f6602a2b96f62
[INFO] [stdout]                                at /rustc/90b35a6239c3d8bdabc530a6a0816f7ff89a0aaf/library/core/src/fmt/rt.rs:177:76
[INFO] [stdout]    5:     0x590c2b443ec3 - core::fmt::write::h7550c97b06c86515
[INFO] [stdout]                                at /rustc/90b35a6239c3d8bdabc530a6a0816f7ff89a0aaf/library/core/src/fmt/mod.rs:1186:21
[INFO] [stdout]    6:     0x590c2b41a433 - std::io::Write::write_fmt::h509ff860e5956e5e
[INFO] [stdout]                                at /rustc/90b35a6239c3d8bdabc530a6a0816f7ff89a0aaf/library/std/src/io/mod.rs:1839:15
[INFO] [stdout]    7:     0x590c2b41d452 - std::sys::backtrace::BacktraceLock::print::h2395ccd2c84ba3aa
[INFO] [stdout]                                at /rustc/90b35a6239c3d8bdabc530a6a0816f7ff89a0aaf/library/std/src/sys/backtrace.rs:42:9
[INFO] [stdout]    8:     0x590c2b41ea6a - std::panicking::default_hook::{{closure}}::he19d4c7230e07961
[INFO] [stdout]                                at /rustc/90b35a6239c3d8bdabc530a6a0816f7ff89a0aaf/library/std/src/panicking.rs:268:22
[INFO] [stdout]    9:     0x590c2b41e874 - std::panicking::default_hook::hf614597d3c67bbdb
[INFO] [stdout]                                at /rustc/90b35a6239c3d8bdabc530a6a0816f7ff89a0aaf/library/std/src/panicking.rs:292:9
[INFO] [stdout]   10:     0x590c2b3c5749 - <alloc::boxed::Box<F,A> as core::ops::function::Fn<Args>>::call::h39b51ce4599c23d1
[INFO] [stdout]                                at /rustc/90b35a6239c3d8bdabc530a6a0816f7ff89a0aaf/library/alloc/src/boxed.rs:2468:9
[INFO] [stdout]   11:     0x590c2b3c5749 - test::test_main::{{closure}}::he977ae839a582784
[INFO] [stdout]                                at /rustc/90b35a6239c3d8bdabc530a6a0816f7ff89a0aaf/library/test/src/lib.rs:133:21
[INFO] [stdout]   12:     0x590c2b41f108 - <alloc::boxed::Box<F,A> as core::ops::function::Fn<Args>>::call::h9455091b6b06f9fb
[INFO] [stdout]                                at /rustc/90b35a6239c3d8bdabc530a6a0816f7ff89a0aaf/library/alloc/src/boxed.rs:2468:9
[INFO] [stdout]   13:     0x590c2b41f108 - std::panicking::rust_panic_with_hook::h8942133a8b252070
[INFO] [stdout]                                at /rustc/90b35a6239c3d8bdabc530a6a0816f7ff89a0aaf/library/std/src/panicking.rs:809:13
[INFO] [stdout]   14:     0x590c2b41eeca - std::panicking::begin_panic_handler::{{closure}}::hb5f5963570096b29
[INFO] [stdout]                                at /rustc/90b35a6239c3d8bdabc530a6a0816f7ff89a0aaf/library/std/src/panicking.rs:674:13
[INFO] [stdout]   15:     0x590c2b41dae9 - std::sys::backtrace::__rust_end_short_backtrace::h6208cedc1922feda
[INFO] [stdout]                                at /rustc/90b35a6239c3d8bdabc530a6a0816f7ff89a0aaf/library/std/src/sys/backtrace.rs:170:18
[INFO] [stdout]   16:     0x590c2b41eb5c - rust_begin_unwind
[INFO] [stdout]                                at /rustc/90b35a6239c3d8bdabc530a6a0816f7ff89a0aaf/library/std/src/panicking.rs:665:5
[INFO] [stdout]   17:     0x590c2b25fb60 - core::panicking::panic_fmt::h0c3082644d1bf418
[INFO] [stdout]                                at /rustc/90b35a6239c3d8bdabc530a6a0816f7ff89a0aaf/library/core/src/panicking.rs:74:14
[INFO] [stdout]   18:     0x590c2b260046 - core::result::unwrap_failed::hd20b4aa073bda1e2
[INFO] [stdout]                                at /rustc/90b35a6239c3d8bdabc530a6a0816f7ff89a0aaf/library/core/src/result.rs:1700:5
[INFO] [stdout]   19:     0x590c2b2f3bf6 - core::result::Result<T,E>::unwrap::h50189f2bf2b6c23c
[INFO] [stdout]                                at /rustc/90b35a6239c3d8bdabc530a6a0816f7ff89a0aaf/library/core/src/result.rs:1104:23
[INFO] [stdout]   20:     0x590c2b2f3bf6 - typical::schema_loader::tests::load_schemas_example::h7ee7a551dff675a5
[INFO] [stdout]                                at /opt/rustwide/workdir/src/schema_loader.rs:318:9
[INFO] [stdout]   21:     0x590c2b2f3b77 - typical::schema_loader::tests::load_schemas_example::{{closure}}::h3ee97e593331bfc4
[INFO] [stdout]                                at /opt/rustwide/workdir/src/schema_loader.rs:317:30
[INFO] [stdout]   22:     0x590c2b30ffd6 - core::ops::function::FnOnce::call_once::hf9221d354bebe370
[INFO] [stdout]                                at /rustc/90b35a6239c3d8bdabc530a6a0816f7ff89a0aaf/library/core/src/ops/function.rs:250:5
[INFO] [stdout]   23:     0x590c2b3ca10b - core::ops::function::FnOnce::call_once::h109cf8051a59b34e
[INFO] [stdout]                                at /rustc/90b35a6239c3d8bdabc530a6a0816f7ff89a0aaf/library/core/src/ops/function.rs:250:5
[INFO] [stdout]   24:     0x590c2b3ca10b - test::__rust_begin_short_backtrace::hf4fff89d377446ba
[INFO] [stdout]                                at /rustc/90b35a6239c3d8bdabc530a6a0816f7ff89a0aaf/library/test/src/lib.rs:621:18
[INFO] [stdout]   25:     0x590c2b3c9947 - test::run_test_in_process::{{closure}}::h0e39181dd7ee5a43
[INFO] [stdout]                                at /rustc/90b35a6239c3d8bdabc530a6a0816f7ff89a0aaf/library/test/src/lib.rs:644:60
[INFO] [stdout]   26:     0x590c2b3c9947 - <core::panic::unwind_safe::AssertUnwindSafe<F> as core::ops::function::FnOnce<()>>::call_once::hc5a66a30f0bdfd1f
[INFO] [stdout]                                at /rustc/90b35a6239c3d8bdabc530a6a0816f7ff89a0aaf/library/core/src/panic/unwind_safe.rs:272:9
[INFO] [stdout]   27:     0x590c2b3c9947 - std::panicking::try::do_call::h873b7cf639554a5e
[INFO] [stdout]                                at /rustc/90b35a6239c3d8bdabc530a6a0816f7ff89a0aaf/library/std/src/panicking.rs:557:40
[INFO] [stdout]   28:     0x590c2b3c9947 - std::panicking::try::hdb19862fad9c8bd1
[INFO] [stdout]                                at /rustc/90b35a6239c3d8bdabc530a6a0816f7ff89a0aaf/library/std/src/panicking.rs:520:19
[INFO] [stdout]   29:     0x590c2b3c9947 - std::panic::catch_unwind::h281fe732d236d260
[INFO] [stdout]                                at /rustc/90b35a6239c3d8bdabc530a6a0816f7ff89a0aaf/library/std/src/panic.rs:358:14
[INFO] [stdout]   30:     0x590c2b3c9947 - test::run_test_in_process::h949b6df8457ed338
[INFO] [stdout]                                at /rustc/90b35a6239c3d8bdabc530a6a0816f7ff89a0aaf/library/test/src/lib.rs:644:27
[INFO] [stdout]   31:     0x590c2b3c9947 - test::run_test::{{closure}}::h52c556a6d4740e10
[INFO] [stdout]                                at /rustc/90b35a6239c3d8bdabc530a6a0816f7ff89a0aaf/library/test/src/lib.rs:565:43
[INFO] [stdout]   32:     0x590c2b38ec24 - test::run_test::{{closure}}::h4237f6381c45ccb9
[INFO] [stdout]                                at /rustc/90b35a6239c3d8bdabc530a6a0816f7ff89a0aaf/library/test/src/lib.rs:595:41
[INFO] [stdout]   33:     0x590c2b38ec24 - std::sys::backtrace::__rust_begin_short_backtrace::h505c97a579eca628
[INFO] [stdout]                                at /rustc/90b35a6239c3d8bdabc530a6a0816f7ff89a0aaf/library/std/src/sys/backtrace.rs:154:18
[INFO] [stdout]   34:     0x590c2b3922ee - std::thread::Builder::spawn_unchecked_::{{closure}}::{{closure}}::h9e86b2e2bc107ea3
[INFO] [stdout]                                at /rustc/90b35a6239c3d8bdabc530a6a0816f7ff89a0aaf/library/std/src/thread/mod.rs:538:17
[INFO] [stdout]   35:     0x590c2b3922ee - <core::panic::unwind_safe::AssertUnwindSafe<F> as core::ops::function::FnOnce<()>>::call_once::h8b06ddb275ff4a25
[INFO] [stdout]                                at /rustc/90b35a6239c3d8bdabc530a6a0816f7ff89a0aaf/library/core/src/panic/unwind_safe.rs:272:9
[INFO] [stdout]   36:     0x590c2b3922ee - std::panicking::try::do_call::hb26ecd7cd9a9355d
[INFO] [stdout]                                at /rustc/90b35a6239c3d8bdabc530a6a0816f7ff89a0aaf/library/std/src/panicking.rs:557:40
[INFO] [stdout]   37:     0x590c2b3922ee - std::panicking::try::h8ddeca9d705f9069
[INFO] [stdout]                                at /rustc/90b35a6239c3d8bdabc530a6a0816f7ff89a0aaf/library/std/src/panicking.rs:520:19
[INFO] [stdout]   38:     0x590c2b3922ee - std::panic::catch_unwind::h49e1c33078844c46
[INFO] [stdout]                                at /rustc/90b35a6239c3d8bdabc530a6a0816f7ff89a0aaf/library/std/src/panic.rs:358:14
[INFO] [stdout]   39:     0x590c2b3922ee - std::thread::Builder::spawn_unchecked_::{{closure}}::h6073db6ff56ad35d
[INFO] [stdout]                                at /rustc/90b35a6239c3d8bdabc530a6a0816f7ff89a0aaf/library/std/src/thread/mod.rs:537:30
[INFO] [stdout]   40:     0x590c2b3922ee - core::ops::function::FnOnce::call_once{{vtable.shim}}::h2c5a5f3779c774f1
[INFO] [stdout]                                at /rustc/90b35a6239c3d8bdabc530a6a0816f7ff89a0aaf/library/core/src/ops/function.rs:250:5
[INFO] [stdout]   41:     0x590c2b422edb - <alloc::boxed::Box<F,A> as core::ops::function::FnOnce<Args>>::call_once::hf75717d9f28faebf
[INFO] [stdout]                                at /rustc/90b35a6239c3d8bdabc530a6a0816f7ff89a0aaf/library/alloc/src/boxed.rs:2454:9
[INFO] [stdout]   42:     0x590c2b422edb - <alloc::boxed::Box<F,A> as core::ops::function::FnOnce<Args>>::call_once::h7bd883a5f3c5f3c1
[INFO] [stdout]                                at /rustc/90b35a6239c3d8bdabc530a6a0816f7ff89a0aaf/library/alloc/src/boxed.rs:2454:9
[INFO] [stdout]   43:     0x590c2b422edb - std::sys::pal::unix::thread::Thread::new::thread_start::hcc78f3943333fa94
[INFO] [stdout]                                at /rustc/90b35a6239c3d8bdabc530a6a0816f7ff89a0aaf/library/std/src/sys/pal/unix/thread.rs:105:17
[INFO] [stdout]   44:     0x71ccab58fac3 - <unknown>
[INFO] [stdout]   45:     0x71ccab620a04 - clone
[INFO] [stdout]   46:                0x0 - <unknown>
[INFO] [stdout] 
[INFO] [stdout] 
[INFO] [stdout] failures:
[INFO] [stdout]     generate_rust::tests::generate_example
[INFO] [stdout]     generate_typescript::tests::generate_example
[INFO] [stdout]     schema_loader::tests::load_schemas_example
[INFO] [stdout] 
[INFO] [stdout] test result: FAILED. 206 passed; 3 failed; 0 ignored; 0 measured; 0 filtered out; finished in 0.15s
[INFO] [stdout] 
[INFO] running `Command { std: "docker" "inspect" "9dda7b21057f1a6c2fe0f8ef2e1bfce5b8f81da55f3bd00993a197e11a22ad92", kill_on_drop: false }`
[INFO] running `Command { std: "docker" "rm" "-f" "9dda7b21057f1a6c2fe0f8ef2e1bfce5b8f81da55f3bd00993a197e11a22ad92", kill_on_drop: false }`
[INFO] [stdout] 9dda7b21057f1a6c2fe0f8ef2e1bfce5b8f81da55f3bd00993a197e11a22ad92
