[INFO] fetching crate typesafe-builders 0.5.0...
[INFO] testing typesafe-builders-0.5.0 against beta-2024-12-08 for beta-1.84.0-4-retry
[INFO] extracting crate typesafe-builders 0.5.0 into /workspace/builds/worker-6-tc2/source
[INFO] validating manifest of crates.io crate typesafe-builders 0.5.0 on toolchain beta-2024-12-08
[INFO] running `Command { std: CARGO_HOME="/workspace/cargo-home" RUSTUP_HOME="/workspace/rustup-home" "/workspace/cargo-home/bin/cargo" "+beta-2024-12-08" "metadata" "--manifest-path" "Cargo.toml" "--no-deps", kill_on_drop: false }`
[INFO] started tweaking crates.io crate typesafe-builders 0.5.0
[INFO] finished tweaking crates.io crate typesafe-builders 0.5.0
[INFO] tweaked toml for crates.io crate typesafe-builders 0.5.0 written to /workspace/builds/worker-6-tc2/source/Cargo.toml
[INFO] running `Command { std: CARGO_HOME="/workspace/cargo-home" RUSTUP_HOME="/workspace/rustup-home" "/workspace/cargo-home/bin/cargo" "+beta-2024-12-08" "generate-lockfile" "--manifest-path" "Cargo.toml", kill_on_drop: false }`
[INFO] [stderr]     Updating crates.io index
[INFO] [stderr]      Locking 37 packages to latest compatible versions
[INFO] running `Command { std: CARGO_HOME="/workspace/cargo-home" RUSTUP_HOME="/workspace/rustup-home" "/workspace/cargo-home/bin/cargo" "+beta-2024-12-08" "fetch" "--manifest-path" "Cargo.toml", kill_on_drop: false }`
[INFO] running `Command { std: "docker" "create" "-v" "/var/lib/crater-agent-workspace/builds/worker-6-tc2/target:/opt/rustwide/target:rw,Z" "-v" "/var/lib/crater-agent-workspace/builds/worker-6-tc2/source:/opt/rustwide/workdir:ro,Z" "-v" "/var/lib/crater-agent-workspace/cargo-home:/opt/rustwide/cargo-home:ro,Z" "-v" "/var/lib/crater-agent-workspace/rustup-home:/opt/rustwide/rustup-home:ro,Z" "-e" "SOURCE_DIR=/opt/rustwide/workdir" "-e" "CARGO_TARGET_DIR=/opt/rustwide/target" "-e" "CARGO_HOME=/opt/rustwide/cargo-home" "-e" "RUSTUP_HOME=/opt/rustwide/rustup-home" "-w" "/opt/rustwide/workdir" "-m" "1610612736" "--user" "0:0" "--network" "none" "ghcr.io/rust-lang/crates-build-env/linux@sha256:f3a9d4ad9d972b27faf3965f35b62e55ba32bbce8f20bc8fe909558a86702fde" "/opt/rustwide/cargo-home/bin/cargo" "+beta-2024-12-08" "metadata" "--no-deps" "--format-version=1", kill_on_drop: false }`
[INFO] [stdout] e8da54c7eaab12b2c524e829cac78f165fd2de2894ff976814c125749b5062ea
[INFO] running `Command { std: "docker" "start" "-a" "e8da54c7eaab12b2c524e829cac78f165fd2de2894ff976814c125749b5062ea", kill_on_drop: false }`
[INFO] running `Command { std: "docker" "inspect" "e8da54c7eaab12b2c524e829cac78f165fd2de2894ff976814c125749b5062ea", kill_on_drop: false }`
[INFO] running `Command { std: "docker" "rm" "-f" "e8da54c7eaab12b2c524e829cac78f165fd2de2894ff976814c125749b5062ea", kill_on_drop: false }`
[INFO] [stdout] e8da54c7eaab12b2c524e829cac78f165fd2de2894ff976814c125749b5062ea
[INFO] running `Command { std: "docker" "create" "-v" "/var/lib/crater-agent-workspace/builds/worker-6-tc2/target:/opt/rustwide/target:rw,Z" "-v" "/var/lib/crater-agent-workspace/builds/worker-6-tc2/source:/opt/rustwide/workdir:ro,Z" "-v" "/var/lib/crater-agent-workspace/cargo-home:/opt/rustwide/cargo-home:ro,Z" "-v" "/var/lib/crater-agent-workspace/rustup-home:/opt/rustwide/rustup-home:ro,Z" "-e" "SOURCE_DIR=/opt/rustwide/workdir" "-e" "CARGO_TARGET_DIR=/opt/rustwide/target" "-e" "CARGO_INCREMENTAL=0" "-e" "RUST_BACKTRACE=full" "-e" "RUSTFLAGS=--cap-lints=warn" "-e" "RUSTDOCFLAGS=--cap-lints=warn" "-e" "CARGO_HOME=/opt/rustwide/cargo-home" "-e" "RUSTUP_HOME=/opt/rustwide/rustup-home" "-w" "/opt/rustwide/workdir" "-m" "1610612736" "--user" "0:0" "--network" "none" "ghcr.io/rust-lang/crates-build-env/linux@sha256:f3a9d4ad9d972b27faf3965f35b62e55ba32bbce8f20bc8fe909558a86702fde" "/opt/rustwide/cargo-home/bin/cargo" "+beta-2024-12-08" "build" "--frozen" "--message-format=json", kill_on_drop: false }`
[INFO] [stdout] 4de47b66311a82fcee6beaa03fded0276b1960f010ae7f18469c7b8126d775be
[INFO] running `Command { std: "docker" "start" "-a" "4de47b66311a82fcee6beaa03fded0276b1960f010ae7f18469c7b8126d775be", kill_on_drop: false }`
[INFO] [stderr]    Compiling unicode-ident v1.0.14
[INFO] [stderr]    Compiling proc-macro2 v1.0.92
[INFO] [stderr]    Compiling syn v1.0.109
[INFO] [stderr]    Compiling typesafe-builders v0.5.0 (/opt/rustwide/workdir)
[INFO] [stderr]    Compiling quote v1.0.37
[INFO] [stderr]    Compiling syn v2.0.90
[INFO] [stderr]    Compiling derive-syn-parse v0.1.5
[INFO] [stderr]    Compiling typesafe-builders-core v0.5.0
[INFO] [stderr]    Compiling typesafe-builders-derive v0.5.0
[INFO] [stderr]     Finished `dev` profile [unoptimized + debuginfo] target(s) in 9.67s
[INFO] running `Command { std: "docker" "inspect" "4de47b66311a82fcee6beaa03fded0276b1960f010ae7f18469c7b8126d775be", kill_on_drop: false }`
[INFO] running `Command { std: "docker" "rm" "-f" "4de47b66311a82fcee6beaa03fded0276b1960f010ae7f18469c7b8126d775be", kill_on_drop: false }`
[INFO] [stdout] 4de47b66311a82fcee6beaa03fded0276b1960f010ae7f18469c7b8126d775be
[INFO] running `Command { std: "docker" "create" "-v" "/var/lib/crater-agent-workspace/builds/worker-6-tc2/target:/opt/rustwide/target:rw,Z" "-v" "/var/lib/crater-agent-workspace/builds/worker-6-tc2/source:/opt/rustwide/workdir:ro,Z" "-v" "/var/lib/crater-agent-workspace/cargo-home:/opt/rustwide/cargo-home:ro,Z" "-v" "/var/lib/crater-agent-workspace/rustup-home:/opt/rustwide/rustup-home:ro,Z" "-e" "SOURCE_DIR=/opt/rustwide/workdir" "-e" "CARGO_TARGET_DIR=/opt/rustwide/target" "-e" "CARGO_INCREMENTAL=0" "-e" "RUST_BACKTRACE=full" "-e" "RUSTFLAGS=--cap-lints=warn" "-e" "RUSTDOCFLAGS=--cap-lints=warn" "-e" "CARGO_HOME=/opt/rustwide/cargo-home" "-e" "RUSTUP_HOME=/opt/rustwide/rustup-home" "-w" "/opt/rustwide/workdir" "-m" "1610612736" "--user" "0:0" "--network" "none" "ghcr.io/rust-lang/crates-build-env/linux@sha256:f3a9d4ad9d972b27faf3965f35b62e55ba32bbce8f20bc8fe909558a86702fde" "/opt/rustwide/cargo-home/bin/cargo" "+beta-2024-12-08" "test" "--frozen" "--no-run" "--message-format=json", kill_on_drop: false }`
[INFO] [stdout] d8cf691c9dcbc722d65af77b651bac97364e4995ca37e60c15c86cec068a7744
[INFO] running `Command { std: "docker" "start" "-a" "d8cf691c9dcbc722d65af77b651bac97364e4995ca37e60c15c86cec068a7744", kill_on_drop: false }`
[INFO] [stderr]    Compiling serde v1.0.216
[INFO] [stderr]    Compiling equivalent v1.0.1
[INFO] [stderr]    Compiling hashbrown v0.15.2
[INFO] [stderr]    Compiling serde_json v1.0.133
[INFO] [stderr]    Compiling target-triple v0.1.3
[INFO] [stderr]    Compiling winnow v0.6.20
[INFO] [stderr]    Compiling itoa v1.0.14
[INFO] [stderr]    Compiling memchr v2.7.4
[INFO] [stderr]    Compiling ryu v1.0.18
[INFO] [stderr]    Compiling termcolor v1.4.1
[INFO] [stderr]    Compiling glob v0.3.1
[INFO] [stderr]    Compiling serde_derive v1.0.216
[INFO] [stderr]    Compiling indexmap v2.7.0
[INFO] [stderr]    Compiling serde_spanned v0.6.8
[INFO] [stderr]    Compiling toml_datetime v0.6.8
[INFO] [stderr]    Compiling toml_edit v0.22.22
[INFO] [stderr]    Compiling toml v0.8.19
[INFO] [stderr]    Compiling trybuild v1.0.101
[INFO] [stderr]    Compiling typesafe-builders v0.5.0 (/opt/rustwide/workdir)
[INFO] [stderr]     Finished `test` profile [unoptimized + debuginfo] target(s) in 16.64s
[INFO] running `Command { std: "docker" "inspect" "d8cf691c9dcbc722d65af77b651bac97364e4995ca37e60c15c86cec068a7744", kill_on_drop: false }`
[INFO] running `Command { std: "docker" "rm" "-f" "d8cf691c9dcbc722d65af77b651bac97364e4995ca37e60c15c86cec068a7744", kill_on_drop: false }`
[INFO] [stdout] d8cf691c9dcbc722d65af77b651bac97364e4995ca37e60c15c86cec068a7744
[INFO] running `Command { std: "docker" "create" "-v" "/var/lib/crater-agent-workspace/builds/worker-6-tc2/target:/opt/rustwide/target:rw,Z" "-v" "/var/lib/crater-agent-workspace/builds/worker-6-tc2/source:/opt/rustwide/workdir:ro,Z" "-v" "/var/lib/crater-agent-workspace/cargo-home:/opt/rustwide/cargo-home:ro,Z" "-v" "/var/lib/crater-agent-workspace/rustup-home:/opt/rustwide/rustup-home:ro,Z" "-e" "SOURCE_DIR=/opt/rustwide/workdir" "-e" "CARGO_TARGET_DIR=/opt/rustwide/target" "-e" "CARGO_INCREMENTAL=0" "-e" "RUST_BACKTRACE=full" "-e" "RUSTFLAGS=--cap-lints=warn" "-e" "RUSTDOCFLAGS=--cap-lints=warn" "-e" "CARGO_HOME=/opt/rustwide/cargo-home" "-e" "RUSTUP_HOME=/opt/rustwide/rustup-home" "-w" "/opt/rustwide/workdir" "-m" "1610612736" "--user" "0:0" "--network" "none" "ghcr.io/rust-lang/crates-build-env/linux@sha256:f3a9d4ad9d972b27faf3965f35b62e55ba32bbce8f20bc8fe909558a86702fde" "/opt/rustwide/cargo-home/bin/cargo" "+beta-2024-12-08" "test" "--frozen", kill_on_drop: false }`
[INFO] [stdout] 8ea288da1ee3abf1406241947bbcb0019c25e2acd05f70ef7ae25ec4f40a8040
[INFO] running `Command { std: "docker" "start" "-a" "8ea288da1ee3abf1406241947bbcb0019c25e2acd05f70ef7ae25ec4f40a8040", kill_on_drop: false }`
[INFO] [stderr]     Finished `test` profile [unoptimized + debuginfo] target(s) in 0.05s
[INFO] [stderr]      Running unittests src/lib.rs (/opt/rustwide/target/debug/deps/typesafe_builders-633d0d0b29d4b694)
[INFO] [stdout] 
[INFO] [stdout] running 0 tests
[INFO] [stdout] 
[INFO] [stdout] test result: ok. 0 passed; 0 failed; 0 ignored; 0 measured; 0 filtered out; finished in 0.00s
[INFO] [stdout] 
[INFO] [stderr]      Running tests/test.rs (/opt/rustwide/target/debug/deps/test-b041b68fd5165997)
[INFO] [stdout] 
[INFO] [stdout] running 2 tests
[INFO] [stderr]    Compiling proc-macro2 v1.0.92
[INFO] [stderr]    Compiling unicode-ident v1.0.14
[INFO] [stderr]    Compiling syn v1.0.109
[INFO] [stderr]    Compiling typesafe-builders v0.5.0 (/opt/rustwide/workdir)
[INFO] [stderr]    Compiling quote v1.0.37
[INFO] [stderr]    Compiling syn v2.0.90
[INFO] [stderr]    Compiling derive-syn-parse v0.1.5
[INFO] [stderr]    Compiling typesafe-builders-core v0.5.0
[INFO] [stderr]    Compiling typesafe-builders-derive v0.5.0
[INFO] [stderr]    Compiling typesafe-builders-tests v0.0.0 (/opt/rustwide/target/tests/trybuild/typesafe-builders)
[INFO] [stderr]     Finished `dev` profile [unoptimized + debuginfo] target(s) in 11.41s
[INFO] [stderr] 
[INFO] [stderr] 
[INFO] [stderr] test tests/ui/pass/basic.rs ... ok
[INFO] [stderr] test tests/ui/pass/constructor.rs ... ok
[INFO] [stderr] test tests/ui/pass/decay/basic.rs ... ok
[INFO] [stderr] test tests/ui/pass/decay/ctor.rs ... ok
[INFO] [stderr] test tests/ui/pass/decay/generic.rs ... ok
[INFO] [stderr] test tests/ui/pass/decay/lifetime.rs ... ok
[INFO] [stderr] test tests/ui/pass/decay/nested.rs ... ok
[INFO] [stderr] test tests/ui/pass/decay/optional.rs ... ok
[INFO] [stderr] test tests/ui/pass/generic/basic.rs ... ok
[INFO] [stderr] test tests/ui/pass/generic/const.rs ... ok
[INFO] [stderr] test tests/ui/pass/generic/lifetime.rs ... ok
[INFO] [stderr] test tests/ui/pass/generic/multi.rs ... ok
[INFO] [stderr] test tests/ui/pass/generic/where.rs ... ok
[INFO] [stderr] test tests/ui/pass/getters.rs ... ok
[INFO] [stderr] test tests/ui/pass/lifetime/basic.rs ... ok
[INFO] [stderr] test tests/ui/pass/lifetime/ctor.rs ... ok
[INFO] [stderr] test tests/ui/pass/lifetime/decay.rs ... ok
[INFO] [stderr] test tests/ui/pass/lifetime/getter.rs ... ok
[INFO] [stderr] test tests/ui/pass/lifetime/multiple.rs ... ok
[INFO] [stderr] test tests/ui/pass/lifetime/nested.rs ... ok
[INFO] [stderr] test tests/ui/pass/lifetime/trailing.rs ... ok
[INFO] [stderr] test tests/ui/pass/optional/basic.rs ... ok
[INFO] [stderr] test tests/ui/pass/optional/nested.rs ... ok
[INFO] [stderr] test tests/ui/pass/other_mod.rs ... ok
[INFO] [stderr] test tests/ui/pass/readme_example.rs ... ok
[INFO] [stderr] test tests/ui/pass/typename.rs ... ok
[INFO] [stderr] 
[INFO] [stderr] 
[INFO] [stdout] test ui::ui_pass ... ok
[INFO] [stderr]     Checking unicode-ident v1.0.14
[INFO] [stderr]     Checking proc-macro2 v1.0.92
[INFO] [stderr]     Checking quote v1.0.37
[INFO] [stderr]     Checking syn v2.0.90
[INFO] [stderr]     Checking typesafe-builders-core v0.5.0
[INFO] [stderr]     Checking typesafe-builders v0.5.0 (/opt/rustwide/workdir)
[INFO] [stderr]     Checking typesafe-builders-tests v0.0.0 (/opt/rustwide/target/tests/trybuild/typesafe-builders)
[INFO] [stderr]     Finished `dev` profile [unoptimized + debuginfo] target(s) in 2.52s
[INFO] [stderr] 
[INFO] [stderr] 
[INFO] [stderr] test tests/ui/reject/builder_priv.rs ... ok
[INFO] [stderr] test tests/ui/reject/field_attr/ctor/missing_arg.rs ... mismatch
[INFO] [stderr] 
[INFO] [stderr] EXPECTED:
[INFO] [stderr] ┈┈┈┈┈┈┈┈┈┈┈┈┈┈┈┈┈┈┈┈┈┈┈┈┈┈┈┈┈┈┈┈┈┈┈┈┈┈┈┈┈┈┈┈┈┈┈┈┈┈┈┈┈┈┈┈┈┈┈┈
[INFO] [stderr] error[E0061]: this function takes 1 argument but 0 arguments were supplied
[INFO] [stderr]   --> tests/ui/reject/field_attr/ctor/missing_arg.rs:10:2
[INFO] [stderr]    |
[INFO] [stderr] 10 |     Struct::builder().build();
[INFO] [stderr]    |     ^^^^^^^^^^^^^^^-- an argument of type `u8` is missing
[INFO] [stderr]    |
[INFO] [stderr] note: associated function defined here
[INFO] [stderr]   --> tests/ui/reject/field_attr/ctor/missing_arg.rs:3:10
[INFO] [stderr]    |
[INFO] [stderr] 3  | #[derive(Builder)]
[INFO] [stderr]    |          ^^^^^^^
[INFO] [stderr] ...
[INFO] [stderr] 6  |     x: u8,
[INFO] [stderr]    |     -----
[INFO] [stderr]    = note: this error originates in the derive macro `Builder` (in Nightly builds, run with -Z macro-backtrace for more info)
[INFO] [stderr] help: provide the argument
[INFO] [stderr]    |
[INFO] [stderr] 10 |     Struct::builder(/* u8 */).build();
[INFO] [stderr]    |                    ~~~~~~~~~~
[INFO] [stderr] ┈┈┈┈┈┈┈┈┈┈┈┈┈┈┈┈┈┈┈┈┈┈┈┈┈┈┈┈┈┈┈┈┈┈┈┈┈┈┈┈┈┈┈┈┈┈┈┈┈┈┈┈┈┈┈┈┈┈┈┈
[INFO] [stderr] 
[INFO] [stderr] ACTUAL OUTPUT:
[INFO] [stderr] ┈┈┈┈┈┈┈┈┈┈┈┈┈┈┈┈┈┈┈┈┈┈┈┈┈┈┈┈┈┈┈┈┈┈┈┈┈┈┈┈┈┈┈┈┈┈┈┈┈┈┈┈┈┈┈┈┈┈┈┈
[INFO] [stderr] error[E0061]: this function takes 1 argument but 0 arguments were supplied
[INFO] [stderr]   --> tests/ui/reject/field_attr/ctor/missing_arg.rs:10:2
[INFO] [stderr]    |
[INFO] [stderr] 10 |     Struct::builder().build();
[INFO] [stderr]    |     ^^^^^^^^^^^^^^^-- argument #1 of type `u8` is missing
[INFO] [stderr]    |
[INFO] [stderr] note: associated function defined here
[INFO] [stderr]   --> tests/ui/reject/field_attr/ctor/missing_arg.rs:3:10
[INFO] [stderr]    |
[INFO] [stderr] 3  | #[derive(Builder)]
[INFO] [stderr]    |          ^^^^^^^
[INFO] [stderr] ...
[INFO] [stderr] 6  |     x: u8,
[INFO] [stderr]    |     -----
[INFO] [stderr]    = note: this error originates in the derive macro `Builder` (in Nightly builds, run with -Z macro-backtrace for more info)
[INFO] [stderr] help: provide the argument
[INFO] [stderr]    |
[INFO] [stderr] 10 |     Struct::builder(/* u8 */).build();
[INFO] [stderr]    |                    ~~~~~~~~~~
[INFO] [stderr] ┈┈┈┈┈┈┈┈┈┈┈┈┈┈┈┈┈┈┈┈┈┈┈┈┈┈┈┈┈┈┈┈┈┈┈┈┈┈┈┈┈┈┈┈┈┈┈┈┈┈┈┈┈┈┈┈┈┈┈┈
[INFO] [stderr] note: If the actual output is the correct output you can bless it by rerunning
[INFO] [stderr]       your test with the environment variable TRYBUILD=overwrite
[INFO] [stderr] 
[INFO] [stderr] test tests/ui/reject/field_attr/decay/multiple_generics.rs ... mismatch
[INFO] [stderr] 
[INFO] [stderr] EXPECTED:
[INFO] [stderr] ┈┈┈┈┈┈┈┈┈┈┈┈┈┈┈┈┈┈┈┈┈┈┈┈┈┈┈┈┈┈┈┈┈┈┈┈┈┈┈┈┈┈┈┈┈┈┈┈┈┈┈┈┈┈┈┈┈┈┈┈
[INFO] [stderr] error: Need exactly one generic argument, but got 2
[INFO] [stderr]  --> tests/ui/reject/field_attr/decay/multiple_generics.rs:7:13
[INFO] [stderr]   |
[INFO] [stderr] 7 |         x: Result<(), ()>,
[INFO] [stderr]   |                   ^^^^^^
[INFO] [stderr] ┈┈┈┈┈┈┈┈┈┈┈┈┈┈┈┈┈┈┈┈┈┈┈┈┈┈┈┈┈┈┈┈┈┈┈┈┈┈┈┈┈┈┈┈┈┈┈┈┈┈┈┈┈┈┈┈┈┈┈┈
[INFO] [stderr] 
[INFO] [stderr] ACTUAL OUTPUT:
[INFO] [stderr] ┈┈┈┈┈┈┈┈┈┈┈┈┈┈┈┈┈┈┈┈┈┈┈┈┈┈┈┈┈┈┈┈┈┈┈┈┈┈┈┈┈┈┈┈┈┈┈┈┈┈┈┈┈┈┈┈┈┈┈┈
[INFO] [stderr] error: Need exactly one generic argument, but got 2
[INFO] [stderr]  --> tests/ui/reject/field_attr/decay/multiple_generics.rs:7:13
[INFO] [stderr]   |
[INFO] [stderr] 7 |         x: Result<(), ()>,
[INFO] [stderr]   |                   ^^
[INFO] [stderr] ┈┈┈┈┈┈┈┈┈┈┈┈┈┈┈┈┈┈┈┈┈┈┈┈┈┈┈┈┈┈┈┈┈┈┈┈┈┈┈┈┈┈┈┈┈┈┈┈┈┈┈┈┈┈┈┈┈┈┈┈
[INFO] [stderr] note: If the actual output is the correct output you can bless it by rerunning
[INFO] [stderr]       your test with the environment variable TRYBUILD=overwrite
[INFO] [stderr] 
[INFO] [stderr] test tests/ui/reject/field_attr/decay/no_generic.rs ... ok
[INFO] [stderr] test tests/ui/reject/field_attr/decay/no_generic_2.rs ... mismatch
[INFO] [stderr] 
[INFO] [stderr] EXPECTED:
[INFO] [stderr] ┈┈┈┈┈┈┈┈┈┈┈┈┈┈┈┈┈┈┈┈┈┈┈┈┈┈┈┈┈┈┈┈┈┈┈┈┈┈┈┈┈┈┈┈┈┈┈┈┈┈┈┈┈┈┈┈┈┈┈┈
[INFO] [stderr] error: Expected a path type
[INFO] [stderr]  --> tests/ui/reject/field_attr/decay/no_generic_2.rs:7:6
[INFO] [stderr]   |
[INFO] [stderr] 7 |         x: &'static u8,
[INFO] [stderr]   |            ^^^^^^^^^^^
[INFO] [stderr] ┈┈┈┈┈┈┈┈┈┈┈┈┈┈┈┈┈┈┈┈┈┈┈┈┈┈┈┈┈┈┈┈┈┈┈┈┈┈┈┈┈┈┈┈┈┈┈┈┈┈┈┈┈┈┈┈┈┈┈┈
[INFO] [stderr] 
[INFO] [stderr] ACTUAL OUTPUT:
[INFO] [stderr] ┈┈┈┈┈┈┈┈┈┈┈┈┈┈┈┈┈┈┈┈┈┈┈┈┈┈┈┈┈┈┈┈┈┈┈┈┈┈┈┈┈┈┈┈┈┈┈┈┈┈┈┈┈┈┈┈┈┈┈┈
[INFO] [stderr] error: Expected a path type
[INFO] [stderr]  --> tests/ui/reject/field_attr/decay/no_generic_2.rs:7:6
[INFO] [stderr]   |
[INFO] [stderr] 7 |         x: &'static u8,
[INFO] [stderr]   |            ^
[INFO] [stderr] ┈┈┈┈┈┈┈┈┈┈┈┈┈┈┈┈┈┈┈┈┈┈┈┈┈┈┈┈┈┈┈┈┈┈┈┈┈┈┈┈┈┈┈┈┈┈┈┈┈┈┈┈┈┈┈┈┈┈┈┈
[INFO] [stderr] note: If the actual output is the correct output you can bless it by rerunning
[INFO] [stderr]       your test with the environment variable TRYBUILD=overwrite
[INFO] [stderr] 
[INFO] [stderr] test tests/ui/reject/field_attr/duplicate.rs ... ok
[INFO] [stderr] test tests/ui/reject/field_attr/unknown.rs ... ok
[INFO] [stderr] test tests/ui/reject/field_attr/unknown_2.rs ... ok
[INFO] [stderr] test tests/ui/reject/field_missing_required.rs ... ok
[INFO] [stderr] test tests/ui/reject/field_missing_required_2.rs ... ok
[INFO] [stderr] test tests/ui/reject/field_set_constructor.rs ... ok
[INFO] [stderr] test tests/ui/reject/tuple_struct.rs ... mismatch
[INFO] [stderr] 
[INFO] [stderr] EXPECTED:
[INFO] [stderr] ┈┈┈┈┈┈┈┈┈┈┈┈┈┈┈┈┈┈┈┈┈┈┈┈┈┈┈┈┈┈┈┈┈┈┈┈┈┈┈┈┈┈┈┈┈┈┈┈┈┈┈┈┈┈┈┈┈┈┈┈
[INFO] [stderr] error: Builder does not work on unnamed fields
[INFO] [stderr]  --> tests/ui/reject/tuple_struct.rs:4:19
[INFO] [stderr]   |
[INFO] [stderr] 4 | pub struct Struct(pub u8);
[INFO] [stderr]   |                   ^^^^^^
[INFO] [stderr] ┈┈┈┈┈┈┈┈┈┈┈┈┈┈┈┈┈┈┈┈┈┈┈┈┈┈┈┈┈┈┈┈┈┈┈┈┈┈┈┈┈┈┈┈┈┈┈┈┈┈┈┈┈┈┈┈┈┈┈┈
[INFO] [stderr] 
[INFO] [stderr] ACTUAL OUTPUT:
[INFO] [stderr] ┈┈┈┈┈┈┈┈┈┈┈┈┈┈┈┈┈┈┈┈┈┈┈┈┈┈┈┈┈┈┈┈┈┈┈┈┈┈┈┈┈┈┈┈┈┈┈┈┈┈┈┈┈┈┈┈┈┈┈┈
[INFO] [stderr] error: Builder does not work on unnamed fields
[INFO] [stderr]  --> tests/ui/reject/tuple_struct.rs:4:19
[INFO] [stderr]   |
[INFO] [stderr] 4 | pub struct Struct(pub u8);
[INFO] [stderr]   |                   ^^^
[INFO] [stderr] ┈┈┈┈┈┈┈┈┈┈┈┈┈┈┈┈┈┈┈┈┈┈┈┈┈┈┈┈┈┈┈┈┈┈┈┈┈┈┈┈┈┈┈┈┈┈┈┈┈┈┈┈┈┈┈┈┈┈┈┈
[INFO] [stderr] note: If the actual output is the correct output you can bless it by rerunning
[INFO] [stderr]       your test with the environment variable TRYBUILD=overwrite
[INFO] [stderr] 
[INFO] [stderr] 
[INFO] [stderr] 
[INFO] [stdout] test ui::ui_reject ... FAILED
[INFO] [stdout] 
[INFO] [stdout] failures:
[INFO] [stdout] 
[INFO] [stdout] ---- ui::ui_reject stdout ----
[INFO] [stdout] thread 'ui::ui_reject' panicked at /opt/rustwide/cargo-home/registry/src/index.crates.io-6f17d22bba15001f/trybuild-1.0.101/src/run.rs:101:13:
[INFO] [stdout] 4 of 12 tests failed
[INFO] [stdout] stack backtrace:
[INFO] [stdout]    0:     0x575e66ca590a - std::backtrace_rs::backtrace::libunwind::trace::h8810477743020387
[INFO] [stdout]                                at /rustc/202008a1b8de96d2e5b6bc02d379db03a877d34d/library/std/src/../../backtrace/src/backtrace/libunwind.rs:116:5
[INFO] [stdout]    1:     0x575e66ca590a - std::backtrace_rs::backtrace::trace_unsynchronized::h3aa55355dd6c54a6
[INFO] [stdout]                                at /rustc/202008a1b8de96d2e5b6bc02d379db03a877d34d/library/std/src/../../backtrace/src/backtrace/mod.rs:66:5
[INFO] [stdout]    2:     0x575e66ca590a - std::sys::backtrace::_print_fmt::h8588b0f62410823f
[INFO] [stdout]                                at /rustc/202008a1b8de96d2e5b6bc02d379db03a877d34d/library/std/src/sys/backtrace.rs:66:9
[INFO] [stdout]    3:     0x575e66ca590a - <std::sys::backtrace::BacktraceLock::print::DisplayBacktrace as core::fmt::Display>::fmt::h98c26ac25ffe89bb
[INFO] [stdout]                                at /rustc/202008a1b8de96d2e5b6bc02d379db03a877d34d/library/std/src/sys/backtrace.rs:39:26
[INFO] [stdout]    4:     0x575e66ccec43 - core::fmt::rt::Argument::fmt::hf95377f4aebd453b
[INFO] [stdout]                                at /rustc/202008a1b8de96d2e5b6bc02d379db03a877d34d/library/core/src/fmt/rt.rs:177:76
[INFO] [stdout]    5:     0x575e66ccec43 - core::fmt::write::h0dd5f6e2238c7982
[INFO] [stdout]                                at /rustc/202008a1b8de96d2e5b6bc02d379db03a877d34d/library/core/src/fmt/mod.rs:1189:21
[INFO] [stdout]    6:     0x575e66ca1fb3 - std::io::Write::write_fmt::h03bb0ca26e6faf8c
[INFO] [stdout]                                at /rustc/202008a1b8de96d2e5b6bc02d379db03a877d34d/library/std/src/io/mod.rs:1884:15
[INFO] [stdout]    7:     0x575e66ca5752 - std::sys::backtrace::BacktraceLock::print::h5c19c1c038ee186d
[INFO] [stdout]                                at /rustc/202008a1b8de96d2e5b6bc02d379db03a877d34d/library/std/src/sys/backtrace.rs:42:9
[INFO] [stdout]    8:     0x575e66ca738d - std::panicking::default_hook::{{closure}}::h77172f079a1fcb13
[INFO] [stdout]                                at /rustc/202008a1b8de96d2e5b6bc02d379db03a877d34d/library/std/src/panicking.rs:268:22
[INFO] [stdout]    9:     0x575e66ca7197 - std::panicking::default_hook::he5f8e3b203ccddba
[INFO] [stdout]                                at /rustc/202008a1b8de96d2e5b6bc02d379db03a877d34d/library/std/src/panicking.rs:292:9
[INFO] [stdout]   10:     0x575e66c6dae7 - <alloc::boxed::Box<F,A> as core::ops::function::Fn<Args>>::call::h7a3c7b4a1ae77f2f
[INFO] [stdout]                                at /rustc/202008a1b8de96d2e5b6bc02d379db03a877d34d/library/alloc/src/boxed.rs:1986:9
[INFO] [stdout]   11:     0x575e66c6dae7 - test::test_main::{{closure}}::hf0d3b69ae9b353d1
[INFO] [stdout]                                at /rustc/202008a1b8de96d2e5b6bc02d379db03a877d34d/library/test/src/lib.rs:134:21
[INFO] [stdout]   12:     0x575e66ca7a38 - <alloc::boxed::Box<F,A> as core::ops::function::Fn<Args>>::call::h6332e82e7b189abd
[INFO] [stdout]                                at /rustc/202008a1b8de96d2e5b6bc02d379db03a877d34d/library/alloc/src/boxed.rs:1986:9
[INFO] [stdout]   13:     0x575e66ca7a38 - std::panicking::rust_panic_with_hook::h53863d4e9018df39
[INFO] [stdout]                                at /rustc/202008a1b8de96d2e5b6bc02d379db03a877d34d/library/std/src/panicking.rs:809:13
[INFO] [stdout]   14:     0x575e66ca77fa - std::panicking::begin_panic_handler::{{closure}}::h67280e6fa0757873
[INFO] [stdout]                                at /rustc/202008a1b8de96d2e5b6bc02d379db03a877d34d/library/std/src/panicking.rs:674:13
[INFO] [stdout]   15:     0x575e66ca5de9 - std::sys::backtrace::__rust_end_short_backtrace::h1dac3f54d6fbbeb2
[INFO] [stdout]                                at /rustc/202008a1b8de96d2e5b6bc02d379db03a877d34d/library/std/src/sys/backtrace.rs:170:18
[INFO] [stdout]   16:     0x575e66ca748c - rust_begin_unwind
[INFO] [stdout]                                at /rustc/202008a1b8de96d2e5b6bc02d379db03a877d34d/library/std/src/panicking.rs:665:5
[INFO] [stdout]   17:     0x575e6697c260 - core::panicking::panic_fmt::h6792bd1b2bf01041
[INFO] [stdout]                                at /rustc/202008a1b8de96d2e5b6bc02d379db03a877d34d/library/core/src/panicking.rs:76:14
[INFO] [stdout]   18:     0x575e6698dd2f - trybuild::run::<impl trybuild::Runner>::run::hfd34e9135f0a4270
[INFO] [stdout]                                at /opt/rustwide/cargo-home/registry/src/index.crates.io-6f17d22bba15001f/trybuild-1.0.101/src/run.rs:101:13
[INFO] [stdout]   19:     0x575e66993248 - <trybuild::TestCases as core::ops::drop::Drop>::drop::hc49e7418c744af00
[INFO] [stdout]                                at /opt/rustwide/cargo-home/registry/src/index.crates.io-6f17d22bba15001f/trybuild-1.0.101/src/lib.rs:340:13
[INFO] [stdout]   20:     0x575e6697cdc7 - core::ptr::drop_in_place<trybuild::TestCases>::he8b4ab738e33adcf
[INFO] [stdout]                                at /rustc/202008a1b8de96d2e5b6bc02d379db03a877d34d/library/core/src/ptr/mod.rs:521:1
[INFO] [stdout]   21:     0x575e6697d6f3 - test::ui::ui_reject::h9bd7fa58d5ed24ff
[INFO] [stdout]                                at /opt/rustwide/workdir/tests/ui/mod.rs:20:1
[INFO] [stdout]   22:     0x575e6697d687 - test::ui::ui_reject::{{closure}}::hfe6b97686337cd8d
[INFO] [stdout]                                at /opt/rustwide/workdir/tests/ui/mod.rs:16:15
[INFO] [stdout]   23:     0x575e6697cce6 - core::ops::function::FnOnce::call_once::h27ed329b13c2d08f
[INFO] [stdout]                                at /rustc/202008a1b8de96d2e5b6bc02d379db03a877d34d/library/core/src/ops/function.rs:250:5
[INFO] [stdout]   24:     0x575e66c7260b - core::ops::function::FnOnce::call_once::h871bf86719ec9aa4
[INFO] [stdout]                                at /rustc/202008a1b8de96d2e5b6bc02d379db03a877d34d/library/core/src/ops/function.rs:250:5
[INFO] [stdout]   25:     0x575e66c7260b - test::__rust_begin_short_backtrace::h2167df1e2b7d76fd
[INFO] [stdout]                                at /rustc/202008a1b8de96d2e5b6bc02d379db03a877d34d/library/test/src/lib.rs:632:18
[INFO] [stdout]   26:     0x575e66c71ff8 - test::run_test_in_process::{{closure}}::h15d92f75a3adfb79
[INFO] [stdout]                                at /rustc/202008a1b8de96d2e5b6bc02d379db03a877d34d/library/test/src/lib.rs:655:60
[INFO] [stdout]   27:     0x575e66c71ff8 - <core::panic::unwind_safe::AssertUnwindSafe<F> as core::ops::function::FnOnce<()>>::call_once::hb6c8955835a8dbbb
[INFO] [stdout]                                at /rustc/202008a1b8de96d2e5b6bc02d379db03a877d34d/library/core/src/panic/unwind_safe.rs:272:9
[INFO] [stdout]   28:     0x575e66c71ff8 - std::panicking::try::do_call::hc79d0fc888a0bd30
[INFO] [stdout]                                at /rustc/202008a1b8de96d2e5b6bc02d379db03a877d34d/library/std/src/panicking.rs:557:40
[INFO] [stdout]   29:     0x575e66c71ff8 - std::panicking::try::hb8a7878e3a8589d6
[INFO] [stdout]                                at /rustc/202008a1b8de96d2e5b6bc02d379db03a877d34d/library/std/src/panicking.rs:520:19
[INFO] [stdout]   30:     0x575e66c71ff8 - std::panic::catch_unwind::hb8e4600ff0ff5cfa
[INFO] [stdout]                                at /rustc/202008a1b8de96d2e5b6bc02d379db03a877d34d/library/std/src/panic.rs:358:14
[INFO] [stdout]   31:     0x575e66c71ff8 - test::run_test_in_process::hc2900b0b18688dd6
[INFO] [stdout]                                at /rustc/202008a1b8de96d2e5b6bc02d379db03a877d34d/library/test/src/lib.rs:655:27
[INFO] [stdout]   32:     0x575e66c71ff8 - test::run_test::{{closure}}::hac2a9cb07be3d48d
[INFO] [stdout]                                at /rustc/202008a1b8de96d2e5b6bc02d379db03a877d34d/library/test/src/lib.rs:576:43
[INFO] [stdout]   33:     0x575e66c35a9a - test::run_test::{{closure}}::h4a5b729e66a38cd8
[INFO] [stdout]                                at /rustc/202008a1b8de96d2e5b6bc02d379db03a877d34d/library/test/src/lib.rs:606:41
[INFO] [stdout]   34:     0x575e66c35a9a - std::sys::backtrace::__rust_begin_short_backtrace::h0496fb742492f573
[INFO] [stdout]                                at /rustc/202008a1b8de96d2e5b6bc02d379db03a877d34d/library/std/src/sys/backtrace.rs:154:18
[INFO] [stdout]   35:     0x575e66c39414 - std::thread::Builder::spawn_unchecked_::{{closure}}::{{closure}}::hbb6d257c550a54bd
[INFO] [stdout]                                at /rustc/202008a1b8de96d2e5b6bc02d379db03a877d34d/library/std/src/thread/mod.rs:561:17
[INFO] [stdout]   36:     0x575e66c39414 - <core::panic::unwind_safe::AssertUnwindSafe<F> as core::ops::function::FnOnce<()>>::call_once::h46696fe4a6832328
[INFO] [stdout]                                at /rustc/202008a1b8de96d2e5b6bc02d379db03a877d34d/library/core/src/panic/unwind_safe.rs:272:9
[INFO] [stdout]   37:     0x575e66c39414 - std::panicking::try::do_call::h2625a51b667bfb64
[INFO] [stdout]                                at /rustc/202008a1b8de96d2e5b6bc02d379db03a877d34d/library/std/src/panicking.rs:557:40
[INFO] [stdout]   38:     0x575e66c39414 - std::panicking::try::hb956a59a1973aa4c
[INFO] [stdout]                                at /rustc/202008a1b8de96d2e5b6bc02d379db03a877d34d/library/std/src/panicking.rs:520:19
[INFO] [stdout]   39:     0x575e66c39414 - std::panic::catch_unwind::h64f3b9d1067ef6a0
[INFO] [stdout]                                at /rustc/202008a1b8de96d2e5b6bc02d379db03a877d34d/library/std/src/panic.rs:358:14
[INFO] [stdout]   40:     0x575e66c39414 - std::thread::Builder::spawn_unchecked_::{{closure}}::h42b2841295b6c0b2
[INFO] [stdout]                                at /rustc/202008a1b8de96d2e5b6bc02d379db03a877d34d/library/std/src/thread/mod.rs:559:30
[INFO] [stdout]   41:     0x575e66c39414 - core::ops::function::FnOnce::call_once{{vtable.shim}}::h6127de71b8124639
[INFO] [stdout]                                at /rustc/202008a1b8de96d2e5b6bc02d379db03a877d34d/library/core/src/ops/function.rs:250:5
[INFO] [stdout]   42:     0x575e66cac94b - <alloc::boxed::Box<F,A> as core::ops::function::FnOnce<Args>>::call_once::h42f0ba71002a1b2c
[INFO] [stdout]                                at /rustc/202008a1b8de96d2e5b6bc02d379db03a877d34d/library/alloc/src/boxed.rs:1972:9
[INFO] [stdout]   43:     0x575e66cac94b - <alloc::boxed::Box<F,A> as core::ops::function::FnOnce<Args>>::call_once::had9e47d7a3dcecb8
[INFO] [stdout]                                at /rustc/202008a1b8de96d2e5b6bc02d379db03a877d34d/library/alloc/src/boxed.rs:1972:9
[INFO] [stdout]   44:     0x575e66cac94b - std::sys::pal::unix::thread::Thread::new::thread_start::h48cf765408f6f5f2
[INFO] [stdout]                                at /rustc/202008a1b8de96d2e5b6bc02d379db03a877d34d/library/std/src/sys/pal/unix/thread.rs:105:17
[INFO] [stdout]   45:     0x7e4d80a35ac3 - <unknown>
[INFO] [stdout]   46:     0x7e4d80ac6a04 - clone
[INFO] [stdout]   47:                0x0 - <unknown>
[INFO] [stdout] 
[INFO] [stdout] 
[INFO] [stdout] failures:
[INFO] [stdout]     ui::ui_reject
[INFO] [stdout] 
[INFO] [stdout] test result: FAILED. 1 passed; 1 failed; 0 ignored; 0 measured; 0 filtered out; finished in 27.42s
[INFO] [stdout] 
[INFO] [stderr] error: test failed, to rerun pass `--test test`
[INFO] running `Command { std: "docker" "inspect" "8ea288da1ee3abf1406241947bbcb0019c25e2acd05f70ef7ae25ec4f40a8040", kill_on_drop: false }`
[INFO] running `Command { std: "docker" "rm" "-f" "8ea288da1ee3abf1406241947bbcb0019c25e2acd05f70ef7ae25ec4f40a8040", kill_on_drop: false }`
[INFO] [stdout] 8ea288da1ee3abf1406241947bbcb0019c25e2acd05f70ef7ae25ec4f40a8040
