[INFO] fetching crate type_dispatch_macros 0.0.0...
[INFO] testing type_dispatch_macros-0.0.0 against 1.83.0 for beta-1.84.0-4-retry
[INFO] extracting crate type_dispatch_macros 0.0.0 into /workspace/builds/worker-4-tc1/source
[INFO] validating manifest of crates.io crate type_dispatch_macros 0.0.0 on toolchain 1.83.0
[INFO] running `Command { std: CARGO_HOME="/workspace/cargo-home" RUSTUP_HOME="/workspace/rustup-home" "/workspace/cargo-home/bin/cargo" "+1.83.0" "metadata" "--manifest-path" "Cargo.toml" "--no-deps", kill_on_drop: false }`
[INFO] started tweaking crates.io crate type_dispatch_macros 0.0.0
[INFO] finished tweaking crates.io crate type_dispatch_macros 0.0.0
[INFO] tweaked toml for crates.io crate type_dispatch_macros 0.0.0 written to /workspace/builds/worker-4-tc1/source/Cargo.toml
[INFO] running `Command { std: CARGO_HOME="/workspace/cargo-home" RUSTUP_HOME="/workspace/rustup-home" "/workspace/cargo-home/bin/cargo" "+1.83.0" "generate-lockfile" "--manifest-path" "Cargo.toml", kill_on_drop: false }`
[INFO] [stderr]     Updating crates.io index
[INFO] [stderr]      Locking 25 packages to latest compatible versions
[INFO] [stderr]       Adding itertools v0.11.0 (available: v0.13.0)
[INFO] [stderr]       Adding proc-macro-crate v1.3.1 (available: v3.2.0)
[INFO] running `Command { std: CARGO_HOME="/workspace/cargo-home" RUSTUP_HOME="/workspace/rustup-home" "/workspace/cargo-home/bin/cargo" "+1.83.0" "fetch" "--manifest-path" "Cargo.toml", kill_on_drop: false }`
[INFO] running `Command { std: "docker" "create" "-v" "/var/lib/crater-agent-workspace/builds/worker-4-tc1/target:/opt/rustwide/target:rw,Z" "-v" "/var/lib/crater-agent-workspace/builds/worker-4-tc1/source:/opt/rustwide/workdir:ro,Z" "-v" "/var/lib/crater-agent-workspace/cargo-home:/opt/rustwide/cargo-home:ro,Z" "-v" "/var/lib/crater-agent-workspace/rustup-home:/opt/rustwide/rustup-home:ro,Z" "-e" "SOURCE_DIR=/opt/rustwide/workdir" "-e" "CARGO_TARGET_DIR=/opt/rustwide/target" "-e" "CARGO_HOME=/opt/rustwide/cargo-home" "-e" "RUSTUP_HOME=/opt/rustwide/rustup-home" "-w" "/opt/rustwide/workdir" "-m" "1610612736" "--user" "0:0" "--network" "none" "ghcr.io/rust-lang/crates-build-env/linux@sha256:f3a9d4ad9d972b27faf3965f35b62e55ba32bbce8f20bc8fe909558a86702fde" "/opt/rustwide/cargo-home/bin/cargo" "+1.83.0" "metadata" "--no-deps" "--format-version=1", kill_on_drop: false }`
[INFO] [stdout] 1bd606178661c9e4f64bf1542f0cca0de31a4ec672dce4d571a850fe46369437
[INFO] running `Command { std: "docker" "start" "-a" "1bd606178661c9e4f64bf1542f0cca0de31a4ec672dce4d571a850fe46369437", kill_on_drop: false }`
[INFO] running `Command { std: "docker" "inspect" "1bd606178661c9e4f64bf1542f0cca0de31a4ec672dce4d571a850fe46369437", kill_on_drop: false }`
[INFO] running `Command { std: "docker" "rm" "-f" "1bd606178661c9e4f64bf1542f0cca0de31a4ec672dce4d571a850fe46369437", kill_on_drop: false }`
[INFO] [stdout] 1bd606178661c9e4f64bf1542f0cca0de31a4ec672dce4d571a850fe46369437
[INFO] running `Command { std: "docker" "create" "-v" "/var/lib/crater-agent-workspace/builds/worker-4-tc1/target:/opt/rustwide/target:rw,Z" "-v" "/var/lib/crater-agent-workspace/builds/worker-4-tc1/source:/opt/rustwide/workdir:ro,Z" "-v" "/var/lib/crater-agent-workspace/cargo-home:/opt/rustwide/cargo-home:ro,Z" "-v" "/var/lib/crater-agent-workspace/rustup-home:/opt/rustwide/rustup-home:ro,Z" "-e" "SOURCE_DIR=/opt/rustwide/workdir" "-e" "CARGO_TARGET_DIR=/opt/rustwide/target" "-e" "CARGO_INCREMENTAL=0" "-e" "RUST_BACKTRACE=full" "-e" "RUSTFLAGS=--cap-lints=warn" "-e" "RUSTDOCFLAGS=--cap-lints=warn" "-e" "CARGO_HOME=/opt/rustwide/cargo-home" "-e" "RUSTUP_HOME=/opt/rustwide/rustup-home" "-w" "/opt/rustwide/workdir" "-m" "1610612736" "--user" "0:0" "--network" "none" "ghcr.io/rust-lang/crates-build-env/linux@sha256:f3a9d4ad9d972b27faf3965f35b62e55ba32bbce8f20bc8fe909558a86702fde" "/opt/rustwide/cargo-home/bin/cargo" "+1.83.0" "build" "--frozen" "--message-format=json", kill_on_drop: false }`
[INFO] [stdout] e1797b1991ed8fa2a99b2265f3f66735e072320b99d9781d533dfd3fa2ccd26f
[INFO] running `Command { std: "docker" "start" "-a" "e1797b1991ed8fa2a99b2265f3f66735e072320b99d9781d533dfd3fa2ccd26f", kill_on_drop: false }`
[INFO] [stderr]    Compiling proc-macro2 v1.0.92
[INFO] [stderr]    Compiling unicode-ident v1.0.14
[INFO] [stderr]    Compiling version_check v0.9.5
[INFO] [stderr]    Compiling syn v1.0.109
[INFO] [stderr]    Compiling equivalent v1.0.1
[INFO] [stderr]    Compiling hashbrown v0.15.2
[INFO] [stderr]    Compiling fnv v1.0.7
[INFO] [stderr]    Compiling ident_case v1.0.1
[INFO] [stderr]    Compiling strsim v0.11.1
[INFO] [stderr]    Compiling toml_datetime v0.6.8
[INFO] [stderr]    Compiling winnow v0.5.40
[INFO] [stderr]    Compiling once_cell v1.20.2
[INFO] [stderr]    Compiling either v1.13.0
[INFO] [stderr]    Compiling itertools v0.11.0
[INFO] [stderr]    Compiling proc-macro-error-attr v1.0.4
[INFO] [stderr]    Compiling proc-macro-error v1.0.4
[INFO] [stderr]    Compiling indexmap v2.7.0
[INFO] [stderr]    Compiling quote v1.0.37
[INFO] [stderr]    Compiling syn v2.0.90
[INFO] [stderr]    Compiling toml_edit v0.19.15
[INFO] [stderr]    Compiling proc-macro-crate v1.3.1
[INFO] [stderr]    Compiling darling_core v0.20.10
[INFO] [stderr]    Compiling darling_macro v0.20.10
[INFO] [stderr]    Compiling darling v0.20.10
[INFO] [stderr]    Compiling type_dispatch_macros v0.0.0 (/opt/rustwide/workdir)
[INFO] [stderr]     Finished `dev` profile [unoptimized + debuginfo] target(s) in 11.14s
[INFO] running `Command { std: "docker" "inspect" "e1797b1991ed8fa2a99b2265f3f66735e072320b99d9781d533dfd3fa2ccd26f", kill_on_drop: false }`
[INFO] running `Command { std: "docker" "rm" "-f" "e1797b1991ed8fa2a99b2265f3f66735e072320b99d9781d533dfd3fa2ccd26f", kill_on_drop: false }`
[INFO] [stdout] e1797b1991ed8fa2a99b2265f3f66735e072320b99d9781d533dfd3fa2ccd26f
[INFO] running `Command { std: "docker" "create" "-v" "/var/lib/crater-agent-workspace/builds/worker-4-tc1/target:/opt/rustwide/target:rw,Z" "-v" "/var/lib/crater-agent-workspace/builds/worker-4-tc1/source:/opt/rustwide/workdir:ro,Z" "-v" "/var/lib/crater-agent-workspace/cargo-home:/opt/rustwide/cargo-home:ro,Z" "-v" "/var/lib/crater-agent-workspace/rustup-home:/opt/rustwide/rustup-home:ro,Z" "-e" "SOURCE_DIR=/opt/rustwide/workdir" "-e" "CARGO_TARGET_DIR=/opt/rustwide/target" "-e" "CARGO_INCREMENTAL=0" "-e" "RUST_BACKTRACE=full" "-e" "RUSTFLAGS=--cap-lints=warn" "-e" "RUSTDOCFLAGS=--cap-lints=warn" "-e" "CARGO_HOME=/opt/rustwide/cargo-home" "-e" "RUSTUP_HOME=/opt/rustwide/rustup-home" "-w" "/opt/rustwide/workdir" "-m" "1610612736" "--user" "0:0" "--network" "none" "ghcr.io/rust-lang/crates-build-env/linux@sha256:f3a9d4ad9d972b27faf3965f35b62e55ba32bbce8f20bc8fe909558a86702fde" "/opt/rustwide/cargo-home/bin/cargo" "+1.83.0" "test" "--frozen" "--no-run" "--message-format=json", kill_on_drop: false }`
[INFO] [stdout] a8be5b379d3e168498649ce51c02150ffff56052d9b9165fc83e5c1984b5db40
[INFO] running `Command { std: "docker" "start" "-a" "a8be5b379d3e168498649ce51c02150ffff56052d9b9165fc83e5c1984b5db40", kill_on_drop: false }`
[INFO] [stderr]    Compiling type_dispatch_macros v0.0.0 (/opt/rustwide/workdir)
[INFO] [stderr]     Finished `test` profile [unoptimized + debuginfo] target(s) in 1.23s
[INFO] running `Command { std: "docker" "inspect" "a8be5b379d3e168498649ce51c02150ffff56052d9b9165fc83e5c1984b5db40", kill_on_drop: false }`
[INFO] running `Command { std: "docker" "rm" "-f" "a8be5b379d3e168498649ce51c02150ffff56052d9b9165fc83e5c1984b5db40", kill_on_drop: false }`
[INFO] [stdout] a8be5b379d3e168498649ce51c02150ffff56052d9b9165fc83e5c1984b5db40
[INFO] running `Command { std: "docker" "create" "-v" "/var/lib/crater-agent-workspace/builds/worker-4-tc1/target:/opt/rustwide/target:rw,Z" "-v" "/var/lib/crater-agent-workspace/builds/worker-4-tc1/source:/opt/rustwide/workdir:ro,Z" "-v" "/var/lib/crater-agent-workspace/cargo-home:/opt/rustwide/cargo-home:ro,Z" "-v" "/var/lib/crater-agent-workspace/rustup-home:/opt/rustwide/rustup-home:ro,Z" "-e" "SOURCE_DIR=/opt/rustwide/workdir" "-e" "CARGO_TARGET_DIR=/opt/rustwide/target" "-e" "CARGO_INCREMENTAL=0" "-e" "RUST_BACKTRACE=full" "-e" "RUSTFLAGS=--cap-lints=warn" "-e" "RUSTDOCFLAGS=--cap-lints=warn" "-e" "CARGO_HOME=/opt/rustwide/cargo-home" "-e" "RUSTUP_HOME=/opt/rustwide/rustup-home" "-w" "/opt/rustwide/workdir" "-m" "1610612736" "--user" "0:0" "--network" "none" "ghcr.io/rust-lang/crates-build-env/linux@sha256:f3a9d4ad9d972b27faf3965f35b62e55ba32bbce8f20bc8fe909558a86702fde" "/opt/rustwide/cargo-home/bin/cargo" "+1.83.0" "test" "--frozen", kill_on_drop: false }`
[INFO] [stdout] 7a5d4029229de24a6e048af71a09f6f5f68b5615f0a8c90313c0d13d93e8f78c
[INFO] running `Command { std: "docker" "start" "-a" "7a5d4029229de24a6e048af71a09f6f5f68b5615f0a8c90313c0d13d93e8f78c", kill_on_drop: false }`
[INFO] [stderr]     Finished `test` profile [unoptimized + debuginfo] target(s) in 0.04s
[INFO] [stderr]      Running unittests src/lib.rs (/opt/rustwide/target/debug/deps/type_dispatch_macros-fda9407368642216)
[INFO] [stdout] 
[INFO] [stdout] running 0 tests
[INFO] [stdout] 
[INFO] [stderr]    Doc-tests type_dispatch_macros
[INFO] [stdout] test result: ok. 0 passed; 0 failed; 0 ignored; 0 measured; 0 filtered out; finished in 0.00s
[INFO] [stdout] 
[INFO] [stdout] 
[INFO] [stdout] running 5 tests
[INFO] [stdout] test src/lib.rs - dispatch_type (line 230) ... FAILED
[INFO] [stdout] test src/lib.rs - dispatch_impl (line 75) ... FAILED
[INFO] [stdout] test src/lib.rs - dispatch_fn (line 180) ... FAILED
[INFO] [stdout] test src/lib.rs - impl_dispatch (line 33) ... FAILED
[INFO] [stdout] test src/lib.rs - dispatch_const (line 129) ... FAILED
[INFO] [stdout] 
[INFO] [stdout] failures:
[INFO] [stdout] 
[INFO] [stdout] ---- src/lib.rs - dispatch_type (line 230) stdout ----
[INFO] [stdout] error: custom attribute panicked
[INFO] [stdout]  --> src/lib.rs:236:1
[INFO] [stdout]   |
[INFO] [stdout] 9 | #[impl_dispatch({u64; u16}, {u32, usize; u8, u64})]
[INFO] [stdout]   | ^^^^^^^^^^^^^^^^^^^^^^^^^^^^^^^^^^^^^^^^^^^^^^^^^^^
[INFO] [stdout]   |
[INFO] [stdout]   = help: message: type_dispatch not found in Cargo.toml: CrateNotFound { crate_name: "substrate", path: "/opt/rustwide/workdir/Cargo.toml" }
[INFO] [stdout] 
[INFO] [stdout] error[E0277]: the trait bound `usize: From<GenericStruct<u64, u32>>` is not satisfied
[INFO] [stdout]   --> src/lib.rs:250:42
[INFO] [stdout]    |
[INFO] [stdout] 23 | let x: usize = GenericStruct(1u64, 3u32).into();
[INFO] [stdout]    |                                          ^^^^ the trait `From<GenericStruct<u64, u32>>` is not implemented for `usize`, which is required by `GenericStruct<u64, u32>: Into<_>`
[INFO] [stdout]    |
[INFO] [stdout]    = help: the following other types implement trait `From<T>`:
[INFO] [stdout]              `usize` implements `From<bool>`
[INFO] [stdout]              `usize` implements `From<std::ptr::Alignment>`
[INFO] [stdout]              `usize` implements `From<u16>`
[INFO] [stdout]              `usize` implements `From<u8>`
[INFO] [stdout]    = note: required for `GenericStruct<u64, u32>` to implement `Into<usize>`
[INFO] [stdout] 
[INFO] [stdout] error[E0277]: the trait bound `u64: From<GenericStruct<u64, u8>>` is not satisfied
[INFO] [stdout]   --> src/lib.rs:252:39
[INFO] [stdout]    |
[INFO] [stdout] 25 | let x: u64 = GenericStruct(1u64, 3u8).into();
[INFO] [stdout]    |                                       ^^^^ the trait `From<GenericStruct<u64, u8>>` is not implemented for `u64`, which is required by `GenericStruct<u64, u8>: Into<_>`
[INFO] [stdout]    |
[INFO] [stdout]    = help: the following other types implement trait `From<T>`:
[INFO] [stdout]              `u64` implements `From<Char>`
[INFO] [stdout]              `u64` implements `From<bool>`
[INFO] [stdout]              `u64` implements `From<char>`
[INFO] [stdout]              `u64` implements `From<u16>`
[INFO] [stdout]              `u64` implements `From<u32>`
[INFO] [stdout]              `u64` implements `From<u8>`
[INFO] [stdout]    = note: required for `GenericStruct<u64, u8>` to implement `Into<u64>`
[INFO] [stdout] 
[INFO] [stdout] error[E0277]: the trait bound `usize: From<GenericStruct<u16, u32>>` is not satisfied
[INFO] [stdout]   --> src/lib.rs:254:42
[INFO] [stdout]    |
[INFO] [stdout] 27 | let x: usize = GenericStruct(1u16, 3u32).into();
[INFO] [stdout]    |                                          ^^^^ the trait `From<GenericStruct<u16, u32>>` is not implemented for `usize`, which is required by `GenericStruct<u16, u32>: Into<_>`
[INFO] [stdout]    |
[INFO] [stdout]    = help: the following other types implement trait `From<T>`:
[INFO] [stdout]              `usize` implements `From<bool>`
[INFO] [stdout]              `usize` implements `From<std::ptr::Alignment>`
[INFO] [stdout]              `usize` implements `From<u16>`
[INFO] [stdout]              `usize` implements `From<u8>`
[INFO] [stdout]    = note: required for `GenericStruct<u16, u32>` to implement `Into<usize>`
[INFO] [stdout] 
[INFO] [stdout] error[E0277]: the trait bound `u64: From<GenericStruct<u16, u8>>` is not satisfied
[INFO] [stdout]   --> src/lib.rs:256:39
[INFO] [stdout]    |
[INFO] [stdout] 29 | let x: u64 = GenericStruct(1u16, 3u8).into();
[INFO] [stdout]    |                                       ^^^^ the trait `From<GenericStruct<u16, u8>>` is not implemented for `u64`, which is required by `GenericStruct<u16, u8>: Into<_>`
[INFO] [stdout]    |
[INFO] [stdout]    = help: the following other types implement trait `From<T>`:
[INFO] [stdout]              `u64` implements `From<Char>`
[INFO] [stdout]              `u64` implements `From<bool>`
[INFO] [stdout]              `u64` implements `From<char>`
[INFO] [stdout]              `u64` implements `From<u16>`
[INFO] [stdout]              `u64` implements `From<u32>`
[INFO] [stdout]              `u64` implements `From<u8>`
[INFO] [stdout]    = note: required for `GenericStruct<u16, u8>` to implement `Into<u64>`
[INFO] [stdout] 
[INFO] [stdout] error: aborting due to 5 previous errors
[INFO] [stdout] 
[INFO] [stdout] For more information about this error, try `rustc --explain E0277`.
[INFO] [stdout] Couldn't compile the test.
[INFO] [stdout] ---- src/lib.rs - dispatch_impl (line 75) stdout ----
[INFO] [stdout] error: proc macro panicked
[INFO] [stdout]   --> src/lib.rs:81:1
[INFO] [stdout]    |
[INFO] [stdout] 9  | / dispatch_impl!{
[INFO] [stdout] 10 | |     [{u64; u16}, {u32, usize; u8, u64}]
[INFO] [stdout] 11 | |     impl<A, B, C> Into<C> for GenericStruct<A, B> {
[INFO] [stdout] 12 | |         fn into(self) -> C {
[INFO] [stdout] ...  |
[INFO] [stdout] 15 | |     }
[INFO] [stdout] 16 | | }
[INFO] [stdout]    | |_^
[INFO] [stdout]    |
[INFO] [stdout]    = help: message: type_dispatch not found in Cargo.toml: CrateNotFound { crate_name: "substrate", path: "/opt/rustwide/workdir/Cargo.toml" }
[INFO] [stdout] 
[INFO] [stdout] error[E0277]: the trait bound `usize: From<GenericStruct<u64, u32>>` is not satisfied
[INFO] [stdout]   --> src/lib.rs:90:42
[INFO] [stdout]    |
[INFO] [stdout] 18 | let x: usize = GenericStruct(1u64, 3u32).into();
[INFO] [stdout]    |                                          ^^^^ the trait `From<GenericStruct<u64, u32>>` is not implemented for `usize`, which is required by `GenericStruct<u64, u32>: Into<_>`
[INFO] [stdout]    |
[INFO] [stdout]    = help: the following other types implement trait `From<T>`:
[INFO] [stdout]              `usize` implements `From<bool>`
[INFO] [stdout]              `usize` implements `From<std::ptr::Alignment>`
[INFO] [stdout]              `usize` implements `From<u16>`
[INFO] [stdout]              `usize` implements `From<u8>`
[INFO] [stdout]    = note: required for `GenericStruct<u64, u32>` to implement `Into<usize>`
[INFO] [stdout] 
[INFO] [stdout] error[E0277]: the trait bound `u64: From<GenericStruct<u64, u8>>` is not satisfied
[INFO] [stdout]   --> src/lib.rs:92:39
[INFO] [stdout]    |
[INFO] [stdout] 20 | let x: u64 = GenericStruct(1u64, 3u8).into();
[INFO] [stdout]    |                                       ^^^^ the trait `From<GenericStruct<u64, u8>>` is not implemented for `u64`, which is required by `GenericStruct<u64, u8>: Into<_>`
[INFO] [stdout]    |
[INFO] [stdout]    = help: the following other types implement trait `From<T>`:
[INFO] [stdout]              `u64` implements `From<Char>`
[INFO] [stdout]              `u64` implements `From<bool>`
[INFO] [stdout]              `u64` implements `From<char>`
[INFO] [stdout]              `u64` implements `From<u16>`
[INFO] [stdout]              `u64` implements `From<u32>`
[INFO] [stdout]              `u64` implements `From<u8>`
[INFO] [stdout]    = note: required for `GenericStruct<u64, u8>` to implement `Into<u64>`
[INFO] [stdout] 
[INFO] [stdout] error[E0277]: the trait bound `usize: From<GenericStruct<u16, u32>>` is not satisfied
[INFO] [stdout]   --> src/lib.rs:94:42
[INFO] [stdout]    |
[INFO] [stdout] 22 | let x: usize = GenericStruct(1u16, 3u32).into();
[INFO] [stdout]    |                                          ^^^^ the trait `From<GenericStruct<u16, u32>>` is not implemented for `usize`, which is required by `GenericStruct<u16, u32>: Into<_>`
[INFO] [stdout]    |
[INFO] [stdout]    = help: the following other types implement trait `From<T>`:
[INFO] [stdout]              `usize` implements `From<bool>`
[INFO] [stdout]              `usize` implements `From<std::ptr::Alignment>`
[INFO] [stdout]              `usize` implements `From<u16>`
[INFO] [stdout]              `usize` implements `From<u8>`
[INFO] [stdout]    = note: required for `GenericStruct<u16, u32>` to implement `Into<usize>`
[INFO] [stdout] 
[INFO] [stdout] error[E0277]: the trait bound `u64: From<GenericStruct<u16, u8>>` is not satisfied
[INFO] [stdout]   --> src/lib.rs:96:39
[INFO] [stdout]    |
[INFO] [stdout] 24 | let x: u64 = GenericStruct(1u16, 3u8).into();
[INFO] [stdout]    |                                       ^^^^ the trait `From<GenericStruct<u16, u8>>` is not implemented for `u64`, which is required by `GenericStruct<u16, u8>: Into<_>`
[INFO] [stdout]    |
[INFO] [stdout]    = help: the following other types implement trait `From<T>`:
[INFO] [stdout]              `u64` implements `From<Char>`
[INFO] [stdout]              `u64` implements `From<bool>`
[INFO] [stdout]              `u64` implements `From<char>`
[INFO] [stdout]              `u64` implements `From<u16>`
[INFO] [stdout]              `u64` implements `From<u32>`
[INFO] [stdout]              `u64` implements `From<u8>`
[INFO] [stdout]    = note: required for `GenericStruct<u16, u8>` to implement `Into<u64>`
[INFO] [stdout] 
[INFO] [stdout] error: aborting due to 5 previous errors
[INFO] [stdout] 
[INFO] [stdout] For more information about this error, try `rustc --explain E0277`.
[INFO] [stdout] Couldn't compile the test.
[INFO] [stdout] ---- src/lib.rs - dispatch_fn (line 180) stdout ----
[INFO] [stdout] error: custom attribute panicked
[INFO] [stdout]  --> src/lib.rs:186:1
[INFO] [stdout]   |
[INFO] [stdout] 9 | #[impl_dispatch({u64; u16}, {u32, usize; u8, u64})]
[INFO] [stdout]   | ^^^^^^^^^^^^^^^^^^^^^^^^^^^^^^^^^^^^^^^^^^^^^^^^^^^
[INFO] [stdout]   |
[INFO] [stdout]   = help: message: type_dispatch not found in Cargo.toml: CrateNotFound { crate_name: "substrate", path: "/opt/rustwide/workdir/Cargo.toml" }
[INFO] [stdout] 
[INFO] [stdout] error[E0277]: the trait bound `usize: From<GenericStruct<u64, u32>>` is not satisfied
[INFO] [stdout]   --> src/lib.rs:200:42
[INFO] [stdout]    |
[INFO] [stdout] 23 | let x: usize = GenericStruct(1u64, 3u32).into();
[INFO] [stdout]    |                                          ^^^^ the trait `From<GenericStruct<u64, u32>>` is not implemented for `usize`, which is required by `GenericStruct<u64, u32>: Into<_>`
[INFO] [stdout]    |
[INFO] [stdout]    = help: the following other types implement trait `From<T>`:
[INFO] [stdout]              `usize` implements `From<bool>`
[INFO] [stdout]              `usize` implements `From<std::ptr::Alignment>`
[INFO] [stdout]              `usize` implements `From<u16>`
[INFO] [stdout]              `usize` implements `From<u8>`
[INFO] [stdout]    = note: required for `GenericStruct<u64, u32>` to implement `Into<usize>`
[INFO] [stdout] 
[INFO] [stdout] error[E0277]: the trait bound `u64: From<GenericStruct<u64, u8>>` is not satisfied
[INFO] [stdout]   --> src/lib.rs:202:39
[INFO] [stdout]    |
[INFO] [stdout] 25 | let x: u64 = GenericStruct(1u64, 3u8).into();
[INFO] [stdout]    |                                       ^^^^ the trait `From<GenericStruct<u64, u8>>` is not implemented for `u64`, which is required by `GenericStruct<u64, u8>: Into<_>`
[INFO] [stdout]    |
[INFO] [stdout]    = help: the following other types implement trait `From<T>`:
[INFO] [stdout]              `u64` implements `From<Char>`
[INFO] [stdout]              `u64` implements `From<bool>`
[INFO] [stdout]              `u64` implements `From<char>`
[INFO] [stdout]              `u64` implements `From<u16>`
[INFO] [stdout]              `u64` implements `From<u32>`
[INFO] [stdout]              `u64` implements `From<u8>`
[INFO] [stdout]    = note: required for `GenericStruct<u64, u8>` to implement `Into<u64>`
[INFO] [stdout] 
[INFO] [stdout] error[E0277]: the trait bound `usize: From<GenericStruct<u16, u32>>` is not satisfied
[INFO] [stdout]   --> src/lib.rs:204:42
[INFO] [stdout]    |
[INFO] [stdout] 27 | let x: usize = GenericStruct(1u16, 3u32).into();
[INFO] [stdout]    |                                          ^^^^ the trait `From<GenericStruct<u16, u32>>` is not implemented for `usize`, which is required by `GenericStruct<u16, u32>: Into<_>`
[INFO] [stdout]    |
[INFO] [stdout]    = help: the following other types implement trait `From<T>`:
[INFO] [stdout]              `usize` implements `From<bool>`
[INFO] [stdout]              `usize` implements `From<std::ptr::Alignment>`
[INFO] [stdout]              `usize` implements `From<u16>`
[INFO] [stdout]              `usize` implements `From<u8>`
[INFO] [stdout]    = note: required for `GenericStruct<u16, u32>` to implement `Into<usize>`
[INFO] [stdout] 
[INFO] [stdout] error[E0277]: the trait bound `u64: From<GenericStruct<u16, u8>>` is not satisfied
[INFO] [stdout]   --> src/lib.rs:206:39
[INFO] [stdout]    |
[INFO] [stdout] 29 | let x: u64 = GenericStruct(1u16, 3u8).into();
[INFO] [stdout]    |                                       ^^^^ the trait `From<GenericStruct<u16, u8>>` is not implemented for `u64`, which is required by `GenericStruct<u16, u8>: Into<_>`
[INFO] [stdout]    |
[INFO] [stdout]    = help: the following other types implement trait `From<T>`:
[INFO] [stdout]              `u64` implements `From<Char>`
[INFO] [stdout]              `u64` implements `From<bool>`
[INFO] [stdout]              `u64` implements `From<char>`
[INFO] [stdout]              `u64` implements `From<u16>`
[INFO] [stdout]              `u64` implements `From<u32>`
[INFO] [stdout]              `u64` implements `From<u8>`
[INFO] [stdout]    = note: required for `GenericStruct<u16, u8>` to implement `Into<u64>`
[INFO] [stdout] 
[INFO] [stdout] error: aborting due to 5 previous errors
[INFO] [stdout] 
[INFO] [stdout] For more information about this error, try `rustc --explain E0277`.
[INFO] [stdout] Couldn't compile the test.
[INFO] [stdout] ---- src/lib.rs - impl_dispatch (line 33) stdout ----
[INFO] [stdout] error: custom attribute panicked
[INFO] [stdout]  --> src/lib.rs:39:1
[INFO] [stdout]   |
[INFO] [stdout] 9 | #[impl_dispatch({u64; u16}, {u32, usize; u8, u64})]
[INFO] [stdout]   | ^^^^^^^^^^^^^^^^^^^^^^^^^^^^^^^^^^^^^^^^^^^^^^^^^^^
[INFO] [stdout]   |
[INFO] [stdout]   = help: message: type_dispatch not found in Cargo.toml: CrateNotFound { crate_name: "substrate", path: "/opt/rustwide/workdir/Cargo.toml" }
[INFO] [stdout] 
[INFO] [stdout] error[E0277]: the trait bound `usize: From<GenericStruct<u64, u32>>` is not satisfied
[INFO] [stdout]   --> src/lib.rs:46:42
[INFO] [stdout]    |
[INFO] [stdout] 16 | let x: usize = GenericStruct(1u64, 3u32).into();
[INFO] [stdout]    |                                          ^^^^ the trait `From<GenericStruct<u64, u32>>` is not implemented for `usize`, which is required by `GenericStruct<u64, u32>: Into<_>`
[INFO] [stdout]    |
[INFO] [stdout]    = help: the following other types implement trait `From<T>`:
[INFO] [stdout]              `usize` implements `From<bool>`
[INFO] [stdout]              `usize` implements `From<std::ptr::Alignment>`
[INFO] [stdout]              `usize` implements `From<u16>`
[INFO] [stdout]              `usize` implements `From<u8>`
[INFO] [stdout]    = note: required for `GenericStruct<u64, u32>` to implement `Into<usize>`
[INFO] [stdout] 
[INFO] [stdout] error[E0277]: the trait bound `u64: From<GenericStruct<u64, u8>>` is not satisfied
[INFO] [stdout]   --> src/lib.rs:48:39
[INFO] [stdout]    |
[INFO] [stdout] 18 | let x: u64 = GenericStruct(1u64, 3u8).into();
[INFO] [stdout]    |                                       ^^^^ the trait `From<GenericStruct<u64, u8>>` is not implemented for `u64`, which is required by `GenericStruct<u64, u8>: Into<_>`
[INFO] [stdout]    |
[INFO] [stdout]    = help: the following other types implement trait `From<T>`:
[INFO] [stdout]              `u64` implements `From<Char>`
[INFO] [stdout]              `u64` implements `From<bool>`
[INFO] [stdout]              `u64` implements `From<char>`
[INFO] [stdout]              `u64` implements `From<u16>`
[INFO] [stdout]              `u64` implements `From<u32>`
[INFO] [stdout]              `u64` implements `From<u8>`
[INFO] [stdout]    = note: required for `GenericStruct<u64, u8>` to implement `Into<u64>`
[INFO] [stdout] 
[INFO] [stdout] error[E0277]: the trait bound `usize: From<GenericStruct<u16, u32>>` is not satisfied
[INFO] [stdout]   --> src/lib.rs:50:42
[INFO] [stdout]    |
[INFO] [stdout] 20 | let x: usize = GenericStruct(1u16, 3u32).into();
[INFO] [stdout]    |                                          ^^^^ the trait `From<GenericStruct<u16, u32>>` is not implemented for `usize`, which is required by `GenericStruct<u16, u32>: Into<_>`
[INFO] [stdout]    |
[INFO] [stdout]    = help: the following other types implement trait `From<T>`:
[INFO] [stdout]              `usize` implements `From<bool>`
[INFO] [stdout]              `usize` implements `From<std::ptr::Alignment>`
[INFO] [stdout]              `usize` implements `From<u16>`
[INFO] [stdout]              `usize` implements `From<u8>`
[INFO] [stdout]    = note: required for `GenericStruct<u16, u32>` to implement `Into<usize>`
[INFO] [stdout] 
[INFO] [stdout] error[E0277]: the trait bound `u64: From<GenericStruct<u16, u8>>` is not satisfied
[INFO] [stdout]   --> src/lib.rs:52:39
[INFO] [stdout]    |
[INFO] [stdout] 22 | let x: u64 = GenericStruct(1u16, 3u8).into();
[INFO] [stdout]    |                                       ^^^^ the trait `From<GenericStruct<u16, u8>>` is not implemented for `u64`, which is required by `GenericStruct<u16, u8>: Into<_>`
[INFO] [stdout]    |
[INFO] [stdout]    = help: the following other types implement trait `From<T>`:
[INFO] [stdout]              `u64` implements `From<Char>`
[INFO] [stdout]              `u64` implements `From<bool>`
[INFO] [stdout]              `u64` implements `From<char>`
[INFO] [stdout]              `u64` implements `From<u16>`
[INFO] [stdout]              `u64` implements `From<u32>`
[INFO] [stdout]              `u64` implements `From<u8>`
[INFO] [stdout]    = note: required for `GenericStruct<u16, u8>` to implement `Into<u64>`
[INFO] [stdout] 
[INFO] [stdout] error: aborting due to 5 previous errors
[INFO] [stdout] 
[INFO] [stdout] For more information about this error, try `rustc --explain E0277`.
[INFO] [stdout] Couldn't compile the test.
[INFO] [stdout] ---- src/lib.rs - dispatch_const (line 129) stdout ----
[INFO] [stdout] error: custom attribute panicked
[INFO] [stdout]  --> src/lib.rs:135:1
[INFO] [stdout]   |
[INFO] [stdout] 9 | #[impl_dispatch({u64; u16}, {u32, usize; u8, u64})]
[INFO] [stdout]   | ^^^^^^^^^^^^^^^^^^^^^^^^^^^^^^^^^^^^^^^^^^^^^^^^^^^
[INFO] [stdout]   |
[INFO] [stdout]   = help: message: type_dispatch not found in Cargo.toml: CrateNotFound { crate_name: "substrate", path: "/opt/rustwide/workdir/Cargo.toml" }
[INFO] [stdout] 
[INFO] [stdout] error[E0277]: the trait bound `usize: From<GenericStruct<u64, u32>>` is not satisfied
[INFO] [stdout]   --> src/lib.rs:149:42
[INFO] [stdout]    |
[INFO] [stdout] 23 | let x: usize = GenericStruct(1u64, 3u32).into();
[INFO] [stdout]    |                                          ^^^^ the trait `From<GenericStruct<u64, u32>>` is not implemented for `usize`, which is required by `GenericStruct<u64, u32>: Into<_>`
[INFO] [stdout]    |
[INFO] [stdout]    = help: the following other types implement trait `From<T>`:
[INFO] [stdout]              `usize` implements `From<bool>`
[INFO] [stdout]              `usize` implements `From<std::ptr::Alignment>`
[INFO] [stdout]              `usize` implements `From<u16>`
[INFO] [stdout]              `usize` implements `From<u8>`
[INFO] [stdout]    = note: required for `GenericStruct<u64, u32>` to implement `Into<usize>`
[INFO] [stdout] 
[INFO] [stdout] error[E0277]: the trait bound `u64: From<GenericStruct<u64, u8>>` is not satisfied
[INFO] [stdout]   --> src/lib.rs:151:39
[INFO] [stdout]    |
[INFO] [stdout] 25 | let x: u64 = GenericStruct(1u64, 3u8).into();
[INFO] [stdout]    |                                       ^^^^ the trait `From<GenericStruct<u64, u8>>` is not implemented for `u64`, which is required by `GenericStruct<u64, u8>: Into<_>`
[INFO] [stdout]    |
[INFO] [stdout]    = help: the following other types implement trait `From<T>`:
[INFO] [stdout]              `u64` implements `From<Char>`
[INFO] [stdout]              `u64` implements `From<bool>`
[INFO] [stdout]              `u64` implements `From<char>`
[INFO] [stdout]              `u64` implements `From<u16>`
[INFO] [stdout]              `u64` implements `From<u32>`
[INFO] [stdout]              `u64` implements `From<u8>`
[INFO] [stdout]    = note: required for `GenericStruct<u64, u8>` to implement `Into<u64>`
[INFO] [stdout] 
[INFO] [stdout] error[E0277]: the trait bound `usize: From<GenericStruct<u16, u32>>` is not satisfied
[INFO] [stdout]   --> src/lib.rs:153:42
[INFO] [stdout]    |
[INFO] [stdout] 27 | let x: usize = GenericStruct(1u16, 3u32).into();
[INFO] [stdout]    |                                          ^^^^ the trait `From<GenericStruct<u16, u32>>` is not implemented for `usize`, which is required by `GenericStruct<u16, u32>: Into<_>`
[INFO] [stdout]    |
[INFO] [stdout]    = help: the following other types implement trait `From<T>`:
[INFO] [stdout]              `usize` implements `From<bool>`
[INFO] [stdout]              `usize` implements `From<std::ptr::Alignment>`
[INFO] [stdout]              `usize` implements `From<u16>`
[INFO] [stdout]              `usize` implements `From<u8>`
[INFO] [stdout]    = note: required for `GenericStruct<u16, u32>` to implement `Into<usize>`
[INFO] [stdout] 
[INFO] [stdout] error[E0277]: the trait bound `u64: From<GenericStruct<u16, u8>>` is not satisfied
[INFO] [stdout]   --> src/lib.rs:155:39
[INFO] [stdout]    |
[INFO] [stdout] 29 | let x: u64 = GenericStruct(1u16, 3u8).into();
[INFO] [stdout]    |                                       ^^^^ the trait `From<GenericStruct<u16, u8>>` is not implemented for `u64`, which is required by `GenericStruct<u16, u8>: Into<_>`
[INFO] [stdout]    |
[INFO] [stdout]    = help: the following other types implement trait `From<T>`:
[INFO] [stdout]              `u64` implements `From<Char>`
[INFO] [stdout]              `u64` implements `From<bool>`
[INFO] [stdout]              `u64` implements `From<char>`
[INFO] [stdout]              `u64` implements `From<u16>`
[INFO] [stdout]              `u64` implements `From<u32>`
[INFO] [stdout]              `u64` implements `From<u8>`
[INFO] [stdout]    = note: required for `GenericStruct<u16, u8>` to implement `Into<u64>`
[INFO] [stdout] 
[INFO] [stdout] error: aborting due to 5 previous errors
[INFO] [stdout] 
[INFO] [stdout] For more information about this error, try `rustc --explain E0277`.
[INFO] [stdout] Couldn't compile the test.
[INFO] [stdout] 
[INFO] [stdout] failures:
[INFO] [stdout]     src/lib.rs - dispatch_const (line 129)
[INFO] [stdout]     src/lib.rs - dispatch_fn (line 180)
[INFO] [stdout]     src/lib.rs - dispatch_impl (line 75)
[INFO] [stdout]     src/lib.rs - dispatch_type (line 230)
[INFO] [stdout]     src/lib.rs - impl_dispatch (line 33)
[INFO] [stdout] 
[INFO] [stdout] test result: FAILED. 0 passed; 5 failed; 0 ignored; 0 measured; 0 filtered out; finished in 0.08s
[INFO] [stdout] 
[INFO] [stderr] error: doctest failed, to rerun pass `--doc`
[INFO] running `Command { std: "docker" "inspect" "7a5d4029229de24a6e048af71a09f6f5f68b5615f0a8c90313c0d13d93e8f78c", kill_on_drop: false }`
[INFO] running `Command { std: "docker" "rm" "-f" "7a5d4029229de24a6e048af71a09f6f5f68b5615f0a8c90313c0d13d93e8f78c", kill_on_drop: false }`
[INFO] [stdout] 7a5d4029229de24a6e048af71a09f6f5f68b5615f0a8c90313c0d13d93e8f78c
