[INFO] fetching crate type_at 0.1.0...
[INFO] testing type_at-0.1.0 against 1.83.0 for beta-1.84.0-4-retry
[INFO] extracting crate type_at 0.1.0 into /workspace/builds/worker-6-tc1/source
[INFO] validating manifest of crates.io crate type_at 0.1.0 on toolchain 1.83.0
[INFO] running `Command { std: CARGO_HOME="/workspace/cargo-home" RUSTUP_HOME="/workspace/rustup-home" "/workspace/cargo-home/bin/cargo" "+1.83.0" "metadata" "--manifest-path" "Cargo.toml" "--no-deps", kill_on_drop: false }`
[INFO] started tweaking crates.io crate type_at 0.1.0
[INFO] finished tweaking crates.io crate type_at 0.1.0
[INFO] tweaked toml for crates.io crate type_at 0.1.0 written to /workspace/builds/worker-6-tc1/source/Cargo.toml
[INFO] running `Command { std: CARGO_HOME="/workspace/cargo-home" RUSTUP_HOME="/workspace/rustup-home" "/workspace/cargo-home/bin/cargo" "+1.83.0" "generate-lockfile" "--manifest-path" "Cargo.toml", kill_on_drop: false }`
[INFO] [stderr]     Blocking waiting for file lock on package cache
[INFO] [stderr]     Updating crates.io index
[INFO] [stderr]     Blocking waiting for file lock on package cache
[INFO] [stderr]      Locking 40 packages to latest compatible versions
[INFO] running `Command { std: CARGO_HOME="/workspace/cargo-home" RUSTUP_HOME="/workspace/rustup-home" "/workspace/cargo-home/bin/cargo" "+1.83.0" "fetch" "--manifest-path" "Cargo.toml", kill_on_drop: false }`
[INFO] [stderr]     Blocking waiting for file lock on package cache
[INFO] [stderr]     Blocking waiting for file lock on package cache
[INFO] [stderr]  Downloading crates ...
[INFO] [stderr]   Downloaded type_at_derive v0.1.0
[INFO] running `Command { std: "docker" "create" "-v" "/var/lib/crater-agent-workspace/builds/worker-6-tc1/target:/opt/rustwide/target:rw,Z" "-v" "/var/lib/crater-agent-workspace/builds/worker-6-tc1/source:/opt/rustwide/workdir:ro,Z" "-v" "/var/lib/crater-agent-workspace/cargo-home:/opt/rustwide/cargo-home:ro,Z" "-v" "/var/lib/crater-agent-workspace/rustup-home:/opt/rustwide/rustup-home:ro,Z" "-e" "SOURCE_DIR=/opt/rustwide/workdir" "-e" "CARGO_TARGET_DIR=/opt/rustwide/target" "-e" "CARGO_HOME=/opt/rustwide/cargo-home" "-e" "RUSTUP_HOME=/opt/rustwide/rustup-home" "-w" "/opt/rustwide/workdir" "-m" "1610612736" "--user" "0:0" "--network" "none" "ghcr.io/rust-lang/crates-build-env/linux@sha256:f3a9d4ad9d972b27faf3965f35b62e55ba32bbce8f20bc8fe909558a86702fde" "/opt/rustwide/cargo-home/bin/cargo" "+1.83.0" "metadata" "--no-deps" "--format-version=1", kill_on_drop: false }`
[INFO] [stdout] ba406619664c5e588c429eac78888df601d2279b388f45fdbe3a91cf315fc08c
[INFO] running `Command { std: "docker" "start" "-a" "ba406619664c5e588c429eac78888df601d2279b388f45fdbe3a91cf315fc08c", kill_on_drop: false }`
[INFO] running `Command { std: "docker" "inspect" "ba406619664c5e588c429eac78888df601d2279b388f45fdbe3a91cf315fc08c", kill_on_drop: false }`
[INFO] running `Command { std: "docker" "rm" "-f" "ba406619664c5e588c429eac78888df601d2279b388f45fdbe3a91cf315fc08c", kill_on_drop: false }`
[INFO] [stdout] ba406619664c5e588c429eac78888df601d2279b388f45fdbe3a91cf315fc08c
[INFO] running `Command { std: "docker" "create" "-v" "/var/lib/crater-agent-workspace/builds/worker-6-tc1/target:/opt/rustwide/target:rw,Z" "-v" "/var/lib/crater-agent-workspace/builds/worker-6-tc1/source:/opt/rustwide/workdir:ro,Z" "-v" "/var/lib/crater-agent-workspace/cargo-home:/opt/rustwide/cargo-home:ro,Z" "-v" "/var/lib/crater-agent-workspace/rustup-home:/opt/rustwide/rustup-home:ro,Z" "-e" "SOURCE_DIR=/opt/rustwide/workdir" "-e" "CARGO_TARGET_DIR=/opt/rustwide/target" "-e" "CARGO_INCREMENTAL=0" "-e" "RUST_BACKTRACE=full" "-e" "RUSTFLAGS=--cap-lints=warn" "-e" "RUSTDOCFLAGS=--cap-lints=warn" "-e" "CARGO_HOME=/opt/rustwide/cargo-home" "-e" "RUSTUP_HOME=/opt/rustwide/rustup-home" "-w" "/opt/rustwide/workdir" "-m" "1610612736" "--user" "0:0" "--network" "none" "ghcr.io/rust-lang/crates-build-env/linux@sha256:f3a9d4ad9d972b27faf3965f35b62e55ba32bbce8f20bc8fe909558a86702fde" "/opt/rustwide/cargo-home/bin/cargo" "+1.83.0" "build" "--frozen" "--message-format=json", kill_on_drop: false }`
[INFO] [stdout] 1dcebd9cbb8bfcc6c41277748e9631cd389da88db76344c6fe776a03860dd03f
[INFO] running `Command { std: "docker" "start" "-a" "1dcebd9cbb8bfcc6c41277748e9631cd389da88db76344c6fe776a03860dd03f", kill_on_drop: false }`
[INFO] [stderr]    Compiling hashbrown v0.15.2
[INFO] [stderr]    Compiling equivalent v1.0.1
[INFO] [stderr]    Compiling toml_datetime v0.6.8
[INFO] [stderr]    Compiling syn v1.0.109
[INFO] [stderr]    Compiling winnow v0.5.40
[INFO] [stderr]    Compiling once_cell v1.20.2
[INFO] [stderr]    Compiling indexmap v2.7.0
[INFO] [stderr]    Compiling toml_edit v0.19.15
[INFO] [stderr]    Compiling proc-macro-crate v1.3.1
[INFO] [stderr]    Compiling type_at_derive v0.1.0
[INFO] [stderr]    Compiling type_at v0.1.0 (/opt/rustwide/workdir)
[INFO] [stderr]     Finished `dev` profile [unoptimized + debuginfo] target(s) in 7.45s
[INFO] running `Command { std: "docker" "inspect" "1dcebd9cbb8bfcc6c41277748e9631cd389da88db76344c6fe776a03860dd03f", kill_on_drop: false }`
[INFO] running `Command { std: "docker" "rm" "-f" "1dcebd9cbb8bfcc6c41277748e9631cd389da88db76344c6fe776a03860dd03f", kill_on_drop: false }`
[INFO] [stdout] 1dcebd9cbb8bfcc6c41277748e9631cd389da88db76344c6fe776a03860dd03f
[INFO] running `Command { std: "docker" "create" "-v" "/var/lib/crater-agent-workspace/builds/worker-6-tc1/target:/opt/rustwide/target:rw,Z" "-v" "/var/lib/crater-agent-workspace/builds/worker-6-tc1/source:/opt/rustwide/workdir:ro,Z" "-v" "/var/lib/crater-agent-workspace/cargo-home:/opt/rustwide/cargo-home:ro,Z" "-v" "/var/lib/crater-agent-workspace/rustup-home:/opt/rustwide/rustup-home:ro,Z" "-e" "SOURCE_DIR=/opt/rustwide/workdir" "-e" "CARGO_TARGET_DIR=/opt/rustwide/target" "-e" "CARGO_INCREMENTAL=0" "-e" "RUST_BACKTRACE=full" "-e" "RUSTFLAGS=--cap-lints=warn" "-e" "RUSTDOCFLAGS=--cap-lints=warn" "-e" "CARGO_HOME=/opt/rustwide/cargo-home" "-e" "RUSTUP_HOME=/opt/rustwide/rustup-home" "-w" "/opt/rustwide/workdir" "-m" "1610612736" "--user" "0:0" "--network" "none" "ghcr.io/rust-lang/crates-build-env/linux@sha256:f3a9d4ad9d972b27faf3965f35b62e55ba32bbce8f20bc8fe909558a86702fde" "/opt/rustwide/cargo-home/bin/cargo" "+1.83.0" "test" "--frozen" "--no-run" "--message-format=json", kill_on_drop: false }`
[INFO] [stdout] bdfa0306e250679580a8d5a4ea257622603f507f7e93d22736f79187e9c17af6
[INFO] running `Command { std: "docker" "start" "-a" "bdfa0306e250679580a8d5a4ea257622603f507f7e93d22736f79187e9c17af6", kill_on_drop: false }`
[INFO] [stderr]    Compiling hashbrown v0.15.2
[INFO] [stderr]    Compiling serde v1.0.216
[INFO] [stderr]    Compiling equivalent v1.0.1
[INFO] [stderr]    Compiling winnow v0.6.20
[INFO] [stderr]    Compiling target-triple v0.1.3
[INFO] [stderr]    Compiling memchr v2.7.4
[INFO] [stderr]    Compiling dissimilar v1.0.9
[INFO] [stderr]    Compiling termcolor v1.4.1
[INFO] [stderr]    Compiling glob v0.3.1
[INFO] [stderr]    Compiling syn v2.0.90
[INFO] [stderr]    Compiling indexmap v2.7.0
[INFO] [stderr]    Compiling toml_edit v0.19.15
[INFO] [stderr]    Compiling serde_derive v1.0.216
[INFO] [stderr]    Compiling proc-macro-crate v1.3.1
[INFO] [stderr]    Compiling type_at_derive v0.1.0
[INFO] [stderr]    Compiling type_at v0.1.0 (/opt/rustwide/workdir)
[INFO] [stderr]    Compiling serde_spanned v0.6.8
[INFO] [stderr]    Compiling toml_datetime v0.6.8
[INFO] [stderr]    Compiling serde_json v1.0.133
[INFO] [stderr]    Compiling toml_edit v0.22.22
[INFO] [stderr]    Compiling toml v0.8.19
[INFO] [stderr]    Compiling trybuild v1.0.101
[INFO] [stderr]     Finished `test` profile [unoptimized + debuginfo] target(s) in 17.77s
[INFO] running `Command { std: "docker" "inspect" "bdfa0306e250679580a8d5a4ea257622603f507f7e93d22736f79187e9c17af6", kill_on_drop: false }`
[INFO] running `Command { std: "docker" "rm" "-f" "bdfa0306e250679580a8d5a4ea257622603f507f7e93d22736f79187e9c17af6", kill_on_drop: false }`
[INFO] [stdout] bdfa0306e250679580a8d5a4ea257622603f507f7e93d22736f79187e9c17af6
[INFO] running `Command { std: "docker" "create" "-v" "/var/lib/crater-agent-workspace/builds/worker-6-tc1/target:/opt/rustwide/target:rw,Z" "-v" "/var/lib/crater-agent-workspace/builds/worker-6-tc1/source:/opt/rustwide/workdir:ro,Z" "-v" "/var/lib/crater-agent-workspace/cargo-home:/opt/rustwide/cargo-home:ro,Z" "-v" "/var/lib/crater-agent-workspace/rustup-home:/opt/rustwide/rustup-home:ro,Z" "-e" "SOURCE_DIR=/opt/rustwide/workdir" "-e" "CARGO_TARGET_DIR=/opt/rustwide/target" "-e" "CARGO_INCREMENTAL=0" "-e" "RUST_BACKTRACE=full" "-e" "RUSTFLAGS=--cap-lints=warn" "-e" "RUSTDOCFLAGS=--cap-lints=warn" "-e" "CARGO_HOME=/opt/rustwide/cargo-home" "-e" "RUSTUP_HOME=/opt/rustwide/rustup-home" "-w" "/opt/rustwide/workdir" "-m" "1610612736" "--user" "0:0" "--network" "none" "ghcr.io/rust-lang/crates-build-env/linux@sha256:f3a9d4ad9d972b27faf3965f35b62e55ba32bbce8f20bc8fe909558a86702fde" "/opt/rustwide/cargo-home/bin/cargo" "+1.83.0" "test" "--frozen", kill_on_drop: false }`
[INFO] [stdout] 2417a9fb450f2dfcf85984b3bcff893aed306c37629d859feeaf998e161d7564
[INFO] running `Command { std: "docker" "start" "-a" "2417a9fb450f2dfcf85984b3bcff893aed306c37629d859feeaf998e161d7564", kill_on_drop: false }`
[INFO] [stderr]     Finished `test` profile [unoptimized + debuginfo] target(s) in 0.05s
[INFO] [stderr]      Running unittests src/lib.rs (/opt/rustwide/target/debug/deps/type_at-0520a175b931f440)
[INFO] [stdout] 
[INFO] [stdout] running 0 tests
[INFO] [stdout] 
[INFO] [stderr]      Running tests/trybuild.rs (/opt/rustwide/target/debug/deps/trybuild-ab1ca92e179f4512)
[INFO] [stdout] test result: ok. 0 passed; 0 failed; 0 ignored; 0 measured; 0 filtered out; finished in 0.00s
[INFO] [stdout] 
[INFO] [stdout] 
[INFO] [stdout] running 1 test
[INFO] [stderr]    Compiling proc-macro2 v1.0.92
[INFO] [stderr]    Compiling unicode-ident v1.0.14
[INFO] [stderr]    Compiling hashbrown v0.15.2
[INFO] [stderr]    Compiling equivalent v1.0.1
[INFO] [stderr]    Compiling toml_datetime v0.6.8
[INFO] [stderr]    Compiling syn v1.0.109
[INFO] [stderr]    Compiling winnow v0.5.40
[INFO] [stderr]    Compiling once_cell v1.20.2
[INFO] [stderr]    Compiling indexmap v2.7.0
[INFO] [stderr]    Compiling quote v1.0.37
[INFO] [stderr]    Compiling toml_edit v0.19.15
[INFO] [stderr]    Compiling proc-macro-crate v1.3.1
[INFO] [stderr]    Compiling type_at_derive v0.1.0
[INFO] [stderr]    Compiling type_at v0.1.0 (/opt/rustwide/workdir)
[INFO] [stderr]    Compiling type_at-tests v0.0.0 (/opt/rustwide/target/tests/trybuild/type_at)
[INFO] [stderr]     Finished `dev` profile [unoptimized + debuginfo] target(s) in 8.14s
[INFO] [stderr] 
[INFO] [stderr] 
[INFO] [stderr] test tests/ui/pass/derive-no-implicit-prelude.rs [should pass] ... ok
[INFO] [stderr] test tests/ui/pass/derive.rs [should pass] ... ok
[INFO] [stderr] test tests/ui/pass/nested.rs [should pass] ... ok
[INFO] [stderr] test tests/ui/pass/simple.rs [should pass] ... ok
[INFO] [stderr] test tests/ui/fail/derive-enum.rs [should fail to compile] ... ok
[INFO] [stderr] test tests/ui/fail/derive-out-of-bounds-01.rs [should fail to compile] ... mismatch
[INFO] [stderr] 
[INFO] [stderr] EXPECTED:
[INFO] [stderr] ┈┈┈┈┈┈┈┈┈┈┈┈┈┈┈┈┈┈┈┈┈┈┈┈┈┈┈┈┈┈┈┈┈┈┈┈┈┈┈┈┈┈┈┈┈┈┈┈┈┈┈┈┈┈┈┈┈┈┈┈
[INFO] [stderr] error[E0277]: the trait bound `TupleStruct: TypeAt<2_usize>` is not satisfied
[INFO] [stderr]  --> tests/ui/fail/derive-out-of-bounds-01.rs:7:17
[INFO] [stderr]   |
[INFO] [stderr] 7 |     let _: _  = <TupleStruct as TypeAt<2>>::Type::default();
[INFO] [stderr]   |                 ^^^^^^^^^^^^^^^^^^^^^^^^^^^^^^^^ the trait `TypeAt<2_usize>` is not implemented for `TupleStruct`
[INFO] [stderr]   |
[INFO] [stderr]   = help: the following implementations were found:
[INFO] [stderr]             <TupleStruct as TypeAt<0_usize>>
[INFO] [stderr]             <TupleStruct as TypeAt<1_usize>>
[INFO] [stderr] ┈┈┈┈┈┈┈┈┈┈┈┈┈┈┈┈┈┈┈┈┈┈┈┈┈┈┈┈┈┈┈┈┈┈┈┈┈┈┈┈┈┈┈┈┈┈┈┈┈┈┈┈┈┈┈┈┈┈┈┈
[INFO] [stderr] 
[INFO] [stderr] ACTUAL OUTPUT:
[INFO] [stderr] ┈┈┈┈┈┈┈┈┈┈┈┈┈┈┈┈┈┈┈┈┈┈┈┈┈┈┈┈┈┈┈┈┈┈┈┈┈┈┈┈┈┈┈┈┈┈┈┈┈┈┈┈┈┈┈┈┈┈┈┈
[INFO] [stderr] error[E0277]: the trait bound `TupleStruct: TypeAt<2>` is not satisfied
[INFO] [stderr]  --> tests/ui/fail/derive-out-of-bounds-01.rs:7:18
[INFO] [stderr]   |
[INFO] [stderr] 7 |     let _: _  = <TupleStruct as TypeAt<2>>::Type::default();
[INFO] [stderr]   |                  ^^^^^^^^^^^ the trait `TypeAt<2>` is not implemented for `TupleStruct`
[INFO] [stderr]   |
[INFO] [stderr]   = help: the following other types implement trait `TypeAt<N>`:
[INFO] [stderr]             `TupleStruct` implements `TypeAt<0>`
[INFO] [stderr]             `TupleStruct` implements `TypeAt<1>`
[INFO] [stderr] ┈┈┈┈┈┈┈┈┈┈┈┈┈┈┈┈┈┈┈┈┈┈┈┈┈┈┈┈┈┈┈┈┈┈┈┈┈┈┈┈┈┈┈┈┈┈┈┈┈┈┈┈┈┈┈┈┈┈┈┈
[INFO] [stderr] note: If the actual output is the correct output you can bless it by rerunning
[INFO] [stderr]       your test with the environment variable TRYBUILD=overwrite
[INFO] [stderr] 
[INFO] [stderr] test tests/ui/fail/derive-out-of-bounds-02.rs [should fail to compile] ... mismatch
[INFO] [stderr] 
[INFO] [stderr] EXPECTED:
[INFO] [stderr] ┈┈┈┈┈┈┈┈┈┈┈┈┈┈┈┈┈┈┈┈┈┈┈┈┈┈┈┈┈┈┈┈┈┈┈┈┈┈┈┈┈┈┈┈┈┈┈┈┈┈┈┈┈┈┈┈┈┈┈┈
[INFO] [stderr] error[E0277]: the trait bound `Struct: TypeAt<2_usize>` is not satisfied
[INFO] [stderr]  --> tests/ui/fail/derive-out-of-bounds-02.rs:7:17
[INFO] [stderr]   |
[INFO] [stderr] 7 |     let _: _  = <Struct as TypeAt<2>>::Type::default();
[INFO] [stderr]   |                 ^^^^^^^^^^^^^^^^^^^^^^^^^^^ the trait `TypeAt<2_usize>` is not implemented for `Struct`
[INFO] [stderr]   |
[INFO] [stderr]   = help: the following implementations were found:
[INFO] [stderr]             <Struct as TypeAt<0_usize>>
[INFO] [stderr]             <Struct as TypeAt<1_usize>>
[INFO] [stderr] ┈┈┈┈┈┈┈┈┈┈┈┈┈┈┈┈┈┈┈┈┈┈┈┈┈┈┈┈┈┈┈┈┈┈┈┈┈┈┈┈┈┈┈┈┈┈┈┈┈┈┈┈┈┈┈┈┈┈┈┈
[INFO] [stderr] 
[INFO] [stderr] ACTUAL OUTPUT:
[INFO] [stderr] ┈┈┈┈┈┈┈┈┈┈┈┈┈┈┈┈┈┈┈┈┈┈┈┈┈┈┈┈┈┈┈┈┈┈┈┈┈┈┈┈┈┈┈┈┈┈┈┈┈┈┈┈┈┈┈┈┈┈┈┈
[INFO] [stderr] error[E0277]: the trait bound `Struct: TypeAt<2>` is not satisfied
[INFO] [stderr]  --> tests/ui/fail/derive-out-of-bounds-02.rs:7:18
[INFO] [stderr]   |
[INFO] [stderr] 7 |     let _: _  = <Struct as TypeAt<2>>::Type::default();
[INFO] [stderr]   |                  ^^^^^^ the trait `TypeAt<2>` is not implemented for `Struct`
[INFO] [stderr]   |
[INFO] [stderr]   = help: the following other types implement trait `TypeAt<N>`:
[INFO] [stderr]             `Struct` implements `TypeAt<0>`
[INFO] [stderr]             `Struct` implements `TypeAt<1>`
[INFO] [stderr] ┈┈┈┈┈┈┈┈┈┈┈┈┈┈┈┈┈┈┈┈┈┈┈┈┈┈┈┈┈┈┈┈┈┈┈┈┈┈┈┈┈┈┈┈┈┈┈┈┈┈┈┈┈┈┈┈┈┈┈┈
[INFO] [stderr] note: If the actual output is the correct output you can bless it by rerunning
[INFO] [stderr]       your test with the environment variable TRYBUILD=overwrite
[INFO] [stderr] 
[INFO] [stderr] test tests/ui/fail/derive-union.rs [should fail to compile] ... ok
[INFO] [stderr] test tests/ui/fail/empty_tuple.rs [should fail to compile] ... mismatch
[INFO] [stderr] 
[INFO] [stderr] EXPECTED:
[INFO] [stderr] ┈┈┈┈┈┈┈┈┈┈┈┈┈┈┈┈┈┈┈┈┈┈┈┈┈┈┈┈┈┈┈┈┈┈┈┈┈┈┈┈┈┈┈┈┈┈┈┈┈┈┈┈┈┈┈┈┈┈┈┈
[INFO] [stderr] error[E0277]: the trait bound `(): TypeAt<0_usize>` is not satisfied
[INFO] [stderr]  --> $DIR/empty_tuple.rs:4:17
[INFO] [stderr]   |
[INFO] [stderr] 4 |     let _: _  = <() as TypeAt<0>>::Type::default();
[INFO] [stderr]   |                 ^^^^^^^^^^^^^^^^^^^^^^^ the trait `TypeAt<0_usize>` is not implemented for `()`
[INFO] [stderr] ┈┈┈┈┈┈┈┈┈┈┈┈┈┈┈┈┈┈┈┈┈┈┈┈┈┈┈┈┈┈┈┈┈┈┈┈┈┈┈┈┈┈┈┈┈┈┈┈┈┈┈┈┈┈┈┈┈┈┈┈
[INFO] [stderr] 
[INFO] [stderr] ACTUAL OUTPUT:
[INFO] [stderr] ┈┈┈┈┈┈┈┈┈┈┈┈┈┈┈┈┈┈┈┈┈┈┈┈┈┈┈┈┈┈┈┈┈┈┈┈┈┈┈┈┈┈┈┈┈┈┈┈┈┈┈┈┈┈┈┈┈┈┈┈
[INFO] [stderr] error[E0277]: the trait bound `(): TypeAt<0>` is not satisfied
[INFO] [stderr]  --> tests/ui/fail/empty_tuple.rs:4:18
[INFO] [stderr]   |
[INFO] [stderr] 4 |     let _: _  = <() as TypeAt<0>>::Type::default();
[INFO] [stderr]   |                  ^^ the trait `TypeAt<0>` is not implemented for `()`
[INFO] [stderr]   |
[INFO] [stderr]   = help: the following other types implement trait `TypeAt<N>`:
[INFO] [stderr]             `(A, B)` implements `TypeAt<0>`
[INFO] [stderr]             `(A, B)` implements `TypeAt<1>`
[INFO] [stderr]             `(A, B, C)` implements `TypeAt<0>`
[INFO] [stderr]             `(A, B, C)` implements `TypeAt<1>`
[INFO] [stderr]             `(A, B, C)` implements `TypeAt<2>`
[INFO] [stderr]             `(A, B, C, D)` implements `TypeAt<0>`
[INFO] [stderr]             `(A, B, C, D)` implements `TypeAt<1>`
[INFO] [stderr]             `(A, B, C, D)` implements `TypeAt<2>`
[INFO] [stderr]           and $N others
[INFO] [stderr] ┈┈┈┈┈┈┈┈┈┈┈┈┈┈┈┈┈┈┈┈┈┈┈┈┈┈┈┈┈┈┈┈┈┈┈┈┈┈┈┈┈┈┈┈┈┈┈┈┈┈┈┈┈┈┈┈┈┈┈┈
[INFO] [stderr] note: If the actual output is the correct output you can bless it by rerunning
[INFO] [stderr]       your test with the environment variable TRYBUILD=overwrite
[INFO] [stderr] 
[INFO] [stderr] test tests/ui/fail/out_of_bounds.rs [should fail to compile] ... mismatch
[INFO] [stderr] 
[INFO] [stderr] EXPECTED:
[INFO] [stderr] ┈┈┈┈┈┈┈┈┈┈┈┈┈┈┈┈┈┈┈┈┈┈┈┈┈┈┈┈┈┈┈┈┈┈┈┈┈┈┈┈┈┈┈┈┈┈┈┈┈┈┈┈┈┈┈┈┈┈┈┈
[INFO] [stderr] error[E0277]: the trait bound `(i8,): TypeAt<1_usize>` is not satisfied
[INFO] [stderr]  --> $DIR/out_of_bounds.rs:4:17
[INFO] [stderr]   |
[INFO] [stderr] 4 |     let _: _  = <(i8,) as TypeAt<1>>::Type::default();
[INFO] [stderr]   |                 ^^^^^^^^^^^^^^^^^^^^^^^^^^ the trait `TypeAt<1_usize>` is not implemented for `(i8,)`
[INFO] [stderr]   |
[INFO] [stderr]   = help: the following implementations were found:
[INFO] [stderr]             <(A,) as TypeAt<0_usize>>
[INFO] [stderr] ┈┈┈┈┈┈┈┈┈┈┈┈┈┈┈┈┈┈┈┈┈┈┈┈┈┈┈┈┈┈┈┈┈┈┈┈┈┈┈┈┈┈┈┈┈┈┈┈┈┈┈┈┈┈┈┈┈┈┈┈
[INFO] [stderr] 
[INFO] [stderr] ACTUAL OUTPUT:
[INFO] [stderr] ┈┈┈┈┈┈┈┈┈┈┈┈┈┈┈┈┈┈┈┈┈┈┈┈┈┈┈┈┈┈┈┈┈┈┈┈┈┈┈┈┈┈┈┈┈┈┈┈┈┈┈┈┈┈┈┈┈┈┈┈
[INFO] [stderr] error[E0277]: the trait bound `(i8,): TypeAt<1>` is not satisfied
[INFO] [stderr]  --> tests/ui/fail/out_of_bounds.rs:4:18
[INFO] [stderr]   |
[INFO] [stderr] 4 |     let _: _  = <(i8,) as TypeAt<1>>::Type::default();
[INFO] [stderr]   |                  ^^^^^ the trait `TypeAt<1>` is not implemented for `(i8,)`
[INFO] [stderr]   |
[INFO] [stderr]   = help: the following other types implement trait `TypeAt<N>`:
[INFO] [stderr]             `(A, B)` implements `TypeAt<0>`
[INFO] [stderr]             `(A, B)` implements `TypeAt<1>`
[INFO] [stderr]             `(A, B, C)` implements `TypeAt<0>`
[INFO] [stderr]             `(A, B, C)` implements `TypeAt<1>`
[INFO] [stderr]             `(A, B, C)` implements `TypeAt<2>`
[INFO] [stderr]             `(A, B, C, D)` implements `TypeAt<0>`
[INFO] [stderr]             `(A, B, C, D)` implements `TypeAt<1>`
[INFO] [stderr]             `(A, B, C, D)` implements `TypeAt<2>`
[INFO] [stderr]           and $N others
[INFO] [stderr] ┈┈┈┈┈┈┈┈┈┈┈┈┈┈┈┈┈┈┈┈┈┈┈┈┈┈┈┈┈┈┈┈┈┈┈┈┈┈┈┈┈┈┈┈┈┈┈┈┈┈┈┈┈┈┈┈┈┈┈┈
[INFO] [stderr] note: If the actual output is the correct output you can bless it by rerunning
[INFO] [stderr]       your test with the environment variable TRYBUILD=overwrite
[INFO] [stderr] 
[INFO] [stderr] 
[INFO] [stderr] 
[INFO] [stdout] test ui_tests ... FAILED
[INFO] [stdout] 
[INFO] [stdout] failures:
[INFO] [stdout] 
[INFO] [stdout] ---- ui_tests stdout ----
[INFO] [stdout] thread 'ui_tests' panicked at /opt/rustwide/cargo-home/registry/src/index.crates.io-6f17d22bba15001f/trybuild-1.0.101/src/run.rs:101:13:
[INFO] [stdout] 4 of 10 tests failed
[INFO] [stdout] stack backtrace:
[INFO] [stdout]    0:     0x635856b3bfaa - std::backtrace_rs::backtrace::libunwind::trace::h5a5b8284f2d0c266
[INFO] [stdout]                                at /rustc/90b35a6239c3d8bdabc530a6a0816f7ff89a0aaf/library/std/src/../../backtrace/src/backtrace/libunwind.rs:116:5
[INFO] [stdout]    1:     0x635856b3bfaa - std::backtrace_rs::backtrace::trace_unsynchronized::h76d4f1c9b0b875e3
[INFO] [stdout]                                at /rustc/90b35a6239c3d8bdabc530a6a0816f7ff89a0aaf/library/std/src/../../backtrace/src/backtrace/mod.rs:66:5
[INFO] [stdout]    2:     0x635856b3bfaa - std::sys::backtrace::_print_fmt::hc4546b8364a537c6
[INFO] [stdout]                                at /rustc/90b35a6239c3d8bdabc530a6a0816f7ff89a0aaf/library/std/src/sys/backtrace.rs:66:9
[INFO] [stdout]    3:     0x635856b3bfaa - <std::sys::backtrace::BacktraceLock::print::DisplayBacktrace as core::fmt::Display>::fmt::h5b6bd5631a6d1f6b
[INFO] [stdout]                                at /rustc/90b35a6239c3d8bdabc530a6a0816f7ff89a0aaf/library/std/src/sys/backtrace.rs:39:26
[INFO] [stdout]    4:     0x635856b64bd3 - core::fmt::rt::Argument::fmt::h270f6602a2b96f62
[INFO] [stdout]                                at /rustc/90b35a6239c3d8bdabc530a6a0816f7ff89a0aaf/library/core/src/fmt/rt.rs:177:76
[INFO] [stdout]    5:     0x635856b64bd3 - core::fmt::write::h7550c97b06c86515
[INFO] [stdout]                                at /rustc/90b35a6239c3d8bdabc530a6a0816f7ff89a0aaf/library/core/src/fmt/mod.rs:1186:21
[INFO] [stdout]    6:     0x635856b38683 - std::io::Write::write_fmt::h509ff860e5956e5e
[INFO] [stdout]                                at /rustc/90b35a6239c3d8bdabc530a6a0816f7ff89a0aaf/library/std/src/io/mod.rs:1839:15
[INFO] [stdout]    7:     0x635856b3bdf2 - std::sys::backtrace::BacktraceLock::print::h2395ccd2c84ba3aa
[INFO] [stdout]                                at /rustc/90b35a6239c3d8bdabc530a6a0816f7ff89a0aaf/library/std/src/sys/backtrace.rs:42:9
[INFO] [stdout]    8:     0x635856b3da0a - std::panicking::default_hook::{{closure}}::he19d4c7230e07961
[INFO] [stdout]                                at /rustc/90b35a6239c3d8bdabc530a6a0816f7ff89a0aaf/library/std/src/panicking.rs:268:22
[INFO] [stdout]    9:     0x635856b3d814 - std::panicking::default_hook::hf614597d3c67bbdb
[INFO] [stdout]                                at /rustc/90b35a6239c3d8bdabc530a6a0816f7ff89a0aaf/library/std/src/panicking.rs:292:9
[INFO] [stdout]   10:     0x635856b06139 - <alloc::boxed::Box<F,A> as core::ops::function::Fn<Args>>::call::h39b51ce4599c23d1
[INFO] [stdout]                                at /rustc/90b35a6239c3d8bdabc530a6a0816f7ff89a0aaf/library/alloc/src/boxed.rs:2468:9
[INFO] [stdout]   11:     0x635856b06139 - test::test_main::{{closure}}::he977ae839a582784
[INFO] [stdout]                                at /rustc/90b35a6239c3d8bdabc530a6a0816f7ff89a0aaf/library/test/src/lib.rs:133:21
[INFO] [stdout]   12:     0x635856b3e0a8 - <alloc::boxed::Box<F,A> as core::ops::function::Fn<Args>>::call::h9455091b6b06f9fb
[INFO] [stdout]                                at /rustc/90b35a6239c3d8bdabc530a6a0816f7ff89a0aaf/library/alloc/src/boxed.rs:2468:9
[INFO] [stdout]   13:     0x635856b3e0a8 - std::panicking::rust_panic_with_hook::h8942133a8b252070
[INFO] [stdout]                                at /rustc/90b35a6239c3d8bdabc530a6a0816f7ff89a0aaf/library/std/src/panicking.rs:809:13
[INFO] [stdout]   14:     0x635856b3de6a - std::panicking::begin_panic_handler::{{closure}}::hb5f5963570096b29
[INFO] [stdout]                                at /rustc/90b35a6239c3d8bdabc530a6a0816f7ff89a0aaf/library/std/src/panicking.rs:674:13
[INFO] [stdout]   15:     0x635856b3c489 - std::sys::backtrace::__rust_end_short_backtrace::h6208cedc1922feda
[INFO] [stdout]                                at /rustc/90b35a6239c3d8bdabc530a6a0816f7ff89a0aaf/library/std/src/sys/backtrace.rs:170:18
[INFO] [stdout]   16:     0x635856b3dafc - rust_begin_unwind
[INFO] [stdout]                                at /rustc/90b35a6239c3d8bdabc530a6a0816f7ff89a0aaf/library/std/src/panicking.rs:665:5
[INFO] [stdout]   17:     0x635856804210 - core::panicking::panic_fmt::h0c3082644d1bf418
[INFO] [stdout]                                at /rustc/90b35a6239c3d8bdabc530a6a0816f7ff89a0aaf/library/core/src/panicking.rs:74:14
[INFO] [stdout]   18:     0x6358568757bf - trybuild::run::<impl trybuild::Runner>::run::hd121b646033fc2a6
[INFO] [stdout]                                at /opt/rustwide/cargo-home/registry/src/index.crates.io-6f17d22bba15001f/trybuild-1.0.101/src/run.rs:101:13
[INFO] [stdout]   19:     0x63585687acc8 - <trybuild::TestCases as core::ops::drop::Drop>::drop::h4a8aad216e6ea725
[INFO] [stdout]                                at /opt/rustwide/cargo-home/registry/src/index.crates.io-6f17d22bba15001f/trybuild-1.0.101/src/lib.rs:340:13
[INFO] [stdout]   20:     0x635856804e57 - core::ptr::drop_in_place<trybuild::TestCases>::hf19c609c7388f854
[INFO] [stdout]                                at /rustc/90b35a6239c3d8bdabc530a6a0816f7ff89a0aaf/library/core/src/ptr/mod.rs:574:1
[INFO] [stdout]   21:     0x6358568056eb - trybuild::ui_tests::h175a2360eee1c0cd
[INFO] [stdout]                                at /opt/rustwide/workdir/tests/trybuild.rs:21:1
[INFO] [stdout]   22:     0x635856805667 - trybuild::ui_tests::{{closure}}::h600c82f08634a3cb
[INFO] [stdout]                                at /opt/rustwide/workdir/tests/trybuild.rs:16:14
[INFO] [stdout]   23:     0x635856804db6 - core::ops::function::FnOnce::call_once::h5e4f5e5cf10d91fb
[INFO] [stdout]                                at /rustc/90b35a6239c3d8bdabc530a6a0816f7ff89a0aaf/library/core/src/ops/function.rs:250:5
[INFO] [stdout]   24:     0x635856b0aafb - core::ops::function::FnOnce::call_once::h109cf8051a59b34e
[INFO] [stdout]                                at /rustc/90b35a6239c3d8bdabc530a6a0816f7ff89a0aaf/library/core/src/ops/function.rs:250:5
[INFO] [stdout]   25:     0x635856b0aafb - test::__rust_begin_short_backtrace::hf4fff89d377446ba
[INFO] [stdout]                                at /rustc/90b35a6239c3d8bdabc530a6a0816f7ff89a0aaf/library/test/src/lib.rs:621:18
[INFO] [stdout]   26:     0x635856b0a337 - test::run_test_in_process::{{closure}}::h0e39181dd7ee5a43
[INFO] [stdout]                                at /rustc/90b35a6239c3d8bdabc530a6a0816f7ff89a0aaf/library/test/src/lib.rs:644:60
[INFO] [stdout]   27:     0x635856b0a337 - <core::panic::unwind_safe::AssertUnwindSafe<F> as core::ops::function::FnOnce<()>>::call_once::hc5a66a30f0bdfd1f
[INFO] [stdout]                                at /rustc/90b35a6239c3d8bdabc530a6a0816f7ff89a0aaf/library/core/src/panic/unwind_safe.rs:272:9
[INFO] [stdout]   28:     0x635856b0a337 - std::panicking::try::do_call::h873b7cf639554a5e
[INFO] [stdout]                                at /rustc/90b35a6239c3d8bdabc530a6a0816f7ff89a0aaf/library/std/src/panicking.rs:557:40
[INFO] [stdout]   29:     0x635856b0a337 - std::panicking::try::hdb19862fad9c8bd1
[INFO] [stdout]                                at /rustc/90b35a6239c3d8bdabc530a6a0816f7ff89a0aaf/library/std/src/panicking.rs:520:19
[INFO] [stdout]   30:     0x635856b0a337 - std::panic::catch_unwind::h281fe732d236d260
[INFO] [stdout]                                at /rustc/90b35a6239c3d8bdabc530a6a0816f7ff89a0aaf/library/std/src/panic.rs:358:14
[INFO] [stdout]   31:     0x635856b0a337 - test::run_test_in_process::h949b6df8457ed338
[INFO] [stdout]                                at /rustc/90b35a6239c3d8bdabc530a6a0816f7ff89a0aaf/library/test/src/lib.rs:644:27
[INFO] [stdout]   32:     0x635856b0a337 - test::run_test::{{closure}}::h52c556a6d4740e10
[INFO] [stdout]                                at /rustc/90b35a6239c3d8bdabc530a6a0816f7ff89a0aaf/library/test/src/lib.rs:565:43
[INFO] [stdout]   33:     0x635856acf614 - test::run_test::{{closure}}::h4237f6381c45ccb9
[INFO] [stdout]                                at /rustc/90b35a6239c3d8bdabc530a6a0816f7ff89a0aaf/library/test/src/lib.rs:595:41
[INFO] [stdout]   34:     0x635856acf614 - std::sys::backtrace::__rust_begin_short_backtrace::h505c97a579eca628
[INFO] [stdout]                                at /rustc/90b35a6239c3d8bdabc530a6a0816f7ff89a0aaf/library/std/src/sys/backtrace.rs:154:18
[INFO] [stdout]   35:     0x635856ad2cde - std::thread::Builder::spawn_unchecked_::{{closure}}::{{closure}}::h9e86b2e2bc107ea3
[INFO] [stdout]                                at /rustc/90b35a6239c3d8bdabc530a6a0816f7ff89a0aaf/library/std/src/thread/mod.rs:538:17
[INFO] [stdout]   36:     0x635856ad2cde - <core::panic::unwind_safe::AssertUnwindSafe<F> as core::ops::function::FnOnce<()>>::call_once::h8b06ddb275ff4a25
[INFO] [stdout]                                at /rustc/90b35a6239c3d8bdabc530a6a0816f7ff89a0aaf/library/core/src/panic/unwind_safe.rs:272:9
[INFO] [stdout]   37:     0x635856ad2cde - std::panicking::try::do_call::hb26ecd7cd9a9355d
[INFO] [stdout]                                at /rustc/90b35a6239c3d8bdabc530a6a0816f7ff89a0aaf/library/std/src/panicking.rs:557:40
[INFO] [stdout]   38:     0x635856ad2cde - std::panicking::try::h8ddeca9d705f9069
[INFO] [stdout]                                at /rustc/90b35a6239c3d8bdabc530a6a0816f7ff89a0aaf/library/std/src/panicking.rs:520:19
[INFO] [stdout]   39:     0x635856ad2cde - std::panic::catch_unwind::h49e1c33078844c46
[INFO] [stdout]                                at /rustc/90b35a6239c3d8bdabc530a6a0816f7ff89a0aaf/library/std/src/panic.rs:358:14
[INFO] [stdout]   40:     0x635856ad2cde - std::thread::Builder::spawn_unchecked_::{{closure}}::h6073db6ff56ad35d
[INFO] [stdout]                                at /rustc/90b35a6239c3d8bdabc530a6a0816f7ff89a0aaf/library/std/src/thread/mod.rs:537:30
[INFO] [stdout]   41:     0x635856ad2cde - core::ops::function::FnOnce::call_once{{vtable.shim}}::h2c5a5f3779c774f1
[INFO] [stdout]                                at /rustc/90b35a6239c3d8bdabc530a6a0816f7ff89a0aaf/library/core/src/ops/function.rs:250:5
[INFO] [stdout]   42:     0x635856b42d9b - <alloc::boxed::Box<F,A> as core::ops::function::FnOnce<Args>>::call_once::hf75717d9f28faebf
[INFO] [stdout]                                at /rustc/90b35a6239c3d8bdabc530a6a0816f7ff89a0aaf/library/alloc/src/boxed.rs:2454:9
[INFO] [stdout]   43:     0x635856b42d9b - <alloc::boxed::Box<F,A> as core::ops::function::FnOnce<Args>>::call_once::h7bd883a5f3c5f3c1
[INFO] [stdout]                                at /rustc/90b35a6239c3d8bdabc530a6a0816f7ff89a0aaf/library/alloc/src/boxed.rs:2454:9
[INFO] [stdout]   44:     0x635856b42d9b - std::sys::pal::unix::thread::Thread::new::thread_start::hcc78f3943333fa94
[INFO] [stdout]                                at /rustc/90b35a6239c3d8bdabc530a6a0816f7ff89a0aaf/library/std/src/sys/pal/unix/thread.rs:105:17
[INFO] [stdout]   45:     0x7cdb235f9ac3 - <unknown>
[INFO] [stdout]   46:     0x7cdb2368aa04 - clone
[INFO] [stdout]   47:                0x0 - <unknown>
[INFO] [stderr] error: test failed, to rerun pass `--test trybuild`
[INFO] [stdout] 
[INFO] [stdout] 
[INFO] [stdout] failures:
[INFO] [stdout]     ui_tests
[INFO] [stdout] 
[INFO] [stdout] test result: FAILED. 0 passed; 1 failed; 0 ignored; 0 measured; 0 filtered out; finished in 11.52s
[INFO] [stdout] 
[INFO] running `Command { std: "docker" "inspect" "2417a9fb450f2dfcf85984b3bcff893aed306c37629d859feeaf998e161d7564", kill_on_drop: false }`
[INFO] running `Command { std: "docker" "rm" "-f" "2417a9fb450f2dfcf85984b3bcff893aed306c37629d859feeaf998e161d7564", kill_on_drop: false }`
[INFO] [stdout] 2417a9fb450f2dfcf85984b3bcff893aed306c37629d859feeaf998e161d7564
