[INFO] fetching crate tyme4rs 1.1.6...
[INFO] testing tyme4rs-1.1.6 against 1.83.0 for beta-1.84.0-4-retry
[INFO] extracting crate tyme4rs 1.1.6 into /workspace/builds/worker-0-tc1/source
[INFO] validating manifest of crates.io crate tyme4rs 1.1.6 on toolchain 1.83.0
[INFO] running `Command { std: CARGO_HOME="/workspace/cargo-home" RUSTUP_HOME="/workspace/rustup-home" "/workspace/cargo-home/bin/cargo" "+1.83.0" "metadata" "--manifest-path" "Cargo.toml" "--no-deps", kill_on_drop: false }`
[INFO] started tweaking crates.io crate tyme4rs 1.1.6
[INFO] finished tweaking crates.io crate tyme4rs 1.1.6
[INFO] tweaked toml for crates.io crate tyme4rs 1.1.6 written to /workspace/builds/worker-0-tc1/source/Cargo.toml
[INFO] running `Command { std: CARGO_HOME="/workspace/cargo-home" RUSTUP_HOME="/workspace/rustup-home" "/workspace/cargo-home/bin/cargo" "+1.83.0" "generate-lockfile" "--manifest-path" "Cargo.toml", kill_on_drop: false }`
[INFO] [stderr]     Updating crates.io index
[INFO] [stderr]      Locking 6 packages to latest compatible versions
[INFO] running `Command { std: CARGO_HOME="/workspace/cargo-home" RUSTUP_HOME="/workspace/rustup-home" "/workspace/cargo-home/bin/cargo" "+1.83.0" "fetch" "--manifest-path" "Cargo.toml", kill_on_drop: false }`
[INFO] running `Command { std: "docker" "create" "-v" "/var/lib/crater-agent-workspace/builds/worker-0-tc1/target:/opt/rustwide/target:rw,Z" "-v" "/var/lib/crater-agent-workspace/builds/worker-0-tc1/source:/opt/rustwide/workdir:ro,Z" "-v" "/var/lib/crater-agent-workspace/cargo-home:/opt/rustwide/cargo-home:ro,Z" "-v" "/var/lib/crater-agent-workspace/rustup-home:/opt/rustwide/rustup-home:ro,Z" "-e" "SOURCE_DIR=/opt/rustwide/workdir" "-e" "CARGO_TARGET_DIR=/opt/rustwide/target" "-e" "CARGO_HOME=/opt/rustwide/cargo-home" "-e" "RUSTUP_HOME=/opt/rustwide/rustup-home" "-w" "/opt/rustwide/workdir" "-m" "1610612736" "--user" "0:0" "--network" "none" "ghcr.io/rust-lang/crates-build-env/linux@sha256:f3a9d4ad9d972b27faf3965f35b62e55ba32bbce8f20bc8fe909558a86702fde" "/opt/rustwide/cargo-home/bin/cargo" "+1.83.0" "metadata" "--no-deps" "--format-version=1", kill_on_drop: false }`
[INFO] [stdout] bd2d138be9afadb4ad93490b83e25345d56f26fdd284432df3dce931127257ec
[INFO] running `Command { std: "docker" "start" "-a" "bd2d138be9afadb4ad93490b83e25345d56f26fdd284432df3dce931127257ec", kill_on_drop: false }`
[INFO] running `Command { std: "docker" "inspect" "bd2d138be9afadb4ad93490b83e25345d56f26fdd284432df3dce931127257ec", kill_on_drop: false }`
[INFO] running `Command { std: "docker" "rm" "-f" "bd2d138be9afadb4ad93490b83e25345d56f26fdd284432df3dce931127257ec", kill_on_drop: false }`
[INFO] [stdout] bd2d138be9afadb4ad93490b83e25345d56f26fdd284432df3dce931127257ec
[INFO] running `Command { std: "docker" "create" "-v" "/var/lib/crater-agent-workspace/builds/worker-0-tc1/target:/opt/rustwide/target:rw,Z" "-v" "/var/lib/crater-agent-workspace/builds/worker-0-tc1/source:/opt/rustwide/workdir:ro,Z" "-v" "/var/lib/crater-agent-workspace/cargo-home:/opt/rustwide/cargo-home:ro,Z" "-v" "/var/lib/crater-agent-workspace/rustup-home:/opt/rustwide/rustup-home:ro,Z" "-e" "SOURCE_DIR=/opt/rustwide/workdir" "-e" "CARGO_TARGET_DIR=/opt/rustwide/target" "-e" "CARGO_INCREMENTAL=0" "-e" "RUST_BACKTRACE=full" "-e" "RUSTFLAGS=--cap-lints=warn" "-e" "RUSTDOCFLAGS=--cap-lints=warn" "-e" "CARGO_HOME=/opt/rustwide/cargo-home" "-e" "RUSTUP_HOME=/opt/rustwide/rustup-home" "-w" "/opt/rustwide/workdir" "-m" "1610612736" "--user" "0:0" "--network" "none" "ghcr.io/rust-lang/crates-build-env/linux@sha256:f3a9d4ad9d972b27faf3965f35b62e55ba32bbce8f20bc8fe909558a86702fde" "/opt/rustwide/cargo-home/bin/cargo" "+1.83.0" "build" "--frozen" "--message-format=json", kill_on_drop: false }`
[INFO] [stdout] 076c0f900d95e350a49bd2c152f705fc9524362ba1518bdd13f9ad58acce0801
[INFO] running `Command { std: "docker" "start" "-a" "076c0f900d95e350a49bd2c152f705fc9524362ba1518bdd13f9ad58acce0801", kill_on_drop: false }`
[INFO] [stderr]    Compiling memchr v2.7.4
[INFO] [stderr]    Compiling regex-syntax v0.8.5
[INFO] [stderr]    Compiling lazy_static v1.5.0
[INFO] [stderr]    Compiling aho-corasick v1.1.3
[INFO] [stderr]    Compiling regex-automata v0.4.9
[INFO] [stderr]    Compiling regex v1.11.1
[INFO] [stderr]    Compiling tyme4rs v1.1.6 (/opt/rustwide/workdir)
[INFO] [stderr]     Finished `dev` profile [unoptimized + debuginfo] target(s) in 9.77s
[INFO] running `Command { std: "docker" "inspect" "076c0f900d95e350a49bd2c152f705fc9524362ba1518bdd13f9ad58acce0801", kill_on_drop: false }`
[INFO] running `Command { std: "docker" "rm" "-f" "076c0f900d95e350a49bd2c152f705fc9524362ba1518bdd13f9ad58acce0801", kill_on_drop: false }`
[INFO] [stdout] 076c0f900d95e350a49bd2c152f705fc9524362ba1518bdd13f9ad58acce0801
[INFO] running `Command { std: "docker" "create" "-v" "/var/lib/crater-agent-workspace/builds/worker-0-tc1/target:/opt/rustwide/target:rw,Z" "-v" "/var/lib/crater-agent-workspace/builds/worker-0-tc1/source:/opt/rustwide/workdir:ro,Z" "-v" "/var/lib/crater-agent-workspace/cargo-home:/opt/rustwide/cargo-home:ro,Z" "-v" "/var/lib/crater-agent-workspace/rustup-home:/opt/rustwide/rustup-home:ro,Z" "-e" "SOURCE_DIR=/opt/rustwide/workdir" "-e" "CARGO_TARGET_DIR=/opt/rustwide/target" "-e" "CARGO_INCREMENTAL=0" "-e" "RUST_BACKTRACE=full" "-e" "RUSTFLAGS=--cap-lints=warn" "-e" "RUSTDOCFLAGS=--cap-lints=warn" "-e" "CARGO_HOME=/opt/rustwide/cargo-home" "-e" "RUSTUP_HOME=/opt/rustwide/rustup-home" "-w" "/opt/rustwide/workdir" "-m" "1610612736" "--user" "0:0" "--network" "none" "ghcr.io/rust-lang/crates-build-env/linux@sha256:f3a9d4ad9d972b27faf3965f35b62e55ba32bbce8f20bc8fe909558a86702fde" "/opt/rustwide/cargo-home/bin/cargo" "+1.83.0" "test" "--frozen" "--no-run" "--message-format=json", kill_on_drop: false }`
[INFO] [stdout] fdbe17baf7cb028eda90ad665471c5452cfd32e71c96444a3f5f6491b64d4b8d
[INFO] running `Command { std: "docker" "start" "-a" "fdbe17baf7cb028eda90ad665471c5452cfd32e71c96444a3f5f6491b64d4b8d", kill_on_drop: false }`
[INFO] [stderr]    Compiling tyme4rs v1.1.6 (/opt/rustwide/workdir)
[INFO] [stderr]     Finished `test` profile [unoptimized + debuginfo] target(s) in 4.17s
[INFO] running `Command { std: "docker" "inspect" "fdbe17baf7cb028eda90ad665471c5452cfd32e71c96444a3f5f6491b64d4b8d", kill_on_drop: false }`
[INFO] running `Command { std: "docker" "rm" "-f" "fdbe17baf7cb028eda90ad665471c5452cfd32e71c96444a3f5f6491b64d4b8d", kill_on_drop: false }`
[INFO] [stdout] fdbe17baf7cb028eda90ad665471c5452cfd32e71c96444a3f5f6491b64d4b8d
[INFO] running `Command { std: "docker" "create" "-v" "/var/lib/crater-agent-workspace/builds/worker-0-tc1/target:/opt/rustwide/target:rw,Z" "-v" "/var/lib/crater-agent-workspace/builds/worker-0-tc1/source:/opt/rustwide/workdir:ro,Z" "-v" "/var/lib/crater-agent-workspace/cargo-home:/opt/rustwide/cargo-home:ro,Z" "-v" "/var/lib/crater-agent-workspace/rustup-home:/opt/rustwide/rustup-home:ro,Z" "-e" "SOURCE_DIR=/opt/rustwide/workdir" "-e" "CARGO_TARGET_DIR=/opt/rustwide/target" "-e" "CARGO_INCREMENTAL=0" "-e" "RUST_BACKTRACE=full" "-e" "RUSTFLAGS=--cap-lints=warn" "-e" "RUSTDOCFLAGS=--cap-lints=warn" "-e" "CARGO_HOME=/opt/rustwide/cargo-home" "-e" "RUSTUP_HOME=/opt/rustwide/rustup-home" "-w" "/opt/rustwide/workdir" "-m" "1610612736" "--user" "0:0" "--network" "none" "ghcr.io/rust-lang/crates-build-env/linux@sha256:f3a9d4ad9d972b27faf3965f35b62e55ba32bbce8f20bc8fe909558a86702fde" "/opt/rustwide/cargo-home/bin/cargo" "+1.83.0" "test" "--frozen", kill_on_drop: false }`
[INFO] [stdout] f5cf46e759ab47b86e0f16c54eaa5cb51b8b3bd42d0e38e6560b7cd55ecf4d19
[INFO] running `Command { std: "docker" "start" "-a" "f5cf46e759ab47b86e0f16c54eaa5cb51b8b3bd42d0e38e6560b7cd55ecf4d19", kill_on_drop: false }`
[INFO] [stderr]     Finished `test` profile [unoptimized + debuginfo] target(s) in 0.02s
[INFO] [stderr]      Running unittests src/lib.rs (/opt/rustwide/target/debug/deps/tyme4rs-a218279f31ddb175)
[INFO] [stdout] 
[INFO] [stdout] running 272 tests
[INFO] [stdout] test tyme::culture::dog::tests::test2 ... ok
[INFO] [stdout] test tyme::culture::dog::tests::test1 ... ok
[INFO] [stdout] test tyme::culture::nine::tests::test1 ... ok
[INFO] [stdout] test tyme::culture::nine::tests::test0 ... ok
[INFO] [stdout] test tyme::culture::nine::tests::test5 ... ok
[INFO] [stdout] test tyme::culture::nine::tests::test4 ... ok
[INFO] [stdout] test tyme::culture::nine::tests::test2 ... ok
[INFO] [stdout] test tyme::culture::phenology::tests::test0 ... ok
[INFO] [stdout] test tyme::culture::nine::tests::test6 ... ok
[INFO] [stdout] test tyme::culture::fetus::tests::test2 ... ok
[INFO] [stdout] test tyme::culture::fetus::tests::test1 ... ok
[INFO] [stdout] test tyme::culture::phenology::tests::test1 ... ok
[INFO] [stdout] test tyme::culture::nine::tests::test3 ... ok
[INFO] [stdout] test tyme::culture::ren::minor::tests::test3 ... ok
[INFO] [stdout] test tyme::culture::star::nine::tests::test0 ... ok
[INFO] [stdout] test tyme::culture::star::nine::tests::test1 ... ok
[INFO] [stdout] test tyme::culture::plumrain::tests::test1 ... ok
[INFO] [stdout] test tyme::culture::plumrain::tests::test4 ... ok
[INFO] [stdout] test tyme::culture::star::nine::tests::test2 ... ok
[INFO] [stdout] test tyme::culture::star::nine::tests::test11 ... ok
[INFO] [stdout] test tyme::culture::ren::minor::tests::test1 ... ok
[INFO] [stdout] test tyme::culture::star::nine::tests::test3 ... ok
[INFO] [stdout] test tyme::culture::star::nine::tests::test5 ... ok
[INFO] [stdout] test tyme::culture::ren::minor::tests::test2 ... ok
[INFO] [stdout] test tyme::culture::tests::test1 ... ok
[INFO] [stdout] test tyme::culture::eightchar::tests::test0 ... ok
[INFO] [stdout] test tyme::culture::plumrain::tests::test3 ... ok
[INFO] [stdout] test tyme::culture::star::nine::tests::test10 ... ok
[INFO] [stdout] test tyme::culture::tests::test10 ... ok
[INFO] [stdout] test tyme::culture::star::nine::tests::test6 ... ok
[INFO] [stdout] test tyme::culture::star::six::tests::test1 ... ok
[INFO] [stdout] test tyme::culture::tests::test14 ... ok
[INFO] [stdout] test tyme::culture::tests::test15 ... ok
[INFO] [stdout] test tyme::culture::tests::test13 ... ok
[INFO] [stdout] test tyme::culture::tests::test16 ... ok
[INFO] [stdout] test tyme::culture::star::twelve::tests::test1 ... ok
[INFO] [stdout] test tyme::culture::star::nine::tests::test8 ... ok
[INFO] [stdout] test tyme::culture::star::nine::tests::test4 ... ok
[INFO] [stdout] test tyme::culture::tests::test12 ... ok
[INFO] [stdout] test tyme::culture::tests::test11 ... ok
[INFO] [stdout] test tyme::culture::star::twelve::tests::test2 ... ok
[INFO] [stdout] test tyme::culture::star::nine::tests::test7 ... ok
[INFO] [stdout] test tyme::culture::fetus::tests::test3 ... ok
[INFO] [stdout] test tyme::culture::tests::test2 ... ok
[INFO] [stdout] test tyme::culture::tests::test21 ... ok
[INFO] [stdout] test tyme::culture::tests::test17 ... ok
[INFO] [stdout] test tyme::culture::tests::test23 ... ok
[INFO] [stdout] test tyme::culture::tests::test3 ... ok
[INFO] [stdout] test tyme::culture::tests::test24 ... ok
[INFO] [stdout] test tyme::culture::tests::test26 ... ok
[INFO] [stdout] test tyme::culture::tests::test19 ... ok
[INFO] [stdout] test tyme::culture::tests::test27 ... ok
[INFO] [stdout] test tyme::culture::tests::test22 ... ok
[INFO] [stdout] test tyme::culture::star::twelve::tests::test3 ... ok
[INFO] [stdout] test tyme::culture::tests::test28 ... ok
[INFO] [stdout] test tyme::culture::tests::test32 ... ok
[INFO] [stdout] test tyme::culture::tests::test38 ... ok
[INFO] [stdout] test tyme::culture::tests::test37 ... ok
[INFO] [stdout] test tyme::culture::tests::test35 ... ok
[INFO] [stdout] test tyme::culture::tests::test36 ... ok
[INFO] [stdout] test tyme::culture::tests::test30 ... ok
[INFO] [stdout] test tyme::culture::star::twelve::tests::test4 ... ok
[INFO] [stdout] test tyme::culture::plumrain::tests::test2 ... ok
[INFO] [stdout] test tyme::culture::tests::test29 ... ok
[INFO] [stdout] test tyme::culture::star::nine::tests::test9 ... ok
[INFO] [stdout] test tyme::culture::tests::test18 ... ok
[INFO] [stdout] test tyme::culture::tests::test20 ... ok
[INFO] [stdout] test tyme::culture::tests::test34 ... ok
[INFO] [stdout] test tyme::culture::tests::test25 ... ok
[INFO] [stdout] test tyme::culture::tests::test33 ... ok
[INFO] [stdout] test tyme::culture::tests::test31 ... ok
[INFO] [stdout] test tyme::culture::tests::test40 ... ok
[INFO] [stdout] test tyme::culture::tests::test41 ... ok
[INFO] [stdout] test tyme::culture::tests::test6 ... ok
[INFO] [stdout] test tyme::culture::tests::test7 ... ok
[INFO] [stdout] test tyme::culture::tests::test9 ... ok
[INFO] [stdout] test tyme::enums::tests::test1 ... ok
[INFO] [stdout] test tyme::enums::tests::test2 ... ok
[INFO] [stdout] test tyme::enums::tests::test3 ... ok
[INFO] [stdout] test tyme::culture::tests::test4 ... ok
[INFO] [stdout] test tyme::culture::tests::test5 ... ok
[INFO] [stdout] test tyme::culture::tests::test8 ... ok
[INFO] [stdout] test tyme::festival::tests::test3 ... ok
[INFO] [stdout] test tyme::festival::tests::test7 ... ok
[INFO] [stdout] test tyme::culture::tests::test39 ... ok
[INFO] [stdout] test tyme::festival::tests::test6 ... ok
[INFO] [stdout] test tyme::holiday::tests::test4 ... ok
[INFO] [stdout] test tyme::jd::tests::test1 ... ok
[INFO] [stdout] test tyme::festival::tests::test8 ... ok
[INFO] [stdout] test tyme::festival::tests::test9 ... ok
[INFO] [stdout] test tyme::lunar::tests::test15 ... ok
[INFO] [stdout] test tyme::lunar::tests::test1 ... ok
[INFO] [stdout] test tyme::lunar::tests::test11 ... ok
[INFO] [stdout] test tyme::lunar::tests::test14 ... ok
[INFO] [stdout] test tyme::lunar::tests::test10 ... ok
[INFO] [stdout] test tyme::lunar::tests::test17 ... ok
[INFO] [stdout] test tyme::lunar::tests::test13 ... ok
[INFO] [stdout] test tyme::lunar::tests::test18 ... ok
[INFO] [stdout] test tyme::lunar::tests::test23 ... ok
[INFO] [stdout] test tyme::lunar::tests::test19 ... ok
[INFO] [stdout] test tyme::lunar::tests::test2 ... ok
[INFO] [stdout] test tyme::lunar::tests::test100 ... ok
[INFO] [stdout] test tyme::festival::tests::test1 ... ok
[INFO] [stdout] test tyme::festival::tests::test2 ... ok
[INFO] [stdout] test tyme::lunar::tests::test24 ... ok
[INFO] [stdout] test tyme::festival::tests::test5 ... ok
[INFO] [stdout] test tyme::lunar::tests::test28 ... ok
[INFO] [stdout] test tyme::lunar::tests::test20 ... ok
[INFO] [stdout] test tyme::lunar::tests::test21 ... ok
[INFO] [stdout] test tyme::lunar::tests::test27 ... ok
[INFO] [stdout] test tyme::lunar::tests::test22 ... ok
[INFO] [stdout] test tyme::lunar::tests::test26 ... ok
[INFO] [stdout] test tyme::lunar::tests::test25 ... ok
[INFO] [stdout] test tyme::lunar::tests::test3 ... ok
[INFO] [stdout] test tyme::lunar::tests::test16 ... ok
[INFO] [stdout] test tyme::lunar::tests::test37 ... ok
[INFO] [stdout] test tyme::lunar::tests::test38 ... ok
[INFO] [stdout] test tyme::lunar::tests::test4 ... ok
[INFO] [stdout] test tyme::lunar::tests::test31 ... ok
[INFO] [stdout] test tyme::festival::tests::test4 ... ok
[INFO] [stdout] test tyme::lunar::tests::test32 ... ok
[INFO] [stdout] test tyme::lunar::tests::test36 ... ok
[INFO] [stdout] test tyme::lunar::tests::test29 ... ok
[INFO] [stdout] test tyme::lunar::tests::test30 ... ok
[INFO] [stdout] test tyme::lunar::tests::test42 ... ok
[INFO] [stdout] test tyme::lunar::tests::test39 ... ok
[INFO] [stdout] test tyme::lunar::tests::test41 ... ok
[INFO] [stdout] test tyme::lunar::tests::test47 ... ok
[INFO] [stdout] test tyme::lunar::tests::test44 ... ok
[INFO] [stdout] test tyme::lunar::tests::test46 ... ok
[INFO] [stdout] test tyme::lunar::tests::test34 ... ok
[INFO] [stdout] test tyme::lunar::tests::test5 ... ok
[INFO] [stdout] test tyme::lunar::tests::test53 ... ok
[INFO] [stdout] test tyme::lunar::tests::test48 ... ok
[INFO] [stdout] test tyme::lunar::tests::test40 ... ok
[INFO] [stdout] test tyme::lunar::tests::test43 ... ok
[INFO] [stdout] test tyme::lunar::tests::test49 ... ok
[INFO] [stdout] test tyme::lunar::tests::test12 ... ok
[INFO] [stdout] test tyme::holiday::tests::test2 ... ok
[INFO] [stdout] test tyme::lunar::tests::test52 ... ok
[INFO] [stdout] test tyme::lunar::tests::test55 ... ok
[INFO] [stdout] test tyme::lunar::tests::test35 ... ok
[INFO] [stdout] test tyme::lunar::tests::test58 ... ok
[INFO] [stdout] test tyme::lunar::tests::test56 ... ok
[INFO] [stdout] test tyme::lunar::tests::test57 ... ok
[INFO] [stdout] test tyme::lunar::tests::test33 ... ok
[INFO] [stdout] test tyme::lunar::tests::test51 ... ok
[INFO] [stdout] test tyme::lunar::tests::test54 ... ok
[INFO] [stdout] test tyme::lunar::tests::test45 ... ok
[INFO] [stdout] test tyme::lunar::tests::test59 ... ok
[INFO] [stdout] test tyme::lunar::tests::test6 ... ok
[INFO] [stdout] test tyme::lunar::tests::test50 ... ok
[INFO] [stdout] test tyme::lunar::tests::test61 ... ok
[INFO] [stdout] test tyme::lunar::tests::test64 ... ok
[INFO] [stdout] test tyme::lunar::tests::test63 ... ok
[INFO] [stdout] test tyme::lunar::tests::test62 ... ok
[INFO] [stdout] test tyme::lunar::tests::test65 ... ok
[INFO] [stdout] test tyme::lunar::tests::test67 ... ok
[INFO] [stdout] test tyme::lunar::tests::test68 ... ok
[INFO] [stdout] test tyme::lunar::tests::test66 ... ok
[INFO] [stdout] test tyme::lunar::tests::test7 ... ok
[INFO] [stdout] test tyme::lunar::tests::test70 ... ok
[INFO] [stdout] test tyme::lunar::tests::test78 ... ok
[INFO] [stdout] test tyme::lunar::tests::test79 ... ok
[INFO] [stdout] test tyme::lunar::tests::test81 ... ok
[INFO] [stdout] test tyme::lunar::tests::test82 ... ok
[INFO] [stdout] test tyme::lunar::tests::test69 ... ok
[INFO] [stdout] test tyme::lunar::tests::test83 ... ok
[INFO] [stdout] test tyme::lunar::tests::test84 ... ok
[INFO] [stdout] test tyme::lunar::tests::test85 ... ok
[INFO] [stdout] test tyme::lunar::tests::test86 ... ok
[INFO] [stdout] test tyme::lunar::tests::test87 ... ok
[INFO] [stdout] test tyme::lunar::tests::test88 ... ok
[INFO] [stdout] test tyme::lunar::tests::test89 ... ok
[INFO] [stdout] test tyme::lunar::tests::test90 ... ok
[INFO] [stdout] test tyme::lunar::tests::test91 ... ok
[INFO] [stdout] test tyme::lunar::tests::test93 ... ok
[INFO] [stdout] test tyme::lunar::tests::test92 ... ok
[INFO] [stdout] test tyme::lunar::tests::test94 ... ok
[INFO] [stdout] test tyme::lunar::tests::test95 ... ok
[INFO] [stdout] test tyme::lunar::tests::test96 ... ok
[INFO] [stdout] test tyme::lunar::tests::test97 ... ok
[INFO] [stdout] test tyme::lunar::tests::test98 ... ok
[INFO] [stdout] test tyme::lunar::tests::test99 ... ok
[INFO] [stdout] test tyme::sixtycycle::tests::test1 ... ok
[INFO] [stdout] test tyme::sixtycycle::tests::test10 ... ok
[INFO] [stdout] test tyme::lunar::tests::test80 ... ok
[INFO] [stdout] test tyme::lunar::tests::test72 ... ok
[INFO] [stdout] test tyme::lunar::tests::test73 ... ok
[INFO] [stdout] test tyme::sixtycycle::tests::test11 ... ok
[INFO] [stdout] test tyme::lunar::tests::test74 ... ok
[INFO] [stdout] test tyme::lunar::tests::test75 ... ok
[INFO] [stdout] test tyme::sixtycycle::tests::test3 ... ok
[INFO] [stdout] test tyme::sixtycycle::tests::test4 ... ok
[INFO] [stdout] test tyme::sixtycycle::tests::test5 ... ok
[INFO] [stdout] test tyme::sixtycycle::tests::test6 ... ok
[INFO] [stdout] test tyme::sixtycycle::tests::test8 ... ok
[INFO] [stdout] test tyme::solar::tests::test10 ... ok
[INFO] [stdout] test tyme::sixtycycle::tests::test9 ... ok
[INFO] [stdout] test tyme::solar::tests::test1 ... ok
[INFO] [stdout] test tyme::solar::tests::test11 ... ok
[INFO] [stdout] test tyme::sixtycycle::tests::test7 ... ok
[INFO] [stdout] test tyme::lunar::tests::test77 ... ok
[INFO] [stdout] test tyme::solar::tests::test2 ... ok
[INFO] [stdout] test tyme::lunar::tests::test8 ... ok
[INFO] [stdout] test tyme::lunar::tests::test76 ... ok
[INFO] [stdout] test tyme::lunar::tests::test71 ... ok
[INFO] [stdout] test tyme::solar::tests::test22 ... ok
[INFO] [stdout] test tyme::solar::tests::test0 ... ok
[INFO] [stdout] test tyme::lunar::tests::test9 ... ok
[INFO] [stdout] test tyme::sixtycycle::tests::test2 ... ok
[INFO] [stdout] test tyme::solar::tests::test23 ... ok
[INFO] [stdout] test tyme::solar::tests::test24 ... ok
[INFO] [stdout] test tyme::solar::tests::test25 ... ok
[INFO] [stdout] test tyme::solar::tests::test26 ... ok
[INFO] [stdout] test tyme::solar::tests::test27 ... ok
[INFO] [stdout] test tyme::holiday::tests::test3 ... ok
[INFO] [stdout] test tyme::solar::tests::test29 ... ok
[INFO] [stdout] test tyme::solar::tests::test3 ... ok
[INFO] [stdout] test tyme::solar::tests::test30 ... ok
[INFO] [stdout] test tyme::solar::tests::test31 ... ok
[INFO] [stdout] test tyme::solar::tests::test32 ... ok
[INFO] [stdout] test tyme::solar::tests::test33 ... ok
[INFO] [stdout] test tyme::solar::tests::test34 ... ok
[INFO] [stdout] test tyme::solar::tests::test35 ... ok
[INFO] [stdout] test tyme::solar::tests::test36 ... ok
[INFO] [stdout] test tyme::solar::tests::test37 ... ok
[INFO] [stdout] test tyme::lunar::tests::test60 ... ok
[INFO] [stdout] test tyme::solar::tests::test28 ... ok
[INFO] [stdout] test tyme::solar::tests::test38 ... ok
[INFO] [stdout] test tyme::solar::tests::test39 ... ok
[INFO] [stdout] test tyme::solar::tests::test4 ... ok
[INFO] [stdout] test tyme::solar::tests::test40 ... ok
[INFO] [stdout] test tyme::solar::tests::test41 ... ok
[INFO] [stdout] test tyme::solar::tests::test44 ... ok
[INFO] [stdout] test tyme::solar::tests::test43 ... ok
[INFO] [stdout] test tyme::solar::tests::test45 ... ok
[INFO] [stdout] test tyme::solar::tests::test46 ... ok
[INFO] [stdout] test tyme::solar::tests::test47 ... ok
[INFO] [stdout] test tyme::solar::tests::test42 ... ok
[INFO] [stdout] test tyme::solar::tests::test48 ... ok
[INFO] [stdout] test tyme::solar::tests::test51 ... ok
[INFO] [stdout] test tyme::solar::tests::test5 ... ok
[INFO] [stdout] test tyme::solar::tests::test52 ... ok
[INFO] [stdout] test tyme::solar::tests::test54 ... ok
[INFO] [stdout] test tyme::solar::tests::test55 ... ok
[INFO] [stdout] test tyme::solar::tests::test56 ... ok
[INFO] [stdout] test tyme::solar::tests::test57 ... ok
[INFO] [stdout] test tyme::solar::tests::test58 ... ok
[INFO] [stdout] test tyme::solar::tests::test60 ... ok
[INFO] [stdout] test tyme::solar::tests::test59 ... ok
[INFO] [stdout] test tyme::solar::tests::test53 ... ok
[INFO] [stdout] test tyme::solar::tests::test49 ... ok
[INFO] [stdout] test tyme::solar::tests::test61 ... ok
[INFO] [stdout] test tyme::solar::tests::test6 ... ok
[INFO] [stdout] test tyme::solar::tests::test62 ... ok
[INFO] [stdout] test tyme::solar::tests::test50 ... ok
[INFO] [stdout] test tyme::solar::tests::test63 ... ok
[INFO] [stdout] test tyme::solar::tests::test64 ... ok
[INFO] [stdout] test tyme::solar::tests::test65 ... ok
[INFO] [stdout] test tyme::solar::tests::test66 ... ok
[INFO] [stdout] test tyme::solar::tests::test68 ... ok
[INFO] [stdout] test tyme::solar::tests::test67 ... ok
[INFO] [stdout] test tyme::solar::tests::test70 ... ok
[INFO] [stdout] test tyme::solar::tests::test69 ... ok
[INFO] [stdout] test tyme::solar::tests::test73 ... ok
[INFO] [stdout] test tyme::solar::tests::test9 ... ok
[INFO] [stdout] test tyme::solar::tests::test72 ... ok
[INFO] [stdout] test tyme::solar::tests::test8 ... ok
[INFO] [stdout] test tyme::solar::tests::test7 ... ok
[INFO] [stdout] test tyme::solar::tests::test71 ... ok
[INFO] [stdout] test tyme::holiday::tests::test1 ... ok
[INFO] [stderr]    Doc-tests tyme4rs
[INFO] [stdout] 
[INFO] [stdout] test result: ok. 272 passed; 0 failed; 0 ignored; 0 measured; 0 filtered out; finished in 0.17s
[INFO] [stdout] 
[INFO] [stdout] 
[INFO] [stdout] running 67 tests
[INFO] [stdout] test src/tyme/lunar.rs - tyme::lunar::LunarDay::get_festival (line 867) ... FAILED
[INFO] [stdout] test src/tyme/solar.rs - tyme::solar::SolarDay::get_constellation (line 1183) ... ok
[INFO] [stdout] test src/tyme/solar.rs - tyme::solar::SolarDay::get_day (line 1010) ... ok
[INFO] [stdout] test src/tyme/lunar.rs - tyme::lunar::LunarDay::get_six_star (line 823) ... ok
[INFO] [stdout] test src/tyme/solar.rs - tyme::solar::SolarDay::get_julian_day (line 1098) ... ok
[INFO] [stdout] test src/tyme/lunar.rs - tyme::lunar::LunarDay::get_solar_day (line 837) ... ok
[INFO] [stdout] test src/tyme/lunar.rs - tyme::lunar::LunarYear::get_month_count (line 101) ... ok
[INFO] [stdout] test src/tyme/jd.rs - tyme::jd::JulianDay::subtract (line 114) ... ok
[INFO] [stdout] test src/tyme/lunar.rs - tyme::lunar::LunarDay::get_lunar_month (line 678) ... ok
[INFO] [stdout] test src/tyme/solar.rs - tyme::solar::SolarDay::get_index_in_year (line 1134) ... ok
[INFO] [stdout] test src/tyme/lunar.rs - tyme::lunar::LunarDay::get_day (line 720) ... ok
[INFO] [stdout] test src/tyme/lunar.rs - tyme::lunar::LunarDay::get_month (line 706) ... ok
[INFO] [stdout] test src/tyme/lunar.rs - tyme::lunar::LunarDay::get_year (line 692) ... ok
[INFO] [stdout] test src/tyme/solar.rs - tyme::solar::SolarDay::get_dog_day (line 1222) ... ok
[INFO] [stdout] test src/tyme/solar.rs - tyme::solar::SolarDay::get_lunar_day (line 1162) ... ok
[INFO] [stdout] test src/tyme/solar.rs - tyme::solar::SolarDay::get_festival (line 1391) ... ok
[INFO] [stdout] test src/tyme/solar.rs - tyme::solar::SolarDay::get_legal_holiday (line 1377) ... ok
[INFO] [stdout] test src/tyme/solar.rs - tyme::solar::SolarDay::get_phenology_day (line 1298) ... ok
[INFO] [stdout] test src/tyme/solar.rs - tyme::solar::SolarDay::get_month (line 996) ... ok
[INFO] [stdout] test src/tyme/solar.rs - tyme::solar::SolarDay::get_term (line 1054) ... ok
[INFO] [stdout] test src/tyme/solar.rs - tyme::solar::SolarDay::get_term_day (line 1067) ... ok
[INFO] [stdout] test src/tyme/solar.rs - tyme::solar::SolarDay::get_week (line 1024) ... ok
[INFO] [stdout] test src/tyme/solar.rs - tyme::solar::SolarDay::get_nine_day (line 1274) ... ok
[INFO] [stdout] test src/tyme/solar.rs - tyme::solar::SolarDay::get_year (line 982) ... ok
[INFO] [stdout] test src/tyme/solar.rs - tyme::solar::SolarDay::get_solar_month (line 969) ... ok
[INFO] [stdout] test src/tyme/solar.rs - tyme::solar::SolarHalfYear::get_index (line 263) ... ok
[INFO] [stdout] test src/tyme/solar.rs - tyme::solar::SolarDay::subtract (line 1148) ... ok
[INFO] [stdout] test src/tyme/solar.rs - tyme::solar::SolarDay::get_solar_week (line 1038) ... ok
[INFO] [stdout] test src/tyme/solar.rs - tyme::solar::SolarMonth::get_index_in_year (line 605) ... ok
[INFO] [stdout] test src/tyme/solar.rs - tyme::solar::SolarHalfYear::get_seasons (line 299) ... ok
[INFO] [stdout] test src/tyme/solar.rs - tyme::solar::SolarHalfYear::get_year (line 246) ... ok
[INFO] [stdout] test src/tyme/solar.rs - tyme::solar::SolarMonth::get_day_count (line 579) ... ok
[INFO] [stdout] test src/tyme/solar.rs - tyme::solar::SolarMonth::get_month (line 562) ... ok
[INFO] [stdout] test src/tyme/solar.rs - tyme::solar::SolarHalfYear::get_months (line 280) ... ok
[INFO] [stdout] test src/tyme/solar.rs - tyme::solar::SolarHalfYear::get_solar_year (line 229) ... ok
[INFO] [stdout] test src/tyme/solar.rs - tyme::solar::SolarSeason::get_months (line 435) ... ok
[INFO] [stdout] test src/tyme/solar.rs - tyme::solar::SolarMonth::get_days (line 679) ... ok
[INFO] [stdout] test src/tyme/solar.rs - tyme::solar::SolarSeason::get_year (line 401) ... ok
[INFO] [stdout] test src/tyme/solar.rs - tyme::solar::SolarMonth::get_season (line 640) ... ok
[INFO] [stdout] test src/tyme/solar.rs - tyme::solar::SolarMonth::get_year (line 545) ... ok
[INFO] [stdout] test src/tyme/solar.rs - tyme::solar::SolarMonth::get_weeks (line 657) ... ok
[INFO] [stdout] test src/tyme/solar.rs - tyme::solar::SolarMonth::get_week_count (line 622) ... ok
[INFO] [stdout] test src/tyme/solar.rs - tyme::solar::SolarMonth::get_solar_year (line 528) ... ok
[INFO] [stdout] test src/tyme/solar.rs - tyme::solar::SolarSeason::get_solar_year (line 384) ... ok
[INFO] [stdout] test src/tyme/solar.rs - tyme::solar::SolarTerm::get_cursory_julian_day (line 1769) ... ok
[INFO] [stdout] test src/tyme/solar.rs - tyme::solar::SolarSeason::get_index (line 418) ... ok
[INFO] [stdout] test src/tyme/solar.rs - tyme::solar::SolarTerm::get_julian_day (line 1753) ... ok
[INFO] [stdout] test src/tyme/solar.rs - tyme::solar::SolarTermDay::get_day_index (line 1846) ... ok
[INFO] [stdout] test src/tyme/solar.rs - tyme::solar::SolarTime::get_day (line 1534) ... ok
[INFO] [stdout] test src/tyme/solar.rs - tyme::solar::SolarTime::get_julian_day (line 1603) ... ok
[INFO] [stdout] test src/tyme/solar.rs - tyme::solar::SolarTerm::is_jie (line 1723) ... ok
[INFO] [stdout] test src/tyme/solar.rs - tyme::solar::SolarTime::get_year (line 1506) ... ok
[INFO] [stdout] test src/tyme/solar.rs - tyme::solar::SolarTime::get_month (line 1520) ... ok
[INFO] [stdout] test src/tyme/solar.rs - tyme::solar::SolarTerm::is_qi (line 1738) ... ok
[INFO] [stdout] test src/tyme/solar.rs - tyme::solar::SolarTime::get_solar_day (line 1492) ... ok
[INFO] [stdout] test src/tyme/solar.rs - tyme::solar::SolarTime::get_term (line 1580) ... ok
[INFO] [stdout] test src/tyme/solar.rs - tyme::solar::SolarTermDay::get_solar_term (line 1831) ... ok
[INFO] [stdout] test src/tyme/solar.rs - tyme::solar::SolarWeek::get_index_in_year (line 874) ... ok
[INFO] [stdout] test src/tyme/solar.rs - tyme::solar::SolarWeek::get_year (line 815) ... ok
[INFO] [stdout] test src/tyme/solar.rs - tyme::solar::SolarYear::get_day_count (line 69) ... ok
[INFO] [stdout] test src/tyme/solar.rs - tyme::solar::SolarYear::get_half_years (line 145) ... ok
[INFO] [stdout] test src/tyme/solar.rs - tyme::solar::SolarYear::get_year (line 55) ... ok
[INFO] [stdout] test src/tyme/solar.rs - tyme::solar::SolarYear::get_seasons (line 127) ... ok
[INFO] [stdout] test src/tyme/solar.rs - tyme::solar::SolarYear::get_months (line 109) ... ok
[INFO] [stdout] test src/tyme/solar.rs - tyme::solar::SolarWeek::get_solar_month (line 798) ... ok
[INFO] [stdout] test src/tyme/solar.rs - tyme::solar::SolarWeek::get_month (line 832) ... ok
[INFO] [stdout] test src/tyme/solar.rs - tyme::solar::SolarYear::is_leap (line 91) ... ok
[INFO] [stdout] 
[INFO] [stdout] failures:
[INFO] [stdout] 
[INFO] [stdout] ---- src/tyme/lunar.rs - tyme::lunar::LunarDay::get_festival (line 867) stdout ----
[INFO] [stdout] error: linking with `cc` failed: exit status: 1
[INFO] [stdout]   |
[INFO] [stdout]   = note: LC_ALL="C" PATH="/opt/rustwide/rustup-home/toolchains/1.83.0-x86_64-unknown-linux-gnu/lib/rustlib/x86_64-unknown-linux-gnu/bin:/opt/rustwide/cargo-home/bin:/usr/local/sbin:/usr/local/bin:/usr/sbin:/usr/bin:/sbin:/bin" VSLANG="1033" "cc" "-m64" "/tmp/rustcKqv7ER/symbols.o" "/tmp/rustdoctestiYY5U4/rust_out.rust_out.cb03291d53e4e161-cgu.0.rcgu.o" "/tmp/rustdoctestiYY5U4/rust_out.1s7umcihpz0t7nkz1uc2ifee9.rcgu.o" "-Wl,--as-needed" "-Wl,-Bstatic" "/opt/rustwide/target/debug/deps/libtyme4rs-c53db7251c48194d.rlib" "/opt/rustwide/target/debug/deps/liblazy_static-977f75dcedc2f7be.rlib" "/opt/rustwide/target/debug/deps/libregex-64f88d847001da0c.rlib" "/opt/rustwide/target/debug/deps/libregex_automata-be8c6f0bea44587d.rlib" "/opt/rustwide/target/debug/deps/libaho_corasick-7c62546353774bfd.rlib" "/opt/rustwide/target/debug/deps/libmemchr-6b84ce758acd6c63.rlib" "/opt/rustwide/target/debug/deps/libregex_syntax-155e812807b49638.rlib" "/opt/rustwide/rustup-home/toolchains/1.83.0-x86_64-unknown-linux-gnu/lib/rustlib/x86_64-unknown-linux-gnu/lib/libstd-ca74a2d9c5166d9f.rlib" "/opt/rustwide/rustup-home/toolchains/1.83.0-x86_64-unknown-linux-gnu/lib/rustlib/x86_64-unknown-linux-gnu/lib/libpanic_unwind-e31ab23316ed5080.rlib" "/opt/rustwide/rustup-home/toolchains/1.83.0-x86_64-unknown-linux-gnu/lib/rustlib/x86_64-unknown-linux-gnu/lib/libobject-27dc4aa955912662.rlib" "/opt/rustwide/rustup-home/toolchains/1.83.0-x86_64-unknown-linux-gnu/lib/rustlib/x86_64-unknown-linux-gnu/lib/libmemchr-bd0d6cccce077b99.rlib" "/opt/rustwide/rustup-home/toolchains/1.83.0-x86_64-unknown-linux-gnu/lib/rustlib/x86_64-unknown-linux-gnu/lib/libaddr2line-8d001680935b5e3c.rlib" "/opt/rustwide/rustup-home/toolchains/1.83.0-x86_64-unknown-linux-gnu/lib/rustlib/x86_64-unknown-linux-gnu/lib/libgimli-ba8ce71964f984f4.rlib" "/opt/rustwide/rustup-home/toolchains/1.83.0-x86_64-unknown-linux-gnu/lib/rustlib/x86_64-unknown-linux-gnu/lib/librustc_demangle-99a73526abcec14b.rlib" "/opt/rustwide/rustup-home/toolchains/1.83.0-x86_64-unknown-linux-gnu/lib/rustlib/x86_64-unknown-linux-gnu/lib/libstd_detect-63ac0d22cff92579.rlib" "/opt/rustwide/rustup-home/toolchains/1.83.0-x86_64-unknown-linux-gnu/lib/rustlib/x86_64-unknown-linux-gnu/lib/libhashbrown-9057355c92c922d5.rlib" "/opt/rustwide/rustup-home/toolchains/1.83.0-x86_64-unknown-linux-gnu/lib/rustlib/x86_64-unknown-linux-gnu/lib/librustc_std_workspace_alloc-358be9bc1f6bab04.rlib" "/opt/rustwide/rustup-home/toolchains/1.83.0-x86_64-unknown-linux-gnu/lib/rustlib/x86_64-unknown-linux-gnu/lib/libminiz_oxide-aca15549d5bff974.rlib" "/opt/rustwide/rustup-home/toolchains/1.83.0-x86_64-unknown-linux-gnu/lib/rustlib/x86_64-unknown-linux-gnu/lib/libadler-8251d2cef7072448.rlib" "/opt/rustwide/rustup-home/toolchains/1.83.0-x86_64-unknown-linux-gnu/lib/rustlib/x86_64-unknown-linux-gnu/lib/libunwind-7d50b86011c66411.rlib" "/opt/rustwide/rustup-home/toolchains/1.83.0-x86_64-unknown-linux-gnu/lib/rustlib/x86_64-unknown-linux-gnu/lib/libcfg_if-51ea098fce5006bf.rlib" "/opt/rustwide/rustup-home/toolchains/1.83.0-x86_64-unknown-linux-gnu/lib/rustlib/x86_64-unknown-linux-gnu/lib/liblibc-5a14e0d0b712e731.rlib" "/opt/rustwide/rustup-home/toolchains/1.83.0-x86_64-unknown-linux-gnu/lib/rustlib/x86_64-unknown-linux-gnu/lib/liballoc-8b83dbf3a7b8f999.rlib" "/opt/rustwide/rustup-home/toolchains/1.83.0-x86_64-unknown-linux-gnu/lib/rustlib/x86_64-unknown-linux-gnu/lib/librustc_std_workspace_core-c6fd227bdc7b39ff.rlib" "/opt/rustwide/rustup-home/toolchains/1.83.0-x86_64-unknown-linux-gnu/lib/rustlib/x86_64-unknown-linux-gnu/lib/libcore-959d3389fa3da8a5.rlib" "/opt/rustwide/rustup-home/toolchains/1.83.0-x86_64-unknown-linux-gnu/lib/rustlib/x86_64-unknown-linux-gnu/lib/libcompiler_builtins-abe05db089cc2c62.rlib" "-Wl,-Bdynamic" "-lgcc_s" "-lutil" "-lrt" "-lpthread" "-lm" "-ldl" "-lc" "-Wl,--eh-frame-hdr" "-Wl,-z,noexecstack" "-L" "/opt/rustwide/rustup-home/toolchains/1.83.0-x86_64-unknown-linux-gnu/lib/rustlib/x86_64-unknown-linux-gnu/lib" "-o" "/tmp/rustdoctestiYY5U4/rust_out" "-Wl,--gc-sections" "-pie" "-Wl,-z,relro,-z,now" "-nodefaultlibs"
[INFO] [stdout]   = note: collect2: fatal error: ld terminated with signal 9 [Killed]
[INFO] [stdout]           compilation terminated.
[INFO] [stdout]           
[INFO] [stdout] 
[INFO] [stdout] error: aborting due to 1 previous error
[INFO] [stdout] 
[INFO] [stdout] Couldn't compile the test.
[INFO] [stdout] 
[INFO] [stdout] failures:
[INFO] [stdout]     src/tyme/lunar.rs - tyme::lunar::LunarDay::get_festival (line 867)
[INFO] [stdout] 
[INFO] [stdout] test result: FAILED. 66 passed; 1 failed; 0 ignored; 0 measured; 0 filtered out; finished in 11.89s
[INFO] [stdout] 
[INFO] [stderr] error: doctest failed, to rerun pass `--doc`
[INFO] running `Command { std: "docker" "inspect" "f5cf46e759ab47b86e0f16c54eaa5cb51b8b3bd42d0e38e6560b7cd55ecf4d19", kill_on_drop: false }`
[INFO] running `Command { std: "docker" "rm" "-f" "f5cf46e759ab47b86e0f16c54eaa5cb51b8b3bd42d0e38e6560b7cd55ecf4d19", kill_on_drop: false }`
[INFO] [stdout] f5cf46e759ab47b86e0f16c54eaa5cb51b8b3bd42d0e38e6560b7cd55ecf4d19
