[INFO] fetching crate twitch_oauth2 0.14.0...
[INFO] testing twitch_oauth2-0.14.0 against 1.83.0 for beta-1.84.0-4-retry
[INFO] extracting crate twitch_oauth2 0.14.0 into /workspace/builds/worker-2-tc1/source
[INFO] validating manifest of crates.io crate twitch_oauth2 0.14.0 on toolchain 1.83.0
[INFO] running `Command { std: CARGO_HOME="/workspace/cargo-home" RUSTUP_HOME="/workspace/rustup-home" "/workspace/cargo-home/bin/cargo" "+1.83.0" "metadata" "--manifest-path" "Cargo.toml" "--no-deps", kill_on_drop: false }`
[INFO] started tweaking crates.io crate twitch_oauth2 0.14.0
[INFO] removed 0 missing examples
[INFO] finished tweaking crates.io crate twitch_oauth2 0.14.0
[INFO] tweaked toml for crates.io crate twitch_oauth2 0.14.0 written to /workspace/builds/worker-2-tc1/source/Cargo.toml
[INFO] crate crates.io crate twitch_oauth2 0.14.0 already has a lockfile, it will not be regenerated
[INFO] running `Command { std: CARGO_HOME="/workspace/cargo-home" RUSTUP_HOME="/workspace/rustup-home" "/workspace/cargo-home/bin/cargo" "+1.83.0" "fetch" "--manifest-path" "Cargo.toml", kill_on_drop: false }`
[INFO] [stderr]     Updating crates.io index
[INFO] [stderr]     Blocking waiting for file lock on package cache
[INFO] [stderr]  Downloading crates ...
[INFO] [stderr]   Downloaded twitch_types v0.4.4
[INFO] [stderr]   Downloaded aliri_braid_impl v0.4.0
[INFO] [stderr]   Downloaded aliri_braid v0.4.0
[INFO] [stderr]   Downloaded libnghttp2-sys v0.1.9+1.58.0
[INFO] [stderr]   Downloaded curl-sys v0.4.70+curl-8.5.0
[INFO] running `Command { std: "docker" "create" "-v" "/var/lib/crater-agent-workspace/builds/worker-2-tc1/target:/opt/rustwide/target:rw,Z" "-v" "/var/lib/crater-agent-workspace/builds/worker-2-tc1/source:/opt/rustwide/workdir:ro,Z" "-v" "/var/lib/crater-agent-workspace/cargo-home:/opt/rustwide/cargo-home:ro,Z" "-v" "/var/lib/crater-agent-workspace/rustup-home:/opt/rustwide/rustup-home:ro,Z" "-e" "SOURCE_DIR=/opt/rustwide/workdir" "-e" "CARGO_TARGET_DIR=/opt/rustwide/target" "-e" "CARGO_HOME=/opt/rustwide/cargo-home" "-e" "RUSTUP_HOME=/opt/rustwide/rustup-home" "-w" "/opt/rustwide/workdir" "-m" "1610612736" "--user" "0:0" "--network" "none" "ghcr.io/rust-lang/crates-build-env/linux@sha256:f3a9d4ad9d972b27faf3965f35b62e55ba32bbce8f20bc8fe909558a86702fde" "/opt/rustwide/cargo-home/bin/cargo" "+1.83.0" "metadata" "--no-deps" "--format-version=1", kill_on_drop: false }`
[INFO] [stdout] 2cede66e782ac006071c74161b0189c94f7a71c5a6a48ded26eaf8c0ed041949
[INFO] running `Command { std: "docker" "start" "-a" "2cede66e782ac006071c74161b0189c94f7a71c5a6a48ded26eaf8c0ed041949", kill_on_drop: false }`
[INFO] running `Command { std: "docker" "inspect" "2cede66e782ac006071c74161b0189c94f7a71c5a6a48ded26eaf8c0ed041949", kill_on_drop: false }`
[INFO] running `Command { std: "docker" "rm" "-f" "2cede66e782ac006071c74161b0189c94f7a71c5a6a48ded26eaf8c0ed041949", kill_on_drop: false }`
[INFO] [stdout] 2cede66e782ac006071c74161b0189c94f7a71c5a6a48ded26eaf8c0ed041949
[INFO] running `Command { std: "docker" "create" "-v" "/var/lib/crater-agent-workspace/builds/worker-2-tc1/target:/opt/rustwide/target:rw,Z" "-v" "/var/lib/crater-agent-workspace/builds/worker-2-tc1/source:/opt/rustwide/workdir:ro,Z" "-v" "/var/lib/crater-agent-workspace/cargo-home:/opt/rustwide/cargo-home:ro,Z" "-v" "/var/lib/crater-agent-workspace/rustup-home:/opt/rustwide/rustup-home:ro,Z" "-e" "SOURCE_DIR=/opt/rustwide/workdir" "-e" "CARGO_TARGET_DIR=/opt/rustwide/target" "-e" "CARGO_INCREMENTAL=0" "-e" "RUST_BACKTRACE=full" "-e" "RUSTFLAGS=--cap-lints=warn" "-e" "RUSTDOCFLAGS=--cap-lints=warn" "-e" "CARGO_HOME=/opt/rustwide/cargo-home" "-e" "RUSTUP_HOME=/opt/rustwide/rustup-home" "-w" "/opt/rustwide/workdir" "-m" "1610612736" "--user" "0:0" "--network" "none" "ghcr.io/rust-lang/crates-build-env/linux@sha256:f3a9d4ad9d972b27faf3965f35b62e55ba32bbce8f20bc8fe909558a86702fde" "/opt/rustwide/cargo-home/bin/cargo" "+1.83.0" "build" "--frozen" "--message-format=json", kill_on_drop: false }`
[INFO] [stdout] c54a645454f6d2c8495678c46d0dc89e73cb87bdfadd7a52218350ffa8e04858
[INFO] running `Command { std: "docker" "start" "-a" "c54a645454f6d2c8495678c46d0dc89e73cb87bdfadd7a52218350ffa8e04858", kill_on_drop: false }`
[INFO] [stderr]    Compiling proc-macro2 v1.0.78
[INFO] [stderr]    Compiling unicode-ident v1.0.12
[INFO] [stderr]    Compiling libc v0.2.152
[INFO] [stderr]    Compiling serde v1.0.196
[INFO] [stderr]    Compiling cfg-if v1.0.0
[INFO] [stderr]    Compiling tinyvec_macros v0.1.1
[INFO] [stderr]    Compiling unicode-bidi v0.3.15
[INFO] [stderr]    Compiling ppv-lite86 v0.2.17
[INFO] [stderr]    Compiling thiserror v1.0.56
[INFO] [stderr]    Compiling itoa v1.0.10
[INFO] [stderr]    Compiling percent-encoding v2.3.1
[INFO] [stderr]    Compiling serde_json v1.0.112
[INFO] [stderr]    Compiling bytes v1.5.0
[INFO] [stderr]    Compiling ryu v1.0.16
[INFO] [stderr]    Compiling fnv v1.0.7
[INFO] [stderr]    Compiling base64 v0.22.1
[INFO] [stderr]    Compiling tinyvec v1.6.0
[INFO] [stderr]    Compiling once_cell v1.19.0
[INFO] [stderr]    Compiling form_urlencoded v1.2.1
[INFO] [stderr]    Compiling http v1.1.0
[INFO] [stderr]    Compiling quote v1.0.35
[INFO] [stderr]    Compiling syn v2.0.48
[INFO] [stderr]    Compiling unicode-normalization v0.1.22
[INFO] [stderr]    Compiling getrandom v0.2.12
[INFO] [stderr]    Compiling rand_core v0.6.4
[INFO] [stderr]    Compiling rand_chacha v0.3.1
[INFO] [stderr]    Compiling idna v0.5.0
[INFO] [stderr]    Compiling rand v0.8.5
[INFO] [stderr]    Compiling url v2.5.2
[INFO] [stderr]    Compiling aliri_braid_impl v0.4.0
[INFO] [stderr]    Compiling thiserror-impl v1.0.56
[INFO] [stderr]    Compiling serde_derive v1.0.196
[INFO] [stderr]    Compiling displaydoc v0.2.5
[INFO] [stderr]    Compiling aliri_braid v0.4.0
[INFO] [stderr]    Compiling twitch_types v0.4.4
[INFO] [stderr]    Compiling twitch_oauth2 v0.14.0 (/opt/rustwide/workdir)
[INFO] [stderr]     Finished `dev` profile [unoptimized + debuginfo] target(s) in 14.76s
[INFO] running `Command { std: "docker" "inspect" "c54a645454f6d2c8495678c46d0dc89e73cb87bdfadd7a52218350ffa8e04858", kill_on_drop: false }`
[INFO] running `Command { std: "docker" "rm" "-f" "c54a645454f6d2c8495678c46d0dc89e73cb87bdfadd7a52218350ffa8e04858", kill_on_drop: false }`
[INFO] [stdout] c54a645454f6d2c8495678c46d0dc89e73cb87bdfadd7a52218350ffa8e04858
[INFO] running `Command { std: "docker" "create" "-v" "/var/lib/crater-agent-workspace/builds/worker-2-tc1/target:/opt/rustwide/target:rw,Z" "-v" "/var/lib/crater-agent-workspace/builds/worker-2-tc1/source:/opt/rustwide/workdir:ro,Z" "-v" "/var/lib/crater-agent-workspace/cargo-home:/opt/rustwide/cargo-home:ro,Z" "-v" "/var/lib/crater-agent-workspace/rustup-home:/opt/rustwide/rustup-home:ro,Z" "-e" "SOURCE_DIR=/opt/rustwide/workdir" "-e" "CARGO_TARGET_DIR=/opt/rustwide/target" "-e" "CARGO_INCREMENTAL=0" "-e" "RUST_BACKTRACE=full" "-e" "RUSTFLAGS=--cap-lints=warn" "-e" "RUSTDOCFLAGS=--cap-lints=warn" "-e" "CARGO_HOME=/opt/rustwide/cargo-home" "-e" "RUSTUP_HOME=/opt/rustwide/rustup-home" "-w" "/opt/rustwide/workdir" "-m" "1610612736" "--user" "0:0" "--network" "none" "ghcr.io/rust-lang/crates-build-env/linux@sha256:f3a9d4ad9d972b27faf3965f35b62e55ba32bbce8f20bc8fe909558a86702fde" "/opt/rustwide/cargo-home/bin/cargo" "+1.83.0" "test" "--frozen" "--no-run" "--message-format=json", kill_on_drop: false }`
[INFO] [stdout] 9f9caa7b310e6a312290abbd1f4658e8743407baf56ae42e703ebce07a30a6f3
[INFO] running `Command { std: "docker" "start" "-a" "9f9caa7b310e6a312290abbd1f4658e8743407baf56ae42e703ebce07a30a6f3", kill_on_drop: false }`
[INFO] [stderr]    Compiling libc v0.2.152
[INFO] [stderr]    Compiling version_check v0.9.4
[INFO] [stderr]    Compiling pin-project-lite v0.2.13
[INFO] [stderr]    Compiling autocfg v1.1.0
[INFO] [stderr]    Compiling futures-core v0.3.30
[INFO] [stderr]    Compiling value-bag v1.6.0
[INFO] [stderr]    Compiling pkg-config v0.3.29
[INFO] [stderr]    Compiling typenum v1.17.0
[INFO] [stderr]    Compiling futures-io v0.3.30
[INFO] [stderr]    Compiling vcpkg v0.2.15
[INFO] [stderr]    Compiling crossbeam-utils v0.8.19
[INFO] [stderr]    Compiling tracing-core v0.1.32
[INFO] [stderr]    Compiling parking v2.2.0
[INFO] [stderr]    Compiling memchr v2.7.1
[INFO] [stderr]    Compiling syn v2.0.48
[INFO] [stderr]    Compiling serde v1.0.196
[INFO] [stderr]    Compiling bitflags v2.4.2
[INFO] [stderr]    Compiling log v0.4.20
[INFO] [stderr]    Compiling subtle v2.4.1
[INFO] [stderr]    Compiling pin-utils v0.1.0
[INFO] [stderr]    Compiling fastrand v2.0.1
[INFO] [stderr]    Compiling generic-array v0.14.7
[INFO] [stderr]    Compiling opaque-debug v0.3.0
[INFO] [stderr]    Compiling futures-sink v0.3.30
[INFO] [stderr]    Compiling standback v0.2.17
[INFO] [stderr]    Compiling wasm-bindgen-shared v0.2.90
[INFO] [stderr]    Compiling slab v0.4.9
[INFO] [stderr]    Compiling syn v1.0.109
[INFO] [stderr]    Compiling event-listener v2.5.3
[INFO] [stderr]    Compiling proc-macro-hack v0.5.20+deprecated
[INFO] [stderr]    Compiling cc v1.0.83
[INFO] [stderr]    Compiling rustix v0.38.30
[INFO] [stderr]    Compiling futures-lite v2.2.0
[INFO] [stderr]    Compiling concurrent-queue v2.4.0
[INFO] [stderr]    Compiling openssl-probe v0.1.5
[INFO] [stderr]    Compiling futures-task v0.3.30
[INFO] [stderr]    Compiling linux-raw-sys v0.4.13
[INFO] [stderr]    Compiling io-lifetimes v1.0.11
[INFO] [stderr]    Compiling getrandom v0.1.16
[INFO] [stderr]    Compiling event-listener v4.0.3
[INFO] [stderr]    Compiling lock_api v0.4.11
[INFO] [stderr]    Compiling polling v2.8.0
[INFO] [stderr]    Compiling const_fn v0.4.9
[INFO] [stderr]    Compiling fastrand v1.9.0
[INFO] [stderr]    Compiling cpuid-bool v0.2.0
[INFO] [stderr]    Compiling event-listener-strategy v0.4.0
[INFO] [stderr]    Compiling atomic-waker v1.1.2
[INFO] [stderr]    Compiling async-lock v3.3.0
[INFO] [stderr]    Compiling waker-fn v1.1.1
[INFO] [stderr]    Compiling mio v1.0.2
[INFO] [stderr]    Compiling socket2 v0.5.5
[INFO] [stderr]    Compiling getrandom v0.2.12
[INFO] [stderr]    Compiling socket2 v0.4.10
[INFO] [stderr]    Compiling bumpalo v3.14.0
[INFO] [stderr]    Compiling async-task v4.7.0
[INFO] [stderr]    Compiling rand_core v0.6.4
[INFO] [stderr]    Compiling rustix v0.37.27
[INFO] [stderr]    Compiling futures-lite v1.13.0
[INFO] [stderr]    Compiling cipher v0.2.5
[INFO] [stderr]    Compiling universal-hash v0.4.1
[INFO] [stderr]    Compiling digest v0.9.0
[INFO] [stderr]    Compiling crypto-mac v0.10.1
[INFO] [stderr]    Compiling rand_chacha v0.3.1
[INFO] [stderr]    Compiling piper v0.2.1
[INFO] [stderr]    Compiling polyval v0.4.5
[INFO] [stderr]    Compiling aes-soft v0.6.4
[INFO] [stderr]    Compiling async-channel v2.1.1
[INFO] [stderr]    Compiling openssl-sys v0.9.103
[INFO] [stderr]    Compiling libnghttp2-sys v0.1.9+1.58.0
[INFO] [stderr]    Compiling libz-sys v1.1.15
[INFO] [stderr]    Compiling curl-sys v0.4.70+curl-8.5.0
[INFO] [stderr]    Compiling async-channel v1.9.0
[INFO] [stderr]    Compiling async-io v1.13.0
[INFO] [stderr]    Compiling unicase v2.7.0
[INFO] [stderr]    Compiling time v0.2.27
[INFO] [stderr]    Compiling openssl v0.10.66
[INFO] [stderr]    Compiling bitflags v1.3.2
[INFO] [stderr]    Compiling hashbrown v0.14.3
[INFO] [stderr]    Compiling scopeguard v1.2.0
[INFO] [stderr]    Compiling httparse v1.8.0
[INFO] [stderr]    Compiling equivalent v1.0.1
[INFO] [stderr]    Compiling linux-raw-sys v0.3.8
[INFO] [stderr]    Compiling foreign-types-shared v0.1.1
[INFO] [stderr]    Compiling foreign-types v0.3.2
[INFO] [stderr]    Compiling time-macros-impl v0.1.2
[INFO] [stderr]    Compiling rand v0.8.5
[INFO] [stderr]    Compiling rand_core v0.5.1
[INFO] [stderr]    Compiling aes v0.6.0
[INFO] [stderr]    Compiling ghash v0.3.1
[INFO] [stderr]    Compiling hmac v0.10.1
[INFO] [stderr]    Compiling ctr v0.6.0
[INFO] [stderr]    Compiling async-executor v1.8.0
[INFO] [stderr]    Compiling aead v0.3.2
[INFO] [stderr]    Compiling block-buffer v0.9.0
[INFO] [stderr]    Compiling http-body v1.0.0
[INFO] [stderr]    Compiling async-lock v2.8.0
[INFO] [stderr]    Compiling cookie v0.14.4
[INFO] [stderr]    Compiling indexmap v2.1.0
[INFO] [stderr]    Compiling cpufeatures v0.2.12
[INFO] [stderr]    Compiling wasm-bindgen-backend v0.2.90
[INFO] [stderr]    Compiling wasm-bindgen v0.2.90
[INFO] [stderr]    Compiling try-lock v0.2.5
[INFO] [stderr]    Compiling native-tls v0.2.11
[INFO] [stderr]    Compiling anyhow v1.0.79
[INFO] [stderr]    Compiling curl v0.4.44
[INFO] [stderr]    Compiling want v0.3.1
[INFO] [stderr]    Compiling sha2 v0.9.9
[INFO] [stderr]    Compiling aes-gcm v0.8.0
[INFO] [stderr]    Compiling spinning_top v0.2.5
[INFO] [stderr]    Compiling hkdf v0.10.0
[INFO] [stderr]    Compiling rand_chacha v0.2.2
[INFO] [stderr]    Compiling kv-log-macro v1.0.7
[INFO] [stderr]    Compiling futures-channel v0.3.30
[INFO] [stderr]    Compiling isahc v0.9.14
[INFO] [stderr]    Compiling tower-service v0.3.2
[INFO] [stderr]    Compiling http-types v2.12.0
[INFO] [stderr]    Compiling tower-layer v0.3.2
[INFO] [stderr]    Compiling base64 v0.13.1
[INFO] [stderr]    Compiling async-trait v0.1.77
[INFO] [stderr]    Compiling smallvec v1.13.2
[INFO] [stderr]    Compiling mime_guess v2.0.4
[INFO] [stderr]    Compiling time-macros v0.1.1
[INFO] [stderr]    Compiling rand v0.7.3
[INFO] [stderr]    Compiling flume v0.9.2
[INFO] [stderr]    Compiling sluice v0.5.5
[INFO] [stderr]    Compiling http v0.2.11
[INFO] [stderr]    Compiling mime v0.3.17
[INFO] [stderr]    Compiling bytes v0.5.6
[INFO] [stderr]    Compiling infer v0.2.3
[INFO] [stderr]    Compiling http-body-util v0.1.1
[INFO] [stderr]    Compiling encoding_rs v0.8.33
[INFO] [stderr]    Compiling base64 v0.21.7
[INFO] [stderr]    Compiling rtoolbox v0.0.2
[INFO] [stderr]    Compiling wasm-bindgen-macro-support v0.2.90
[INFO] [stderr]    Compiling rustls-pemfile v1.0.4
[INFO] [stderr]    Compiling ipnet v2.9.0
[INFO] [stderr]    Compiling sync_wrapper v0.1.2
[INFO] [stderr]    Compiling rpassword v7.3.1
[INFO] [stderr]    Compiling dotenv v0.15.0
[INFO] [stderr]    Compiling tracing-attributes v0.1.27
[INFO] [stderr]    Compiling serde_derive v1.0.196
[INFO] [stderr]    Compiling tokio-macros v2.4.0
[INFO] [stderr]    Compiling pin-project-internal v1.1.4
[INFO] [stderr]    Compiling futures-macro v0.3.30
[INFO] [stderr]    Compiling thiserror-impl v1.0.56
[INFO] [stderr]    Compiling openssl-macros v0.1.1
[INFO] [stderr]    Compiling aliri_braid_impl v0.4.0
[INFO] [stderr]    Compiling displaydoc v0.2.5
[INFO] [stderr]    Compiling wasm-bindgen-macro v0.2.90
[INFO] [stderr]    Compiling tokio v1.40.0
[INFO] [stderr]    Compiling futures-util v0.3.30
[INFO] [stderr]    Compiling tracing v0.1.40
[INFO] [stderr]    Compiling thiserror v1.0.56
[INFO] [stderr]    Compiling polling v3.3.2
[INFO] [stderr]    Compiling blocking v1.5.1
[INFO] [stderr]    Compiling pin-project v1.1.4
[INFO] [stderr]    Compiling async-io v2.3.0
[INFO] [stderr]    Compiling tracing-futures v0.2.5
[INFO] [stderr]    Compiling aliri_braid v0.4.0
[INFO] [stderr]    Compiling js-sys v0.3.67
[INFO] [stderr]    Compiling async-global-executor v2.4.1
[INFO] [stderr]    Compiling async-std v1.12.0
[INFO] [stderr]    Compiling web-sys v0.3.67
[INFO] [stderr]    Compiling url v2.5.2
[INFO] [stderr]    Compiling serde_json v1.0.112
[INFO] [stderr]    Compiling serde_urlencoded v0.7.1
[INFO] [stderr]    Compiling serde_qs v0.8.5
[INFO] [stderr]    Compiling twitch_types v0.4.4
[INFO] [stderr]    Compiling tokio-util v0.7.10
[INFO] [stderr]    Compiling tower v0.4.13
[INFO] [stderr]    Compiling tokio-native-tls v0.3.1
[INFO] [stderr]    Compiling h2 v0.4.4
[INFO] [stderr]    Compiling twitch_oauth2 v0.14.0 (/opt/rustwide/workdir)
[INFO] [stderr]    Compiling http-client v6.5.3
[INFO] [stderr]    Compiling surf v2.3.2
[INFO] [stderr]    Compiling hyper v1.2.0
[INFO] [stderr]    Compiling hyper-util v0.1.3
[INFO] [stderr]    Compiling hyper-tls v0.6.0
[INFO] [stderr]    Compiling reqwest v0.12.2
[INFO] [stderr]     Finished `test` profile [unoptimized + debuginfo] target(s) in 56.94s
[INFO] running `Command { std: "docker" "inspect" "9f9caa7b310e6a312290abbd1f4658e8743407baf56ae42e703ebce07a30a6f3", kill_on_drop: false }`
[INFO] running `Command { std: "docker" "rm" "-f" "9f9caa7b310e6a312290abbd1f4658e8743407baf56ae42e703ebce07a30a6f3", kill_on_drop: false }`
[INFO] [stdout] 9f9caa7b310e6a312290abbd1f4658e8743407baf56ae42e703ebce07a30a6f3
[INFO] running `Command { std: "docker" "create" "-v" "/var/lib/crater-agent-workspace/builds/worker-2-tc1/target:/opt/rustwide/target:rw,Z" "-v" "/var/lib/crater-agent-workspace/builds/worker-2-tc1/source:/opt/rustwide/workdir:ro,Z" "-v" "/var/lib/crater-agent-workspace/cargo-home:/opt/rustwide/cargo-home:ro,Z" "-v" "/var/lib/crater-agent-workspace/rustup-home:/opt/rustwide/rustup-home:ro,Z" "-e" "SOURCE_DIR=/opt/rustwide/workdir" "-e" "CARGO_TARGET_DIR=/opt/rustwide/target" "-e" "CARGO_INCREMENTAL=0" "-e" "RUST_BACKTRACE=full" "-e" "RUSTFLAGS=--cap-lints=warn" "-e" "RUSTDOCFLAGS=--cap-lints=warn" "-e" "CARGO_HOME=/opt/rustwide/cargo-home" "-e" "RUSTUP_HOME=/opt/rustwide/rustup-home" "-w" "/opt/rustwide/workdir" "-m" "1610612736" "--user" "0:0" "--network" "none" "ghcr.io/rust-lang/crates-build-env/linux@sha256:f3a9d4ad9d972b27faf3965f35b62e55ba32bbce8f20bc8fe909558a86702fde" "/opt/rustwide/cargo-home/bin/cargo" "+1.83.0" "test" "--frozen", kill_on_drop: false }`
[INFO] [stdout] 7d16efab82910505edc6ee2a55508857e7de942085d1e26666ef84bc58a9eedf
[INFO] running `Command { std: "docker" "start" "-a" "7d16efab82910505edc6ee2a55508857e7de942085d1e26666ef84bc58a9eedf", kill_on_drop: false }`
[INFO] [stderr]     Finished `test` profile [unoptimized + debuginfo] target(s) in 0.30s
[INFO] [stdout] 
[INFO] [stderr]      Running unittests src/lib.rs (/opt/rustwide/target/debug/deps/twitch_oauth2-b2dff09b75dcd289)
[INFO] [stdout] running 15 tests
[INFO] [stdout] test scopes::sorted ... ok
[INFO] [stdout] test scopes::tests::custom_scope ... ok
[INFO] [stdout] test scopes::validator::tests::valid_any ... ok
[INFO] [stdout] test scopes::tests::no_deprecated ... ok
[INFO] [stdout] test scopes::tests::roundabout ... ok
[INFO] [stdout] test scopes::validator::tests::valid_basic ... ok
[INFO] [stdout] test scopes::validator::tests::valid_not ... ok
[INFO] [stdout] test scopes::validator::tests::valid_strange_not ... ok
[INFO] [stdout] test tokens::tests::validated_error_response ... ok
[INFO] [stdout] test tokens::tests::validated_non_expiring_token ... ok
[INFO] [stdout] test tokens::user_token::tests::generate_url ... ok
[INFO] [stdout] test scopes::validator::tests::valid_strange ... ok
[INFO] [stdout] test scopes::validator::tests::valid_all ... ok
[INFO] [stdout] test tokens::user_token::tests::from_validated_and_token ... ok
[INFO] [stdout] test tokens::tests::validated_token ... ok
[INFO] [stdout] 
[INFO] [stdout] test result: ok. 15 passed; 0 failed; 0 ignored; 0 measured; 0 filtered out; finished in 0.03s
[INFO] [stdout] 
[INFO] [stderr]    Doc-tests twitch_oauth2
[INFO] [stdout] 
[INFO] [stdout] running 19 tests
[INFO] [stdout] test src/scopes/validator.rs - scopes::validator::validator (line 222) - compile fail ... ok
[INFO] [stdout] test src/scopes/validator.rs - scopes::validator::Validator (line 15) - compile ... ok
[INFO] [stdout] test src/scopes/validator.rs - scopes::validator::validator (line 123) - compile ... ok
[INFO] [stdout] test src/tokens.rs - tokens::TwitchToken::token (line 45) - compile ... ok
[INFO] [stdout] test src/scopes/validator.rs - scopes::validator::validator (line 212) - compile fail ... ok
[INFO] [stdout] test src/tokens.rs - tokens::TwitchToken::is_elapsed (line 71) - compile ... FAILED
[INFO] [stdout] test src/lib.rs - (line 16) - compile ... FAILED
[INFO] [stdout] test src/tokens/user_token.rs - tokens::user_token::UserTokenBuilder (line 386) ... ok
[INFO] [stdout] test src/tokens/user_token.rs - tokens::user_token::UserTokenBuilder (line 414) ... FAILED
[INFO] [stdout] test src/scopes/validator.rs - scopes::validator::Validator::matches (line 53) ... ok
[INFO] [stdout] test src/scopes/validator.rs - scopes::validator::validator (line 181) ... ok
[INFO] [stdout] test src/scopes/validator.rs - scopes::validator::validator (line 157) ... ok
[INFO] [stdout] test src/scopes/validator.rs - scopes::validator::validator (line 146) ... ok
[INFO] [stdout] test src/tokens/user_token.rs - tokens::user_token::UserTokenBuilder (line 350) ... ok
[INFO] [stdout] test src/scopes/validator.rs - scopes::validator::validator (line 200) ... ok
[INFO] [stdout] test src/scopes/validator.rs - scopes::validator::validator (line 135) ... ok
[INFO] [stdout] test src/scopes/validator.rs - scopes::validator::validator (line 171) ... ok
[INFO] [stdout] test src/tokens/user_token.rs - tokens::user_token::UserTokenBuilder (line 364) ... ok
[INFO] [stdout] test src/tokens/user_token.rs - tokens::user_token::UserTokenBuilder::get_user_token_request (line 533) ... ok
[INFO] [stdout] 
[INFO] [stdout] failures:
[INFO] [stdout] 
[INFO] [stdout] ---- src/tokens.rs - tokens::TwitchToken::is_elapsed (line 71) stdout ----
[INFO] [stdout] error[E0599]: no method named `refresh_token` found for struct `twitch_oauth2::UserToken` in the current scope
[INFO] [stdout]   --> src/tokens.rs:80:16
[INFO] [stdout]    |
[INFO] [stdout] 11 |     user_token.refresh_token(&reqwest::Client::builder().redirect(reqwest::redirect::Policy::none()).build()?).await?;
[INFO] [stdout]    |                ^^^^^^^^^^^^^---------------------------------------------------------------------------------- help: remove the arguments
[INFO] [stdout]    |                |
[INFO] [stdout]    |                field, not a method
[INFO] [stdout] 
[INFO] [stdout] error: aborting due to 1 previous error
[INFO] [stdout] 
[INFO] [stdout] For more information about this error, try `rustc --explain E0599`.
[INFO] [stdout] Couldn't compile the test.
[INFO] [stdout] ---- src/lib.rs - (line 16) stdout ----
[INFO] [stdout] error[E0433]: failed to resolve: could not find `client` in `twitch_oauth2`
[INFO] [stdout]   --> src/lib.rs:20:36
[INFO] [stdout]    |
[INFO] [stdout] 7  | async {let client = twitch_oauth2::client::DummyClient; stringify!(
[INFO] [stdout]    |                                    ^^^^^^ could not find `client` in `twitch_oauth2`
[INFO] [stdout]    |
[INFO] [stdout] note: found an item that was configured out
[INFO] [stdout]   --> /opt/rustwide/workdir/src/lib.rs:58:9
[INFO] [stdout]    |
[INFO] [stdout] 58 | pub mod client;
[INFO] [stdout]    |         ^^^^^^
[INFO] [stdout] note: the item is gated behind the `client` feature
[INFO] [stdout]   --> /opt/rustwide/workdir/src/lib.rs:57:7
[INFO] [stdout]    |
[INFO] [stdout] 57 | #[cfg(feature = "client")]
[INFO] [stdout]    |       ^^^^^^^^^^^^^^^^^^
[INFO] [stdout] 
[INFO] [stdout] error[E0599]: no function or associated item named `from_token` found for struct `twitch_oauth2::UserToken` in the current scope
[INFO] [stdout]    --> src/lib.rs:26:24
[INFO] [stdout]     |
[INFO] [stdout] 13  | let token = UserToken::from_token(&client, token).await?;
[INFO] [stdout]     |                        ^^^^^^^^^^ function or associated item not found in `UserToken`
[INFO] [stdout]     |
[INFO] [stdout] note: if you're trying to build a new `twitch_oauth2::UserToken` consider using one of the following associated functions:
[INFO] [stdout]       twitch_oauth2::UserToken::new
[INFO] [stdout]       twitch_oauth2::UserToken::from_existing_unchecked
[INFO] [stdout]       twitch_oauth2::UserToken::from_response
[INFO] [stdout]    --> /opt/rustwide/workdir/src/tokens/user_token.rs:62:5
[INFO] [stdout]     |
[INFO] [stdout] 62  | /     pub fn new(
[INFO] [stdout] 63  | |         access_token: AccessToken,
[INFO] [stdout] 64  | |         refresh_token: Option<RefreshToken>,
[INFO] [stdout] 65  | |         validated: ValidatedToken,
[INFO] [stdout] 66  | |         client_secret: impl Into<Option<ClientSecret>>,
[INFO] [stdout] 67  | |     ) -> Result<UserToken, ValidationError<std::convert::Infallible>> {
[INFO] [stdout]     | |_____________________________________________________________________^
[INFO] [stdout] ...
[INFO] [stdout] 156 | /     pub fn from_existing_unchecked(
[INFO] [stdout] 157 | |         access_token: impl Into<AccessToken>,
[INFO] [stdout] 158 | |         refresh_token: impl Into<Option<RefreshToken>>,
[INFO] [stdout] 159 | |         client_id: impl Into<ClientId>,
[INFO] [stdout] ...   |
[INFO] [stdout] 164 | |         expires_in: Option<std::time::Duration>,
[INFO] [stdout] 165 | |     ) -> UserToken {
[INFO] [stdout]     | |__________________^
[INFO] [stdout] ...
[INFO] [stdout] 181 | /     pub fn from_response(
[INFO] [stdout] 182 | |         response: crate::id::TwitchTokenResponse,
[INFO] [stdout] 183 | |         validated: ValidatedToken,
[INFO] [stdout] 184 | |         client_secret: impl Into<Option<ClientSecret>>,
[INFO] [stdout] 185 | |     ) -> Result<UserToken, ValidationError<std::convert::Infallible>> {
[INFO] [stdout]     | |_____________________________________________________________________^
[INFO] [stdout] help: there is a method `token` with a similar name, but with different arguments
[INFO] [stdout]    --> /opt/rustwide/workdir/src/tokens.rs:52:5
[INFO] [stdout]     |
[INFO] [stdout] 52  |     fn token(&self) -> &AccessToken;
[INFO] [stdout]     |     ^^^^^^^^^^^^^^^^^^^^^^^^^^^^^^^^
[INFO] [stdout] 
[INFO] [stdout] error: aborting due to 2 previous errors
[INFO] [stdout] 
[INFO] [stdout] Some errors have detailed explanations: E0433, E0599.
[INFO] [stdout] For more information about an error, try `rustc --explain E0433`.
[INFO] [stdout] Couldn't compile the test.
[INFO] [stdout] ---- src/tokens/user_token.rs - tokens::user_token::UserTokenBuilder (line 414) stdout ----
[INFO] [stdout] error[E0433]: failed to resolve: could not find `client` in `twitch_oauth2`
[INFO] [stdout]   --> src/tokens/user_token.rs:425:29
[INFO] [stdout]    |
[INFO] [stdout] 14 | let client = twitch_oauth2::client::DummyClient; stringify!(
[INFO] [stdout]    |                             ^^^^^^ could not find `client` in `twitch_oauth2`
[INFO] [stdout]    |
[INFO] [stdout] note: found an item that was configured out
[INFO] [stdout]   --> /opt/rustwide/workdir/src/lib.rs:58:9
[INFO] [stdout]    |
[INFO] [stdout] 58 | pub mod client;
[INFO] [stdout]    |         ^^^^^^
[INFO] [stdout] note: the item is gated behind the `client` feature
[INFO] [stdout]   --> /opt/rustwide/workdir/src/lib.rs:57:7
[INFO] [stdout]    |
[INFO] [stdout] 57 | #[cfg(feature = "client")]
[INFO] [stdout]    |       ^^^^^^^^^^^^^^^^^^
[INFO] [stdout] 
[INFO] [stdout] error[E0599]: no method named `get_user_token` found for struct `UserTokenBuilder` in the current scope
[INFO] [stdout]    --> src/tokens/user_token.rs:431:21
[INFO] [stdout]     |
[INFO] [stdout] 20  | let token = builder.get_user_token(&client, state.as_ref(), code.as_ref()).await?;
[INFO] [stdout]     |                     ^^^^^^^^^^^^^^
[INFO] [stdout]     |
[INFO] [stdout] help: there is a method `get_user_token_request` with a similar name, but with different arguments
[INFO] [stdout]    --> /opt/rustwide/workdir/src/tokens/user_token.rs:567:5
[INFO] [stdout]     |
[INFO] [stdout] 567 |     pub fn get_user_token_request(&self, code: &str) -> http::Request<Vec<u8>> {
[INFO] [stdout]     |     ^^^^^^^^^^^^^^^^^^^^^^^^^^^^^^^^^^^^^^^^^^^^^^^^^^^^^^^^^^^^^^^^^^^^^^^^^^
[INFO] [stdout] 
[INFO] [stdout] error: aborting due to 2 previous errors
[INFO] [stdout] 
[INFO] [stdout] Some errors have detailed explanations: E0433, E0599.
[INFO] [stdout] For more information about an error, try `rustc --explain E0433`.
[INFO] [stdout] Couldn't compile the test.
[INFO] [stdout] 
[INFO] [stdout] failures:
[INFO] [stdout]     src/lib.rs - (line 16)
[INFO] [stdout]     src/tokens.rs - tokens::TwitchToken::is_elapsed (line 71)
[INFO] [stdout]     src/tokens/user_token.rs - tokens::user_token::UserTokenBuilder (line 414)
[INFO] [stdout] 
[INFO] [stdout] test result: FAILED. 16 passed; 3 failed; 0 ignored; 0 measured; 0 filtered out; finished in 2.93s
[INFO] [stdout] 
[INFO] [stderr] error: doctest failed, to rerun pass `--doc`
[INFO] running `Command { std: "docker" "inspect" "7d16efab82910505edc6ee2a55508857e7de942085d1e26666ef84bc58a9eedf", kill_on_drop: false }`
[INFO] running `Command { std: "docker" "rm" "-f" "7d16efab82910505edc6ee2a55508857e7de942085d1e26666ef84bc58a9eedf", kill_on_drop: false }`
[INFO] [stdout] 7d16efab82910505edc6ee2a55508857e7de942085d1e26666ef84bc58a9eedf
