[INFO] fetching crate twilight-http 0.16.0-rc.1...
[INFO] testing twilight-http-0.16.0-rc.1 against 1.83.0 for beta-1.84.0-4-retry
[INFO] extracting crate twilight-http 0.16.0-rc.1 into /workspace/builds/worker-7-tc1/source
[INFO] validating manifest of crates.io crate twilight-http 0.16.0-rc.1 on toolchain 1.83.0
[INFO] running `Command { std: CARGO_HOME="/workspace/cargo-home" RUSTUP_HOME="/workspace/rustup-home" "/workspace/cargo-home/bin/cargo" "+1.83.0" "metadata" "--manifest-path" "Cargo.toml" "--no-deps", kill_on_drop: false }`
[INFO] started tweaking crates.io crate twilight-http 0.16.0-rc.1
[INFO] finished tweaking crates.io crate twilight-http 0.16.0-rc.1
[INFO] tweaked toml for crates.io crate twilight-http 0.16.0-rc.1 written to /workspace/builds/worker-7-tc1/source/Cargo.toml
[INFO] running `Command { std: CARGO_HOME="/workspace/cargo-home" RUSTUP_HOME="/workspace/rustup-home" "/workspace/cargo-home/bin/cargo" "+1.83.0" "generate-lockfile" "--manifest-path" "Cargo.toml", kill_on_drop: false }`
[INFO] [stderr]     Updating crates.io index
[INFO] [stderr]      Locking 206 packages to latest compatible versions
[INFO] [stderr]       Adding brotli v3.5.0 (available: v7.0.0)
[INFO] [stderr]       Adding hyper-rustls v0.26.0 (available: v0.27.3)
[INFO] [stderr]       Adding simd-json v0.13.11 (available: v0.14.3)
[INFO] running `Command { std: CARGO_HOME="/workspace/cargo-home" RUSTUP_HOME="/workspace/rustup-home" "/workspace/cargo-home/bin/cargo" "+1.83.0" "fetch" "--manifest-path" "Cargo.toml", kill_on_drop: false }`
[INFO] [stderr]  Downloading crates ...
[INFO] [stderr]   Downloaded twilight-validate v0.16.0-rc.1
[INFO] [stderr]   Downloaded twilight-util v0.16.0-rc.1
[INFO] [stderr]   Downloaded twilight-http-ratelimiting v0.16.0-rc.1
[INFO] [stderr]   Downloaded twilight-model v0.16.0-rc.1
[INFO] [stderr]   Downloaded hyper-hickory v0.7.0
[INFO] running `Command { std: "docker" "create" "-v" "/var/lib/crater-agent-workspace/builds/worker-7-tc1/target:/opt/rustwide/target:rw,Z" "-v" "/var/lib/crater-agent-workspace/builds/worker-7-tc1/source:/opt/rustwide/workdir:ro,Z" "-v" "/var/lib/crater-agent-workspace/cargo-home:/opt/rustwide/cargo-home:ro,Z" "-v" "/var/lib/crater-agent-workspace/rustup-home:/opt/rustwide/rustup-home:ro,Z" "-e" "SOURCE_DIR=/opt/rustwide/workdir" "-e" "CARGO_TARGET_DIR=/opt/rustwide/target" "-e" "CARGO_HOME=/opt/rustwide/cargo-home" "-e" "RUSTUP_HOME=/opt/rustwide/rustup-home" "-w" "/opt/rustwide/workdir" "-m" "1610612736" "--user" "0:0" "--network" "none" "ghcr.io/rust-lang/crates-build-env/linux@sha256:f3a9d4ad9d972b27faf3965f35b62e55ba32bbce8f20bc8fe909558a86702fde" "/opt/rustwide/cargo-home/bin/cargo" "+1.83.0" "metadata" "--no-deps" "--format-version=1", kill_on_drop: false }`
[INFO] [stdout] 12593e0cda3ccfcf3d0969ba0a9215cb6e3abca9664e35ffcc1e491a194864ee
[INFO] running `Command { std: "docker" "start" "-a" "12593e0cda3ccfcf3d0969ba0a9215cb6e3abca9664e35ffcc1e491a194864ee", kill_on_drop: false }`
[INFO] running `Command { std: "docker" "inspect" "12593e0cda3ccfcf3d0969ba0a9215cb6e3abca9664e35ffcc1e491a194864ee", kill_on_drop: false }`
[INFO] running `Command { std: "docker" "rm" "-f" "12593e0cda3ccfcf3d0969ba0a9215cb6e3abca9664e35ffcc1e491a194864ee", kill_on_drop: false }`
[INFO] [stdout] 12593e0cda3ccfcf3d0969ba0a9215cb6e3abca9664e35ffcc1e491a194864ee
[INFO] running `Command { std: "docker" "create" "-v" "/var/lib/crater-agent-workspace/builds/worker-7-tc1/target:/opt/rustwide/target:rw,Z" "-v" "/var/lib/crater-agent-workspace/builds/worker-7-tc1/source:/opt/rustwide/workdir:ro,Z" "-v" "/var/lib/crater-agent-workspace/cargo-home:/opt/rustwide/cargo-home:ro,Z" "-v" "/var/lib/crater-agent-workspace/rustup-home:/opt/rustwide/rustup-home:ro,Z" "-e" "SOURCE_DIR=/opt/rustwide/workdir" "-e" "CARGO_TARGET_DIR=/opt/rustwide/target" "-e" "CARGO_INCREMENTAL=0" "-e" "RUST_BACKTRACE=full" "-e" "RUSTFLAGS=--cap-lints=warn" "-e" "RUSTDOCFLAGS=--cap-lints=warn" "-e" "CARGO_HOME=/opt/rustwide/cargo-home" "-e" "RUSTUP_HOME=/opt/rustwide/rustup-home" "-w" "/opt/rustwide/workdir" "-m" "1610612736" "--user" "0:0" "--network" "none" "ghcr.io/rust-lang/crates-build-env/linux@sha256:f3a9d4ad9d972b27faf3965f35b62e55ba32bbce8f20bc8fe909558a86702fde" "/opt/rustwide/cargo-home/bin/cargo" "+1.83.0" "build" "--frozen" "--message-format=json", kill_on_drop: false }`
[INFO] [stdout] 0e563eb039fac17afe6d7c15532ac2da36d1b304c617da18091240f5328f5356
[INFO] running `Command { std: "docker" "start" "-a" "0e563eb039fac17afe6d7c15532ac2da36d1b304c617da18091240f5328f5356", kill_on_drop: false }`
[INFO] [stderr]    Compiling proc-macro2 v1.0.92
[INFO] [stderr]    Compiling unicode-ident v1.0.14
[INFO] [stderr]    Compiling libc v0.2.168
[INFO] [stderr]    Compiling autocfg v1.4.0
[INFO] [stderr]    Compiling pin-project-lite v0.2.15
[INFO] [stderr]    Compiling bytes v1.9.0
[INFO] [stderr]    Compiling shlex v1.3.0
[INFO] [stderr]    Compiling itoa v1.0.14
[INFO] [stderr]    Compiling futures-core v0.3.31
[INFO] [stderr]    Compiling fnv v1.0.7
[INFO] [stderr]    Compiling once_cell v1.20.2
[INFO] [stderr]    Compiling cfg-if v1.0.0
[INFO] [stderr]    Compiling cc v1.2.4
[INFO] [stderr]    Compiling rustls-pki-types v1.10.1
[INFO] [stderr]    Compiling serde v1.0.216
[INFO] [stderr]    Compiling tracing-core v0.1.33
[INFO] [stderr]    Compiling num-traits v0.2.19
[INFO] [stderr]    Compiling slab v0.4.9
[INFO] [stderr]    Compiling http v1.2.0
[INFO] [stderr]    Compiling spin v0.9.8
[INFO] [stderr]    Compiling untrusted v0.9.0
[INFO] [stderr]    Compiling futures-task v0.3.31
[INFO] [stderr]    Compiling httparse v1.9.5
[INFO] [stderr]    Compiling hashbrown v0.15.2
[INFO] [stderr]    Compiling equivalent v1.0.1
[INFO] [stderr]    Compiling futures-sink v0.3.31
[INFO] [stderr]    Compiling quote v1.0.37
[INFO] [stderr]    Compiling pin-utils v0.1.0
[INFO] [stderr]    Compiling futures-util v0.3.31
[INFO] [stderr]    Compiling syn v2.0.90
[INFO] [stderr]    Compiling socket2 v0.5.8
[INFO] [stderr]    Compiling mio v1.0.3
[INFO] [stderr]    Compiling getrandom v0.2.15
[INFO] [stderr]    Compiling tokio v1.42.0
[INFO] [stderr]    Compiling indexmap v2.7.0
[INFO] [stderr]    Compiling rustls v0.22.4
[INFO] [stderr]    Compiling ring v0.17.8
[INFO] [stderr]    Compiling http-body v1.0.1
[INFO] [stderr]    Compiling try-lock v0.2.5
[INFO] [stderr]    Compiling atomic-waker v1.1.2
[INFO] [stderr]    Compiling powerfmt v0.2.0
[INFO] [stderr]    Compiling want v0.3.1
[INFO] [stderr]    Compiling ordered-float v2.10.1
[INFO] [stderr]    Compiling deranged v0.3.11
[INFO] [stderr]    Compiling futures-channel v0.3.31
[INFO] [stderr]    Compiling subtle v2.6.1
[INFO] [stderr]    Compiling num-conv v0.1.0
[INFO] [stderr]    Compiling alloc-no-stdlib v2.0.4
[INFO] [stderr]    Compiling smallvec v1.13.2
[INFO] [stderr]    Compiling time-core v0.1.2
[INFO] [stderr]    Compiling zeroize v1.8.1
[INFO] [stderr]    Compiling alloc-stdlib v0.2.2
[INFO] [stderr]    Compiling rustls-pemfile v2.2.0
[INFO] [stderr]    Compiling serde_json v1.0.133
[INFO] [stderr]    Compiling tower-service v0.3.3
[INFO] [stderr]    Compiling bitflags v2.6.0
[INFO] [stderr]    Compiling time v0.3.37
[INFO] [stderr]    Compiling openssl-probe v0.1.5
[INFO] [stderr]    Compiling brotli-decompressor v2.5.1
[INFO] [stderr]    Compiling ryu v1.0.18
[INFO] [stderr]    Compiling memchr v2.7.4
[INFO] [stderr]    Compiling rustls-native-certs v0.7.3
[INFO] [stderr]    Compiling http-body-util v0.1.2
[INFO] [stderr]    Compiling percent-encoding v2.3.1
[INFO] [stderr]    Compiling fastrand v2.3.0
[INFO] [stderr]    Compiling brotli v3.5.0
[INFO] [stderr]    Compiling tokio-util v0.7.13
[INFO] [stderr]    Compiling rustls-webpki v0.102.8
[INFO] [stderr]    Compiling tracing-attributes v0.1.28
[INFO] [stderr]    Compiling serde_derive v1.0.216
[INFO] [stderr]    Compiling serde_repr v0.1.19
[INFO] [stderr]    Compiling tokio-rustls v0.25.0
[INFO] [stderr]    Compiling tracing v0.1.41
[INFO] [stderr]    Compiling h2 v0.4.7
[INFO] [stderr]    Compiling twilight-http-ratelimiting v0.16.0-rc.1
[INFO] [stderr]    Compiling hyper v1.5.1
[INFO] [stderr]    Compiling hyper-util v0.1.10
[INFO] [stderr]    Compiling serde-value v0.7.0
[INFO] [stderr]    Compiling twilight-model v0.16.0-rc.1
[INFO] [stderr]    Compiling hyper-rustls v0.26.0
[INFO] [stderr]    Compiling twilight-validate v0.16.0-rc.1
[INFO] [stderr]    Compiling twilight-http v0.16.0-rc.1 (/opt/rustwide/workdir)
[INFO] [stdout] warning: elided lifetime has a name
[INFO] [stdout]     --> src/client/mod.rs:1848:28
[INFO] [stdout]      |
[INFO] [stdout] 1844 |     pub const fn create_forum_thread<'a>(
[INFO] [stdout]      |                                      -- lifetime `'a` declared here
[INFO] [stdout] ...
[INFO] [stdout] 1848 |     ) -> CreateForumThread<'_> {
[INFO] [stdout]      |                            ^^ this elided lifetime gets resolved as `'a`
[INFO] [stdout]      |
[INFO] [stdout]      = note: `#[warn(elided_named_lifetimes)]` on by default
[INFO] [stdout] 
[INFO] [stdout] 
[INFO] [stdout] warning: elided lifetime has a name
[INFO] [stdout]     --> src/client/mod.rs:1875:23
[INFO] [stdout]      |
[INFO] [stdout] 1870 |     pub fn create_thread<'a>(
[INFO] [stdout]      |                          -- lifetime `'a` declared here
[INFO] [stdout] ...
[INFO] [stdout] 1875 |     ) -> CreateThread<'_> {
[INFO] [stdout]      |                       ^^ this elided lifetime gets resolved as `'a`
[INFO] [stdout] 
[INFO] [stdout] 
[INFO] [stdout] warning: elided lifetime has a name
[INFO] [stdout]     --> src/client/mod.rs:1911:34
[INFO] [stdout]      |
[INFO] [stdout] 1906 |     pub fn create_thread_from_message<'a>(
[INFO] [stdout]      |                                       -- lifetime `'a` declared here
[INFO] [stdout] ...
[INFO] [stdout] 1911 |     ) -> CreateThreadFromMessage<'_> {
[INFO] [stdout]      |                                  ^^ this elided lifetime gets resolved as `'a`
[INFO] [stdout] 
[INFO] [stdout] 
[INFO] [stdout] warning: elided lifetime has a name
[INFO] [stdout]     --> src/client/mod.rs:2502:29
[INFO] [stdout]      |
[INFO] [stdout] 2495 |     pub fn create_guild_sticker<'a>(
[INFO] [stdout]      |                                 -- lifetime `'a` declared here
[INFO] [stdout] ...
[INFO] [stdout] 2502 |     ) -> CreateGuildSticker<'_> {
[INFO] [stdout]      |                             ^^ this elided lifetime gets resolved as `'a`
[INFO] [stdout] 
[INFO] [stdout] 
[INFO] [stderr]     Finished `dev` profile [unoptimized + debuginfo] target(s) in 1m 28s
[INFO] running `Command { std: "docker" "inspect" "0e563eb039fac17afe6d7c15532ac2da36d1b304c617da18091240f5328f5356", kill_on_drop: false }`
[INFO] running `Command { std: "docker" "rm" "-f" "0e563eb039fac17afe6d7c15532ac2da36d1b304c617da18091240f5328f5356", kill_on_drop: false }`
[INFO] [stdout] 0e563eb039fac17afe6d7c15532ac2da36d1b304c617da18091240f5328f5356
[INFO] running `Command { std: "docker" "create" "-v" "/var/lib/crater-agent-workspace/builds/worker-7-tc1/target:/opt/rustwide/target:rw,Z" "-v" "/var/lib/crater-agent-workspace/builds/worker-7-tc1/source:/opt/rustwide/workdir:ro,Z" "-v" "/var/lib/crater-agent-workspace/cargo-home:/opt/rustwide/cargo-home:ro,Z" "-v" "/var/lib/crater-agent-workspace/rustup-home:/opt/rustwide/rustup-home:ro,Z" "-e" "SOURCE_DIR=/opt/rustwide/workdir" "-e" "CARGO_TARGET_DIR=/opt/rustwide/target" "-e" "CARGO_INCREMENTAL=0" "-e" "RUST_BACKTRACE=full" "-e" "RUSTFLAGS=--cap-lints=warn" "-e" "RUSTDOCFLAGS=--cap-lints=warn" "-e" "CARGO_HOME=/opt/rustwide/cargo-home" "-e" "RUSTUP_HOME=/opt/rustwide/rustup-home" "-w" "/opt/rustwide/workdir" "-m" "1610612736" "--user" "0:0" "--network" "none" "ghcr.io/rust-lang/crates-build-env/linux@sha256:f3a9d4ad9d972b27faf3965f35b62e55ba32bbce8f20bc8fe909558a86702fde" "/opt/rustwide/cargo-home/bin/cargo" "+1.83.0" "test" "--frozen" "--no-run" "--message-format=json", kill_on_drop: false }`
[INFO] [stdout] 38ef67d4bc23ee9d8d80e05b62769cfce4b42529f4af01ca0d2a1b5b0c4d8de9
[INFO] running `Command { std: "docker" "start" "-a" "38ef67d4bc23ee9d8d80e05b62769cfce4b42529f4af01ca0d2a1b5b0c4d8de9", kill_on_drop: false }`
[INFO] [stderr]    Compiling tokio-macros v2.4.0
[INFO] [stderr]    Compiling twilight-util v0.16.0-rc.1
[INFO] [stderr]    Compiling serde_test v1.0.177
[INFO] [stderr]    Compiling static_assertions v1.1.0
[INFO] [stderr]    Compiling tokio v1.42.0
[INFO] [stderr]    Compiling tokio-util v0.7.13
[INFO] [stderr]    Compiling tokio-rustls v0.25.0
[INFO] [stderr]    Compiling twilight-http-ratelimiting v0.16.0-rc.1
[INFO] [stderr]    Compiling h2 v0.4.7
[INFO] [stderr]    Compiling hyper v1.5.1
[INFO] [stderr]    Compiling hyper-util v0.1.10
[INFO] [stderr]    Compiling hyper-rustls v0.26.0
[INFO] [stderr]    Compiling twilight-http v0.16.0-rc.1 (/opt/rustwide/workdir)
[INFO] [stdout] warning: elided lifetime has a name
[INFO] [stdout]     --> src/client/mod.rs:1848:28
[INFO] [stdout]      |
[INFO] [stdout] 1844 |     pub const fn create_forum_thread<'a>(
[INFO] [stdout]      |                                      -- lifetime `'a` declared here
[INFO] [stdout] ...
[INFO] [stdout] 1848 |     ) -> CreateForumThread<'_> {
[INFO] [stdout]      |                            ^^ this elided lifetime gets resolved as `'a`
[INFO] [stdout]      |
[INFO] [stdout]      = note: `#[warn(elided_named_lifetimes)]` on by default
[INFO] [stdout] 
[INFO] [stdout] 
[INFO] [stdout] warning: elided lifetime has a name
[INFO] [stdout]     --> src/client/mod.rs:1875:23
[INFO] [stdout]      |
[INFO] [stdout] 1870 |     pub fn create_thread<'a>(
[INFO] [stdout]      |                          -- lifetime `'a` declared here
[INFO] [stdout] ...
[INFO] [stdout] 1875 |     ) -> CreateThread<'_> {
[INFO] [stdout]      |                       ^^ this elided lifetime gets resolved as `'a`
[INFO] [stdout] 
[INFO] [stdout] 
[INFO] [stdout] warning: elided lifetime has a name
[INFO] [stdout]     --> src/client/mod.rs:1911:34
[INFO] [stdout]      |
[INFO] [stdout] 1906 |     pub fn create_thread_from_message<'a>(
[INFO] [stdout]      |                                       -- lifetime `'a` declared here
[INFO] [stdout] ...
[INFO] [stdout] 1911 |     ) -> CreateThreadFromMessage<'_> {
[INFO] [stdout]      |                                  ^^ this elided lifetime gets resolved as `'a`
[INFO] [stdout] 
[INFO] [stdout] 
[INFO] [stdout] warning: elided lifetime has a name
[INFO] [stdout]     --> src/client/mod.rs:2502:29
[INFO] [stdout]      |
[INFO] [stdout] 2495 |     pub fn create_guild_sticker<'a>(
[INFO] [stdout]      |                                 -- lifetime `'a` declared here
[INFO] [stdout] ...
[INFO] [stdout] 2502 |     ) -> CreateGuildSticker<'_> {
[INFO] [stdout]      |                             ^^ this elided lifetime gets resolved as `'a`
[INFO] [stdout] 
[INFO] [stdout] 
[INFO] [stdout] warning: elided lifetime has a name
[INFO] [stdout]     --> src/client/mod.rs:1848:28
[INFO] [stdout]      |
[INFO] [stdout] 1844 |     pub const fn create_forum_thread<'a>(
[INFO] [stdout]      |                                      -- lifetime `'a` declared here
[INFO] [stdout] ...
[INFO] [stdout] 1848 |     ) -> CreateForumThread<'_> {
[INFO] [stdout]      |                            ^^ this elided lifetime gets resolved as `'a`
[INFO] [stdout]      |
[INFO] [stdout]      = note: `#[warn(elided_named_lifetimes)]` on by default
[INFO] [stdout] 
[INFO] [stdout] 
[INFO] [stdout] warning: elided lifetime has a name
[INFO] [stdout]     --> src/client/mod.rs:1875:23
[INFO] [stdout]      |
[INFO] [stdout] 1870 |     pub fn create_thread<'a>(
[INFO] [stdout]      |                          -- lifetime `'a` declared here
[INFO] [stdout] ...
[INFO] [stdout] 1875 |     ) -> CreateThread<'_> {
[INFO] [stdout]      |                       ^^ this elided lifetime gets resolved as `'a`
[INFO] [stdout] 
[INFO] [stdout] 
[INFO] [stdout] warning: elided lifetime has a name
[INFO] [stdout]     --> src/client/mod.rs:1911:34
[INFO] [stdout]      |
[INFO] [stdout] 1906 |     pub fn create_thread_from_message<'a>(
[INFO] [stdout]      |                                       -- lifetime `'a` declared here
[INFO] [stdout] ...
[INFO] [stdout] 1911 |     ) -> CreateThreadFromMessage<'_> {
[INFO] [stdout]      |                                  ^^ this elided lifetime gets resolved as `'a`
[INFO] [stdout] 
[INFO] [stdout] 
[INFO] [stdout] warning: elided lifetime has a name
[INFO] [stdout]     --> src/client/mod.rs:2502:29
[INFO] [stdout]      |
[INFO] [stdout] 2495 |     pub fn create_guild_sticker<'a>(
[INFO] [stdout]      |                                 -- lifetime `'a` declared here
[INFO] [stdout] ...
[INFO] [stdout] 2502 |     ) -> CreateGuildSticker<'_> {
[INFO] [stdout]      |                             ^^ this elided lifetime gets resolved as `'a`
[INFO] [stdout] 
[INFO] [stdout] 
[INFO] [stderr]     Finished `test` profile [unoptimized + debuginfo] target(s) in 34.78s
[INFO] running `Command { std: "docker" "inspect" "38ef67d4bc23ee9d8d80e05b62769cfce4b42529f4af01ca0d2a1b5b0c4d8de9", kill_on_drop: false }`
[INFO] running `Command { std: "docker" "rm" "-f" "38ef67d4bc23ee9d8d80e05b62769cfce4b42529f4af01ca0d2a1b5b0c4d8de9", kill_on_drop: false }`
[INFO] [stdout] 38ef67d4bc23ee9d8d80e05b62769cfce4b42529f4af01ca0d2a1b5b0c4d8de9
[INFO] running `Command { std: "docker" "create" "-v" "/var/lib/crater-agent-workspace/builds/worker-7-tc1/target:/opt/rustwide/target:rw,Z" "-v" "/var/lib/crater-agent-workspace/builds/worker-7-tc1/source:/opt/rustwide/workdir:ro,Z" "-v" "/var/lib/crater-agent-workspace/cargo-home:/opt/rustwide/cargo-home:ro,Z" "-v" "/var/lib/crater-agent-workspace/rustup-home:/opt/rustwide/rustup-home:ro,Z" "-e" "SOURCE_DIR=/opt/rustwide/workdir" "-e" "CARGO_TARGET_DIR=/opt/rustwide/target" "-e" "CARGO_INCREMENTAL=0" "-e" "RUST_BACKTRACE=full" "-e" "RUSTFLAGS=--cap-lints=warn" "-e" "RUSTDOCFLAGS=--cap-lints=warn" "-e" "CARGO_HOME=/opt/rustwide/cargo-home" "-e" "RUSTUP_HOME=/opt/rustwide/rustup-home" "-w" "/opt/rustwide/workdir" "-m" "1610612736" "--user" "0:0" "--network" "none" "ghcr.io/rust-lang/crates-build-env/linux@sha256:f3a9d4ad9d972b27faf3965f35b62e55ba32bbce8f20bc8fe909558a86702fde" "/opt/rustwide/cargo-home/bin/cargo" "+1.83.0" "test" "--frozen", kill_on_drop: false }`
[INFO] [stdout] c677912b242aa3d09216be9be1f7e0e624a2dec115ca5cc3388ea418d88770b5
[INFO] running `Command { std: "docker" "start" "-a" "c677912b242aa3d09216be9be1f7e0e624a2dec115ca5cc3388ea418d88770b5", kill_on_drop: false }`
[INFO] [stderr] warning: elided lifetime has a name
[INFO] [stderr]     --> src/client/mod.rs:1848:28
[INFO] [stderr]      |
[INFO] [stderr] 1844 |     pub const fn create_forum_thread<'a>(
[INFO] [stderr]      |                                      -- lifetime `'a` declared here
[INFO] [stderr] ...
[INFO] [stderr] 1848 |     ) -> CreateForumThread<'_> {
[INFO] [stderr]      |                            ^^ this elided lifetime gets resolved as `'a`
[INFO] [stderr]      |
[INFO] [stderr]      = note: `#[warn(elided_named_lifetimes)]` on by default
[INFO] [stderr] 
[INFO] [stderr] warning: elided lifetime has a name
[INFO] [stderr]     --> src/client/mod.rs:1875:23
[INFO] [stderr]      |
[INFO] [stderr] 1870 |     pub fn create_thread<'a>(
[INFO] [stderr]      |                          -- lifetime `'a` declared here
[INFO] [stderr] ...
[INFO] [stderr] 1875 |     ) -> CreateThread<'_> {
[INFO] [stderr]      |                       ^^ this elided lifetime gets resolved as `'a`
[INFO] [stderr] 
[INFO] [stderr] warning: elided lifetime has a name
[INFO] [stderr]     --> src/client/mod.rs:1911:34
[INFO] [stderr]      |
[INFO] [stderr] 1906 |     pub fn create_thread_from_message<'a>(
[INFO] [stderr]      |                                       -- lifetime `'a` declared here
[INFO] [stderr] ...
[INFO] [stderr] 1911 |     ) -> CreateThreadFromMessage<'_> {
[INFO] [stderr]      |                                  ^^ this elided lifetime gets resolved as `'a`
[INFO] [stderr] 
[INFO] [stderr] warning: elided lifetime has a name
[INFO] [stderr]     --> src/client/mod.rs:2502:29
[INFO] [stderr]      |
[INFO] [stderr] 2495 |     pub fn create_guild_sticker<'a>(
[INFO] [stderr]      |                                 -- lifetime `'a` declared here
[INFO] [stderr] ...
[INFO] [stderr] 2502 |     ) -> CreateGuildSticker<'_> {
[INFO] [stderr]      |                             ^^ this elided lifetime gets resolved as `'a`
[INFO] [stderr] 
[INFO] [stderr] warning: `twilight-http` (lib) generated 4 warnings
[INFO] [stderr] warning: `twilight-http` (lib test) generated 4 warnings (4 duplicates)
[INFO] [stderr]     Finished `test` profile [unoptimized + debuginfo] target(s) in 0.14s
[INFO] [stderr]      Running unittests src/lib.rs (/opt/rustwide/target/debug/deps/twilight_http-40c0efbc9974215d)
[INFO] [stdout] 
[INFO] [stdout] running 209 tests
[INFO] [stdout] test api_error::tests::api_error_message ... ok
[INFO] [stdout] test api_error::tests::api_error_variant_ratelimited ... ok
[INFO] [stdout] test client::builder::tests::client_debug ... ok
[INFO] [stdout] test api_error::tests::api_error_deser ... ok
[INFO] [stdout] test api_error::tests::ratelimited_api_error ... ok
[INFO] [stdout] test error::tests::parsing_variant_debug ... ok
[INFO] [stdout] test error::tests::response_variant_debug ... ok
[INFO] [stdout] test request::application::command::tests::command_borrowed_from_command ... ok
[INFO] [stdout] test request::application::interaction::delete_followup::tests::request ... ok
[INFO] [stdout] test request::application::interaction::delete_response::tests::delete_followup_message ... ok
[INFO] [stdout] test request::application::interaction::update_followup::tests::update_followup_message ... ok
[INFO] [stdout] test request::application::interaction::get_followup::tests::request ... ok
[INFO] [stdout] test request::attachment::tests::num_digits_count ... ok
[INFO] [stdout] test request::attachment::tests::push_digits_limits ... ok
[INFO] [stdout] test request::application::interaction::create_response::tests::interaction_callback ... ok
[INFO] [stdout] test request::application::interaction::create_followup::tests::create_followup_message ... ok
[INFO] [stdout] test request::channel::reaction::tests::display_custom_with_name ... ok
[INFO] [stdout] test request::channel::reaction::tests::display_custom_without_name ... ok
[INFO] [stdout] test request::channel::reaction::tests::display_unicode ... ok
[INFO] [stdout] test request::application::interaction::get_response::tests::delete_followup_message ... ok
[INFO] [stdout] test request::channel::invite::create_invite::tests::max_age ... ok
[INFO] [stdout] test client::tests::client_debug_with_token ... ok
[INFO] [stdout] test request::application::interaction::update_response::tests::delete_followup_message ... ok
[INFO] [stdout] test request::channel::message::update_message::tests::clear_attachment ... ok
[INFO] [stdout] test request::channel::reaction::create_reaction::tests::request ... ok
[INFO] [stdout] test request::channel::webhook::delete_webhook_message::tests::request ... ok
[INFO] [stdout] test request::channel::update_channel_permission::tests::request ... ok
[INFO] [stdout] test request::channel::webhook::update_webhook_message::tests::request ... ok
[INFO] [stdout] test request::guild::create_guild::builder::tests::category_fields ... ok
[INFO] [stdout] test request::guild::create_guild::builder::tests::channels ... ok
[INFO] [stdout] test request::channel::thread::update_thread::tests::request ... ok
[INFO] [stdout] test request::channel::webhook::create_webhook::tests::test_create_webhook ... ok
[INFO] [stdout] test request::guild::create_guild::builder::tests::voice_fields ... ok
[INFO] [stdout] test request::guild::create_guild::builder::tests::text_fields ... ok
[INFO] [stdout] test request::channel::invite::create_invite::tests::max_uses ... ok
[INFO] [stdout] test request::guild::create_guild::builder::tests::role_fields ... ok
[INFO] [stdout] test request::channel::webhook::update_webhook::tests::test_update_webhook ... ok
[INFO] [stdout] test request::guild::ban::create_ban::tests::request ... ok
[INFO] [stdout] test request::multipart::tests::form_builder ... ok
[INFO] [stdout] test request::channel::webhook::update_webhook_with_token::tests::test_update_webhook_with_token ... ok
[INFO] [stdout] test request::guild::emoji::create_emoji::tests::test_create_emoji ... ok
[INFO] [stdout] test request::guild::member::update_guild_member::tests::nick_set_value ... ok
[INFO] [stdout] test response::status_code::tests::eq_with_integer ... ok
[INFO] [stdout] test response::status_code::tests::get ... ok
[INFO] [stdout] test response::status_code::tests::ranges ... ok
[INFO] [stdout] test response::tests::test_decompression ... ok
[INFO] [stdout] test routing::tests::add_guild_member ... ok
[INFO] [stdout] test routing::tests::add_member_role ... ok
[INFO] [stdout] test routing::tests::add_thread_member ... ok
[INFO] [stdout] test routing::tests::create_auto_moderation_rule ... ok
[INFO] [stdout] test routing::tests::create_ban ... ok
[INFO] [stdout] test routing::tests::create_channel ... ok
[INFO] [stdout] test routing::tests::create_emoji ... ok
[INFO] [stdout] test routing::tests::create_global_command ... ok
[INFO] [stdout] test routing::tests::create_guild ... ok
[INFO] [stdout] test routing::tests::create_guild_command ... ok
[INFO] [stdout] test request::guild::member::update_guild_member::tests::nick_set_null ... ok
[INFO] [stdout] test routing::tests::create_guild_from_template ... ok
[INFO] [stdout] test routing::tests::create_guild_prune_all ... ok
[INFO] [stdout] test routing::tests::create_guild_prune_compute_prune_count_false ... ok
[INFO] [stdout] test routing::tests::create_guild_prune_compute_prune_count_true ... ok
[INFO] [stdout] test routing::tests::create_guild_prune_days ... ok
[INFO] [stdout] test routing::tests::create_guild_prune_include_one_role ... ok
[INFO] [stdout] test routing::tests::create_guild_prune_include_two_roles ... ok
[INFO] [stdout] test routing::tests::create_guild_prune_none ... ok
[INFO] [stdout] test routing::tests::create_guild_scheduled_event ... ok
[INFO] [stdout] test routing::tests::create_guild_sticker ... ok
[INFO] [stdout] test routing::tests::create_invite ... ok
[INFO] [stdout] test routing::tests::create_guild_integration ... ok
[INFO] [stdout] test routing::tests::create_message ... ok
[INFO] [stdout] test routing::tests::create_private_channel ... ok
[INFO] [stdout] test routing::tests::create_reaction ... ok
[INFO] [stdout] test routing::tests::create_role ... ok
[INFO] [stdout] test routing::tests::create_stage_instance ... ok
[INFO] [stdout] test routing::tests::create_template ... ok
[INFO] [stdout] test routing::tests::create_thread ... ok
[INFO] [stdout] test routing::tests::create_typing_trigger ... ok
[INFO] [stdout] test routing::tests::create_webhook ... ok
[INFO] [stdout] test routing::tests::crosspost_message ... ok
[INFO] [stdout] test routing::tests::delete_auto_moderation_rule ... ok
[INFO] [stdout] test routing::tests::delete_ban ... ok
[INFO] [stdout] test routing::tests::delete_channel ... ok
[INFO] [stdout] test routing::tests::delete_emoji ... ok
[INFO] [stdout] test routing::tests::delete_global_command ... ok
[INFO] [stdout] test routing::tests::delete_guild ... ok
[INFO] [stdout] test request::guild::member::update_guild_member::tests::request ... ok
[INFO] [stdout] test routing::tests::delete_guild_integration ... ok
[INFO] [stdout] test routing::tests::delete_guild_scheduled_event ... ok
[INFO] [stdout] test routing::tests::delete_guild_sticker ... ok
[INFO] [stdout] test routing::tests::delete_interaction_original ... ok
[INFO] [stdout] test routing::tests::create_thread_from_message ... ok
[INFO] [stdout] test routing::tests::delete_invite ... ok
[INFO] [stdout] test request::get_current_authorization_information::tests::get_current_authorization_information ... ok
[INFO] [stdout] test routing::tests::delete_guild_command ... ok
[INFO] [stdout] test routing::tests::delete_message_reactions ... ok
[INFO] [stdout] test routing::tests::delete_message_specific_reaction ... ok
[INFO] [stdout] test routing::tests::delete_messages ... ok
[INFO] [stdout] test routing::tests::delete_reaction ... ok
[INFO] [stdout] test routing::tests::delete_permission_overwrite ... ok
[INFO] [stdout] test routing::tests::delete_message ... ok
[INFO] [stdout] test request::template::create_guild_from_template::tests::test_create_guild_from_template ... ok
[INFO] [stdout] test routing::tests::delete_reaction_current_user ... ok
[INFO] [stdout] test routing::tests::delete_role ... ok
[INFO] [stdout] test routing::tests::delete_template ... ok
[INFO] [stdout] test routing::tests::delete_stage_instance ... ok
[INFO] [stdout] test routing::tests::get_active_threads ... ok
[INFO] [stdout] test routing::tests::get_auto_moderation_rule ... ok
[INFO] [stdout] test routing::tests::get_bans ... ok
[INFO] [stdout] test routing::tests::get_ban ... ok
[INFO] [stdout] test routing::tests::get_bans_with_parameters ... ok
[INFO] [stdout] test routing::tests::get_channel_invites ... ok
[INFO] [stdout] test routing::tests::get_channels ... ok
[INFO] [stdout] test routing::tests::get_command_permissions ... ok
[INFO] [stdout] test routing::tests::get_current_authorization_info ... ok
[INFO] [stdout] test routing::tests::get_current_user ... ok
[INFO] [stdout] test routing::tests::get_current_user_application_info ... ok
[INFO] [stdout] test routing::tests::get_channel ... ok
[INFO] [stdout] test routing::tests::get_channel_webhooks ... ok
[INFO] [stdout] test routing::tests::get_current_user_guild_member ... ok
[INFO] [stdout] test routing::tests::get_gateway_bot ... ok
[INFO] [stdout] test routing::tests::get_emoji ... ok
[INFO] [stdout] test routing::tests::get_global_commands ... ok
[INFO] [stdout] test routing::tests::get_guild_auto_moderation_rules ... ok
[INFO] [stdout] test routing::tests::get_guild_command ... ok
[INFO] [stdout] test routing::tests::get_guild_command_permissions ... ok
[INFO] [stdout] test routing::tests::get_guild_commands ... ok
[INFO] [stdout] test routing::tests::get_guild_integrations ... ok
[INFO] [stdout] test routing::tests::get_guild_invites ... ok
[INFO] [stdout] test routing::tests::get_guild_onboarding ... ok
[INFO] [stdout] test routing::tests::follow_news_channel ... ok
[INFO] [stdout] test routing::tests::get_gateway ... ok
[INFO] [stdout] test routing::tests::get_guild_preview ... ok
[INFO] [stdout] test routing::tests::get_global_command ... ok
[INFO] [stdout] test routing::tests::get_guild_scheduled_event ... ok
[INFO] [stdout] test routing::tests::get_guild_sticker ... ok
[INFO] [stdout] test routing::tests::get_guild_scheduled_events ... ok
[INFO] [stdout] test routing::tests::get_guild_roles ... ok
[INFO] [stdout] test routing::tests::get_guild_scheduled_event_users ... ok
[INFO] [stdout] test routing::tests::get_guild_stickers ... ok
[INFO] [stdout] test routing::tests::get_emojis ... ok
[INFO] [stdout] test routing::tests::get_guild_vanity_url ... ok
[INFO] [stdout] test routing::tests::get_guild_voice_regions ... ok
[INFO] [stdout] test routing::tests::get_guild_welcome_screen ... ok
[INFO] [stdout] test routing::tests::get_guild_webhooks ... ok
[INFO] [stdout] test routing::tests::get_guild_widget_settings ... ok
[INFO] [stdout] test routing::tests::get_interaction_original ... ok
[INFO] [stdout] test routing::tests::get_nitro_sticker_packs ... ok
[INFO] [stdout] test routing::tests::get_member ... ok
[INFO] [stdout] test routing::tests::get_message ... ok
[INFO] [stdout] test routing::tests::get_guild_widget ... ok
[INFO] [stdout] test routing::tests::get_public_archived_threads ... ok
[INFO] [stdout] test routing::tests::get_sticker ... ok
[INFO] [stdout] test routing::tests::get_stage_instance ... ok
[INFO] [stdout] test routing::tests::get_template ... ok
[INFO] [stdout] test routing::tests::get_templates ... ok
[INFO] [stdout] test routing::tests::get_user_connections ... ok
[INFO] [stdout] test routing::tests::get_thread_member ... ok
[INFO] [stdout] test routing::tests::get_user ... ok
[INFO] [stdout] test routing::tests::get_user_private_channels ... ok
[INFO] [stdout] test routing::tests::get_voice_regions ... ok
[INFO] [stdout] test routing::tests::interaction_callback ... ok
[INFO] [stdout] test routing::tests::join_thread ... ok
[INFO] [stdout] test routing::tests::leave_thread ... ok
[INFO] [stdout] test routing::tests::methods ... ok
[INFO] [stdout] test routing::tests::remove_member ... ok
[INFO] [stdout] test routing::tests::pin_message ... ok
[INFO] [stdout] test routing::tests::get_pins ... ok
[INFO] [stdout] test routing::tests::remove_member_role ... ok
[INFO] [stdout] test routing::tests::remove_thread_member ... ok
[INFO] [stdout] test routing::tests::get_thread_members ... ok
[INFO] [stdout] test request::user::update_current_user::tests::test_clear_attachment ... ok
[INFO] [stdout] test routing::tests::search_guild_members ... ok
[INFO] [stdout] test routing::tests::set_guild_commands ... ok
[INFO] [stdout] test routing::tests::unpin_message ... ok
[INFO] [stdout] test routing::tests::update_auto_moderation_rule ... ok
[INFO] [stdout] test routing::tests::sync_template ... ok
[INFO] [stdout] test routing::tests::set_global_commands ... ok
[INFO] [stdout] test routing::tests::sync_guild_integration ... ok
[INFO] [stdout] test routing::tests::update_command_permissions ... ok
[INFO] [stdout] test routing::tests::update_current_user_application ... ok
[INFO] [stdout] test routing::tests::update_channel ... ok
[INFO] [stdout] test routing::tests::update_current_user_voice_state ... ok
[INFO] [stdout] test routing::tests::update_global_command ... ok
[INFO] [stdout] test routing::tests::update_guild ... ok
[INFO] [stdout] test routing::tests::update_guild_channels ... ok
[INFO] [stdout] test routing::tests::update_guild_command ... ok
[INFO] [stdout] test routing::tests::update_emoji ... ok
[INFO] [stdout] test routing::tests::update_current_member ... ok
[INFO] [stdout] test routing::tests::update_current_user ... ok
[INFO] [stdout] test routing::tests::leave_guild ... ok
[INFO] [stdout] test routing::tests::update_guild_integration ... ok
[INFO] [stdout] test routing::tests::update_guild_mfa ... ok
[INFO] [stdout] test routing::tests::update_guild_sticker ... ok
[INFO] [stdout] test routing::tests::update_guild_welcome_screen ... ok
[INFO] [stdout] test routing::tests::update_guild_widget_settings ... ok
[INFO] [stdout] test routing::tests::update_member ... ok
[INFO] [stdout] test routing::tests::update_message ... ok
[INFO] [stdout] test routing::tests::update_nickname ... ok
[INFO] [stdout] test routing::tests::update_permission_overwrite ... ok
[INFO] [stdout] test routing::tests::update_role ... ok
[INFO] [stdout] test routing::tests::update_role_positions ... ok
[INFO] [stdout] test routing::tests::update_stage_instance ... ok
[INFO] [stdout] test routing::tests::update_template ... ok
[INFO] [stdout] test routing::tests::update_user_voice_state ... ok
[INFO] [stdout] test routing::tests::update_webhook_message_thread_id ... ok
[INFO] [stdout] test routing::tests::update_guild_scheduled_event ... ok
[INFO] [stdout] test routing::tests::update_interaction_original ... ok
[INFO] [stdout] test request::try_into_request::tests::conversion ... ok
[INFO] [stdout] test request::guild::get_guild_prune_count::tests::days ... ok
[INFO] [stdout] 
[INFO] [stdout] test result: ok. 209 passed; 0 failed; 0 ignored; 0 measured; 0 filtered out; finished in 1.37s
[INFO] [stdout] 
[INFO] [stderr]    Doc-tests twilight_http
[INFO] [stdout] 
[INFO] [stdout] running 126 tests
[INFO] [stdout] test src/client/mod.rs - client::Client (line 168) - compile ... ok
[INFO] [stdout] test src/client/mod.rs - client::Client::add_guild_member_role (line 1212) - compile ... ok
[INFO] [stdout] test src/client/mod.rs - client::Client (line 207) - compile ... ok
[INFO] [stdout] test src/client/mod.rs - client::Client (line 196) - compile ... ok
[INFO] [stdout] test src/client/interaction.rs - client::interaction::InteractionClient<'a>::create_followup (line 121) - compile ... ok
[INFO] [stdout] test src/client/mod.rs - client::Client::active_threads (line 1816) - compile ... ok
[INFO] [stdout] test src/client/mod.rs - client::Client::audit_log (line 411) - compile ... ok
[INFO] [stdout] test src/client/mod.rs - client::Client::bans (line 432) - compile ... ok
[INFO] [stdout] test src/client/interaction.rs - client::interaction::InteractionClient (line 31) - compile ... ok
[INFO] [stdout] test src/client/mod.rs - client::Client::channel (line 523) - compile ... ok
[INFO] [stdout] test src/client/mod.rs - client::Client::create_auto_moderation_rule (line 354) - compile ... ok
[INFO] [stdout] test src/client/mod.rs - client::Client::channel_messages (line 582) - compile ... ok
[INFO] [stdout] test src/client/mod.rs - client::Client::create_guild_scheduled_event (line 2241) - compile ... ok
[INFO] [stdout] test src/client/mod.rs - client::Client::create_ban (line 464) - compile ... ok
[INFO] [stdout] test src/client/mod.rs - client::Client::create_guild_sticker (line 2459) - compile ... ok
[INFO] [stdout] test src/client/mod.rs - client::Client::create_guild_scheduled_event (line 2265) - compile ... ok
[INFO] [stdout] test src/client/mod.rs - client::Client::create_invite (line 1348) - compile ... ok
[INFO] [stdout] test src/client/mod.rs - client::Client::create_role (line 1643) - compile ... ok
[INFO] [stdout] test src/client/mod.rs - client::Client::create_message (line 1393) - compile ... ok
[INFO] [stdout] test src/client/mod.rs - client::Client::create_reaction (line 1552) - compile ... ok
[INFO] [stdout] test src/client/mod.rs - client::Client::emoji (line 785) - compile ... ok
[INFO] [stdout] test src/client/mod.rs - client::Client::current_user_guilds (line 734) - compile ... ok
[INFO] [stdout] test src/client/mod.rs - client::Client::delete_webhook_message (line 2181) - compile ... ok
[INFO] [stdout] test src/client/mod.rs - client::Client::create_webhook (line 2052) - compile ... ok
[INFO] [stdout] test src/client/mod.rs - client::Client::delete_ban (line 495) - compile ... ok
[INFO] [stdout] test src/client/mod.rs - client::Client::emojis (line 762) - compile ... ok
[INFO] [stdout] test src/client/mod.rs - client::Client::gateway (line 848) - compile ... ok
[INFO] [stdout] test src/client/mod.rs - client::Client::execute_webhook (line 2105) - compile ... ok
[INFO] [stdout] test src/client/mod.rs - client::Client::delete_guild_sticker (line 2542) - compile ... ok
[INFO] [stdout] test src/client/mod.rs - client::Client::delete_guild_scheduled_event (line 2206) - compile ... ok
[INFO] [stdout] test src/client/mod.rs - client::Client::gateway (line 862) - compile ... ok
[INFO] [stdout] test src/client/mod.rs - client::Client::guild_sticker (line 2428) - compile ... ok
[INFO] [stdout] test src/client/mod.rs - client::Client::search_guild_members (line 1083) - compile ... ok
[INFO] [stdout] test src/client/mod.rs - client::Client::guild_stickers (line 2406) - compile ... ok
[INFO] [stdout] test src/client/mod.rs - client::Client::update_channel_permission (line 631) - compile ... ok
[INFO] [stdout] test src/client/mod.rs - client::Client::invite (line 1325) - compile ... ok
[INFO] [stdout] test src/client/mod.rs - client::Client::guild_members (line 1047) - compile ... ok
[INFO] [stdout] test src/client/mod.rs - client::Client::nitro_sticker_packs (line 2386) - compile ... ok
[INFO] [stdout] test src/client/mod.rs - client::Client::interaction (line 272) - compile ... ok
[INFO] [stdout] test src/client/mod.rs - client::Client::update_guild_member (line 1161) - compile ... ok
[INFO] [stdout] test src/client/mod.rs - client::Client::update_webhook_message (line 2151) - compile ... ok
[INFO] [stdout] test src/client/mod.rs - client::Client::sticker (line 2364) - compile ... ok
[INFO] [stdout] test src/client/mod.rs - client::Client::update_message (line 1476) - compile ... ok
[INFO] [stdout] test src/client/mod.rs - client::Client::update_message (line 1461) - compile ... ok
[INFO] [stdout] test src/client/mod.rs - client::Client::update_guild_sticker (line 2510) - compile ... ok
[INFO] [stdout] test src/request/application/interaction/create_followup.rs - request::application::interaction::create_followup::CreateFollowup (line 52) - compile ... ok
[INFO] [stdout] test src/error.rs - error::ErrorType::Validation (line 151) - compile ... ok
[INFO] [stdout] test src/error.rs - error::ErrorType::Validation (line 167) - compile ... ok
[INFO] [stdout] test src/request/application/interaction/delete_followup.rs - request::application::interaction::delete_followup::DeleteFollowup (line 20) - compile ... ok
[INFO] [stdout] test src/request/application/interaction/delete_response.rs - request::application::interaction::delete_response::DeleteResponse (line 17) - compile ... ok
[INFO] [stdout] test src/request/application/interaction/update_followup.rs - request::application::interaction::update_followup::UpdateFollowup (line 60) - compile ... ok
[INFO] [stdout] test src/request/application/interaction/get_response.rs - request::application::interaction::get_response::GetResponse (line 20) - compile ... ok
[INFO] [stdout] test src/request/application/interaction/update_response.rs - request::application::interaction::update_response::UpdateResponse<'a>::embeds (line 234) - compile ... ok
[INFO] [stdout] test src/request/application/interaction/get_followup.rs - request::application::interaction::get_followup::GetFollowup (line 23) - compile ... ok
[INFO] [stdout] test src/request/application/interaction/update_response.rs - request::application::interaction::update_response::UpdateResponse (line 60) - compile ... ok
[INFO] [stdout] test src/request/application/interaction/update_followup.rs - request::application::interaction::update_followup::UpdateFollowup<'a>::embeds (line 237) - compile ... ok
[INFO] [stdout] test src/request/channel/invite/create_invite.rs - request::channel::invite::create_invite::CreateInvite<'a>::max_age (line 96) - compile ... ok
[INFO] [stdout] test src/request/channel/invite/create_invite.rs - request::channel::invite::create_invite::CreateInvite (line 46) - compile ... ok
[INFO] [stdout] test src/request/channel/get_channel.rs - request::channel::get_channel::GetChannel (line 20) - compile ... ok
[INFO] [stdout] test src/request/channel/invite/get_invite.rs - request::channel::invite::get_invite::GetInvite (line 24) - compile ... ok
[INFO] [stdout] test src/request/channel/message/create_message.rs - request::channel::message::create_message::CreateMessage (line 62) - compile ... ok
[INFO] [stdout] test src/request/channel/invite/create_invite.rs - request::channel::invite::create_invite::CreateInvite<'a>::max_uses (line 139) - compile ... ok
[INFO] [stdout] test src/request/channel/message/update_message.rs - request::channel::message::update_message::UpdateMessage (line 71) - compile ... ok
[INFO] [stdout] test src/request/channel/message/get_channel_messages.rs - request::channel::message::get_channel_messages::GetChannelMessages (line 34) - compile ... ok
[INFO] [stdout] test src/request/channel/message/update_message.rs - request::channel::message::update_message::UpdateMessage (line 56) - compile ... ok
[INFO] [stdout] test src/request/channel/reaction/create_reaction.rs - request::channel::reaction::create_reaction::CreateReaction (line 20) - compile ... ok
[INFO] [stdout] test src/request/channel/update_channel_permission.rs - request::channel::update_channel_permission::UpdateChannelPermission (line 37) - compile ... ok
[INFO] [stdout] test src/request/channel/webhook/create_webhook.rs - request::channel::webhook::create_webhook::CreateWebhook (line 30) - compile ... ok
[INFO] [stdout] test src/request/channel/webhook/delete_webhook_message.rs - request::channel::webhook::delete_webhook_message::DeleteWebhookMessage (line 19) - compile ... ok
[INFO] [stdout] test src/request/channel/webhook/execute_webhook.rs - request::channel::webhook::execute_webhook::ExecuteWebhook (line 64) - compile ... ok
[INFO] [stdout] test src/request/channel/webhook/execute_webhook.rs - request::channel::webhook::execute_webhook::ExecuteWebhook<'a>::payload_json (line 266) - compile ... ok
[INFO] [stdout] test src/request/channel/webhook/execute_webhook.rs - request::channel::webhook::execute_webhook::ExecuteWebhook<'a>::payload_json (line 289) - compile ... ok
[INFO] [stdout] test src/request/channel/webhook/execute_webhook_and_wait.rs - request::channel::webhook::execute_webhook_and_wait::ExecuteWebhookAndWait (line 16) - compile ... ok
[INFO] [stdout] test src/request/channel/webhook/update_webhook_message.rs - request::channel::webhook::update_webhook_message::UpdateWebhookMessage (line 61) - compile ... ok
[INFO] [stdout] test src/request/channel/webhook/update_webhook_message.rs - request::channel::webhook::update_webhook_message::UpdateWebhookMessage<'a>::embeds (line 238) - compile ... ok
[INFO] [stdout] test src/request/get_current_authorization_information.rs - request::get_current_authorization_information::GetCurrentAuthorizationInformation (line 20) - compile ... ok
[INFO] [stdout] test src/request/get_gateway.rs - request::get_gateway::GetGateway (line 18) - compile ... ok
[INFO] [stdout] test src/client/builder.rs - client::builder::ClientBuilder::proxy (line 75) ... FAILED
[INFO] [stdout] test src/request/guild/auto_moderation/create_auto_moderation_rule.rs - request::guild::auto_moderation::create_auto_moderation_rule::CreateAutoModerationRule (line 90) - compile ... ok
[INFO] [stdout] test src/request/get_gateway.rs - request::get_gateway::GetGateway (line 32) - compile ... ok
[INFO] [stdout] test src/request/guild/ban/create_ban.rs - request::guild::ban::create_ban::CreateBan (line 34) - compile ... ok
[INFO] [stdout] test src/request/guild/ban/delete_ban.rs - request::guild::ban::delete_ban::DeleteBan (line 21) - compile ... ok
[INFO] [stdout] test src/request/guild/ban/get_bans.rs - request::guild::ban::get_bans::GetBans (line 32) - compile ... ok
[INFO] [stdout] test src/request/guild/create_guild/mod.rs - request::guild::create_guild::CreateGuild<'a>::channels (line 304) - compile ... ok
[INFO] [stdout] test src/request/guild/emoji/get_emoji.rs - request::guild::emoji::get_emoji::GetEmoji (line 23) - compile ... ok
[INFO] [stdout] test src/request/guild/create_guild/mod.rs - request::guild::create_guild::CreateGuild<'a>::roles (line 449) - compile ... ok
[INFO] [stdout] test src/request/guild/emoji/get_emojis.rs - request::guild::emoji::get_emojis::GetEmojis (line 20) - compile ... ok
[INFO] [stdout] test src/request/guild/get_audit_log.rs - request::guild::get_audit_log::GetAuditLog (line 32) - compile ... ok
[INFO] [stdout] test src/request/guild/member/add_role_to_member.rs - request::guild::member::add_role_to_member::AddRoleToMember (line 21) - compile ... ok
[INFO] [stdout] test src/request/guild/member/get_guild_members.rs - request::guild::member::get_guild_members::GetGuildMembers (line 34) - compile ... ok
[INFO] [stdout] test src/request/guild/get_guild_onboarding.rs - request::guild::get_guild_onboarding::GetGuildOnboarding (line 19) - compile ... ok
[INFO] [stdout] test src/request/guild/member/search_guild_members.rs - request::guild::member::search_guild_members::SearchGuildMembers (line 30) - compile ... ok
[INFO] [stdout] test src/request/guild/role/create_role.rs - request::guild::role::create_role::CreateRole (line 38) - compile ... ok
[INFO] [stdout] test src/request/base.rs - request::base::Request::from_route (line 190) ... ok
[INFO] [stdout] test src/request/guild/sticker/create_guild_sticker.rs - request::guild::sticker::create_guild_sticker::CreateGuildSticker (line 32) - compile ... ok
[INFO] [stdout] test src/request/guild/sticker/delete_guild_sticker.rs - request::guild::sticker::delete_guild_sticker::DeleteGuildSticker (line 18) - compile ... ok
[INFO] [stdout] test src/request/guild/sticker/get_guild_stickers.rs - request::guild::sticker::get_guild_stickers::GetGuildStickers (line 18) - compile ... ok
[INFO] [stdout] test src/request/guild/sticker/get_guild_sticker.rs - request::guild::sticker::get_guild_sticker::GetGuildSticker (line 21) - compile ... ok
[INFO] [stdout] test src/request/guild/sticker/update_guild_sticker.rs - request::guild::sticker::update_guild_sticker::UpdateGuildSticker (line 36) - compile ... ok
[INFO] [stdout] test src/request/scheduled_event/create_guild_scheduled_event/mod.rs - request::scheduled_event::create_guild_scheduled_event::CreateGuildScheduledEvent (line 67) - compile ... ok
[INFO] [stdout] test src/request/mod.rs - request (line 19) - compile ... ok
[INFO] [stdout] test src/request/scheduled_event/delete_guild_scheduled_event.rs - request::scheduled_event::delete_guild_scheduled_event::DeleteGuildScheduledEvent (line 21) - compile ... ok
[INFO] [stdout] test src/request/sticker/get_nitro_sticker_packs.rs - request::sticker::get_nitro_sticker_packs::GetNitroStickerPacks (line 21) - compile ... ok
[INFO] [stdout] test src/request/scheduled_event/create_guild_scheduled_event/mod.rs - request::scheduled_event::create_guild_scheduled_event::CreateGuildScheduledEvent (line 91) - compile ... ok
[INFO] [stdout] test src/request/sticker/get_sticker.rs - request::sticker::get_sticker::GetSticker (line 18) - compile ... ok
[INFO] [stdout] test src/request/channel/reaction/mod.rs - request::channel::reaction::RequestReactionType<'_> (line 43) ... ok
[INFO] [stdout] test src/request/try_into_request.rs - request::try_into_request::TryIntoRequest (line 292) - compile ... ok
[INFO] [stdout] test src/request/user/get_current_user_guilds.rs - request::user::get_current_user_guilds::GetCurrentUserGuilds (line 30) - compile ... ok
[INFO] [stdout] test src/request/update_user_application.rs - request::update_user_application::UpdateCurrentUserApplication (line 44) - compile ... ok
[INFO] [stdout] test src/response/mod.rs - response::BytesFuture (line 420) - compile ... ok
[INFO] [stdout] test src/request/base.rs - request::base::RequestBuilder (line 16) ... ok
[INFO] [stdout] test src/response/future.rs - response::future::ResponseFuture<T>::set_pre_flight (line 290) - compile ... ok
[INFO] [stdout] test src/response/mod.rs - response::ModelFuture (line 466) - compile ... ok
[INFO] [stdout] test src/request/channel/reaction/mod.rs - request::channel::reaction::RequestReactionType<'_> (line 57) ... ok
[INFO] [stdout] test src/response/mod.rs - response::Response (line 161) - compile ... ok
[INFO] [stdout] test src/response/mod.rs - response (line 18) - compile ... ok
[INFO] [stdout] test src/response/mod.rs - response::HeaderIter (line 368) - compile ... ok
[INFO] [stdout] test src/response/mod.rs - response::Response<T>::bytes (line 215) - compile ... ok
[INFO] [stdout] test src/request/base.rs - request::base::Request::builder (line 164) ... ok
[INFO] [stdout] test src/response/mod.rs - response::Response<T>::text (line 277) - compile ... ok
[INFO] [stdout] test src/response/mod.rs - response::TextFuture (line 532) - compile ... ok
[INFO] [stdout] test src/request/base.rs - request::base::RequestBuilder::raw (line 51) ... ok
[INFO] [stdout] test src/routing.rs - routing::Route<'a>::method (line 1115) ... ok
[INFO] [stdout] test src/routing.rs - routing::Route<'_> (line 1633) ... ok
[INFO] [stdout] test src/routing.rs - routing::Route<'a>::to_path (line 1310) ... ok
[INFO] [stdout] test src/routing.rs - routing::Route<'_> (line 1623) ... ok
[INFO] [stdout] 
[INFO] [stdout] failures:
[INFO] [stdout] 
[INFO] [stdout] ---- src/client/builder.rs - client::builder::ClientBuilder::proxy (line 75) stdout ----
[INFO] [stdout] error: linking with `cc` failed: exit status: 1
[INFO] [stdout]   |
[INFO] [stdout]   = note: LC_ALL="C" PATH="/opt/rustwide/rustup-home/toolchains/1.83.0-x86_64-unknown-linux-gnu/lib/rustlib/x86_64-unknown-linux-gnu/bin:/opt/rustwide/cargo-home/bin:/usr/local/sbin:/usr/local/bin:/usr/sbin:/usr/bin:/sbin:/bin" VSLANG="1033" "cc" "-m64" "/tmp/rustckPLxhK/symbols.o" "/tmp/rustdoctestB34GGu/rust_out.rust_out.cb03291d53e4e161-cgu.0.rcgu.o" "/tmp/rustdoctestB34GGu/rust_out.1s7umcihpz0t7nkz1uc2ifee9.rcgu.o" "-Wl,--as-needed" "-Wl,-Bstatic" "/opt/rustwide/target/debug/deps/libtwilight_http-2c6d95ac88ad42b0.rlib" "/opt/rustwide/target/debug/deps/libfastrand-4b4996fddbe58584.rlib" "/opt/rustwide/target/debug/deps/libhyper_rustls-ae228ac7aaaad10e.rlib" "/opt/rustwide/target/debug/deps/librustls_native_certs-e0407fe427d7478e.rlib" "/opt/rustwide/target/debug/deps/librustls_pemfile-8f9c60f07a26beb7.rlib" "/opt/rustwide/target/debug/deps/libopenssl_probe-111dcb0b3b714b0f.rlib" "/opt/rustwide/target/debug/deps/libtokio_rustls-0bc7a6707b47574c.rlib" "/opt/rustwide/target/debug/deps/librustls-f8e3a5943b60dc8b.rlib" "/opt/rustwide/target/debug/deps/libsubtle-5e49a3bf4b1c0b70.rlib" "/opt/rustwide/target/debug/deps/libwebpki-743ee46e88fdf473.rlib" "/opt/rustwide/target/debug/deps/libring-f682d38a8e67110b.rlib" "/opt/rustwide/target/debug/deps/libgetrandom-5a449155408c018d.rlib" "/opt/rustwide/target/debug/deps/libspin-cd45c3153bc4c74f.rlib" "/opt/rustwide/target/debug/deps/libuntrusted-7588d7e252ced9d0.rlib" "/opt/rustwide/target/debug/deps/libcfg_if-8217498f8667ada9.rlib" "/opt/rustwide/target/debug/deps/libzeroize-01673d2df795c1cc.rlib" "/opt/rustwide/target/debug/deps/librustls_pki_types-8caae85d2141bc18.rlib" "/opt/rustwide/target/debug/deps/libserde_json-11d90fd4b518f411.rlib" "/opt/rustwide/target/debug/deps/libmemchr-6b84ce758acd6c63.rlib" "/opt/rustwide/target/debug/deps/libryu-bba83beca99dd7c0.rlib" "/opt/rustwide/target/debug/deps/libbrotli-f23f263354b94fa3.rlib" "/opt/rustwide/target/debug/deps/libbrotli_decompressor-c04cd3dd73d4e46d.rlib" "/opt/rustwide/target/debug/deps/liballoc_stdlib-b00ae21cbdd7d212.rlib" "/opt/rustwide/target/debug/deps/liballoc_no_stdlib-83c0c71c2f685ac9.rlib" "/opt/rustwide/target/debug/deps/libpercent_encoding-70f76974f9ffc304.rlib" "/opt/rustwide/target/debug/deps/libtwilight_validate-e0f25447414f2fe0.rlib" "/opt/rustwide/target/debug/deps/libhttp_body_util-2824170f6080807b.rlib" "/opt/rustwide/target/debug/deps/libtwilight_model-2effebce8dc74405.rlib" "/opt/rustwide/target/debug/deps/libtime-2654ceb16183f04e.rlib" "/opt/rustwide/target/debug/deps/libtime_core-920e11b901147e65.rlib" "/opt/rustwide/target/debug/deps/libnum_conv-4bd030b5826783c5.rlib" "/opt/rustwide/target/debug/deps/libderanged-e4c875d97de0e89c.rlib" "/opt/rustwide/target/debug/deps/libpowerfmt-776ac6678c847955.rlib" "/opt/rustwide/target/debug/deps/libbitflags-53c76c4f639396f9.rlib" "/opt/rustwide/target/debug/deps/libserde_value-532cf7f7fa91c11a.rlib" "/opt/rustwide/target/debug/deps/libordered_float-72582a0e83d72d77.rlib" "/opt/rustwide/target/debug/deps/libnum_traits-cb431264a9d11794.rlib" "/opt/rustwide/target/debug/deps/libtwilight_http_ratelimiting-cd3ace0a3c1270b6.rlib" "/opt/rustwide/target/debug/deps/libhyper_util-84c3e3a1be05f3c3.rlib" "/opt/rustwide/target/debug/deps/libtower_service-153488c259ad6c35.rlib" "/opt/rustwide/target/debug/deps/libhyper-10f3f17edbee1390.rlib" "/opt/rustwide/target/debug/deps/libwant-3f13e9c0d2560241.rlib" "/opt/rustwide/target/debug/deps/libtry_lock-f3f4362ed4ca7e4a.rlib" "/opt/rustwide/target/debug/deps/libsmallvec-09a1a6c0c4f8c0ff.rlib" "/opt/rustwide/target/debug/deps/libhttparse-63cb856626cec0ca.rlib" "/opt/rustwide/target/debug/deps/libh2-bb69267a3dea31aa.rlib" "/opt/rustwide/target/debug/deps/libtracing-8cfeabadb70df7bc.rlib" "/opt/rustwide/target/debug/deps/libtracing_core-9b2ef5bfdc695f2a.rlib" "/opt/rustwide/target/debug/deps/libonce_cell-6f631f2a5f71cecc.rlib" "/opt/rustwide/target/debug/deps/libindexmap-10fc62c8bb74c388.rlib" "/opt/rustwide/target/debug/deps/libequivalent-4d5cfde55792e26d.rlib" "/opt/rustwide/target/debug/deps/libhashbrown-62cdb64ce3ed52bb.rlib" "/opt/rustwide/target/debug/deps/libslab-083dd68e0bc19c95.rlib" "/opt/rustwide/target/debug/deps/libatomic_waker-20cf0e6ccfae60b1.rlib" "/opt/rustwide/target/debug/deps/libtokio_util-1a9181966206217b.rlib" "/opt/rustwide/target/debug/deps/libfutures_sink-140504a081023950.rlib" "/opt/rustwide/target/debug/deps/libtokio-f26ee1c98e2aa6e5.rlib" "/opt/rustwide/target/debug/deps/libsocket2-cca1afe887309ed0.rlib" "/opt/rustwide/target/debug/deps/libmio-c1a951770e75a1cc.rlib" "/opt/rustwide/target/debug/deps/liblibc-48c07cb418e82d02.rlib" "/opt/rustwide/target/debug/deps/libfutures_channel-46d54cad4c5c024e.rlib" "/opt/rustwide/target/debug/deps/libhttp_body-f06908e32c21ec5d.rlib" "/opt/rustwide/target/debug/deps/libfutures_util-c95dde2b54e0eb1e.rlib" "/opt/rustwide/target/debug/deps/libpin_project_lite-be51d264b86b6c5b.rlib" "/opt/rustwide/target/debug/deps/libfutures_task-5d58811e5ddf600d.rlib" "/opt/rustwide/target/debug/deps/libpin_utils-6bd6355de79f98af.rlib" "/opt/rustwide/target/debug/deps/libfutures_core-6acc1f6b4df0dd33.rlib" "/opt/rustwide/target/debug/deps/libhttp-2ee8c6cbda2c6611.rlib" "/opt/rustwide/target/debug/deps/libitoa-e8776415c5fe0047.rlib" "/opt/rustwide/target/debug/deps/libbytes-4283fbd60d33408b.rlib" "/opt/rustwide/target/debug/deps/libfnv-b4bd047f342dff07.rlib" "/opt/rustwide/target/debug/deps/libserde-56192f69d54a8a70.rlib" "/opt/rustwide/rustup-home/toolchains/1.83.0-x86_64-unknown-linux-gnu/lib/rustlib/x86_64-unknown-linux-gnu/lib/libstd-ca74a2d9c5166d9f.rlib" "/opt/rustwide/rustup-home/toolchains/1.83.0-x86_64-unknown-linux-gnu/lib/rustlib/x86_64-unknown-linux-gnu/lib/libpanic_unwind-e31ab23316ed5080.rlib" "/opt/rustwide/rustup-home/toolchains/1.83.0-x86_64-unknown-linux-gnu/lib/rustlib/x86_64-unknown-linux-gnu/lib/libobject-27dc4aa955912662.rlib" "/opt/rustwide/rustup-home/toolchains/1.83.0-x86_64-unknown-linux-gnu/lib/rustlib/x86_64-unknown-linux-gnu/lib/libmemchr-bd0d6cccce077b99.rlib" "/opt/rustwide/rustup-home/toolchains/1.83.0-x86_64-unknown-linux-gnu/lib/rustlib/x86_64-unknown-linux-gnu/lib/libaddr2line-8d001680935b5e3c.rlib" "/opt/rustwide/rustup-home/toolchains/1.83.0-x86_64-unknown-linux-gnu/lib/rustlib/x86_64-unknown-linux-gnu/lib/libgimli-ba8ce71964f984f4.rlib" "/opt/rustwide/rustup-home/toolchains/1.83.0-x86_64-unknown-linux-gnu/lib/rustlib/x86_64-unknown-linux-gnu/lib/librustc_demangle-99a73526abcec14b.rlib" "/opt/rustwide/rustup-home/toolchains/1.83.0-x86_64-unknown-linux-gnu/lib/rustlib/x86_64-unknown-linux-gnu/lib/libstd_detect-63ac0d22cff92579.rlib" "/opt/rustwide/rustup-home/toolchains/1.83.0-x86_64-unknown-linux-gnu/lib/rustlib/x86_64-unknown-linux-gnu/lib/libhashbrown-9057355c92c922d5.rlib" "/opt/rustwide/rustup-home/toolchains/1.83.0-x86_64-unknown-linux-gnu/lib/rustlib/x86_64-unknown-linux-gnu/lib/librustc_std_workspace_alloc-358be9bc1f6bab04.rlib" "/opt/rustwide/rustup-home/toolchains/1.83.0-x86_64-unknown-linux-gnu/lib/rustlib/x86_64-unknown-linux-gnu/lib/libminiz_oxide-aca15549d5bff974.rlib" "/opt/rustwide/rustup-home/toolchains/1.83.0-x86_64-unknown-linux-gnu/lib/rustlib/x86_64-unknown-linux-gnu/lib/libadler-8251d2cef7072448.rlib" "/opt/rustwide/rustup-home/toolchains/1.83.0-x86_64-unknown-linux-gnu/lib/rustlib/x86_64-unknown-linux-gnu/lib/libunwind-7d50b86011c66411.rlib" "/opt/rustwide/rustup-home/toolchains/1.83.0-x86_64-unknown-linux-gnu/lib/rustlib/x86_64-unknown-linux-gnu/lib/libcfg_if-51ea098fce5006bf.rlib" "/opt/rustwide/rustup-home/toolchains/1.83.0-x86_64-unknown-linux-gnu/lib/rustlib/x86_64-unknown-linux-gnu/lib/liblibc-5a14e0d0b712e731.rlib" "/opt/rustwide/rustup-home/toolchains/1.83.0-x86_64-unknown-linux-gnu/lib/rustlib/x86_64-unknown-linux-gnu/lib/liballoc-8b83dbf3a7b8f999.rlib" "/opt/rustwide/rustup-home/toolchains/1.83.0-x86_64-unknown-linux-gnu/lib/rustlib/x86_64-unknown-linux-gnu/lib/librustc_std_workspace_core-c6fd227bdc7b39ff.rlib" "/opt/rustwide/rustup-home/toolchains/1.83.0-x86_64-unknown-linux-gnu/lib/rustlib/x86_64-unknown-linux-gnu/lib/libcore-959d3389fa3da8a5.rlib" "/opt/rustwide/rustup-home/toolchains/1.83.0-x86_64-unknown-linux-gnu/lib/rustlib/x86_64-unknown-linux-gnu/lib/libcompiler_builtins-abe05db089cc2c62.rlib" "-Wl,-Bdynamic" "-lgcc_s" "-lutil" "-lrt" "-lpthread" "-lm" "-ldl" "-lc" "-Wl,--eh-frame-hdr" "-Wl,-z,noexecstack" "-L" "/opt/rustwide/target/debug/build/ring-d4c7707bd1b240a8/out" "-L" "/opt/rustwide/rustup-home/toolchains/1.83.0-x86_64-unknown-linux-gnu/lib/rustlib/x86_64-unknown-linux-gnu/lib" "-o" "/tmp/rustdoctestB34GGu/rust_out" "-Wl,--gc-sections" "-pie" "-Wl,-z,relro,-z,now" "-nodefaultlibs"
[INFO] [stdout]   = note: collect2: fatal error: ld terminated with signal 9 [Killed]
[INFO] [stdout]           compilation terminated.
[INFO] [stdout]           
[INFO] [stdout] 
[INFO] [stdout] error: aborting due to 1 previous error
[INFO] [stdout] 
[INFO] [stdout] Couldn't compile the test.
[INFO] [stdout] 
[INFO] [stdout] failures:
[INFO] [stdout]     src/client/builder.rs - client::builder::ClientBuilder::proxy (line 75)
[INFO] [stdout] 
[INFO] [stdout] test result: FAILED. 125 passed; 1 failed; 0 ignored; 0 measured; 0 filtered out; finished in 23.84s
[INFO] [stdout] 
[INFO] [stderr] error: doctest failed, to rerun pass `--doc`
[INFO] running `Command { std: "docker" "inspect" "c677912b242aa3d09216be9be1f7e0e624a2dec115ca5cc3388ea418d88770b5", kill_on_drop: false }`
[INFO] running `Command { std: "docker" "rm" "-f" "c677912b242aa3d09216be9be1f7e0e624a2dec115ca5cc3388ea418d88770b5", kill_on_drop: false }`
[INFO] [stdout] c677912b242aa3d09216be9be1f7e0e624a2dec115ca5cc3388ea418d88770b5
