[INFO] fetching crate tus_client 0.1.1...
[INFO] testing tus_client-0.1.1 against beta-2024-12-08 for beta-1.84.0-4-retry
[INFO] extracting crate tus_client 0.1.1 into /workspace/builds/worker-4-tc2/source
[INFO] validating manifest of crates.io crate tus_client 0.1.1 on toolchain beta-2024-12-08
[INFO] running `Command { std: CARGO_HOME="/workspace/cargo-home" RUSTUP_HOME="/workspace/rustup-home" "/workspace/cargo-home/bin/cargo" "+beta-2024-12-08" "metadata" "--manifest-path" "Cargo.toml" "--no-deps", kill_on_drop: false }`
[INFO] started tweaking crates.io crate tus_client 0.1.1
[INFO] finished tweaking crates.io crate tus_client 0.1.1
[INFO] tweaked toml for crates.io crate tus_client 0.1.1 written to /workspace/builds/worker-4-tc2/source/Cargo.toml
[INFO] running `Command { std: CARGO_HOME="/workspace/cargo-home" RUSTUP_HOME="/workspace/rustup-home" "/workspace/cargo-home/bin/cargo" "+beta-2024-12-08" "generate-lockfile" "--manifest-path" "Cargo.toml", kill_on_drop: false }`
[INFO] [stderr]     Blocking waiting for file lock on package cache
[INFO] [stderr]     Updating crates.io index
[INFO] [stderr]     Blocking waiting for file lock on package cache
[INFO] [stderr]      Locking 202 packages to latest compatible versions
[INFO] [stderr]       Adding base64 v0.10.1 (available: v0.22.1)
[INFO] [stderr]       Adding rand v0.7.3 (available: v0.8.5)
[INFO] [stderr]       Adding reqwest v0.9.24 (available: v0.12.9)
[INFO] [stderr]       Adding wasi v0.10.0+wasi-snapshot-preview1 (available: v0.10.2+wasi-snapshot-preview1)
[INFO] running `Command { std: CARGO_HOME="/workspace/cargo-home" RUSTUP_HOME="/workspace/rustup-home" "/workspace/cargo-home/bin/cargo" "+beta-2024-12-08" "fetch" "--manifest-path" "Cargo.toml", kill_on_drop: false }`
[INFO] [stderr]     Blocking waiting for file lock on package cache
[INFO] running `Command { std: "docker" "create" "-v" "/var/lib/crater-agent-workspace/builds/worker-4-tc2/target:/opt/rustwide/target:rw,Z" "-v" "/var/lib/crater-agent-workspace/builds/worker-4-tc2/source:/opt/rustwide/workdir:ro,Z" "-v" "/var/lib/crater-agent-workspace/cargo-home:/opt/rustwide/cargo-home:ro,Z" "-v" "/var/lib/crater-agent-workspace/rustup-home:/opt/rustwide/rustup-home:ro,Z" "-e" "SOURCE_DIR=/opt/rustwide/workdir" "-e" "CARGO_TARGET_DIR=/opt/rustwide/target" "-e" "CARGO_HOME=/opt/rustwide/cargo-home" "-e" "RUSTUP_HOME=/opt/rustwide/rustup-home" "-w" "/opt/rustwide/workdir" "-m" "1610612736" "--user" "0:0" "--network" "none" "ghcr.io/rust-lang/crates-build-env/linux@sha256:f3a9d4ad9d972b27faf3965f35b62e55ba32bbce8f20bc8fe909558a86702fde" "/opt/rustwide/cargo-home/bin/cargo" "+beta-2024-12-08" "metadata" "--no-deps" "--format-version=1", kill_on_drop: false }`
[INFO] [stdout] 03d3f48fb98281e696458ac5f0f29f6b5a50879a9f3b89adc919d107681a8af7
[INFO] running `Command { std: "docker" "start" "-a" "03d3f48fb98281e696458ac5f0f29f6b5a50879a9f3b89adc919d107681a8af7", kill_on_drop: false }`
[INFO] running `Command { std: "docker" "inspect" "03d3f48fb98281e696458ac5f0f29f6b5a50879a9f3b89adc919d107681a8af7", kill_on_drop: false }`
[INFO] running `Command { std: "docker" "rm" "-f" "03d3f48fb98281e696458ac5f0f29f6b5a50879a9f3b89adc919d107681a8af7", kill_on_drop: false }`
[INFO] [stdout] 03d3f48fb98281e696458ac5f0f29f6b5a50879a9f3b89adc919d107681a8af7
[INFO] running `Command { std: "docker" "create" "-v" "/var/lib/crater-agent-workspace/builds/worker-4-tc2/target:/opt/rustwide/target:rw,Z" "-v" "/var/lib/crater-agent-workspace/builds/worker-4-tc2/source:/opt/rustwide/workdir:ro,Z" "-v" "/var/lib/crater-agent-workspace/cargo-home:/opt/rustwide/cargo-home:ro,Z" "-v" "/var/lib/crater-agent-workspace/rustup-home:/opt/rustwide/rustup-home:ro,Z" "-e" "SOURCE_DIR=/opt/rustwide/workdir" "-e" "CARGO_TARGET_DIR=/opt/rustwide/target" "-e" "CARGO_INCREMENTAL=0" "-e" "RUST_BACKTRACE=full" "-e" "RUSTFLAGS=--cap-lints=warn" "-e" "RUSTDOCFLAGS=--cap-lints=warn" "-e" "CARGO_HOME=/opt/rustwide/cargo-home" "-e" "RUSTUP_HOME=/opt/rustwide/rustup-home" "-w" "/opt/rustwide/workdir" "-m" "1610612736" "--user" "0:0" "--network" "none" "ghcr.io/rust-lang/crates-build-env/linux@sha256:f3a9d4ad9d972b27faf3965f35b62e55ba32bbce8f20bc8fe909558a86702fde" "/opt/rustwide/cargo-home/bin/cargo" "+beta-2024-12-08" "build" "--frozen" "--message-format=json", kill_on_drop: false }`
[INFO] [stdout] 61c8e4c83fc60ac208ccbd893d64f7526366b43af01e2284b520f255b9255689
[INFO] running `Command { std: "docker" "start" "-a" "61c8e4c83fc60ac208ccbd893d64f7526366b43af01e2284b520f255b9255689", kill_on_drop: false }`
[INFO] [stderr]    Compiling byteorder v1.5.0
[INFO] [stderr]    Compiling base64 v0.10.1
[INFO] [stderr]    Compiling tus_client v0.1.1 (/opt/rustwide/workdir)
[INFO] [stderr]     Finished `dev` profile [unoptimized + debuginfo] target(s) in 1.17s
[INFO] running `Command { std: "docker" "inspect" "61c8e4c83fc60ac208ccbd893d64f7526366b43af01e2284b520f255b9255689", kill_on_drop: false }`
[INFO] running `Command { std: "docker" "rm" "-f" "61c8e4c83fc60ac208ccbd893d64f7526366b43af01e2284b520f255b9255689", kill_on_drop: false }`
[INFO] [stdout] 61c8e4c83fc60ac208ccbd893d64f7526366b43af01e2284b520f255b9255689
[INFO] running `Command { std: "docker" "create" "-v" "/var/lib/crater-agent-workspace/builds/worker-4-tc2/target:/opt/rustwide/target:rw,Z" "-v" "/var/lib/crater-agent-workspace/builds/worker-4-tc2/source:/opt/rustwide/workdir:ro,Z" "-v" "/var/lib/crater-agent-workspace/cargo-home:/opt/rustwide/cargo-home:ro,Z" "-v" "/var/lib/crater-agent-workspace/rustup-home:/opt/rustwide/rustup-home:ro,Z" "-e" "SOURCE_DIR=/opt/rustwide/workdir" "-e" "CARGO_TARGET_DIR=/opt/rustwide/target" "-e" "CARGO_INCREMENTAL=0" "-e" "RUST_BACKTRACE=full" "-e" "RUSTFLAGS=--cap-lints=warn" "-e" "RUSTDOCFLAGS=--cap-lints=warn" "-e" "CARGO_HOME=/opt/rustwide/cargo-home" "-e" "RUSTUP_HOME=/opt/rustwide/rustup-home" "-w" "/opt/rustwide/workdir" "-m" "1610612736" "--user" "0:0" "--network" "none" "ghcr.io/rust-lang/crates-build-env/linux@sha256:f3a9d4ad9d972b27faf3965f35b62e55ba32bbce8f20bc8fe909558a86702fde" "/opt/rustwide/cargo-home/bin/cargo" "+beta-2024-12-08" "test" "--frozen" "--no-run" "--message-format=json", kill_on_drop: false }`
[INFO] [stdout] 85c230ac206b76d982baa12f698df5df39419421fc3df4e0fde5e584cb5bd7f4
[INFO] running `Command { std: "docker" "start" "-a" "85c230ac206b76d982baa12f698df5df39419421fc3df4e0fde5e584cb5bd7f4", kill_on_drop: false }`
[INFO] [stderr]    Compiling proc-macro2 v1.0.92
[INFO] [stderr]    Compiling unicode-ident v1.0.14
[INFO] [stderr]    Compiling libc v0.2.168
[INFO] [stderr]    Compiling cfg-if v1.0.0
[INFO] [stderr]    Compiling getrandom v0.1.16
[INFO] [stderr]    Compiling rustix v0.38.42
[INFO] [stderr]    Compiling linux-raw-sys v0.4.14
[INFO] [stderr]    Compiling bitflags v2.6.0
[INFO] [stderr]    Compiling once_cell v1.20.2
[INFO] [stderr]    Compiling fastrand v2.3.0
[INFO] [stderr]    Compiling quote v1.0.37
[INFO] [stderr]    Compiling syn v2.0.90
[INFO] [stderr]    Compiling rand_core v0.5.1
[INFO] [stderr]    Compiling tempfile v3.14.0
[INFO] [stderr]    Compiling zerocopy-derive v0.7.35
[INFO] [stderr]    Compiling zerocopy v0.7.35
[INFO] [stderr]    Compiling ppv-lite86 v0.2.20
[INFO] [stderr]    Compiling rand_chacha v0.2.2
[INFO] [stderr]    Compiling rand v0.7.3
[INFO] [stderr]    Compiling tus_client v0.1.1 (/opt/rustwide/workdir)
[INFO] [stdout] warning: unreachable pattern
[INFO] [stdout]    --> tests/client_tests.rs:100:13
[INFO] [stdout]     |
[INFO] [stdout] 100 |             _ => unreachable!(),
[INFO] [stdout]     |             ^ no value can reach this
[INFO] [stdout]     |
[INFO] [stdout] note: multiple earlier patterns match some of the same values
[INFO] [stdout]    --> tests/client_tests.rs:100:13
[INFO] [stdout]     |
[INFO] [stdout] 33  |             HttpMethod::Head => {
[INFO] [stdout]     |             ---------------- matches some of the same values
[INFO] [stdout] ...
[INFO] [stdout] 50  |             HttpMethod::Options => {
[INFO] [stdout]     |             ------------------- matches some of the same values
[INFO] [stdout] ...
[INFO] [stdout] 61  |             HttpMethod::Patch => {
[INFO] [stdout]     |             ----------------- matches some of the same values
[INFO] [stdout] ...
[INFO] [stdout] 81  |             HttpMethod::Post => {
[INFO] [stdout]     |             ---------------- matches some of the same values
[INFO] [stdout] ...
[INFO] [stdout] 100 |             _ => unreachable!(),
[INFO] [stdout]     |             ^ ...and 1 other patterns collectively make this unreachable
[INFO] [stdout]     = note: `#[warn(unreachable_patterns)]` on by default
[INFO] [stdout] 
[INFO] [stdout] 
[INFO] [stderr]     Finished `test` profile [unoptimized + debuginfo] target(s) in 11.11s
[INFO] running `Command { std: "docker" "inspect" "85c230ac206b76d982baa12f698df5df39419421fc3df4e0fde5e584cb5bd7f4", kill_on_drop: false }`
[INFO] running `Command { std: "docker" "rm" "-f" "85c230ac206b76d982baa12f698df5df39419421fc3df4e0fde5e584cb5bd7f4", kill_on_drop: false }`
[INFO] [stdout] 85c230ac206b76d982baa12f698df5df39419421fc3df4e0fde5e584cb5bd7f4
[INFO] running `Command { std: "docker" "create" "-v" "/var/lib/crater-agent-workspace/builds/worker-4-tc2/target:/opt/rustwide/target:rw,Z" "-v" "/var/lib/crater-agent-workspace/builds/worker-4-tc2/source:/opt/rustwide/workdir:ro,Z" "-v" "/var/lib/crater-agent-workspace/cargo-home:/opt/rustwide/cargo-home:ro,Z" "-v" "/var/lib/crater-agent-workspace/rustup-home:/opt/rustwide/rustup-home:ro,Z" "-e" "SOURCE_DIR=/opt/rustwide/workdir" "-e" "CARGO_TARGET_DIR=/opt/rustwide/target" "-e" "CARGO_INCREMENTAL=0" "-e" "RUST_BACKTRACE=full" "-e" "RUSTFLAGS=--cap-lints=warn" "-e" "RUSTDOCFLAGS=--cap-lints=warn" "-e" "CARGO_HOME=/opt/rustwide/cargo-home" "-e" "RUSTUP_HOME=/opt/rustwide/rustup-home" "-w" "/opt/rustwide/workdir" "-m" "1610612736" "--user" "0:0" "--network" "none" "ghcr.io/rust-lang/crates-build-env/linux@sha256:f3a9d4ad9d972b27faf3965f35b62e55ba32bbce8f20bc8fe909558a86702fde" "/opt/rustwide/cargo-home/bin/cargo" "+beta-2024-12-08" "test" "--frozen", kill_on_drop: false }`
[INFO] [stdout] beb31a8cc2982c4aec50b60b2a8d05c0ec4939194d8b0a722f5313951d27342b
[INFO] running `Command { std: "docker" "start" "-a" "beb31a8cc2982c4aec50b60b2a8d05c0ec4939194d8b0a722f5313951d27342b", kill_on_drop: false }`
[INFO] [stderr] warning: unreachable pattern
[INFO] [stderr]    --> tests/client_tests.rs:100:13
[INFO] [stderr]     |
[INFO] [stderr] 100 |             _ => unreachable!(),
[INFO] [stderr]     |             ^ no value can reach this
[INFO] [stderr]     |
[INFO] [stderr] note: multiple earlier patterns match some of the same values
[INFO] [stderr]    --> tests/client_tests.rs:100:13
[INFO] [stderr]     |
[INFO] [stderr] 33  |             HttpMethod::Head => {
[INFO] [stderr]     |             ---------------- matches some of the same values
[INFO] [stderr] ...
[INFO] [stderr] 50  |             HttpMethod::Options => {
[INFO] [stderr]     |             ------------------- matches some of the same values
[INFO] [stderr] ...
[INFO] [stderr] 61  |             HttpMethod::Patch => {
[INFO] [stderr]     |             ----------------- matches some of the same values
[INFO] [stderr] ...
[INFO] [stderr] 81  |             HttpMethod::Post => {
[INFO] [stderr]     |             ---------------- matches some of the same values
[INFO] [stderr] ...
[INFO] [stderr] 100 |             _ => unreachable!(),
[INFO] [stderr]     |             ^ ...and 1 other patterns collectively make this unreachable
[INFO] [stderr]     = note: `#[warn(unreachable_patterns)]` on by default
[INFO] [stderr] 
[INFO] [stderr] warning: `tus_client` (test "client_tests") generated 1 warning
[INFO] [stderr]     Finished `test` profile [unoptimized + debuginfo] target(s) in 0.11s
[INFO] [stderr]      Running unittests src/lib.rs (/opt/rustwide/target/debug/deps/tus_client-456dee32b124289f)
[INFO] [stdout] 
[INFO] [stderr]      Running tests/client_tests.rs (/opt/rustwide/target/debug/deps/client_tests-d580508a69cf388f)
[INFO] [stdout] running 0 tests
[INFO] [stdout] 
[INFO] [stdout] test result: ok. 0 passed; 0 failed; 0 ignored; 0 measured; 0 filtered out; finished in 0.00s
[INFO] [stdout] 
[INFO] [stdout] 
[INFO] [stdout] running 8 tests
[INFO] [stdout] test should_receive_204_after_deleting_file ... ok
[INFO] [stdout] test should_return_not_found_at_4xx_status ... ok
[INFO] [stdout] test should_report_correct_upload_progress ... ok
[INFO] [stdout] test should_return_server_info ... ok
[INFO] [stdout] test should_receive_upload_path_with_metadata ... ok
[INFO] [stdout] test should_upload_file ... ok
[INFO] [stdout] test should_upload_file_with_custom_chunk_size ... ok
[INFO] [stdout] test should_receive_upload_path ... ok
[INFO] [stdout] 
[INFO] [stdout] test result: ok. 8 passed; 0 failed; 0 ignored; 0 measured; 0 filtered out; finished in 1.09s
[INFO] [stderr]      Running tests/reqwest_tests.rs (/opt/rustwide/target/debug/deps/reqwest_tests-fcd640e1023af1fc)
[INFO] [stdout] 
[INFO] [stdout] 
[INFO] [stdout] running 0 tests
[INFO] [stdout] 
[INFO] [stdout] test result: ok. 0 passed; 0 failed; 0 ignored; 0 measured; 0 filtered out; finished in 0.00s
[INFO] [stdout] 
[INFO] [stderr]    Doc-tests tus_client
[INFO] [stdout] 
[INFO] [stdout] running 1 test
[INFO] [stdout] test src/lib.rs - (line 17) ... FAILED
[INFO] [stdout] 
[INFO] [stdout] failures:
[INFO] [stdout] 
[INFO] [stdout] ---- src/lib.rs - (line 17) stdout ----
[INFO] [stdout] error[E0432]: unresolved import `reqwest`
[INFO] [stdout]  --> src/lib.rs:20:5
[INFO] [stdout]   |
[INFO] [stdout] 6 | use reqwest;
[INFO] [stdout]   |     ^^^^^^^ no external crate `reqwest`
[INFO] [stdout] 
[INFO] [stdout] error[E0308]: mismatched types
[INFO] [stdout]    --> src/lib.rs:32:41
[INFO] [stdout]     |
[INFO] [stdout] 18  | .create("https://my.tus.server/files/", "/path/to/file")
[INFO] [stdout]     |  ------                                 ^^^^^^^^^^^^^^^ expected `&Path`, found `&str`
[INFO] [stdout]     |  |
[INFO] [stdout]     |  arguments to this method are incorrect
[INFO] [stdout]     |
[INFO] [stdout]     = note: expected reference `&Path`
[INFO] [stdout]                found reference `&'static str`
[INFO] [stdout] note: method defined here
[INFO] [stdout]    --> /opt/rustwide/workdir/src/lib.rs:244:12
[INFO] [stdout]     |
[INFO] [stdout] 244 |     pub fn create(&self, url: &str, path: &Path) -> Result<String, Error> {
[INFO] [stdout]     |            ^^^^^^
[INFO] [stdout] 
[INFO] [stdout] error[E0308]: mismatched types
[INFO] [stdout]    --> src/lib.rs:40:22
[INFO] [stdout]     |
[INFO] [stdout] 26  | .upload(&upload_url, "/path/to/file")
[INFO] [stdout]     |  ------              ^^^^^^^^^^^^^^^ expected `&Path`, found `&str`
[INFO] [stdout]     |  |
[INFO] [stdout]     |  arguments to this method are incorrect
[INFO] [stdout]     |
[INFO] [stdout]     = note: expected reference `&Path`
[INFO] [stdout]                found reference `&'static str`
[INFO] [stdout] note: method defined here
[INFO] [stdout]    --> /opt/rustwide/workdir/src/lib.rs:135:12
[INFO] [stdout]     |
[INFO] [stdout] 135 |     pub fn upload(&self, url: &str, path: &Path) -> Result<(), Error> {
[INFO] [stdout]     |            ^^^^^^
[INFO] [stdout] 
[INFO] [stdout] error: aborting due to 3 previous errors
[INFO] [stdout] 
[INFO] [stdout] Some errors have detailed explanations: E0308, E0432.
[INFO] [stdout] For more information about an error, try `rustc --explain E0308`.
[INFO] [stdout] Couldn't compile the test.
[INFO] [stdout] 
[INFO] [stdout] failures:
[INFO] [stdout]     src/lib.rs - (line 17)
[INFO] [stdout] 
[INFO] [stdout] test result: FAILED. 0 passed; 1 failed; 0 ignored; 0 measured; 0 filtered out; finished in 0.14s
[INFO] [stdout] 
[INFO] [stderr] error: doctest failed, to rerun pass `--doc`
[INFO] running `Command { std: "docker" "inspect" "beb31a8cc2982c4aec50b60b2a8d05c0ec4939194d8b0a722f5313951d27342b", kill_on_drop: false }`
[INFO] running `Command { std: "docker" "rm" "-f" "beb31a8cc2982c4aec50b60b2a8d05c0ec4939194d8b0a722f5313951d27342b", kill_on_drop: false }`
[INFO] [stdout] beb31a8cc2982c4aec50b60b2a8d05c0ec4939194d8b0a722f5313951d27342b
