[INFO] fetching crate tupley 0.1.1...
[INFO] testing tupley-0.1.1 against beta-2024-12-08 for beta-1.84.0-4-retry
[INFO] extracting crate tupley 0.1.1 into /workspace/builds/worker-6-tc2/source
[INFO] validating manifest of crates.io crate tupley 0.1.1 on toolchain beta-2024-12-08
[INFO] running `Command { std: CARGO_HOME="/workspace/cargo-home" RUSTUP_HOME="/workspace/rustup-home" "/workspace/cargo-home/bin/cargo" "+beta-2024-12-08" "metadata" "--manifest-path" "Cargo.toml" "--no-deps", kill_on_drop: false }`
[INFO] started tweaking crates.io crate tupley 0.1.1
[INFO] finished tweaking crates.io crate tupley 0.1.1
[INFO] tweaked toml for crates.io crate tupley 0.1.1 written to /workspace/builds/worker-6-tc2/source/Cargo.toml
[INFO] running `Command { std: CARGO_HOME="/workspace/cargo-home" RUSTUP_HOME="/workspace/rustup-home" "/workspace/cargo-home/bin/cargo" "+beta-2024-12-08" "generate-lockfile" "--manifest-path" "Cargo.toml", kill_on_drop: false }`
[INFO] running `Command { std: CARGO_HOME="/workspace/cargo-home" RUSTUP_HOME="/workspace/rustup-home" "/workspace/cargo-home/bin/cargo" "+beta-2024-12-08" "fetch" "--manifest-path" "Cargo.toml", kill_on_drop: false }`
[INFO] running `Command { std: "docker" "create" "-v" "/var/lib/crater-agent-workspace/builds/worker-6-tc2/target:/opt/rustwide/target:rw,Z" "-v" "/var/lib/crater-agent-workspace/builds/worker-6-tc2/source:/opt/rustwide/workdir:ro,Z" "-v" "/var/lib/crater-agent-workspace/cargo-home:/opt/rustwide/cargo-home:ro,Z" "-v" "/var/lib/crater-agent-workspace/rustup-home:/opt/rustwide/rustup-home:ro,Z" "-e" "SOURCE_DIR=/opt/rustwide/workdir" "-e" "CARGO_TARGET_DIR=/opt/rustwide/target" "-e" "CARGO_HOME=/opt/rustwide/cargo-home" "-e" "RUSTUP_HOME=/opt/rustwide/rustup-home" "-w" "/opt/rustwide/workdir" "-m" "1610612736" "--user" "0:0" "--network" "none" "ghcr.io/rust-lang/crates-build-env/linux@sha256:f3a9d4ad9d972b27faf3965f35b62e55ba32bbce8f20bc8fe909558a86702fde" "/opt/rustwide/cargo-home/bin/cargo" "+beta-2024-12-08" "metadata" "--no-deps" "--format-version=1", kill_on_drop: false }`
[INFO] [stdout] 0d42d341d4322c27de62e8f84a55c4ba77f7cb4114d1193828603d105f4c7357
[INFO] running `Command { std: "docker" "start" "-a" "0d42d341d4322c27de62e8f84a55c4ba77f7cb4114d1193828603d105f4c7357", kill_on_drop: false }`
[INFO] running `Command { std: "docker" "inspect" "0d42d341d4322c27de62e8f84a55c4ba77f7cb4114d1193828603d105f4c7357", kill_on_drop: false }`
[INFO] running `Command { std: "docker" "rm" "-f" "0d42d341d4322c27de62e8f84a55c4ba77f7cb4114d1193828603d105f4c7357", kill_on_drop: false }`
[INFO] [stdout] 0d42d341d4322c27de62e8f84a55c4ba77f7cb4114d1193828603d105f4c7357
[INFO] running `Command { std: "docker" "create" "-v" "/var/lib/crater-agent-workspace/builds/worker-6-tc2/target:/opt/rustwide/target:rw,Z" "-v" "/var/lib/crater-agent-workspace/builds/worker-6-tc2/source:/opt/rustwide/workdir:ro,Z" "-v" "/var/lib/crater-agent-workspace/cargo-home:/opt/rustwide/cargo-home:ro,Z" "-v" "/var/lib/crater-agent-workspace/rustup-home:/opt/rustwide/rustup-home:ro,Z" "-e" "SOURCE_DIR=/opt/rustwide/workdir" "-e" "CARGO_TARGET_DIR=/opt/rustwide/target" "-e" "CARGO_INCREMENTAL=0" "-e" "RUST_BACKTRACE=full" "-e" "RUSTFLAGS=--cap-lints=warn" "-e" "RUSTDOCFLAGS=--cap-lints=warn" "-e" "CARGO_HOME=/opt/rustwide/cargo-home" "-e" "RUSTUP_HOME=/opt/rustwide/rustup-home" "-w" "/opt/rustwide/workdir" "-m" "1610612736" "--user" "0:0" "--network" "none" "ghcr.io/rust-lang/crates-build-env/linux@sha256:f3a9d4ad9d972b27faf3965f35b62e55ba32bbce8f20bc8fe909558a86702fde" "/opt/rustwide/cargo-home/bin/cargo" "+beta-2024-12-08" "build" "--frozen" "--message-format=json", kill_on_drop: false }`
[INFO] [stdout] 21409013f17166317f7cc63bbd3a82b74b84bec75062111d185d61bc5d3dc3e3
[INFO] running `Command { std: "docker" "start" "-a" "21409013f17166317f7cc63bbd3a82b74b84bec75062111d185d61bc5d3dc3e3", kill_on_drop: false }`
[INFO] [stderr]    Compiling tupley v0.1.1 (/opt/rustwide/workdir)
[INFO] [stderr]     Finished `dev` profile [unoptimized + debuginfo] target(s) in 0.16s
[INFO] running `Command { std: "docker" "inspect" "21409013f17166317f7cc63bbd3a82b74b84bec75062111d185d61bc5d3dc3e3", kill_on_drop: false }`
[INFO] running `Command { std: "docker" "rm" "-f" "21409013f17166317f7cc63bbd3a82b74b84bec75062111d185d61bc5d3dc3e3", kill_on_drop: false }`
[INFO] [stdout] 21409013f17166317f7cc63bbd3a82b74b84bec75062111d185d61bc5d3dc3e3
[INFO] running `Command { std: "docker" "create" "-v" "/var/lib/crater-agent-workspace/builds/worker-6-tc2/target:/opt/rustwide/target:rw,Z" "-v" "/var/lib/crater-agent-workspace/builds/worker-6-tc2/source:/opt/rustwide/workdir:ro,Z" "-v" "/var/lib/crater-agent-workspace/cargo-home:/opt/rustwide/cargo-home:ro,Z" "-v" "/var/lib/crater-agent-workspace/rustup-home:/opt/rustwide/rustup-home:ro,Z" "-e" "SOURCE_DIR=/opt/rustwide/workdir" "-e" "CARGO_TARGET_DIR=/opt/rustwide/target" "-e" "CARGO_INCREMENTAL=0" "-e" "RUST_BACKTRACE=full" "-e" "RUSTFLAGS=--cap-lints=warn" "-e" "RUSTDOCFLAGS=--cap-lints=warn" "-e" "CARGO_HOME=/opt/rustwide/cargo-home" "-e" "RUSTUP_HOME=/opt/rustwide/rustup-home" "-w" "/opt/rustwide/workdir" "-m" "1610612736" "--user" "0:0" "--network" "none" "ghcr.io/rust-lang/crates-build-env/linux@sha256:f3a9d4ad9d972b27faf3965f35b62e55ba32bbce8f20bc8fe909558a86702fde" "/opt/rustwide/cargo-home/bin/cargo" "+beta-2024-12-08" "test" "--frozen" "--no-run" "--message-format=json", kill_on_drop: false }`
[INFO] [stdout] 5a549b5ec0d486fe269708f89a7d6c93d02c3a791d9828bbd20b31c96bbbd4db
[INFO] running `Command { std: "docker" "start" "-a" "5a549b5ec0d486fe269708f89a7d6c93d02c3a791d9828bbd20b31c96bbbd4db", kill_on_drop: false }`
[INFO] [stderr]    Compiling tupley v0.1.1 (/opt/rustwide/workdir)
[INFO] [stderr]     Finished `test` profile [unoptimized + debuginfo] target(s) in 0.64s
[INFO] running `Command { std: "docker" "inspect" "5a549b5ec0d486fe269708f89a7d6c93d02c3a791d9828bbd20b31c96bbbd4db", kill_on_drop: false }`
[INFO] running `Command { std: "docker" "rm" "-f" "5a549b5ec0d486fe269708f89a7d6c93d02c3a791d9828bbd20b31c96bbbd4db", kill_on_drop: false }`
[INFO] [stdout] 5a549b5ec0d486fe269708f89a7d6c93d02c3a791d9828bbd20b31c96bbbd4db
[INFO] running `Command { std: "docker" "create" "-v" "/var/lib/crater-agent-workspace/builds/worker-6-tc2/target:/opt/rustwide/target:rw,Z" "-v" "/var/lib/crater-agent-workspace/builds/worker-6-tc2/source:/opt/rustwide/workdir:ro,Z" "-v" "/var/lib/crater-agent-workspace/cargo-home:/opt/rustwide/cargo-home:ro,Z" "-v" "/var/lib/crater-agent-workspace/rustup-home:/opt/rustwide/rustup-home:ro,Z" "-e" "SOURCE_DIR=/opt/rustwide/workdir" "-e" "CARGO_TARGET_DIR=/opt/rustwide/target" "-e" "CARGO_INCREMENTAL=0" "-e" "RUST_BACKTRACE=full" "-e" "RUSTFLAGS=--cap-lints=warn" "-e" "RUSTDOCFLAGS=--cap-lints=warn" "-e" "CARGO_HOME=/opt/rustwide/cargo-home" "-e" "RUSTUP_HOME=/opt/rustwide/rustup-home" "-w" "/opt/rustwide/workdir" "-m" "1610612736" "--user" "0:0" "--network" "none" "ghcr.io/rust-lang/crates-build-env/linux@sha256:f3a9d4ad9d972b27faf3965f35b62e55ba32bbce8f20bc8fe909558a86702fde" "/opt/rustwide/cargo-home/bin/cargo" "+beta-2024-12-08" "test" "--frozen", kill_on_drop: false }`
[INFO] [stdout] 527d7979017db5106612821fa220875b7e8906e201c2414865988c0762f499f6
[INFO] running `Command { std: "docker" "start" "-a" "527d7979017db5106612821fa220875b7e8906e201c2414865988c0762f499f6", kill_on_drop: false }`
[INFO] [stderr]     Finished `test` profile [unoptimized + debuginfo] target(s) in 0.02s
[INFO] [stderr]      Running unittests src/lib.rs (/opt/rustwide/target/debug/deps/tupley-75f119a3ea1a4d72)
[INFO] [stdout] 
[INFO] [stdout] running 8 tests
[INFO] [stdout] test tests::tuple_add ... ok
[INFO] [stdout] test tests::tuple_as_to ... ok
[INFO] [stdout] test tests::tuple_len ... ok
[INFO] [stdout] test tests::tuple_is_empty ... ok
[INFO] [stdout] test tests::tuple_new ... ok
[INFO] [stdout] test tests::tuple_push ... ok
[INFO] [stdout] test tests::tuple_type ... ok
[INFO] [stdout] test tests::tuple_pattern ... ok
[INFO] [stdout] 
[INFO] [stdout] test result: ok. 8 passed; 0 failed; 0 ignored; 0 measured; 0 filtered out; finished in 0.01s
[INFO] [stdout] 
[INFO] [stderr]    Doc-tests tupley
[INFO] [stdout] 
[INFO] [stdout] running 14 tests
[INFO] [stdout] test src/lib.rs - (line 36) ... ok
[INFO] [stdout] test src/lib.rs - (line 105) ... ok
[INFO] [stdout] test src/lib.rs - (line 49) ... ok
[INFO] [stdout] test src/lib.rs - (line 66) ... ok
[INFO] [stdout] test src/lib.rs - (line 153) ... ok
[INFO] [stdout] test src/lib.rs - (line 80) ... ok
[INFO] [stdout] test src/lib.rs - (line 202) ... ok
[INFO] [stdout] test src/lib.rs - (line 180) ... ok
[INFO] [stdout] test src/lib.rs - (line 12) ... ok
[INFO] [stdout] test src/lib.rs - (line 136) ... ok
[INFO] [stdout] test src/tuple.rs - tuple::len (line 21) ... FAILED
[INFO] [stdout] test src/macros.rs - macros::tup_t (line 82) ... ok
[INFO] [stdout] test src/macros.rs - macros::tup_pat (line 37) ... ok
[INFO] [stdout] test src/macros.rs - macros::tup (line 7) ... ok
[INFO] [stdout] 
[INFO] [stdout] failures:
[INFO] [stdout] 
[INFO] [stdout] ---- src/tuple.rs - tuple::len (line 21) stdout ----
[INFO] [stdout] error[E0277]: the trait bound `tupley::tuple::Tuple<{integer}, tupley::tuple::Unit>: tupley::tuple::TupleLenRange<1, 3>` is not satisfied
[INFO] [stdout]   --> src/tuple.rs:33:18
[INFO] [stdout]    |
[INFO] [stdout] 15 |     len_in_range(t1);  // Yes
[INFO] [stdout]    |     ------------ ^^ the trait `tupley::tuple::TupleLenRange<1, 3>` is not implemented for `tupley::tuple::Tuple<{integer}, tupley::tuple::Unit>`
[INFO] [stdout]    |     |
[INFO] [stdout]    |     required by a bound introduced by this call
[INFO] [stdout]    |
[INFO] [stdout] note: required by a bound in `len_in_range`
[INFO] [stdout]   --> src/tuple.rs:27:24
[INFO] [stdout]    |
[INFO] [stdout] 9  |     fn len_in_range<T: TupleLenRange<1, 3>>(_: T) {}
[INFO] [stdout]    |                        ^^^^^^^^^^^^^^^^^^^ required by this bound in `len_in_range`
[INFO] [stdout] 
[INFO] [stdout] error[E0277]: the trait bound `tupley::tuple::Tuple<{integer}, tupley::tuple::Tuple<{integer}, tupley::tuple::Unit>>: tupley::tuple::TupleLenRange<1, 3>` is not satisfied
[INFO] [stdout]   --> src/tuple.rs:34:18
[INFO] [stdout]    |
[INFO] [stdout] 16 |     len_in_range(t2);  // Yes
[INFO] [stdout]    |     ------------ ^^ unsatisfied trait bound
[INFO] [stdout]    |     |
[INFO] [stdout]    |     required by a bound introduced by this call
[INFO] [stdout]    |
[INFO] [stdout]    = help: the trait `tupley::tuple::TupleLenRange<1, 3>` is not implemented for `tupley::tuple::Tuple<{integer}, tupley::tuple::Tuple<{integer}, tupley::tuple::Unit>>`
[INFO] [stdout] note: required by a bound in `len_in_range`
[INFO] [stdout]   --> src/tuple.rs:27:24
[INFO] [stdout]    |
[INFO] [stdout] 9  |     fn len_in_range<T: TupleLenRange<1, 3>>(_: T) {}
[INFO] [stdout]    |                        ^^^^^^^^^^^^^^^^^^^ required by this bound in `len_in_range`
[INFO] [stdout] 
[INFO] [stdout] error: aborting due to 2 previous errors
[INFO] [stdout] 
[INFO] [stdout] For more information about this error, try `rustc --explain E0277`.
[INFO] [stdout] Couldn't compile the test.
[INFO] [stdout] 
[INFO] [stdout] failures:
[INFO] [stdout]     src/tuple.rs - tuple::len (line 21)
[INFO] [stdout] 
[INFO] [stdout] test result: FAILED. 13 passed; 1 failed; 0 ignored; 0 measured; 0 filtered out; finished in 2.75s
[INFO] [stdout] 
[INFO] [stderr] error: doctest failed, to rerun pass `--doc`
[INFO] running `Command { std: "docker" "inspect" "527d7979017db5106612821fa220875b7e8906e201c2414865988c0762f499f6", kill_on_drop: false }`
[INFO] running `Command { std: "docker" "rm" "-f" "527d7979017db5106612821fa220875b7e8906e201c2414865988c0762f499f6", kill_on_drop: false }`
[INFO] [stdout] 527d7979017db5106612821fa220875b7e8906e201c2414865988c0762f499f6
