[INFO] fetching crate tuple-combinator 0.2.1...
[INFO] testing tuple-combinator-0.2.1 against beta-2024-12-08 for beta-1.84.0-4-retry
[INFO] extracting crate tuple-combinator 0.2.1 into /workspace/builds/worker-7-tc2/source
[INFO] validating manifest of crates.io crate tuple-combinator 0.2.1 on toolchain beta-2024-12-08
[INFO] running `Command { std: CARGO_HOME="/workspace/cargo-home" RUSTUP_HOME="/workspace/rustup-home" "/workspace/cargo-home/bin/cargo" "+beta-2024-12-08" "metadata" "--manifest-path" "Cargo.toml" "--no-deps", kill_on_drop: false }`
[INFO] started tweaking crates.io crate tuple-combinator 0.2.1
[INFO] finished tweaking crates.io crate tuple-combinator 0.2.1
[INFO] tweaked toml for crates.io crate tuple-combinator 0.2.1 written to /workspace/builds/worker-7-tc2/source/Cargo.toml
[INFO] running `Command { std: CARGO_HOME="/workspace/cargo-home" RUSTUP_HOME="/workspace/rustup-home" "/workspace/cargo-home/bin/cargo" "+beta-2024-12-08" "generate-lockfile" "--manifest-path" "Cargo.toml", kill_on_drop: false }`
[INFO] running `Command { std: CARGO_HOME="/workspace/cargo-home" RUSTUP_HOME="/workspace/rustup-home" "/workspace/cargo-home/bin/cargo" "+beta-2024-12-08" "fetch" "--manifest-path" "Cargo.toml", kill_on_drop: false }`
[INFO] running `Command { std: "docker" "create" "-v" "/var/lib/crater-agent-workspace/builds/worker-7-tc2/target:/opt/rustwide/target:rw,Z" "-v" "/var/lib/crater-agent-workspace/builds/worker-7-tc2/source:/opt/rustwide/workdir:ro,Z" "-v" "/var/lib/crater-agent-workspace/cargo-home:/opt/rustwide/cargo-home:ro,Z" "-v" "/var/lib/crater-agent-workspace/rustup-home:/opt/rustwide/rustup-home:ro,Z" "-e" "SOURCE_DIR=/opt/rustwide/workdir" "-e" "CARGO_TARGET_DIR=/opt/rustwide/target" "-e" "CARGO_HOME=/opt/rustwide/cargo-home" "-e" "RUSTUP_HOME=/opt/rustwide/rustup-home" "-w" "/opt/rustwide/workdir" "-m" "1610612736" "--user" "0:0" "--network" "none" "ghcr.io/rust-lang/crates-build-env/linux@sha256:f3a9d4ad9d972b27faf3965f35b62e55ba32bbce8f20bc8fe909558a86702fde" "/opt/rustwide/cargo-home/bin/cargo" "+beta-2024-12-08" "metadata" "--no-deps" "--format-version=1", kill_on_drop: false }`
[INFO] [stdout] 7814c4d4427d03151dd46179bc32f434d8329cf7ff3ee79a36f85f532cf55afd
[INFO] running `Command { std: "docker" "start" "-a" "7814c4d4427d03151dd46179bc32f434d8329cf7ff3ee79a36f85f532cf55afd", kill_on_drop: false }`
[INFO] running `Command { std: "docker" "inspect" "7814c4d4427d03151dd46179bc32f434d8329cf7ff3ee79a36f85f532cf55afd", kill_on_drop: false }`
[INFO] running `Command { std: "docker" "rm" "-f" "7814c4d4427d03151dd46179bc32f434d8329cf7ff3ee79a36f85f532cf55afd", kill_on_drop: false }`
[INFO] [stdout] 7814c4d4427d03151dd46179bc32f434d8329cf7ff3ee79a36f85f532cf55afd
[INFO] running `Command { std: "docker" "create" "-v" "/var/lib/crater-agent-workspace/builds/worker-7-tc2/target:/opt/rustwide/target:rw,Z" "-v" "/var/lib/crater-agent-workspace/builds/worker-7-tc2/source:/opt/rustwide/workdir:ro,Z" "-v" "/var/lib/crater-agent-workspace/cargo-home:/opt/rustwide/cargo-home:ro,Z" "-v" "/var/lib/crater-agent-workspace/rustup-home:/opt/rustwide/rustup-home:ro,Z" "-e" "SOURCE_DIR=/opt/rustwide/workdir" "-e" "CARGO_TARGET_DIR=/opt/rustwide/target" "-e" "CARGO_INCREMENTAL=0" "-e" "RUST_BACKTRACE=full" "-e" "RUSTFLAGS=--cap-lints=warn" "-e" "RUSTDOCFLAGS=--cap-lints=warn" "-e" "CARGO_HOME=/opt/rustwide/cargo-home" "-e" "RUSTUP_HOME=/opt/rustwide/rustup-home" "-w" "/opt/rustwide/workdir" "-m" "1610612736" "--user" "0:0" "--network" "none" "ghcr.io/rust-lang/crates-build-env/linux@sha256:f3a9d4ad9d972b27faf3965f35b62e55ba32bbce8f20bc8fe909558a86702fde" "/opt/rustwide/cargo-home/bin/cargo" "+beta-2024-12-08" "build" "--frozen" "--message-format=json", kill_on_drop: false }`
[INFO] [stdout] ce58171ab6bb93ad516e3d92760d1635a0335f444699527853aa5e89d6c2a04b
[INFO] running `Command { std: "docker" "start" "-a" "ce58171ab6bb93ad516e3d92760d1635a0335f444699527853aa5e89d6c2a04b", kill_on_drop: false }`
[INFO] [stderr]    Compiling tuple-combinator v0.2.1 (/opt/rustwide/workdir)
[INFO] [stdout] warning: this attribute can only be applied to a `use` item
[INFO] [stdout]   --> src/lib.rs:23:7
[INFO] [stdout]    |
[INFO] [stdout] 23 | #[doc(inline)]
[INFO] [stdout]    |       ^^^^^^ only applicable on `use` items
[INFO] [stdout] 24 | pub trait TupleCombinator: Sized {
[INFO] [stdout]    | -------------------------------- not a `use` item
[INFO] [stdout]    |
[INFO] [stdout]    = note: read <https://doc.rust-lang.org/nightly/rustdoc/the-doc-attribute.html#inline-and-no_inline> for more information
[INFO] [stdout]    = note: `#[warn(invalid_doc_attributes)]` on by default
[INFO] [stdout] 
[INFO] [stdout] 
[INFO] [stdout] warning: this attribute can only be applied to a `use` item
[INFO] [stdout]    --> src/lib.rs:189:7
[INFO] [stdout]     |
[INFO] [stdout] 189 | #[doc(inline)]
[INFO] [stdout]     |       ^^^^^^ only applicable on `use` items
[INFO] [stdout] 190 | pub trait TupleReducer: Sized {
[INFO] [stdout]     | ----------------------------- not a `use` item
[INFO] [stdout]     |
[INFO] [stdout]     = note: read <https://doc.rust-lang.org/nightly/rustdoc/the-doc-attribute.html#inline-and-no_inline> for more information
[INFO] [stdout] 
[INFO] [stdout] 
[INFO] [stderr]     Finished `dev` profile [unoptimized + debuginfo] target(s) in 0.39s
[INFO] running `Command { std: "docker" "inspect" "ce58171ab6bb93ad516e3d92760d1635a0335f444699527853aa5e89d6c2a04b", kill_on_drop: false }`
[INFO] running `Command { std: "docker" "rm" "-f" "ce58171ab6bb93ad516e3d92760d1635a0335f444699527853aa5e89d6c2a04b", kill_on_drop: false }`
[INFO] [stdout] ce58171ab6bb93ad516e3d92760d1635a0335f444699527853aa5e89d6c2a04b
[INFO] running `Command { std: "docker" "create" "-v" "/var/lib/crater-agent-workspace/builds/worker-7-tc2/target:/opt/rustwide/target:rw,Z" "-v" "/var/lib/crater-agent-workspace/builds/worker-7-tc2/source:/opt/rustwide/workdir:ro,Z" "-v" "/var/lib/crater-agent-workspace/cargo-home:/opt/rustwide/cargo-home:ro,Z" "-v" "/var/lib/crater-agent-workspace/rustup-home:/opt/rustwide/rustup-home:ro,Z" "-e" "SOURCE_DIR=/opt/rustwide/workdir" "-e" "CARGO_TARGET_DIR=/opt/rustwide/target" "-e" "CARGO_INCREMENTAL=0" "-e" "RUST_BACKTRACE=full" "-e" "RUSTFLAGS=--cap-lints=warn" "-e" "RUSTDOCFLAGS=--cap-lints=warn" "-e" "CARGO_HOME=/opt/rustwide/cargo-home" "-e" "RUSTUP_HOME=/opt/rustwide/rustup-home" "-w" "/opt/rustwide/workdir" "-m" "1610612736" "--user" "0:0" "--network" "none" "ghcr.io/rust-lang/crates-build-env/linux@sha256:f3a9d4ad9d972b27faf3965f35b62e55ba32bbce8f20bc8fe909558a86702fde" "/opt/rustwide/cargo-home/bin/cargo" "+beta-2024-12-08" "test" "--frozen" "--no-run" "--message-format=json", kill_on_drop: false }`
[INFO] [stdout] 73eef23cc88d8f2f226f96ac0acf70b51aaed8b8bf88c6bace15fef622d33108
[INFO] running `Command { std: "docker" "start" "-a" "73eef23cc88d8f2f226f96ac0acf70b51aaed8b8bf88c6bace15fef622d33108", kill_on_drop: false }`
[INFO] [stdout] warning: this attribute can only be applied to a `use` item
[INFO] [stdout]   --> src/lib.rs:23:7
[INFO] [stdout]    |
[INFO] [stdout] 23 | #[doc(inline)]
[INFO] [stdout]    |       ^^^^^^ only applicable on `use` items
[INFO] [stdout] 24 | pub trait TupleCombinator: Sized {
[INFO] [stdout]    | -------------------------------- not a `use` item
[INFO] [stdout]    |
[INFO] [stdout]    = note: read <https://doc.rust-lang.org/nightly/rustdoc/the-doc-attribute.html#inline-and-no_inline> for more information
[INFO] [stdout]    = note: `#[warn(invalid_doc_attributes)]` on by default
[INFO] [stdout] 
[INFO] [stdout] 
[INFO] [stderr]    Compiling tuple-combinator v0.2.1 (/opt/rustwide/workdir)
[INFO] [stdout] warning: this attribute can only be applied to a `use` item
[INFO] [stdout]    --> src/lib.rs:189:7
[INFO] [stdout]     |
[INFO] [stdout] 189 | #[doc(inline)]
[INFO] [stdout]     |       ^^^^^^ only applicable on `use` items
[INFO] [stdout] 190 | pub trait TupleReducer: Sized {
[INFO] [stdout]     | ----------------------------- not a `use` item
[INFO] [stdout]     |
[INFO] [stdout]     = note: read <https://doc.rust-lang.org/nightly/rustdoc/the-doc-attribute.html#inline-and-no_inline> for more information
[INFO] [stdout] 
[INFO] [stdout] 
[INFO] [stdout] warning: this attribute can only be applied to a `use` item
[INFO] [stdout]   --> src/lib.rs:23:7
[INFO] [stdout]    |
[INFO] [stdout] 23 | #[doc(inline)]
[INFO] [stdout]    |       ^^^^^^ only applicable on `use` items
[INFO] [stdout] 24 | pub trait TupleCombinator: Sized {
[INFO] [stdout]    | -------------------------------- not a `use` item
[INFO] [stdout]    |
[INFO] [stdout]    = note: read <https://doc.rust-lang.org/nightly/rustdoc/the-doc-attribute.html#inline-and-no_inline> for more information
[INFO] [stdout]    = note: `#[warn(invalid_doc_attributes)]` on by default
[INFO] [stdout] 
[INFO] [stdout] 
[INFO] [stdout] warning: this attribute can only be applied to a `use` item
[INFO] [stdout]    --> src/lib.rs:189:7
[INFO] [stdout]     |
[INFO] [stdout] 189 | #[doc(inline)]
[INFO] [stdout]     |       ^^^^^^ only applicable on `use` items
[INFO] [stdout] 190 | pub trait TupleReducer: Sized {
[INFO] [stdout]     | ----------------------------- not a `use` item
[INFO] [stdout]     |
[INFO] [stdout]     = note: read <https://doc.rust-lang.org/nightly/rustdoc/the-doc-attribute.html#inline-and-no_inline> for more information
[INFO] [stdout] 
[INFO] [stdout] 
[INFO] [stderr]     Finished `test` profile [unoptimized + debuginfo] target(s) in 0.71s
[INFO] running `Command { std: "docker" "inspect" "73eef23cc88d8f2f226f96ac0acf70b51aaed8b8bf88c6bace15fef622d33108", kill_on_drop: false }`
[INFO] running `Command { std: "docker" "rm" "-f" "73eef23cc88d8f2f226f96ac0acf70b51aaed8b8bf88c6bace15fef622d33108", kill_on_drop: false }`
[INFO] [stdout] 73eef23cc88d8f2f226f96ac0acf70b51aaed8b8bf88c6bace15fef622d33108
[INFO] running `Command { std: "docker" "create" "-v" "/var/lib/crater-agent-workspace/builds/worker-7-tc2/target:/opt/rustwide/target:rw,Z" "-v" "/var/lib/crater-agent-workspace/builds/worker-7-tc2/source:/opt/rustwide/workdir:ro,Z" "-v" "/var/lib/crater-agent-workspace/cargo-home:/opt/rustwide/cargo-home:ro,Z" "-v" "/var/lib/crater-agent-workspace/rustup-home:/opt/rustwide/rustup-home:ro,Z" "-e" "SOURCE_DIR=/opt/rustwide/workdir" "-e" "CARGO_TARGET_DIR=/opt/rustwide/target" "-e" "CARGO_INCREMENTAL=0" "-e" "RUST_BACKTRACE=full" "-e" "RUSTFLAGS=--cap-lints=warn" "-e" "RUSTDOCFLAGS=--cap-lints=warn" "-e" "CARGO_HOME=/opt/rustwide/cargo-home" "-e" "RUSTUP_HOME=/opt/rustwide/rustup-home" "-w" "/opt/rustwide/workdir" "-m" "1610612736" "--user" "0:0" "--network" "none" "ghcr.io/rust-lang/crates-build-env/linux@sha256:f3a9d4ad9d972b27faf3965f35b62e55ba32bbce8f20bc8fe909558a86702fde" "/opt/rustwide/cargo-home/bin/cargo" "+beta-2024-12-08" "test" "--frozen", kill_on_drop: false }`
[INFO] [stdout] 4fba40e023aedb70bc2843de6b997c655c36ed822f248bfef232e009a2285969
[INFO] running `Command { std: "docker" "start" "-a" "4fba40e023aedb70bc2843de6b997c655c36ed822f248bfef232e009a2285969", kill_on_drop: false }`
[INFO] [stderr] warning: this attribute can only be applied to a `use` item
[INFO] [stderr]   --> src/lib.rs:23:7
[INFO] [stderr]    |
[INFO] [stderr] 23 | #[doc(inline)]
[INFO] [stderr]    |       ^^^^^^ only applicable on `use` items
[INFO] [stderr] 24 | pub trait TupleCombinator: Sized {
[INFO] [stderr]    | -------------------------------- not a `use` item
[INFO] [stderr]    |
[INFO] [stderr]    = note: read <https://doc.rust-lang.org/nightly/rustdoc/the-doc-attribute.html#inline-and-no_inline> for more information
[INFO] [stderr]    = note: `#[warn(invalid_doc_attributes)]` on by default
[INFO] [stderr] 
[INFO] [stderr] warning: this attribute can only be applied to a `use` item
[INFO] [stderr]    --> src/lib.rs:189:7
[INFO] [stderr]     |
[INFO] [stderr] 189 | #[doc(inline)]
[INFO] [stderr]     |       ^^^^^^ only applicable on `use` items
[INFO] [stderr] 190 | pub trait TupleReducer: Sized {
[INFO] [stderr]     | ----------------------------- not a `use` item
[INFO] [stderr]     |
[INFO] [stderr]     = note: read <https://doc.rust-lang.org/nightly/rustdoc/the-doc-attribute.html#inline-and-no_inline> for more information
[INFO] [stderr] 
[INFO] [stderr] warning: `tuple-combinator` (lib) generated 2 warnings
[INFO] [stderr] warning: `tuple-combinator` (lib test) generated 2 warnings (2 duplicates)
[INFO] [stderr]     Finished `test` profile [unoptimized + debuginfo] target(s) in 0.01s
[INFO] [stderr]      Running unittests src/lib.rs (/opt/rustwide/target/debug/deps/tuple_combinator-7188fc0421fb6b50)
[INFO] [stdout] 
[INFO] [stdout] running 9 tests
[INFO] [stdout] test impl_tests::fold_strict_base ... ok
[INFO] [stdout] test impl_tests::strict_ref_slice_base ... ok
[INFO] [stdout] test impl_tests::ref_slice_base ... ok
[INFO] [stdout] test impl_tests::fold_sum ... ok
[INFO] [stdout] test impl_tests::strict_mut_slice_base ... ok
[INFO] [stdout] test impl_tests::fold_none_as_nuke ... ok
[INFO] [stdout] test impl_tests::mut_slice_base ... ok
[INFO] [stdout] test impl_tests::fold_mixed ... ok
[INFO] [stdout] test impl_tests::fold_none_as_reset ... ok
[INFO] [stdout] 
[INFO] [stdout] test result: ok. 9 passed; 0 failed; 0 ignored; 0 measured; 0 filtered out; finished in 0.01s
[INFO] [stdout] 
[INFO] [stderr]    Doc-tests tuple_combinator
[INFO] [stdout] 
[INFO] [stdout] running 20 tests
[INFO] [stdout] test src/lib.rs - TupleCombinator::unwrap (line 77) ... FAILED
[INFO] [stdout] test src/lib.rs - TupleCombinator::expect (line 59) ... FAILED
[INFO] [stdout] test src/lib.rs - TupleCombinator::and_then (line 101) ... ok
[INFO] [stdout] test src/lib.rs - TupleCombinator::unwrap (line 69) ... ok
[INFO] [stdout] test src/lib.rs - (line 6) ... ok
[INFO] [stdout] test src/lib.rs - TupleCombinator::transpose (line 29) ... ok
[INFO] [stdout] test src/lib.rs - TupleReducer::fold (line 198) ... ok
[INFO] [stdout] test src/lib.rs - TupleCombinator::map (line 40) ... ok
[INFO] [stdout] test src/lib.rs - TupleCombinator::or (line 124) ... ok
[INFO] [stdout] test src/lib.rs - TupleCombinator::and (line 87) ... ok
[INFO] [stdout] test src/lib.rs - TupleCombinator::xor (line 150) ... ok
[INFO] [stdout] test src/lib.rs - TupleCombinator::or_else (line 138) ... ok
[INFO] [stdout] test src/lib.rs - TupleReducer::strict_mut_slice (line 321) ... ok
[INFO] [stdout] test src/lib.rs - TupleCombinator::filter (line 113) ... ok
[INFO] [stdout] test src/lib.rs - TupleReducer::fold_strict (line 221) ... ok
[INFO] [stdout] test src/lib.rs - TupleCombinator::expect (line 53) ... ok
[INFO] [stdout] test src/lib.rs - TupleReducer::strict_ref_slice (line 271) ... ok
[INFO] [stdout] test src/lib.rs - TupleReducer (line 164) ... ok
[INFO] [stdout] test src/lib.rs - TupleReducer::mut_slice (line 298) ... ok
[INFO] [stdout] test src/lib.rs - TupleReducer::ref_slice (line 241) ... ok
[INFO] [stdout] 
[INFO] [stdout] failures:
[INFO] [stdout] 
[INFO] [stdout] ---- src/lib.rs - TupleCombinator::unwrap (line 77) stdout ----
[INFO] [stdout] Test executable failed (exit status: 101).
[INFO] [stdout] 
[INFO] [stdout] stderr:
[INFO] [stdout] thread 'main' panicked at /opt/rustwide/workdir/src/lib.rs:83:26:
[INFO] [stdout] called `Option::unwrap()` on a `None` value
[INFO] [stdout] stack backtrace:
[INFO] [stdout]    0:     0x651e6dde461a - std::backtrace_rs::backtrace::libunwind::trace::h8810477743020387
[INFO] [stdout]                                at /rustc/202008a1b8de96d2e5b6bc02d379db03a877d34d/library/std/src/../../backtrace/src/backtrace/libunwind.rs:116:5
[INFO] [stdout]    1:     0x651e6dde461a - std::backtrace_rs::backtrace::trace_unsynchronized::h3aa55355dd6c54a6
[INFO] [stdout]                                at /rustc/202008a1b8de96d2e5b6bc02d379db03a877d34d/library/std/src/../../backtrace/src/backtrace/mod.rs:66:5
[INFO] [stdout]    2:     0x651e6dde461a - std::sys::backtrace::_print_fmt::h8588b0f62410823f
[INFO] [stdout]                                at /rustc/202008a1b8de96d2e5b6bc02d379db03a877d34d/library/std/src/sys/backtrace.rs:66:9
[INFO] [stdout]    3:     0x651e6dde461a - <std::sys::backtrace::BacktraceLock::print::DisplayBacktrace as core::fmt::Display>::fmt::h98c26ac25ffe89bb
[INFO] [stdout]                                at /rustc/202008a1b8de96d2e5b6bc02d379db03a877d34d/library/std/src/sys/backtrace.rs:39:26
[INFO] [stdout]    4:     0x651e6ddffdf3 - core::fmt::rt::Argument::fmt::hf95377f4aebd453b
[INFO] [stdout]                                at /rustc/202008a1b8de96d2e5b6bc02d379db03a877d34d/library/core/src/fmt/rt.rs:177:76
[INFO] [stdout]    5:     0x651e6ddffdf3 - core::fmt::write::h0dd5f6e2238c7982
[INFO] [stdout]                                at /rustc/202008a1b8de96d2e5b6bc02d379db03a877d34d/library/core/src/fmt/mod.rs:1189:21
[INFO] [stdout]    6:     0x651e6dde2393 - std::io::Write::write_fmt::hc00bff0a88e08857
[INFO] [stdout]                                at /rustc/202008a1b8de96d2e5b6bc02d379db03a877d34d/library/std/src/io/mod.rs:1884:15
[INFO] [stdout]    7:     0x651e6dde4462 - std::sys::backtrace::BacktraceLock::print::h5c19c1c038ee186d
[INFO] [stdout]                                at /rustc/202008a1b8de96d2e5b6bc02d379db03a877d34d/library/std/src/sys/backtrace.rs:42:9
[INFO] [stdout]    8:     0x651e6dde542c - std::panicking::default_hook::{{closure}}::h77172f079a1fcb13
[INFO] [stdout]                                at /rustc/202008a1b8de96d2e5b6bc02d379db03a877d34d/library/std/src/panicking.rs:268:22
[INFO] [stdout]    9:     0x651e6dde5272 - std::panicking::default_hook::he5f8e3b203ccddba
[INFO] [stdout]                                at /rustc/202008a1b8de96d2e5b6bc02d379db03a877d34d/library/std/src/panicking.rs:295:9
[INFO] [stdout]   10:     0x651e6dde5a07 - std::panicking::rust_panic_with_hook::h53863d4e9018df39
[INFO] [stdout]                                at /rustc/202008a1b8de96d2e5b6bc02d379db03a877d34d/library/std/src/panicking.rs:801:13
[INFO] [stdout]   11:     0x651e6dde5866 - std::panicking::begin_panic_handler::{{closure}}::h67280e6fa0757873
[INFO] [stdout]                                at /rustc/202008a1b8de96d2e5b6bc02d379db03a877d34d/library/std/src/panicking.rs:667:13
[INFO] [stdout]   12:     0x651e6dde4af9 - std::sys::backtrace::__rust_end_short_backtrace::h1dac3f54d6fbbeb2
[INFO] [stdout]                                at /rustc/202008a1b8de96d2e5b6bc02d379db03a877d34d/library/std/src/sys/backtrace.rs:170:18
[INFO] [stdout]   13:     0x651e6dde552c - rust_begin_unwind
[INFO] [stdout]                                at /rustc/202008a1b8de96d2e5b6bc02d379db03a877d34d/library/std/src/panicking.rs:665:5
[INFO] [stdout]   14:     0x651e6ddc5040 - core::panicking::panic_fmt::h6792bd1b2bf01041
[INFO] [stdout]                                at /rustc/202008a1b8de96d2e5b6bc02d379db03a877d34d/library/core/src/panicking.rs:76:14
[INFO] [stdout]   15:     0x651e6ddc50cc - core::panicking::panic::hbb5c236a846c507c
[INFO] [stdout]                                at /rustc/202008a1b8de96d2e5b6bc02d379db03a877d34d/library/core/src/panicking.rs:148:5
[INFO] [stdout]   16:     0x651e6ddc5019 - core::option::unwrap_failed::hc5b7b0e3b50bafe9
[INFO] [stdout]                                at /rustc/202008a1b8de96d2e5b6bc02d379db03a877d34d/library/core/src/option.rs:2009:5
[INFO] [stdout]   17:     0x651e6ddc57c9 - tuple_combinator::TupleCombinator::unwrap::h0b5e16db62cb513a
[INFO] [stdout]   18:     0x651e6ddc5962 - rust_out::main::_doctest_main_src_lib_rs_77_0::h76c04f6c7adaee99
[INFO] [stdout]   19:     0x651e6ddc58e6 - rust_out::main::h57eefffa92e38ed0
[INFO] [stdout]   20:     0x651e6ddc58c3 - core::ops::function::FnOnce::call_once::hcb3872443a25b5b7
[INFO] [stdout]   21:     0x651e6ddc5866 - std::sys::backtrace::__rust_begin_short_backtrace::hb8f53f53663d2e9e
[INFO] [stdout]   22:     0x651e6ddc5849 - std::rt::lang_start::{{closure}}::h0d6bdb8cb611c7e9
[INFO] [stdout]   23:     0x651e6dde0a97 - core::ops::function::impls::<impl core::ops::function::FnOnce<A> for &F>::call_once::hba2470d01d3f5e41
[INFO] [stdout]                                at /rustc/202008a1b8de96d2e5b6bc02d379db03a877d34d/library/core/src/ops/function.rs:284:13
[INFO] [stdout]   24:     0x651e6dde0a97 - std::panicking::try::do_call::hc063fb73159aab72
[INFO] [stdout]                                at /rustc/202008a1b8de96d2e5b6bc02d379db03a877d34d/library/std/src/panicking.rs:557:40
[INFO] [stdout]   25:     0x651e6dde0a97 - std::panicking::try::h2767c6d245d3a3bb
[INFO] [stdout]                                at /rustc/202008a1b8de96d2e5b6bc02d379db03a877d34d/library/std/src/panicking.rs:520:19
[INFO] [stdout]   26:     0x651e6dde0a97 - std::panic::catch_unwind::h061c6ef75790da63
[INFO] [stdout]                                at /rustc/202008a1b8de96d2e5b6bc02d379db03a877d34d/library/std/src/panic.rs:358:14
[INFO] [stdout]   27:     0x651e6dde0a97 - std::rt::lang_start_internal::{{closure}}::h5c5e35b11a4b8c4e
[INFO] [stdout]                                at /rustc/202008a1b8de96d2e5b6bc02d379db03a877d34d/library/std/src/rt.rs:174:48
[INFO] [stdout]   28:     0x651e6dde0a97 - std::panicking::try::do_call::h705e99690a8109cc
[INFO] [stdout]                                at /rustc/202008a1b8de96d2e5b6bc02d379db03a877d34d/library/std/src/panicking.rs:557:40
[INFO] [stdout]   29:     0x651e6dde0a97 - std::panicking::try::he5f4452754ed9a34
[INFO] [stdout]                                at /rustc/202008a1b8de96d2e5b6bc02d379db03a877d34d/library/std/src/panicking.rs:520:19
[INFO] [stdout]   30:     0x651e6dde0a97 - std::panic::catch_unwind::h5db61b3bcbe883e5
[INFO] [stdout]                                at /rustc/202008a1b8de96d2e5b6bc02d379db03a877d34d/library/std/src/panic.rs:358:14
[INFO] [stdout]   31:     0x651e6dde0a97 - std::rt::lang_start_internal::h81da9b59bab665c6
[INFO] [stdout]                                at /rustc/202008a1b8de96d2e5b6bc02d379db03a877d34d/library/std/src/rt.rs:174:20
[INFO] [stdout]   32:     0x651e6ddc5827 - std::rt::lang_start::h2798034e47ddebf9
[INFO] [stdout]   33:     0x651e6ddc5985 - main
[INFO] [stdout]   34:     0x75252f434d90 - <unknown>
[INFO] [stdout]   35:     0x75252f434e40 - __libc_start_main
[INFO] [stdout]   36:     0x651e6ddc55d5 - _start
[INFO] [stdout]   37:                0x0 - <unknown>
[INFO] [stdout] 
[INFO] [stdout] 
[INFO] [stdout] ---- src/lib.rs - TupleCombinator::expect (line 59) stdout ----
[INFO] [stdout] Test executable failed (exit status: 101).
[INFO] [stdout] 
[INFO] [stdout] stderr:
[INFO] [stdout] thread 'main' panicked at /opt/rustwide/workdir/src/lib.rs:65:26:
[INFO] [stdout] will panic
[INFO] [stdout] stack backtrace:
[INFO] [stdout]    0:     0x5e3ea3b286ea - std::backtrace_rs::backtrace::libunwind::trace::h8810477743020387
[INFO] [stdout]                                at /rustc/202008a1b8de96d2e5b6bc02d379db03a877d34d/library/std/src/../../backtrace/src/backtrace/libunwind.rs:116:5
[INFO] [stdout]    1:     0x5e3ea3b286ea - std::backtrace_rs::backtrace::trace_unsynchronized::h3aa55355dd6c54a6
[INFO] [stdout]                                at /rustc/202008a1b8de96d2e5b6bc02d379db03a877d34d/library/std/src/../../backtrace/src/backtrace/mod.rs:66:5
[INFO] [stdout]    2:     0x5e3ea3b286ea - std::sys::backtrace::_print_fmt::h8588b0f62410823f
[INFO] [stdout]                                at /rustc/202008a1b8de96d2e5b6bc02d379db03a877d34d/library/std/src/sys/backtrace.rs:66:9
[INFO] [stdout]    3:     0x5e3ea3b286ea - <std::sys::backtrace::BacktraceLock::print::DisplayBacktrace as core::fmt::Display>::fmt::h98c26ac25ffe89bb
[INFO] [stdout]                                at /rustc/202008a1b8de96d2e5b6bc02d379db03a877d34d/library/std/src/sys/backtrace.rs:39:26
[INFO] [stdout]    4:     0x5e3ea3b43ec3 - core::fmt::rt::Argument::fmt::hf95377f4aebd453b
[INFO] [stdout]                                at /rustc/202008a1b8de96d2e5b6bc02d379db03a877d34d/library/core/src/fmt/rt.rs:177:76
[INFO] [stdout]    5:     0x5e3ea3b43ec3 - core::fmt::write::h0dd5f6e2238c7982
[INFO] [stdout]                                at /rustc/202008a1b8de96d2e5b6bc02d379db03a877d34d/library/core/src/fmt/mod.rs:1189:21
[INFO] [stdout]    6:     0x5e3ea3b26463 - std::io::Write::write_fmt::hc00bff0a88e08857
[INFO] [stdout]                                at /rustc/202008a1b8de96d2e5b6bc02d379db03a877d34d/library/std/src/io/mod.rs:1884:15
[INFO] [stdout]    7:     0x5e3ea3b28532 - std::sys::backtrace::BacktraceLock::print::h5c19c1c038ee186d
[INFO] [stdout]                                at /rustc/202008a1b8de96d2e5b6bc02d379db03a877d34d/library/std/src/sys/backtrace.rs:42:9
[INFO] [stdout]    8:     0x5e3ea3b294fc - std::panicking::default_hook::{{closure}}::h77172f079a1fcb13
[INFO] [stdout]                                at /rustc/202008a1b8de96d2e5b6bc02d379db03a877d34d/library/std/src/panicking.rs:268:22
[INFO] [stdout]    9:     0x5e3ea3b29342 - std::panicking::default_hook::he5f8e3b203ccddba
[INFO] [stdout]                                at /rustc/202008a1b8de96d2e5b6bc02d379db03a877d34d/library/std/src/panicking.rs:295:9
[INFO] [stdout]   10:     0x5e3ea3b29ad7 - std::panicking::rust_panic_with_hook::h53863d4e9018df39
[INFO] [stdout]                                at /rustc/202008a1b8de96d2e5b6bc02d379db03a877d34d/library/std/src/panicking.rs:801:13
[INFO] [stdout]   11:     0x5e3ea3b2996a - std::panicking::begin_panic_handler::{{closure}}::h67280e6fa0757873
[INFO] [stdout]                                at /rustc/202008a1b8de96d2e5b6bc02d379db03a877d34d/library/std/src/panicking.rs:674:13
[INFO] [stdout]   12:     0x5e3ea3b28bc9 - std::sys::backtrace::__rust_end_short_backtrace::h1dac3f54d6fbbeb2
[INFO] [stdout]                                at /rustc/202008a1b8de96d2e5b6bc02d379db03a877d34d/library/std/src/sys/backtrace.rs:170:18
[INFO] [stdout]   13:     0x5e3ea3b295fc - rust_begin_unwind
[INFO] [stdout]                                at /rustc/202008a1b8de96d2e5b6bc02d379db03a877d34d/library/std/src/panicking.rs:665:5
[INFO] [stdout]   14:     0x5e3ea3b090a0 - core::panicking::panic_fmt::h6792bd1b2bf01041
[INFO] [stdout]                                at /rustc/202008a1b8de96d2e5b6bc02d379db03a877d34d/library/core/src/panicking.rs:76:14
[INFO] [stdout]   15:     0x5e3ea3b0907b - core::panicking::panic_display::heec830c0b35a8bc8
[INFO] [stdout]                                at /rustc/202008a1b8de96d2e5b6bc02d379db03a877d34d/library/core/src/panicking.rs:269:5
[INFO] [stdout]   16:     0x5e3ea3b0907b - core::option::expect_failed::h036270c076a06b31
[INFO] [stdout]                                at /rustc/202008a1b8de96d2e5b6bc02d379db03a877d34d/library/core/src/option.rs:2018:5
[INFO] [stdout]   17:     0x5e3ea3b09962 - core::option::Option<T>::expect::h499d70cfb9ff3d12
[INFO] [stdout]   18:     0x5e3ea3b09830 - tuple_combinator::TupleCombinator::expect::h4976c07a833b7c66
[INFO] [stdout]   19:     0x5e3ea3b09a2e - rust_out::main::_doctest_main_src_lib_rs_59_0::he38f78368ca92b79
[INFO] [stdout]   20:     0x5e3ea3b099a6 - rust_out::main::h57eefffa92e38ed0
[INFO] [stdout]   21:     0x5e3ea3b09903 - core::ops::function::FnOnce::call_once::hcb3872443a25b5b7
[INFO] [stdout]   22:     0x5e3ea3b098a6 - std::sys::backtrace::__rust_begin_short_backtrace::hb8f53f53663d2e9e
[INFO] [stdout]   23:     0x5e3ea3b09889 - std::rt::lang_start::{{closure}}::h0d6bdb8cb611c7e9
[INFO] [stdout]   24:     0x5e3ea3b24b67 - core::ops::function::impls::<impl core::ops::function::FnOnce<A> for &F>::call_once::hba2470d01d3f5e41
[INFO] [stdout]                                at /rustc/202008a1b8de96d2e5b6bc02d379db03a877d34d/library/core/src/ops/function.rs:284:13
[INFO] [stdout]   25:     0x5e3ea3b24b67 - std::panicking::try::do_call::hc063fb73159aab72
[INFO] [stdout]                                at /rustc/202008a1b8de96d2e5b6bc02d379db03a877d34d/library/std/src/panicking.rs:557:40
[INFO] [stdout]   26:     0x5e3ea3b24b67 - std::panicking::try::h2767c6d245d3a3bb
[INFO] [stdout]                                at /rustc/202008a1b8de96d2e5b6bc02d379db03a877d34d/library/std/src/panicking.rs:520:19
[INFO] [stdout]   27:     0x5e3ea3b24b67 - std::panic::catch_unwind::h061c6ef75790da63
[INFO] [stdout]                                at /rustc/202008a1b8de96d2e5b6bc02d379db03a877d34d/library/std/src/panic.rs:358:14
[INFO] [stdout]   28:     0x5e3ea3b24b67 - std::rt::lang_start_internal::{{closure}}::h5c5e35b11a4b8c4e
[INFO] [stdout]                                at /rustc/202008a1b8de96d2e5b6bc02d379db03a877d34d/library/std/src/rt.rs:174:48
[INFO] [stdout]   29:     0x5e3ea3b24b67 - std::panicking::try::do_call::h705e99690a8109cc
[INFO] [stdout]                                at /rustc/202008a1b8de96d2e5b6bc02d379db03a877d34d/library/std/src/panicking.rs:557:40
[INFO] [stdout]   30:     0x5e3ea3b24b67 - std::panicking::try::he5f4452754ed9a34
[INFO] [stdout]                                at /rustc/202008a1b8de96d2e5b6bc02d379db03a877d34d/library/std/src/panicking.rs:520:19
[INFO] [stdout]   31:     0x5e3ea3b24b67 - std::panic::catch_unwind::h5db61b3bcbe883e5
[INFO] [stdout]                                at /rustc/202008a1b8de96d2e5b6bc02d379db03a877d34d/library/std/src/panic.rs:358:14
[INFO] [stdout]   32:     0x5e3ea3b24b67 - std::rt::lang_start_internal::h81da9b59bab665c6
[INFO] [stdout]                                at /rustc/202008a1b8de96d2e5b6bc02d379db03a877d34d/library/std/src/rt.rs:174:20
[INFO] [stdout]   33:     0x5e3ea3b09867 - std::rt::lang_start::h2798034e47ddebf9
[INFO] [stdout]   34:     0x5e3ea3b09a55 - main
[INFO] [stdout]   35:     0x77a1452b3d90 - <unknown>
[INFO] [stdout]   36:     0x77a1452b3e40 - __libc_start_main
[INFO] [stdout]   37:     0x5e3ea3b09635 - _start
[INFO] [stdout]   38:                0x0 - <unknown>
[INFO] [stdout] 
[INFO] [stdout] 
[INFO] [stdout] 
[INFO] [stdout] failures:
[INFO] [stdout]     src/lib.rs - TupleCombinator::expect (line 59)
[INFO] [stdout]     src/lib.rs - TupleCombinator::unwrap (line 77)
[INFO] [stdout] 
[INFO] [stdout] test result: FAILED. 18 passed; 2 failed; 0 ignored; 0 measured; 0 filtered out; finished in 1.10s
[INFO] [stdout] 
[INFO] [stderr] error: doctest failed, to rerun pass `--doc`
[INFO] running `Command { std: "docker" "inspect" "4fba40e023aedb70bc2843de6b997c655c36ed822f248bfef232e009a2285969", kill_on_drop: false }`
[INFO] running `Command { std: "docker" "rm" "-f" "4fba40e023aedb70bc2843de6b997c655c36ed822f248bfef232e009a2285969", kill_on_drop: false }`
[INFO] [stdout] 4fba40e023aedb70bc2843de6b997c655c36ed822f248bfef232e009a2285969
