[INFO] fetching crate tuiscope 0.3.1...
[INFO] testing tuiscope-0.3.1 against 1.83.0 for beta-1.84.0-4-retry
[INFO] extracting crate tuiscope 0.3.1 into /workspace/builds/worker-7-tc1/source
[INFO] validating manifest of crates.io crate tuiscope 0.3.1 on toolchain 1.83.0
[INFO] running `Command { std: CARGO_HOME="/workspace/cargo-home" RUSTUP_HOME="/workspace/rustup-home" "/workspace/cargo-home/bin/cargo" "+1.83.0" "metadata" "--manifest-path" "Cargo.toml" "--no-deps", kill_on_drop: false }`
[INFO] started tweaking crates.io crate tuiscope 0.3.1
[INFO] finished tweaking crates.io crate tuiscope 0.3.1
[INFO] tweaked toml for crates.io crate tuiscope 0.3.1 written to /workspace/builds/worker-7-tc1/source/Cargo.toml
[INFO] crate crates.io crate tuiscope 0.3.1 already has a lockfile, it will not be regenerated
[INFO] running `Command { std: CARGO_HOME="/workspace/cargo-home" RUSTUP_HOME="/workspace/rustup-home" "/workspace/cargo-home/bin/cargo" "+1.83.0" "fetch" "--manifest-path" "Cargo.toml", kill_on_drop: false }`
[INFO] running `Command { std: "docker" "create" "-v" "/var/lib/crater-agent-workspace/builds/worker-7-tc1/target:/opt/rustwide/target:rw,Z" "-v" "/var/lib/crater-agent-workspace/builds/worker-7-tc1/source:/opt/rustwide/workdir:ro,Z" "-v" "/var/lib/crater-agent-workspace/cargo-home:/opt/rustwide/cargo-home:ro,Z" "-v" "/var/lib/crater-agent-workspace/rustup-home:/opt/rustwide/rustup-home:ro,Z" "-e" "SOURCE_DIR=/opt/rustwide/workdir" "-e" "CARGO_TARGET_DIR=/opt/rustwide/target" "-e" "CARGO_HOME=/opt/rustwide/cargo-home" "-e" "RUSTUP_HOME=/opt/rustwide/rustup-home" "-w" "/opt/rustwide/workdir" "-m" "1610612736" "--user" "0:0" "--network" "none" "ghcr.io/rust-lang/crates-build-env/linux@sha256:f3a9d4ad9d972b27faf3965f35b62e55ba32bbce8f20bc8fe909558a86702fde" "/opt/rustwide/cargo-home/bin/cargo" "+1.83.0" "metadata" "--no-deps" "--format-version=1", kill_on_drop: false }`
[INFO] [stdout] 13aedbd0e1b63dadbaacb7b84778201e3d5e02881cbf788f9a2524f85ff8a15c
[INFO] running `Command { std: "docker" "start" "-a" "13aedbd0e1b63dadbaacb7b84778201e3d5e02881cbf788f9a2524f85ff8a15c", kill_on_drop: false }`
[INFO] running `Command { std: "docker" "inspect" "13aedbd0e1b63dadbaacb7b84778201e3d5e02881cbf788f9a2524f85ff8a15c", kill_on_drop: false }`
[INFO] running `Command { std: "docker" "rm" "-f" "13aedbd0e1b63dadbaacb7b84778201e3d5e02881cbf788f9a2524f85ff8a15c", kill_on_drop: false }`
[INFO] [stdout] 13aedbd0e1b63dadbaacb7b84778201e3d5e02881cbf788f9a2524f85ff8a15c
[INFO] running `Command { std: "docker" "create" "-v" "/var/lib/crater-agent-workspace/builds/worker-7-tc1/target:/opt/rustwide/target:rw,Z" "-v" "/var/lib/crater-agent-workspace/builds/worker-7-tc1/source:/opt/rustwide/workdir:ro,Z" "-v" "/var/lib/crater-agent-workspace/cargo-home:/opt/rustwide/cargo-home:ro,Z" "-v" "/var/lib/crater-agent-workspace/rustup-home:/opt/rustwide/rustup-home:ro,Z" "-e" "SOURCE_DIR=/opt/rustwide/workdir" "-e" "CARGO_TARGET_DIR=/opt/rustwide/target" "-e" "CARGO_INCREMENTAL=0" "-e" "RUST_BACKTRACE=full" "-e" "RUSTFLAGS=--cap-lints=warn" "-e" "RUSTDOCFLAGS=--cap-lints=warn" "-e" "CARGO_HOME=/opt/rustwide/cargo-home" "-e" "RUSTUP_HOME=/opt/rustwide/rustup-home" "-w" "/opt/rustwide/workdir" "-m" "1610612736" "--user" "0:0" "--network" "none" "ghcr.io/rust-lang/crates-build-env/linux@sha256:f3a9d4ad9d972b27faf3965f35b62e55ba32bbce8f20bc8fe909558a86702fde" "/opt/rustwide/cargo-home/bin/cargo" "+1.83.0" "build" "--frozen" "--message-format=json", kill_on_drop: false }`
[INFO] [stdout] 2fb495abd7309f3adf50d78859f2d3dbf911da3ec4dda7c4a7b05b8829331f24
[INFO] running `Command { std: "docker" "start" "-a" "2fb495abd7309f3adf50d78859f2d3dbf911da3ec4dda7c4a7b05b8829331f24", kill_on_drop: false }`
[INFO] [stderr]    Compiling cfg-if v1.0.0
[INFO] [stderr]    Compiling autocfg v1.1.0
[INFO] [stderr]    Compiling libc v0.2.147
[INFO] [stderr]    Compiling proc-macro2 v1.0.66
[INFO] [stderr]    Compiling unicode-ident v1.0.11
[INFO] [stderr]    Compiling once_cell v1.18.0
[INFO] [stderr]    Compiling scopeguard v1.2.0
[INFO] [stderr]    Compiling crossbeam-utils v0.8.16
[INFO] [stderr]    Compiling version_check v0.9.4
[INFO] [stderr]    Compiling parking_lot_core v0.9.8
[INFO] [stderr]    Compiling rustversion v1.0.14
[INFO] [stderr]    Compiling signal-hook v0.3.17
[INFO] [stderr]    Compiling zerocopy v0.7.25
[INFO] [stderr]    Compiling allocator-api2 v0.2.16
[INFO] [stderr]    Compiling log v0.4.19
[INFO] [stderr]    Compiling rayon-core v1.11.0
[INFO] [stderr]    Compiling either v1.9.0
[INFO] [stderr]    Compiling smallvec v1.11.0
[INFO] [stderr]    Compiling paste v1.0.14
[INFO] [stderr]    Compiling heck v0.4.1
[INFO] [stderr]    Compiling deranged v0.3.7
[INFO] [stderr]    Compiling num_threads v0.1.6
[INFO] [stderr]    Compiling time-core v0.1.1
[INFO] [stderr]    Compiling thiserror v1.0.44
[INFO] [stderr]    Compiling bitflags v2.3.3
[INFO] [stderr]    Compiling itertools v0.11.0
[INFO] [stderr]    Compiling ahash v0.8.6
[INFO] [stderr]    Compiling tracing-core v0.1.31
[INFO] [stderr]    Compiling thread_local v1.1.7
[INFO] [stderr]    Compiling cassowary v0.3.0
[INFO] [stderr]    Compiling memoffset v0.9.0
[INFO] [stderr]    Compiling crossbeam-epoch v0.9.15
[INFO] [stderr]    Compiling lock_api v0.4.10
[INFO] [stderr]    Compiling unicode-width v0.1.10
[INFO] [stderr]    Compiling equivalent v1.0.1
[INFO] [stderr]    Compiling unicode-segmentation v1.10.1
[INFO] [stderr]    Compiling pin-project-lite v0.2.11
[INFO] [stderr]    Compiling indoc v2.0.3
[INFO] [stderr]    Compiling fuzzy-matcher v0.3.7
[INFO] [stderr]    Compiling quote v1.0.32
[INFO] [stderr]    Compiling hashbrown v0.14.0
[INFO] [stderr]    Compiling syn v2.0.32
[INFO] [stderr]    Compiling signal-hook-registry v1.4.1
[INFO] [stderr]    Compiling mio v0.8.8
[INFO] [stderr]    Compiling crossbeam-channel v0.5.8
[INFO] [stderr]    Compiling num_cpus v1.16.0
[INFO] [stderr]    Compiling time v0.3.25
[INFO] [stderr]    Compiling crossbeam-deque v0.8.3
[INFO] [stderr]    Compiling parking_lot v0.12.1
[INFO] [stderr]    Compiling signal-hook-mio v0.2.3
[INFO] [stderr]    Compiling crossterm v0.27.0
[INFO] [stderr]    Compiling lru v0.12.0
[INFO] [stderr]    Compiling rayon v1.7.0
[INFO] [stderr]    Compiling indexmap v2.0.0
[INFO] [stderr]    Compiling strum_macros v0.25.3
[INFO] [stderr]    Compiling thiserror-impl v1.0.44
[INFO] [stderr]    Compiling tracing-attributes v0.1.26
[INFO] [stderr]    Compiling tracing v0.1.37
[INFO] [stderr]    Compiling strum v0.25.0
[INFO] [stderr]    Compiling ratatui v0.24.0
[INFO] [stderr]    Compiling tuiscope v0.3.1 (/opt/rustwide/workdir)
[INFO] [stderr]     Finished `dev` profile [unoptimized + debuginfo] target(s) in 19.30s
[INFO] running `Command { std: "docker" "inspect" "2fb495abd7309f3adf50d78859f2d3dbf911da3ec4dda7c4a7b05b8829331f24", kill_on_drop: false }`
[INFO] running `Command { std: "docker" "rm" "-f" "2fb495abd7309f3adf50d78859f2d3dbf911da3ec4dda7c4a7b05b8829331f24", kill_on_drop: false }`
[INFO] [stdout] 2fb495abd7309f3adf50d78859f2d3dbf911da3ec4dda7c4a7b05b8829331f24
[INFO] running `Command { std: "docker" "create" "-v" "/var/lib/crater-agent-workspace/builds/worker-7-tc1/target:/opt/rustwide/target:rw,Z" "-v" "/var/lib/crater-agent-workspace/builds/worker-7-tc1/source:/opt/rustwide/workdir:ro,Z" "-v" "/var/lib/crater-agent-workspace/cargo-home:/opt/rustwide/cargo-home:ro,Z" "-v" "/var/lib/crater-agent-workspace/rustup-home:/opt/rustwide/rustup-home:ro,Z" "-e" "SOURCE_DIR=/opt/rustwide/workdir" "-e" "CARGO_TARGET_DIR=/opt/rustwide/target" "-e" "CARGO_INCREMENTAL=0" "-e" "RUST_BACKTRACE=full" "-e" "RUSTFLAGS=--cap-lints=warn" "-e" "RUSTDOCFLAGS=--cap-lints=warn" "-e" "CARGO_HOME=/opt/rustwide/cargo-home" "-e" "RUSTUP_HOME=/opt/rustwide/rustup-home" "-w" "/opt/rustwide/workdir" "-m" "1610612736" "--user" "0:0" "--network" "none" "ghcr.io/rust-lang/crates-build-env/linux@sha256:f3a9d4ad9d972b27faf3965f35b62e55ba32bbce8f20bc8fe909558a86702fde" "/opt/rustwide/cargo-home/bin/cargo" "+1.83.0" "test" "--frozen" "--no-run" "--message-format=json", kill_on_drop: false }`
[INFO] [stdout] faa28f7e4f97ff7284d45ae3a1a93813371e17359839b247f098d9895839f1b1
[INFO] running `Command { std: "docker" "start" "-a" "faa28f7e4f97ff7284d45ae3a1a93813371e17359839b247f098d9895839f1b1", kill_on_drop: false }`
[INFO] [stderr]    Compiling autocfg v0.1.8
[INFO] [stderr]    Compiling futures-core v0.3.28
[INFO] [stderr]    Compiling rand_core v0.4.2
[INFO] [stderr]    Compiling log v0.4.19
[INFO] [stderr]    Compiling bitflags v2.3.3
[INFO] [stderr]    Compiling num-traits v0.2.16
[INFO] [stderr]    Compiling serde v1.0.183
[INFO] [stderr]    Compiling getrandom v0.2.10
[INFO] [stderr]    Compiling slab v0.4.9
[INFO] [stderr]    Compiling futures-channel v0.3.28
[INFO] [stderr]    Compiling futures-task v0.3.28
[INFO] [stderr]    Compiling memchr v2.5.0
[INFO] [stderr]    Compiling lazy_static v1.4.0
[INFO] [stderr]    Compiling serde_derive v1.0.183
[INFO] [stderr]    Compiling tracing-core v0.1.31
[INFO] [stderr]    Compiling serde_json v1.0.104
[INFO] [stderr]    Compiling rand_chacha v0.1.1
[INFO] [stderr]    Compiling rand_pcg v0.1.2
[INFO] [stderr]    Compiling mio v0.8.8
[INFO] [stderr]    Compiling futures-util v0.3.28
[INFO] [stderr]    Compiling rand_core v0.3.1
[INFO] [stderr]    Compiling futures-sink v0.3.28
[INFO] [stderr]    Compiling rustix v0.38.7
[INFO] [stderr]    Compiling rand v0.6.5
[INFO] [stderr]    Compiling futures-macro v0.3.28
[INFO] [stderr]    Compiling signal-hook-mio v0.2.3
[INFO] [stderr]    Compiling rand v0.4.6
[INFO] [stderr]    Compiling crossterm v0.27.0
[INFO] [stderr]    Compiling linux-raw-sys v0.4.5
[INFO] [stderr]    Compiling half v1.8.2
[INFO] [stderr]    Compiling plotters-backend v0.3.5
[INFO] [stderr]    Compiling regex-syntax v0.7.4
[INFO] [stderr]    Compiling itoa v1.0.9
[INFO] [stderr]    Compiling futures-io v0.3.28
[INFO] [stderr]    Compiling pin-utils v0.1.0
[INFO] [stderr]    Compiling ryu v1.0.15
[INFO] [stderr]    Compiling clap_lex v0.5.0
[INFO] [stderr]    Compiling ciborium-io v0.2.1
[INFO] [stderr]    Compiling anstyle v1.0.1
[INFO] [stderr]    Compiling ciborium-ll v0.2.1
[INFO] [stderr]    Compiling rand_isaac v0.1.1
[INFO] [stderr]    Compiling rand_xorshift v0.1.1
[INFO] [stderr]    Compiling rand v0.3.23
[INFO] [stderr]    Compiling plotters-svg v0.3.5
[INFO] [stderr]    Compiling clap_builder v4.3.19
[INFO] [stderr]    Compiling rand_hc v0.1.0
[INFO] [stderr]    Compiling rand_jitter v0.1.4
[INFO] [stderr]    Compiling rand_os v0.1.3
[INFO] [stderr]    Compiling rand_core v0.6.4
[INFO] [stderr]    Compiling itertools v0.10.5
[INFO] [stderr]    Compiling same-file v1.0.6
[INFO] [stderr]    Compiling iana-time-zone v0.1.57
[INFO] [stderr]    Compiling anyhow v1.0.72
[INFO] [stderr]    Compiling cast v0.3.0
[INFO] [stderr]    Compiling eyre v0.6.8
[INFO] [stderr]    Compiling cargo-husky v1.5.0
[INFO] [stderr]    Compiling overload v0.1.1
[INFO] [stderr]    Compiling ppv-lite86 v0.2.17
[INFO] [stderr]    Compiling ratatui v0.24.0
[INFO] [stderr]    Compiling regex-automata v0.3.6
[INFO] [stderr]    Compiling nu-ansi-term v0.46.0
[INFO] [stderr]    Compiling walkdir v2.3.3
[INFO] [stderr]    Compiling chrono v0.4.26
[INFO] [stderr]    Compiling rand_chacha v0.3.1
[INFO] [stderr]    Compiling plotters v0.3.5
[INFO] [stderr]    Compiling tracing v0.1.37
[INFO] [stderr]    Compiling libmath v0.2.1
[INFO] [stderr]    Compiling tracing-log v0.1.3
[INFO] [stderr]    Compiling uuid v0.8.2
[INFO] [stderr]    Compiling simplerand v1.3.0
[INFO] [stderr]    Compiling sharded-slab v0.1.4
[INFO] [stderr]    Compiling clap v4.3.19
[INFO] [stderr]    Compiling is-terminal v0.4.9
[INFO] [stderr]    Compiling tokio-macros v2.1.0
[INFO] [stderr]    Compiling oorandom v11.1.3
[INFO] [stderr]    Compiling indenter v0.3.3
[INFO] [stderr]    Compiling criterion-plot v0.5.0
[INFO] [stderr]    Compiling anes v0.1.6
[INFO] [stderr]    Compiling bytes v1.4.0
[INFO] [stderr]    Compiling tracing-subscriber v0.3.17
[INFO] [stderr]    Compiling rand v0.8.5
[INFO] [stderr]    Compiling tui-input v0.8.0
[INFO] [stderr]    Compiling regex v1.9.3
[INFO] [stderr]    Compiling fakeit v1.1.2
[INFO] [stderr]    Compiling tuiscope v0.3.1 (/opt/rustwide/workdir)
[INFO] [stderr]    Compiling tokio v1.32.0
[INFO] [stderr]    Compiling ciborium v0.2.1
[INFO] [stderr]    Compiling tinytemplate v1.2.1
[INFO] [stderr]    Compiling criterion v0.5.1
[INFO] [stderr]    Compiling futures-executor v0.3.28
[INFO] [stderr]    Compiling futures v0.3.28
[INFO] [stderr]     Finished `test` profile [unoptimized + debuginfo] target(s) in 27.24s
[INFO] running `Command { std: "docker" "inspect" "faa28f7e4f97ff7284d45ae3a1a93813371e17359839b247f098d9895839f1b1", kill_on_drop: false }`
[INFO] running `Command { std: "docker" "rm" "-f" "faa28f7e4f97ff7284d45ae3a1a93813371e17359839b247f098d9895839f1b1", kill_on_drop: false }`
[INFO] [stdout] faa28f7e4f97ff7284d45ae3a1a93813371e17359839b247f098d9895839f1b1
[INFO] running `Command { std: "docker" "create" "-v" "/var/lib/crater-agent-workspace/builds/worker-7-tc1/target:/opt/rustwide/target:rw,Z" "-v" "/var/lib/crater-agent-workspace/builds/worker-7-tc1/source:/opt/rustwide/workdir:ro,Z" "-v" "/var/lib/crater-agent-workspace/cargo-home:/opt/rustwide/cargo-home:ro,Z" "-v" "/var/lib/crater-agent-workspace/rustup-home:/opt/rustwide/rustup-home:ro,Z" "-e" "SOURCE_DIR=/opt/rustwide/workdir" "-e" "CARGO_TARGET_DIR=/opt/rustwide/target" "-e" "CARGO_INCREMENTAL=0" "-e" "RUST_BACKTRACE=full" "-e" "RUSTFLAGS=--cap-lints=warn" "-e" "RUSTDOCFLAGS=--cap-lints=warn" "-e" "CARGO_HOME=/opt/rustwide/cargo-home" "-e" "RUSTUP_HOME=/opt/rustwide/rustup-home" "-w" "/opt/rustwide/workdir" "-m" "1610612736" "--user" "0:0" "--network" "none" "ghcr.io/rust-lang/crates-build-env/linux@sha256:f3a9d4ad9d972b27faf3965f35b62e55ba32bbce8f20bc8fe909558a86702fde" "/opt/rustwide/cargo-home/bin/cargo" "+1.83.0" "test" "--frozen", kill_on_drop: false }`
[INFO] [stdout] d739cb7630d4eedb1def05e507066c6a5c881f378ade538ba2bd801a7c8b1813
[INFO] running `Command { std: "docker" "start" "-a" "d739cb7630d4eedb1def05e507066c6a5c881f378ade538ba2bd801a7c8b1813", kill_on_drop: false }`
[INFO] [stderr]     Finished `test` profile [unoptimized + debuginfo] target(s) in 0.19s
[INFO] [stderr]      Running unittests src/lib.rs (/opt/rustwide/target/debug/deps/tuiscope-56e2be8de54e05a4)
[INFO] [stdout] 
[INFO] [stdout] running 13 tests
[INFO] [stdout] test highlight::test::found_bug_1 ... ignored
[INFO] [stdout] test highlight::test::found_bug_2 ... ignored
[INFO] [stdout] test highlight::test::highlight_fun_mixture_one ... ok
[INFO] [stdout] test highlight::test::highlight_one_char_at_end ... ok
[INFO] [stdout] test highlight::test::highlight_three_char_at_end ... ok
[INFO] [stdout] test highlight::test::highlight_three_char_at_start ... ok
[INFO] [stdout] test highlight::test::no_highlight ... ok
[INFO] [stdout] test highlight::test::normal_apostrophes_are_ok ... ok
[INFO] [stdout] test highlight::test::normal_backticks_are_ok ... ok
[INFO] [stdout] test highlight::test::periods_are_ok ... ok
[INFO] [stdout] test highlight::test::highlight_one_char_at_start ... ok
[INFO] [stdout] test data::test::remove_option ... ok
[INFO] [stdout] test data::test::remove_options ... ok
[INFO] [stdout] 
[INFO] [stdout] test result: ok. 11 passed; 0 failed; 2 ignored; 0 measured; 0 filtered out; finished in 0.00s
[INFO] [stdout] 
[INFO] [stderr]    Doc-tests tuiscope
[INFO] [stdout] 
[INFO] [stdout] running 16 tests
[INFO] [stdout] test src/data.rs - data::FuzzyFinder (line 51) ... ok
[INFO] [stdout] test src/data.rs - data::FuzzyFinder<'a>::with_options (line 226) ... FAILED
[INFO] [stdout] test src/widget.rs - widget::FuzzyList<'a>::matched_char_style (line 54) ... ok
[INFO] [stdout] test src/widget.rs - widget::FuzzyList (line 16) ... ok
[INFO] [stdout] test src/widget.rs - widget::FuzzyList<'a>::block (line 39) ... ok
[INFO] [stdout] test src/widget.rs - widget::FuzzyList<'a>::selection_highlight_style (line 69) ... ok
[INFO] [stdout] test src/data.rs - data::FuzzyFinder<'a>::set_filter (line 189) ... ok
[INFO] [stdout] test src/data.rs - data::FuzzyFinder<'a>::select_prev (line 130) ... ok
[INFO] [stdout] test src/data.rs - data::FuzzyFinder<'a>::select_next (line 111) ... ok
[INFO] [stdout] test src/data.rs - data::FuzzyFinder<'a>::selection (line 162) ... ok
[INFO] [stdout] test src/data.rs - data::FuzzyFinder<'a>::remove_option (line 286) ... ok
[INFO] [stdout] test src/data.rs - data::FuzzyFinder<'a>::clear_filter (line 84) ... ok
[INFO] [stdout] test src/data.rs - data::FuzzyFinder<'a>::push_option (line 265) ... ok
[INFO] [stdout] test src/data.rs - data::FuzzyFinder<'a>::push_options (line 205) ... ok
[INFO] [stdout] test src/data.rs - data::FuzzyFinder<'a>::set_options (line 243) ... ok
[INFO] [stdout] test src/data.rs - data::FuzzyFinder<'a>::remove_options (line 301) ... ok
[INFO] [stdout] 
[INFO] [stdout] failures:
[INFO] [stdout] 
[INFO] [stdout] ---- src/data.rs - data::FuzzyFinder<'a>::with_options (line 226) stdout ----
[INFO] [stdout] error: linking with `cc` failed: exit status: 1
[INFO] [stdout]   |
[INFO] [stdout]   = note: LC_ALL="C" PATH="/opt/rustwide/rustup-home/toolchains/1.83.0-x86_64-unknown-linux-gnu/lib/rustlib/x86_64-unknown-linux-gnu/bin:/opt/rustwide/cargo-home/bin:/usr/local/sbin:/usr/local/bin:/usr/sbin:/usr/bin:/sbin:/bin" VSLANG="1033" "cc" "-m64" "/tmp/rustcKwAvi4/symbols.o" "/tmp/rustdoctestM0lM2S/rust_out.rust_out.cb03291d53e4e161-cgu.0.rcgu.o" "/tmp/rustdoctestM0lM2S/rust_out.1s7umcihpz0t7nkz1uc2ifee9.rcgu.o" "-Wl,--as-needed" "-Wl,-Bstatic" "/opt/rustwide/target/debug/deps/libtuiscope-b153015dd6f71d8e.rlib" "/opt/rustwide/target/debug/deps/libtracing-4e866a681ec6973c.rlib" "/opt/rustwide/target/debug/deps/libpin_project_lite-cc1e98f9bc64337e.rlib" "/opt/rustwide/target/debug/deps/libtracing_core-06e145582d68ea11.rlib" "/opt/rustwide/target/debug/deps/libthiserror-6733ecf6c474a234.rlib" "/opt/rustwide/target/debug/deps/libratatui-ce033a9780cf9990.rlib" "/opt/rustwide/target/debug/deps/libtime-c35b21b88dca7f0a.rlib" "/opt/rustwide/target/debug/deps/libnum_threads-eeca5c236a495363.rlib" "/opt/rustwide/target/debug/deps/libtime_core-6da022f1679474c4.rlib" "/opt/rustwide/target/debug/deps/libderanged-efd4f23ca667aad4.rlib" "/opt/rustwide/target/debug/deps/liblru-e813985524ff901b.rlib" "/opt/rustwide/target/debug/deps/libitertools-00e6b2d6895618d5.rlib" "/opt/rustwide/target/debug/deps/libcassowary-5ab49c4ed3f9613a.rlib" "/opt/rustwide/target/debug/deps/libunicode_segmentation-9df1ad563614ed14.rlib" "/opt/rustwide/target/debug/deps/libunicode_width-22b8c0ea0329cc1f.rlib" "/opt/rustwide/target/debug/deps/libcrossterm-83196574e93fa4c5.rlib" "/opt/rustwide/target/debug/deps/libbitflags-51ad41a1a86e06b2.rlib" "/opt/rustwide/target/debug/deps/libparking_lot-df28a68de5dd1a29.rlib" "/opt/rustwide/target/debug/deps/libparking_lot_core-bf9e37a9a0bb64f2.rlib" "/opt/rustwide/target/debug/deps/libsmallvec-014112b4937eb9ed.rlib" "/opt/rustwide/target/debug/deps/liblock_api-c5ea4535f37e2fec.rlib" "/opt/rustwide/target/debug/deps/libfutures_core-7cc61f7e23049e79.rlib" "/opt/rustwide/target/debug/deps/libsignal_hook_mio-389000ab0a740dea.rlib" "/opt/rustwide/target/debug/deps/libsignal_hook-841c73f1a5cc5fa3.rlib" "/opt/rustwide/target/debug/deps/libsignal_hook_registry-9eb65bbf0711b2d8.rlib" "/opt/rustwide/target/debug/deps/libmio-52047909f6afe353.rlib" "/opt/rustwide/target/debug/deps/liblog-4da15390e993c7d4.rlib" "/opt/rustwide/target/debug/deps/libstrum-34eb823cd603cf1d.rlib" "/opt/rustwide/target/debug/deps/libindexmap-5140fb3a9106d021.rlib" "/opt/rustwide/target/debug/deps/libequivalent-4d5cfde55792e26d.rlib" "/opt/rustwide/target/debug/deps/librayon-7a55f96aca9aab5d.rlib" "/opt/rustwide/target/debug/deps/librayon_core-d0409b8e7defc086.rlib" "/opt/rustwide/target/debug/deps/libnum_cpus-170e8e1c554ae4df.rlib" "/opt/rustwide/target/debug/deps/liblibc-20cb063b25bb3e81.rlib" "/opt/rustwide/target/debug/deps/libcrossbeam_deque-bb9b131d6e239689.rlib" "/opt/rustwide/target/debug/deps/libcrossbeam_epoch-6863849afdf36589.rlib" "/opt/rustwide/target/debug/deps/libmemoffset-c95ddc2c9c489e38.rlib" "/opt/rustwide/target/debug/deps/libscopeguard-d59b845c07f126eb.rlib" "/opt/rustwide/target/debug/deps/libcrossbeam_channel-83713ece7a1cd8ca.rlib" "/opt/rustwide/target/debug/deps/libcrossbeam_utils-c2fb0a4ad5fb7ff3.rlib" "/opt/rustwide/target/debug/deps/libeither-9717d743152a7aee.rlib" "/opt/rustwide/target/debug/deps/libhashbrown-ee6b9d8b6a0a1ac9.rlib" "/opt/rustwide/target/debug/deps/libahash-fb12d1a7e0e79993.rlib" "/opt/rustwide/target/debug/deps/libzerocopy-b095853ac6d32e2f.rlib" "/opt/rustwide/target/debug/deps/liballocator_api2-df08e7171a054a8c.rlib" "/opt/rustwide/target/debug/deps/libfuzzy_matcher-df6a960a8c994e8f.rlib" "/opt/rustwide/target/debug/deps/libthread_local-6ab12b39e4ce1a4b.rlib" "/opt/rustwide/target/debug/deps/libcfg_if-8217498f8667ada9.rlib" "/opt/rustwide/target/debug/deps/libonce_cell-9e1236caedf489e2.rlib" "/opt/rustwide/rustup-home/toolchains/1.83.0-x86_64-unknown-linux-gnu/lib/rustlib/x86_64-unknown-linux-gnu/lib/libstd-ca74a2d9c5166d9f.rlib" "/opt/rustwide/rustup-home/toolchains/1.83.0-x86_64-unknown-linux-gnu/lib/rustlib/x86_64-unknown-linux-gnu/lib/libpanic_unwind-e31ab23316ed5080.rlib" "/opt/rustwide/rustup-home/toolchains/1.83.0-x86_64-unknown-linux-gnu/lib/rustlib/x86_64-unknown-linux-gnu/lib/libobject-27dc4aa955912662.rlib" "/opt/rustwide/rustup-home/toolchains/1.83.0-x86_64-unknown-linux-gnu/lib/rustlib/x86_64-unknown-linux-gnu/lib/libmemchr-bd0d6cccce077b99.rlib" "/opt/rustwide/rustup-home/toolchains/1.83.0-x86_64-unknown-linux-gnu/lib/rustlib/x86_64-unknown-linux-gnu/lib/libaddr2line-8d001680935b5e3c.rlib" "/opt/rustwide/rustup-home/toolchains/1.83.0-x86_64-unknown-linux-gnu/lib/rustlib/x86_64-unknown-linux-gnu/lib/libgimli-ba8ce71964f984f4.rlib" "/opt/rustwide/rustup-home/toolchains/1.83.0-x86_64-unknown-linux-gnu/lib/rustlib/x86_64-unknown-linux-gnu/lib/librustc_demangle-99a73526abcec14b.rlib" "/opt/rustwide/rustup-home/toolchains/1.83.0-x86_64-unknown-linux-gnu/lib/rustlib/x86_64-unknown-linux-gnu/lib/libstd_detect-63ac0d22cff92579.rlib" "/opt/rustwide/rustup-home/toolchains/1.83.0-x86_64-unknown-linux-gnu/lib/rustlib/x86_64-unknown-linux-gnu/lib/libhashbrown-9057355c92c922d5.rlib" "/opt/rustwide/rustup-home/toolchains/1.83.0-x86_64-unknown-linux-gnu/lib/rustlib/x86_64-unknown-linux-gnu/lib/librustc_std_workspace_alloc-358be9bc1f6bab04.rlib" "/opt/rustwide/rustup-home/toolchains/1.83.0-x86_64-unknown-linux-gnu/lib/rustlib/x86_64-unknown-linux-gnu/lib/libminiz_oxide-aca15549d5bff974.rlib" "/opt/rustwide/rustup-home/toolchains/1.83.0-x86_64-unknown-linux-gnu/lib/rustlib/x86_64-unknown-linux-gnu/lib/libadler-8251d2cef7072448.rlib" "/opt/rustwide/rustup-home/toolchains/1.83.0-x86_64-unknown-linux-gnu/lib/rustlib/x86_64-unknown-linux-gnu/lib/libunwind-7d50b86011c66411.rlib" "/opt/rustwide/rustup-home/toolchains/1.83.0-x86_64-unknown-linux-gnu/lib/rustlib/x86_64-unknown-linux-gnu/lib/libcfg_if-51ea098fce5006bf.rlib" "/opt/rustwide/rustup-home/toolchains/1.83.0-x86_64-unknown-linux-gnu/lib/rustlib/x86_64-unknown-linux-gnu/lib/liblibc-5a14e0d0b712e731.rlib" "/opt/rustwide/rustup-home/toolchains/1.83.0-x86_64-unknown-linux-gnu/lib/rustlib/x86_64-unknown-linux-gnu/lib/liballoc-8b83dbf3a7b8f999.rlib" "/opt/rustwide/rustup-home/toolchains/1.83.0-x86_64-unknown-linux-gnu/lib/rustlib/x86_64-unknown-linux-gnu/lib/librustc_std_workspace_core-c6fd227bdc7b39ff.rlib" "/opt/rustwide/rustup-home/toolchains/1.83.0-x86_64-unknown-linux-gnu/lib/rustlib/x86_64-unknown-linux-gnu/lib/libcore-959d3389fa3da8a5.rlib" "/opt/rustwide/rustup-home/toolchains/1.83.0-x86_64-unknown-linux-gnu/lib/rustlib/x86_64-unknown-linux-gnu/lib/libcompiler_builtins-abe05db089cc2c62.rlib" "-Wl,-Bdynamic" "-lgcc_s" "-lutil" "-lrt" "-lpthread" "-lm" "-ldl" "-lc" "-Wl,--eh-frame-hdr" "-Wl,-z,noexecstack" "-L" "/opt/rustwide/rustup-home/toolchains/1.83.0-x86_64-unknown-linux-gnu/lib/rustlib/x86_64-unknown-linux-gnu/lib" "-o" "/tmp/rustdoctestM0lM2S/rust_out" "-Wl,--gc-sections" "-pie" "-Wl,-z,relro,-z,now" "-nodefaultlibs"
[INFO] [stdout]   = note: collect2: fatal error: ld terminated with signal 9 [Killed]
[INFO] [stdout]           compilation terminated.
[INFO] [stdout]           
[INFO] [stdout] 
[INFO] [stdout] error: aborting due to 1 previous error
[INFO] [stdout] 
[INFO] [stdout] Couldn't compile the test.
[INFO] [stdout] 
[INFO] [stdout] failures:
[INFO] [stdout]     src/data.rs - data::FuzzyFinder<'a>::with_options (line 226)
[INFO] [stdout] 
[INFO] [stdout] test result: FAILED. 15 passed; 1 failed; 0 ignored; 0 measured; 0 filtered out; finished in 4.24s
[INFO] [stdout] 
[INFO] [stderr] error: doctest failed, to rerun pass `--doc`
[INFO] running `Command { std: "docker" "inspect" "d739cb7630d4eedb1def05e507066c6a5c881f378ade538ba2bd801a7c8b1813", kill_on_drop: false }`
[INFO] running `Command { std: "docker" "rm" "-f" "d739cb7630d4eedb1def05e507066c6a5c881f378ade538ba2bd801a7c8b1813", kill_on_drop: false }`
[INFO] [stdout] d739cb7630d4eedb1def05e507066c6a5c881f378ade538ba2bd801a7c8b1813
